Results for 12.0.0 20210820 (experimental) [master revision b777f228b481ae881a7fbb09de367a053740932c] (GCC) testsuite on x86_64-pc-solaris2.11
Rainer Orth
ro@CeBiTec.Uni-Bielefeld.DE
Sat Aug 21 08:23:46 GMT 2021
LAST_UPDATED: Fri Aug 20 09:04:46 UTC 2021 (revision b777f228b481ae881a7fbb09de367a053740932c)
Native configuration is x86_64-pc-solaris2.11
=== libatomic tests ===
Running target unix/-m32
=== libatomic Summary for unix/-m32 ===
# of expected passes 44
# of unsupported tests 5
Running target unix
=== libatomic Summary for unix ===
# of expected passes 54
=== libatomic Summary ===
# of expected passes 98
# of unsupported tests 5
=== libffi tests ===
Running target unix/-m32
=== libffi Summary for unix/-m32 ===
# of expected passes 2814
Running target unix
=== libffi Summary for unix ===
# of expected passes 2229
=== libffi Summary ===
# of expected passes 5043
=== libgo tests ===
Running target unix
FAIL: net
=== libgo Summary for unix ===
# of expected passes 189
# of unexpected failures 1
Running target unix/-m32
FAIL: net
FAIL: runtime
FAIL: time
=== libgo Summary for unix/-m32 ===
# of expected passes 187
# of unexpected failures 3
=== libgo Summary ===
# of expected passes 376
# of unexpected failures 4
/var/gcc/regression/master/11.4-gcc-64/build/./gcc/gccgo version 12.0.0 20210820 (experimental) [master revision b777f228b481ae881a7fbb09de367a053740932c] (GCC)
=== libgomp tests ===
Running target unix
WARNING: libgomp.c++/task-reduction-10.C execution test program timed out.
FAIL: libgomp.c++/task-reduction-10.C execution test
WARNING: libgomp.c++/task-reduction-11.C execution test program timed out.
FAIL: libgomp.c++/task-reduction-11.C execution test
FAIL: libgomp.oacc-c++/../libgomp.oacc-c-c++-common/host_data-7.c -DACC_DEVICE_TYPE_host=1 -DACC_MEM_SHARED=1 -foffload=disable -O2 (test for excess errors)
FAIL: libgomp.oacc-c/../libgomp.oacc-c-c++-common/host_data-7.c -DACC_DEVICE_TYPE_host=1 -DACC_MEM_SHARED=1 -foffload=disable -O2 (test for excess errors)
=== libgomp Summary for unix ===
# of expected passes 11490
# of unexpected failures 4
# of expected failures 104
# of unsupported tests 611
Running target unix/-m32
WARNING: libgomp.c++/task-reduction-10.C execution test program timed out.
FAIL: libgomp.c++/task-reduction-10.C execution test
WARNING: libgomp.c++/task-reduction-11.C execution test program timed out.
FAIL: libgomp.c++/task-reduction-11.C execution test
FAIL: libgomp.fortran/pointer2.f90 -O3 -fomit-frame-pointer -funroll-loops -fpeel-loops -ftracer -finline-functions execution test
FAIL: libgomp.fortran/pointer2.f90 -O3 -g execution test
FAIL: libgomp.oacc-c++/../libgomp.oacc-c-c++-common/host_data-7.c -DACC_DEVICE_TYPE_host=1 -DACC_MEM_SHARED=1 -foffload=disable -O2 (test for excess errors)
FAIL: libgomp.oacc-c/../libgomp.oacc-c-c++-common/host_data-7.c -DACC_DEVICE_TYPE_host=1 -DACC_MEM_SHARED=1 -foffload=disable -O2 (test for excess errors)
=== libgomp Summary for unix/-m32 ===
# of expected passes 11487
# of unexpected failures 6
# of expected failures 104
# of unsupported tests 612
=== libgomp Summary ===
# of expected passes 22977
# of unexpected failures 10
# of expected failures 208
# of unsupported tests 1223
=== libitm tests ===
Running target unix/-m32
=== libitm Summary for unix/-m32 ===
# of expected passes 44
# of expected failures 3
# of unsupported tests 1
Running target unix
=== libitm Summary for unix ===
# of expected passes 44
# of expected failures 3
# of unsupported tests 1
=== libitm Summary ===
# of expected passes 88
# of expected failures 6
# of unsupported tests 2
=== libstdc++ tests ===
Running target unix
FAIL: 17_intro/names.cc (test for excess errors)
WARNING: 29_atomics/atomic_integral/wait_notify.cc execution test program timed out.
FAIL: 29_atomics/atomic_integral/wait_notify.cc execution test
WARNING: 29_atomics/atomic_ref/wait_notify.cc execution test program timed out.
FAIL: 29_atomics/atomic_ref/wait_notify.cc execution test
WARNING: 30_threads/barrier/completion.cc execution test program timed out.
FAIL: 30_threads/barrier/completion.cc execution test
FAIL: 30_threads/future/members/poll.cc execution test
WARNING: 30_threads/semaphore/try_acquire_until.cc execution test program timed out.
FAIL: 30_threads/semaphore/try_acquire_until.cc execution test
FAIL: experimental/names.cc (test for excess errors)
=== libstdc++ Summary for unix ===
# of expected passes 14807
# of unexpected failures 7
# of expected failures 96
# of unsupported tests 723
Running target unix/-m32
FAIL: 17_intro/names.cc (test for excess errors)
WARNING: 29_atomics/atomic_integral/wait_notify.cc execution test program timed out.
FAIL: 29_atomics/atomic_integral/wait_notify.cc execution test
WARNING: 29_atomics/atomic_ref/wait_notify.cc execution test program timed out.
FAIL: 29_atomics/atomic_ref/wait_notify.cc execution test
FAIL: 30_threads/future/members/poll.cc execution test
FAIL: experimental/names.cc (test for excess errors)
FAIL: ext/random/k_distribution/operators/serialize.cc execution test
FAIL: tr1/8_c_compatibility/complex/overloads_int.cc execution test
=== libstdc++ Summary for unix/-m32 ===
# of expected passes 14819
# of unexpected failures 7
# of expected failures 96
# of unsupported tests 717
=== libstdc++ Summary ===
# of expected passes 29626
# of unexpected failures 14
# of expected failures 192
# of unsupported tests 1440
=== acats tests ===
=== acats Summary ===
# of expected passes 2328
# of unexpected failures 0
=== g++ tests ===
Running target unix
FAIL: g++.dg/analyzer/malloc.C -std=c++14 (test for warnings, line 24)
FAIL: g++.dg/analyzer/malloc.C -std=c++17 (test for warnings, line 24)
FAIL: g++.dg/analyzer/malloc.C -std=c++2a (test for warnings, line 24)
FAIL: g++.dg/analyzer/malloc.C -std=c++98 (test for warnings, line 24)
FAIL: g++.dg/analyzer/pr96641.C -std=c++14 (test for excess errors)
FAIL: g++.dg/analyzer/pr96641.C -std=c++17 (test for excess errors)
FAIL: g++.dg/analyzer/pr96641.C -std=c++2a (test for excess errors)
FAIL: g++.dg/analyzer/pr96641.C -std=c++98 (test for excess errors)
FAIL: g++.dg/gcov/gcov-17.C test-gcov-17.py::test_basic
FAIL: g++.dg/gcov/gcov-17.C test-gcov-17.py::test_line
FAIL: g++.dg/gcov/pr16855-priority.C -std=gnu++14 gcov: 1 failures in line counts, 0 in branch percentages, 0 in return percentages, 0 in intermediate format
FAIL: g++.dg/gcov/pr16855-priority.C -std=gnu++14 line 22: is #####:should be 1
FAIL: g++.dg/gcov/pr16855-priority.C -std=gnu++17 gcov: 1 failures in line counts, 0 in branch percentages, 0 in return percentages, 0 in intermediate format
FAIL: g++.dg/gcov/pr16855-priority.C -std=gnu++17 line 22: is #####:should be 1
FAIL: g++.dg/gcov/pr16855-priority.C -std=gnu++2a gcov: 1 failures in line counts, 0 in branch percentages, 0 in return percentages, 0 in intermediate format
FAIL: g++.dg/gcov/pr16855-priority.C -std=gnu++2a line 22: is #####:should be 1
FAIL: g++.dg/gcov/pr16855-priority.C -std=gnu++98 gcov: 1 failures in line counts, 0 in branch percentages, 0 in return percentages, 0 in intermediate format
FAIL: g++.dg/gcov/pr16855-priority.C -std=gnu++98 line 22: is #####:should be 1
FAIL: g++.dg/gcov/pr16855.C -std=gnu++14 gcov: 1 failures in line counts, 0 in branch percentages, 0 in return percentages, 0 in intermediate format
FAIL: g++.dg/gcov/pr16855.C -std=gnu++14 line 24: is #####:should be 1
FAIL: g++.dg/gcov/pr16855.C -std=gnu++17 gcov: 1 failures in line counts, 0 in branch percentages, 0 in return percentages, 0 in intermediate format
FAIL: g++.dg/gcov/pr16855.C -std=gnu++17 line 24: is #####:should be 1
FAIL: g++.dg/gcov/pr16855.C -std=gnu++2a gcov: 1 failures in line counts, 0 in branch percentages, 0 in return percentages, 0 in intermediate format
FAIL: g++.dg/gcov/pr16855.C -std=gnu++2a line 24: is #####:should be 1
FAIL: g++.dg/gcov/pr16855.C -std=gnu++98 gcov: 1 failures in line counts, 0 in branch percentages, 0 in return percentages, 0 in intermediate format
FAIL: g++.dg/gcov/pr16855.C -std=gnu++98 line 24: is #####:should be 1
FAIL: g++.dg/gcov/pr98273.C test-pr98273.py::test_basic
FAIL: g++.dg/gcov/pr98273.C test-pr98273.py::test_line
FAIL: g++.dg/modules/stdio-1_a.H -std=c++17 scan-lang-dump module "Depset:0 decl entity:[0-9]* function_decl:'::printf'"
FAIL: g++.dg/modules/stdio-1_a.H -std=c++2a scan-lang-dump module "Depset:0 decl entity:[0-9]* function_decl:'::printf'"
FAIL: g++.dg/modules/stdio-1_a.H -std=c++2b scan-lang-dump module "Depset:0 decl entity:[0-9]* function_decl:'::printf'"
FAIL: g++.target/i386/pr97054.C -std=gnu++14 (test for excess errors)
UNRESOLVED: g++.target/i386/pr97054.C -std=gnu++14 compilation failed to produce executable
FAIL: g++.target/i386/pr97054.C -std=gnu++17 (test for excess errors)
UNRESOLVED: g++.target/i386/pr97054.C -std=gnu++17 compilation failed to produce executable
FAIL: g++.target/i386/pr97054.C -std=gnu++2a (test for excess errors)
UNRESOLVED: g++.target/i386/pr97054.C -std=gnu++2a compilation failed to produce executable
FAIL: g++.target/i386/pr97054.C -std=gnu++98 (test for excess errors)
UNRESOLVED: g++.target/i386/pr97054.C -std=gnu++98 compilation failed to produce executable
=== g++ Summary for unix ===
# of expected passes 211165
# of unexpected failures 35
# of expected failures 1330
# of unresolved testcases 4
# of unsupported tests 9582
Running target unix/-m32
FAIL: g++.dg/analyzer/malloc.C -std=c++14 (test for warnings, line 24)
FAIL: g++.dg/analyzer/malloc.C -std=c++17 (test for warnings, line 24)
FAIL: g++.dg/analyzer/malloc.C -std=c++2a (test for warnings, line 24)
FAIL: g++.dg/analyzer/malloc.C -std=c++98 (test for warnings, line 24)
FAIL: g++.dg/analyzer/pr96641.C -std=c++14 (test for excess errors)
FAIL: g++.dg/analyzer/pr96641.C -std=c++17 (test for excess errors)
FAIL: g++.dg/analyzer/pr96641.C -std=c++2a (test for excess errors)
FAIL: g++.dg/analyzer/pr96641.C -std=c++98 (test for excess errors)
FAIL: c-c++-common/asan/swapcontext-test-1.c -O0 execution test
FAIL: c-c++-common/asan/swapcontext-test-1.c -O1 execution test
FAIL: c-c++-common/asan/swapcontext-test-1.c -O2 execution test
FAIL: c-c++-common/asan/swapcontext-test-1.c -O2 -flto execution test
FAIL: c-c++-common/asan/swapcontext-test-1.c -O2 -flto -flto-partition=none execution test
FAIL: c-c++-common/asan/swapcontext-test-1.c -O3 -fomit-frame-pointer -funroll-loops -fpeel-loops -ftracer -finline-functions execution test
FAIL: c-c++-common/asan/swapcontext-test-1.c -O3 -g execution test
FAIL: c-c++-common/asan/swapcontext-test-1.c -Os execution test
FAIL: g++.dg/asan/default-options-1.C -O0 execution test
FAIL: g++.dg/asan/default-options-1.C -O1 execution test
FAIL: g++.dg/asan/default-options-1.C -O2 execution test
FAIL: g++.dg/asan/default-options-1.C -O2 -flto execution test
FAIL: g++.dg/asan/default-options-1.C -O2 -flto -flto-partition=none execution test
FAIL: g++.dg/asan/default-options-1.C -O3 -g execution test
FAIL: g++.dg/asan/default-options-1.C -Os execution test
FAIL: g++.dg/opt/pr59470.C -std=gnu++14 (test for excess errors)
UNRESOLVED: g++.dg/opt/pr59470.C -std=gnu++14 compilation failed to produce executable
FAIL: g++.dg/opt/pr59470.C -std=gnu++17 (test for excess errors)
UNRESOLVED: g++.dg/opt/pr59470.C -std=gnu++17 compilation failed to produce executable
FAIL: g++.dg/opt/pr59470.C -std=gnu++2a (test for excess errors)
UNRESOLVED: g++.dg/opt/pr59470.C -std=gnu++2a compilation failed to produce executable
FAIL: g++.dg/opt/pr59470.C -std=gnu++98 (test for excess errors)
UNRESOLVED: g++.dg/opt/pr59470.C -std=gnu++98 compilation failed to produce executable
FAIL: g++.dg/gcov/gcov-17.C test-gcov-17.py::test_basic
FAIL: g++.dg/gcov/gcov-17.C test-gcov-17.py::test_line
FAIL: g++.dg/gcov/pr16855-priority.C -std=gnu++14 gcov: 1 failures in line counts, 0 in branch percentages, 0 in return percentages, 0 in intermediate format
FAIL: g++.dg/gcov/pr16855-priority.C -std=gnu++14 line 22: is #####:should be 1
FAIL: g++.dg/gcov/pr16855-priority.C -std=gnu++17 gcov: 1 failures in line counts, 0 in branch percentages, 0 in return percentages, 0 in intermediate format
FAIL: g++.dg/gcov/pr16855-priority.C -std=gnu++17 line 22: is #####:should be 1
FAIL: g++.dg/gcov/pr16855-priority.C -std=gnu++2a gcov: 1 failures in line counts, 0 in branch percentages, 0 in return percentages, 0 in intermediate format
FAIL: g++.dg/gcov/pr16855-priority.C -std=gnu++2a line 22: is #####:should be 1
FAIL: g++.dg/gcov/pr16855-priority.C -std=gnu++98 gcov: 1 failures in line counts, 0 in branch percentages, 0 in return percentages, 0 in intermediate format
FAIL: g++.dg/gcov/pr16855-priority.C -std=gnu++98 line 22: is #####:should be 1
FAIL: g++.dg/gcov/pr16855.C -std=gnu++14 gcov: 1 failures in line counts, 0 in branch percentages, 0 in return percentages, 0 in intermediate format
FAIL: g++.dg/gcov/pr16855.C -std=gnu++14 line 24: is #####:should be 1
FAIL: g++.dg/gcov/pr16855.C -std=gnu++17 gcov: 1 failures in line counts, 0 in branch percentages, 0 in return percentages, 0 in intermediate format
FAIL: g++.dg/gcov/pr16855.C -std=gnu++17 line 24: is #####:should be 1
FAIL: g++.dg/gcov/pr16855.C -std=gnu++2a gcov: 1 failures in line counts, 0 in branch percentages, 0 in return percentages, 0 in intermediate format
FAIL: g++.dg/gcov/pr16855.C -std=gnu++2a line 24: is #####:should be 1
FAIL: g++.dg/gcov/pr16855.C -std=gnu++98 gcov: 1 failures in line counts, 0 in branch percentages, 0 in return percentages, 0 in intermediate format
FAIL: g++.dg/gcov/pr16855.C -std=gnu++98 line 24: is #####:should be 1
FAIL: g++.dg/gcov/pr98273.C test-pr98273.py::test_basic
FAIL: g++.dg/gcov/pr98273.C test-pr98273.py::test_line
FAIL: g++.dg/modules/stdio-1_a.H -std=c++17 scan-lang-dump module "Depset:0 decl entity:[0-9]* function_decl:'::printf'"
FAIL: g++.dg/modules/stdio-1_a.H -std=c++2a scan-lang-dump module "Depset:0 decl entity:[0-9]* function_decl:'::printf'"
FAIL: g++.dg/modules/stdio-1_a.H -std=c++2b scan-lang-dump module "Depset:0 decl entity:[0-9]* function_decl:'::printf'"
FAIL: g++.dg/torture/pr80334.C -O0 execution test
FAIL: g++.dg/torture/pr80334.C -O1 execution test
FAIL: g++.dg/torture/pr80334.C -O2 execution test
FAIL: g++.dg/torture/pr80334.C -O2 -flto execution test
FAIL: g++.dg/torture/pr80334.C -O2 -flto -flto-partition=none execution test
FAIL: g++.dg/torture/pr80334.C -O3 -fomit-frame-pointer -funroll-loops -fpeel-loops -ftracer -finline-functions execution test
FAIL: g++.dg/torture/pr80334.C -O3 -g execution test
FAIL: g++.dg/torture/pr80334.C -Os execution test
=== g++ Summary for unix/-m32 ===
# of expected passes 210793
# of unexpected failures 58
# of expected failures 1322
# of unresolved testcases 4
# of unsupported tests 9636
=== g++ Summary ===
# of expected passes 421958
# of unexpected failures 93
# of expected failures 2652
# of unresolved testcases 8
# of unsupported tests 19218
/var/gcc/regression/master/11.4-gcc-64/build/gcc/xg++ version 12.0.0 20210820 (experimental) [master revision b777f228b481ae881a7fbb09de367a053740932c] (GCC)
=== gcc tests ===
Running target unix
FAIL: gcc.c-torture/compile/pr61159.c -O0 (test for excess errors)
FAIL: gcc.c-torture/compile/pr61159.c -O1 (test for excess errors)
FAIL: gcc.c-torture/compile/pr61159.c -O2 (test for excess errors)
FAIL: gcc.c-torture/compile/pr61159.c -O2 -flto (test for excess errors)
FAIL: gcc.c-torture/compile/pr61159.c -O2 -flto -flto-partition=none (test for excess errors)
FAIL: gcc.c-torture/compile/pr61159.c -O3 -g (test for excess errors)
FAIL: gcc.c-torture/compile/pr61159.c -Os (test for excess errors)
FAIL: gcc.dg/analyzer/analyzer-verbosity-0.c (test for excess errors)
FAIL: gcc.dg/analyzer/analyzer-verbosity-0.c expected multiline pattern lines 24-60 not found: "\\s*NN \\| free \\(ptr\\);.*\\n \\| \\^~~~~~~~~~\\n 'test_1': event 1.*\\n \\|.*\\n \\| NN \\| calls_free_1 \\(ptr\\);.*\\n \\| \\| \\^~~~~~~~~~~~~~~~~~\\n \\| \\| \\|.*\\n \\| \\| \\(1\\) calling 'calls_free_1' from 'test_1'.*\\n \\|.*\\n \\+--> 'calls_free_1': event 2.*\\n \\|.*\\n \\| NN \\| free \\(ptr\\);.*\\n \\| \\| \\^~~~~~~~~~\\n \\| \\| \\|.*\\n \\| \\| \\(2\\) first 'free' here.*\\n \\|.*\\n <------\\+.*\\n \\|.*\\n 'test_1': events 3-4.*\\n \\|.*\\n \\| NN \\| calls_free_1 \\(ptr\\);.*\\n \\| \\| \\^~~~~~~~~~~~~~~~~~\\n \\| \\| \\|.*\\n \\| \\| \\(3\\) returning to 'test_1' from 'calls_free_1'.*\\n \\|\\.\\.\\.\\.\\.\\..*\\n \\| NN \\| calls_free_1 \\(ptr\\);.*\\n
\\| \\| ~~~~~~~~~~~~~~~~~~\\n \\| \\| \\|.*\\n \\| \\| \\(4\\) passing freed pointer 'ptr' in call to 'calls_free_1' from 'test_1'.*\\n \\|.*\\n \\+--> 'calls_free_1': event 5.*\\n \\|.*\\n \\| NN \\| free \\(ptr\\);.*\\n \\| \\| \\^~~~~~~~~~\\n \\| \\| \\|.*\\n \\| \\| \\(5\\) second 'free' here; first 'free' was at \\(2\\).*\\n \\|.*\\n"
FAIL: gcc.dg/analyzer/analyzer-verbosity-0.c expected multiline pattern lines 94-130 not found: " NN \\| free \\(ptr\\);.*\\n \\| \\^~~~~~~~~~\\n 'test_2': event 1.*\\n \\|.*\\n \\| NN \\| calls_free_2 \\(ptr\\);.*\\n \\| \\| \\^~~~~~~~~~~~~~~~~~\\n \\| \\| \\|.*\\n \\| \\| \\(1\\) calling 'calls_free_2' from 'test_2'.*\\n \\|.*\\n \\+--> 'calls_free_2': event 2.*\\n \\|.*\\n \\| NN \\| free \\(ptr\\);.*\\n \\| \\| \\^~~~~~~~~~\\n \\| \\| \\|.*\\n \\| \\| \\(2\\) first 'free' here.*\\n \\|.*\\n <------\\+.*\\n \\|.*\\n 'test_2': events 3-4.*\\n \\|.*\\n \\| NN \\| calls_free_2 \\(ptr\\);.*\\n \\| \\| \\^~~~~~~~~~~~~~~~~~\\n \\| \\| \\|.*\\n \\| \\| \\(3\\) returning to 'test_2' from 'calls_free_2'.*\\n \\|\\.\\.\\.\\.\\.\\..*\\n \\| NN \\| calls_free_2
\\(ptr\\);.*\\n \\| \\| ~~~~~~~~~~~~~~~~~~\\n \\| \\| \\|.*\\n \\| \\| \\(4\\) passing freed pointer 'ptr' in call to 'calls_free_2' from 'test_2'.*\\n \\|.*\\n \\+--> 'calls_free_2': event 5.*\\n \\|.*\\n \\| NN \\| free \\(ptr\\);.*\\n \\| \\| \\^~~~~~~~~~\\n \\| \\| \\|.*\\n \\| \\| \\(5\\) second 'free' here; first 'free' was at \\(2\\).*\\n \\|.*\\n"
FAIL: gcc.dg/analyzer/analyzer-verbosity-1.c (test for excess errors)
FAIL: gcc.dg/analyzer/analyzer-verbosity-1.c expected multiline pattern lines 109-160 not found: " NN \\| free \\(ptr\\);.*\\n \\| \\^~~~~~~~~~\\n 'test_2': events 1-2.*\\n \\|.*\\n \\| NN \\| void test_2 \\(void \\*ptr, int a, int b\\).*\\n \\| \\| \\^~~~~~\\n \\| \\| \\|.*\\n \\| \\| \\(1\\) entry to 'test_2'.*\\n \\|\\.\\.\\.\\.\\.\\..*\\n \\| NN \\| calls_free_2 \\(ptr\\);.*\\n \\| \\| ~~~~~~~~~~~~~~~~~~\\n \\| \\| \\|.*\\n \\| \\| \\(2\\) calling 'calls_free_2' from 'test_2'.*\\n \\|.*\\n \\+--> 'calls_free_2': events 3-4.*\\n \\|.*\\n \\| NN \\| void calls_free_2 \\(void \\*ptr\\).*\\n \\| \\| \\^~~~~~~~~~~~\\n \\| \\| \\|.*\\n \\| \\| \\(3\\) entry to 'calls_free_2'.*\\n \\| NN \\| \\{.*\\n \\| NN \\| free \\(ptr\\);.*\\n \\| \\| ~~~~~
~~~~~\\n \\| \\| \\|.*\\n \\| \\| \\(4\\) first 'free' here.*\\n \\|.*\\n <------\\+.*\\n \\|.*\\n 'test_2': events 5-6.*\\n \\|.*\\n \\| NN \\| calls_free_2 \\(ptr\\);.*\\n \\| \\| \\^~~~~~~~~~~~~~~~~~\\n \\| \\| \\|.*\\n \\| \\| \\(5\\) returning to 'test_2' from 'calls_free_2'.*\\n \\|\\.\\.\\.\\.\\.\\..*\\n \\| NN \\| calls_free_2 \\(ptr\\);.*\\n \\| \\| ~~~~~~~~~~~~~~~~~~\\n \\| \\| \\|.*\\n \\| \\| \\(6\\) passing freed pointer 'ptr' in call to 'calls_free_2' from 'test_2'.*\\n \\|.*\\n \\+--> 'calls_free_2': events 7-8.*\\n \\|.*\\n \\| NN \\| void calls_free_2 \\(void \\*ptr\\).*\\n \\| \\| \\^~~~~~~~~~~~\\n \\| \\| \\|.*\\n \\| \\| \\(7\\) entry to 'calls_free_2'.*\\n \\| NN \\| \\{.*\\n \\| NN \\| fre
e \\(ptr\\);.*\\n \\| \\| ~!
~~~~~~~~~\\n \\| \\| \\|.*\\n \\| \\| \\(8\\) second 'free' here; first 'free' was at \\(4\\).*\\n \\|.*\\n"
FAIL: gcc.dg/analyzer/analyzer-verbosity-1.c expected multiline pattern lines 24-75 not found: "\\s*NN \\| free \\(ptr\\);.*\\n \\| \\^~~~~~~~~~\\n 'test_1': events 1-2.*\\n \\|.*\\n \\| NN \\| void test_1 \\(void \\*ptr, int a, int b\\).*\\n \\| \\| \\^~~~~~\\n \\| \\| \\|.*\\n \\| \\| \\(1\\) entry to 'test_1'.*\\n \\|\\.\\.\\.\\.\\.\\..*\\n \\| NN \\| calls_free_1 \\(ptr\\);.*\\n \\| \\| ~~~~~~~~~~~~~~~~~~\\n \\| \\| \\|.*\\n \\| \\| \\(2\\) calling 'calls_free_1' from 'test_1'.*\\n \\|.*\\n \\+--> 'calls_free_1': events 3-4.*\\n \\|.*\\n \\| NN \\| void calls_free_1 \\(void \\*ptr\\).*\\n \\| \\| \\^~~~~~~~~~~~\\n \\| \\| \\|.*\\n \\| \\| \\(3\\) entry to 'calls_free_1'.*\\n \\| NN \\| \\{.*\\n \\| NN \\| free \\(ptr\\);.*\\n \\| \\| ~~~~~~~~~~\\n
\\| \\| \\|.*\\n \\| \\| \\(4\\) first 'free' here.*\\n \\|.*\\n <------\\+.*\\n \\|.*\\n 'test_1': events 5-6.*\\n \\|.*\\n \\| NN \\| calls_free_1 \\(ptr\\);.*\\n \\| \\| \\^~~~~~~~~~~~~~~~~~\\n \\| \\| \\|.*\\n \\| \\| \\(5\\) returning to 'test_1' from 'calls_free_1'.*\\n \\|\\.\\.\\.\\.\\.\\..*\\n \\| NN \\| calls_free_1 \\(ptr\\);.*\\n \\| \\| ~~~~~~~~~~~~~~~~~~\\n \\| \\| \\|.*\\n \\| \\| \\(6\\) passing freed pointer 'ptr' in call to 'calls_free_1' from 'test_1'.*\\n \\|.*\\n \\+--> 'calls_free_1': events 7-8.*\\n \\|.*\\n \\| NN \\| void calls_free_1 \\(void \\*ptr\\).*\\n \\| \\| \\^~~~~~~~~~~~\\n \\| \\| \\|.*\\n \\| \\| \\(7\\) entry to 'calls_free_1'.*\\n \\| NN \\| \\{.*\\n \\| NN \\| free \\(ptr\\);.*\\n
\\| \\| ~~~~~~~~~~\\n \\!
| \\| \\|.*\\n \\| \\| \\(8\\) second 'free' here; first 'free' was at \\(4\\).*\\n \\|.*\\n"
FAIL: gcc.dg/analyzer/analyzer-verbosity-2.c (test for excess errors)
FAIL: gcc.dg/analyzer/analyzer-verbosity-2.c expected multiline pattern lines 120-189 not found: " NN \\| free \\(ptr\\);.*\\n \\| \\^~~~~~~~~~\\n 'test_2': events 1-4.*\\n \\|.*\\n \\| NN \\| void test_2 \\(void \\*ptr, int a, int b\\).*\\n \\| \\| \\^~~~~~\\n \\| \\| \\|.*\\n \\| \\| \\(1\\) entry to 'test_2'.*\\n \\| NN \\| \\{.*\\n \\| NN \\| switch \\(a\\).*\\n \\| \\| ~~~~~~\\n \\| \\| \\|.*\\n \\| \\| \\(2\\) following 'case 3:' branch\\.\\.\\..*\\n \\|\\.\\.\\.\\.\\.\\..*\\n \\| NN \\| case 3:.*\\n \\| \\| ~~~~\\n \\| \\| \\|.*\\n \\| \\| \\(3\\) \\.\\.\\.to here.*\\n \\| NN \\| calls_free_2 \\(ptr\\);.*\\n \\| \\| ~~~~~~~~~~~~~~~~~~\\n \\| \\| \\|.*\\n \\| \\| \\(4\\) calling 'calls_free_2' from 'test_2'.*\\n \\|.*\\n \\+--> 'calls_free_2': events 5-6.*\\n \\|.
*\\n \\| NN \\| void calls_free_2 \\(void \\*ptr\\).*\\n \\| \\| \\^~~~~~~~~~~~\\n \\| \\| \\|.*\\n \\| \\| \\(5\\) entry to 'calls_free_2'.*\\n \\| NN \\| \\{.*\\n \\| NN \\| free \\(ptr\\);.*\\n \\| \\| ~~~~~~~~~~\\n \\| \\| \\|.*\\n \\| \\| \\(6\\) first 'free' here.*\\n \\|.*\\n <------\\+.*\\n \\|.*\\n 'test_2': events 7-10.*\\n \\|.*\\n \\| NN \\| calls_free_2 \\(ptr\\);.*\\n \\| \\| \\^~~~~~~~~~~~~~~~~~\\n \\| \\| \\|.*\\n \\| \\| \\(7\\) returning to 'test_2' from 'calls_free_2'.*\\n \\|\\.\\.\\.\\.\\.\\..*\\n \\| NN \\| switch \\(b\\).*\\n \\| \\| ~~~~~~\\n \\| \\| \\|.*\\n \\| \\| \\(8\\) following 'default:' branch\\.\\.\\..*\\n \\| NN \\| \\{.*\\n \\| NN \\| default:.*\\n \\| \\| ~~~~
~~~\\n \\| \\| \\|.*\\n \\| !
\\| \\(9\\) \\.\\.\\.to here.*\\n \\| NN \\| calls_free_2 \\(ptr\\);.*\\n \\| \\| ~~~~~~~~~~~~~~~~~~\\n \\| \\| \\|.*\\n \\| \\| \\(10\\) passing freed pointer 'ptr' in call to 'calls_free_2' from 'test_2'.*\\n \\|.*\\n \\+--> 'calls_free_2': events 11-12.*\\n \\|.*\\n \\| NN \\| void calls_free_2 \\(void \\*ptr\\).*\\n \\| \\| \\^~~~~~~~~~~~\\n \\| \\| \\|.*\\n \\| \\| \\(11\\) entry to 'calls_free_2'.*\\n \\| NN \\| \\{.*\\n \\| NN \\| free \\(ptr\\);.*\\n \\| \\| ~~~~~~~~~~\\n \\| \\| \\|.*\\n \\| \\| \\(12\\) second 'free' here; first 'free' was at \\(6\\).*\\n \\|.*\\n"
FAIL: gcc.dg/analyzer/analyzer-verbosity-2.c expected multiline pattern lines 24-86 not found: "\\s*NN \\| free \\(ptr\\);.*\\n \\| \\^~~~~~~~~~\\n 'test_1': events 1-4.*\\n \\|.*\\n \\| NN \\| void test_1 \\(void \\*ptr, int a, int b\\).*\\n \\| \\| \\^~~~~~\\n \\| \\| \\|.*\\n \\| \\| \\(1\\) entry to 'test_1'.*\\n \\| NN \\| \\{.*\\n \\| NN \\| if \\(a\\).*\\n \\| \\| ~\\n \\| \\| \\|.*\\n \\| \\| \\(2\\) following 'true' branch \\(when 'a != 0'\\)\\.\\.\\..*\\n \\| NN \\| calls_free_1 \\(ptr\\);.*\\n \\| \\| ~~~~~~~~~~~~~~~~~~\\n \\| \\| \\|.*\\n \\| \\| \\(3\\) \\.\\.\\.to here.*\\n \\| \\| \\(4\\) calling 'calls_free_1' from 'test_1'.*\\n \\|.*\\n \\+--> 'calls_free_1': events 5-6.*\\n \\|.*\\n \\| NN \\| void calls_free_1 \\(void \\*ptr\\).*\\n \\| \\| \\^~~~~~~~~~~~\
\n \\| \\| \\|.*\\n \\| \\| \\(5\\) entry to 'calls_free_1'.*\\n \\| NN \\| \\{.*\\n \\| NN \\| free \\(ptr\\);.*\\n \\| \\| ~~~~~~~~~~\\n \\| \\| \\|.*\\n \\| \\| \\(6\\) first 'free' here.*\\n \\|.*\\n <------\\+.*\\n \\|.*\\n 'test_1': events 7-10.*\\n \\|.*\\n \\| NN \\| calls_free_1 \\(ptr\\);.*\\n \\| \\| \\^~~~~~~~~~~~~~~~~~\\n \\| \\| \\|.*\\n \\| \\| \\(7\\) returning to 'test_1' from 'calls_free_1'.*\\n \\| NN \\| .*\\n \\| NN \\| if \\(b\\).*\\n \\| \\| ~\\n \\| \\| \\|.*\\n \\| \\| \\(8\\) following 'false' branch \\(when 'b == 0'\\)\\.\\.\\..*\\n \\|\\.\\.\\.\\.\\.\\..*\\n \\| NN \\| calls_free_1 \\(ptr\\);.*\\n \\| \\| ~~~~~~~~~~~~~~~~~~\\n \\| \\| \\|.*\\n \\| \\| \\(9\\) \\.\\.\\.to here.*\\
n \\| \\| \\(10\\) passing freed!
pointer 'ptr' in call to 'calls_free_1' from 'test_1'.*\\n \\|.*\\n \\+--> 'calls_free_1': events 11-12.*\\n \\|.*\\n \\| NN \\| void calls_free_1 \\(void \\*ptr\\).*\\n \\| \\| \\^~~~~~~~~~~~\\n \\| \\| \\|.*\\n \\| \\| \\(11\\) entry to 'calls_free_1'.*\\n \\| NN \\| \\{.*\\n \\| NN \\| free \\(ptr\\);.*\\n \\| \\| ~~~~~~~~~~\\n \\| \\| \\|.*\\n \\| \\| \\(12\\) second 'free' here; first 'free' was at \\(6\\).*\\n \\|.*\\n"
FAIL: gcc.dg/analyzer/analyzer-verbosity-3.c (test for excess errors)
FAIL: gcc.dg/analyzer/analyzer-verbosity-3.c expected multiline pattern lines 120-189 not found: " NN \\| free \\(ptr\\);.*\\n \\| \\^~~~~~~~~~\\n 'test_2': events 1-4.*\\n \\|.*\\n \\| NN \\| void test_2 \\(void \\*ptr, int a, int b\\).*\\n \\| \\| \\^~~~~~\\n \\| \\| \\|.*\\n \\| \\| \\(1\\) entry to 'test_2'.*\\n \\| NN \\| \\{.*\\n \\| NN \\| switch \\(a\\).*\\n \\| \\| ~~~~~~\\n \\| \\| \\|.*\\n \\| \\| \\(2\\) following 'case 3:' branch\\.\\.\\..*\\n \\|\\.\\.\\.\\.\\.\\..*\\n \\| NN \\| case 3:.*\\n \\| \\| ~~~~\\n \\| \\| \\|.*\\n \\| \\| \\(3\\) \\.\\.\\.to here.*\\n \\| NN \\| calls_free_2 \\(ptr\\);.*\\n \\| \\| ~~~~~~~~~~~~~~~~~~\\n \\| \\| \\|.*\\n \\| \\| \\(4\\) calling 'calls_free_2' from 'test_2'.*\\n \\|.*\\n \\+--> 'calls_free_2': events 5-6.*\\n \\|.
*\\n \\| NN \\| void calls_free_2 \\(void \\*ptr\\).*\\n \\| \\| \\^~~~~~~~~~~~\\n \\| \\| \\|.*\\n \\| \\| \\(5\\) entry to 'calls_free_2'.*\\n \\| NN \\| \\{.*\\n \\| NN \\| free \\(ptr\\);.*\\n \\| \\| ~~~~~~~~~~\\n \\| \\| \\|.*\\n \\| \\| \\(6\\) first 'free' here.*\\n \\|.*\\n <------\\+.*\\n \\|.*\\n 'test_2': events 7-10.*\\n \\|.*\\n \\| NN \\| calls_free_2 \\(ptr\\);.*\\n \\| \\| \\^~~~~~~~~~~~~~~~~~\\n \\| \\| \\|.*\\n \\| \\| \\(7\\) returning to 'test_2' from 'calls_free_2'.*\\n \\|\\.\\.\\.\\.\\.\\..*\\n \\| NN \\| switch \\(b\\).*\\n \\| \\| ~~~~~~\\n \\| \\| \\|.*\\n \\| \\| \\(8\\) following 'default:' branch\\.\\.\\..*\\n \\| NN \\| \\{.*\\n \\| NN \\| default:.*\\n \\| \\| ~~~~
~~~\\n \\| \\| \\|.*\\n \\| !
\\| \\(9\\) \\.\\.\\.to here.*\\n \\| NN \\| calls_free_2 \\(ptr\\);.*\\n \\| \\| ~~~~~~~~~~~~~~~~~~\\n \\| \\| \\|.*\\n \\| \\| \\(10\\) passing freed pointer 'ptr' in call to 'calls_free_2' from 'test_2'.*\\n \\|.*\\n \\+--> 'calls_free_2': events 11-12.*\\n \\|.*\\n \\| NN \\| void calls_free_2 \\(void \\*ptr\\).*\\n \\| \\| \\^~~~~~~~~~~~\\n \\| \\| \\|.*\\n \\| \\| \\(11\\) entry to 'calls_free_2'.*\\n \\| NN \\| \\{.*\\n \\| NN \\| free \\(ptr\\);.*\\n \\| \\| ~~~~~~~~~~\\n \\| \\| \\|.*\\n \\| \\| \\(12\\) second 'free' here; first 'free' was at \\(6\\).*\\n \\|.*\\n"
FAIL: gcc.dg/analyzer/analyzer-verbosity-3.c expected multiline pattern lines 24-86 not found: "\\s*NN \\| free \\(ptr\\);.*\\n \\| \\^~~~~~~~~~\\n 'test_1': events 1-4.*\\n \\|.*\\n \\| NN \\| void test_1 \\(void \\*ptr, int a, int b\\).*\\n \\| \\| \\^~~~~~\\n \\| \\| \\|.*\\n \\| \\| \\(1\\) entry to 'test_1'.*\\n \\| NN \\| \\{.*\\n \\| NN \\| if \\(a\\).*\\n \\| \\| ~\\n \\| \\| \\|.*\\n \\| \\| \\(2\\) following 'true' branch \\(when 'a != 0'\\)\\.\\.\\..*\\n \\| NN \\| calls_free_1 \\(ptr\\);.*\\n \\| \\| ~~~~~~~~~~~~~~~~~~\\n \\| \\| \\|.*\\n \\| \\| \\(3\\) \\.\\.\\.to here.*\\n \\| \\| \\(4\\) calling 'calls_free_1' from 'test_1'.*\\n \\|.*\\n \\+--> 'calls_free_1': events 5-6.*\\n \\|.*\\n \\| NN \\| void calls_free_1 \\(void \\*ptr\\).*\\n \\| \\| \\^~~~~~~~~~~~\
\n \\| \\| \\|.*\\n \\| \\| \\(5\\) entry to 'calls_free_1'.*\\n \\| NN \\| \\{.*\\n \\| NN \\| free \\(ptr\\);.*\\n \\| \\| ~~~~~~~~~~\\n \\| \\| \\|.*\\n \\| \\| \\(6\\) first 'free' here.*\\n \\|.*\\n <------\\+.*\\n \\|.*\\n 'test_1': events 7-10.*\\n \\|.*\\n \\| NN \\| calls_free_1 \\(ptr\\);.*\\n \\| \\| \\^~~~~~~~~~~~~~~~~~\\n \\| \\| \\|.*\\n \\| \\| \\(7\\) returning to 'test_1' from 'calls_free_1'.*\\n \\| NN \\| .*\\n \\| NN \\| if \\(b\\).*\\n \\| \\| ~\\n \\| \\| \\|.*\\n \\| \\| \\(8\\) following 'false' branch \\(when 'b == 0'\\)\\.\\.\\..*\\n \\|\\.\\.\\.\\.\\.\\..*\\n \\| NN \\| calls_free_1 \\(ptr\\);.*\\n \\| \\| ~~~~~~~~~~~~~~~~~~\\n \\| \\| \\|.*\\n \\| \\| \\(9\\) \\.\\.\\.to here.*\\
n \\| \\| \\(10\\) passing freed!
pointer 'ptr' in call to 'calls_free_1' from 'test_1'.*\\n \\|.*\\n \\+--> 'calls_free_1': events 11-12.*\\n \\|.*\\n \\| NN \\| void calls_free_1 \\(void \\*ptr\\).*\\n \\| \\| \\^~~~~~~~~~~~\\n \\| \\| \\|.*\\n \\| \\| \\(11\\) entry to 'calls_free_1'.*\\n \\| NN \\| \\{.*\\n \\| NN \\| free \\(ptr\\);.*\\n \\| \\| ~~~~~~~~~~\\n \\| \\| \\|.*\\n \\| \\| \\(12\\) second 'free' here; first 'free' was at \\(6\\).*\\n \\|.*\\n"
FAIL: gcc.dg/analyzer/capacity-1.c (test for excess errors)
FAIL: gcc.dg/analyzer/capacity-3.c (test for excess errors)
FAIL: gcc.dg/analyzer/data-model-path-1.c (test for warnings, line 11)
FAIL: gcc.dg/analyzer/function-ptr-2.c (test for excess errors)
FAIL: gcc.dg/analyzer/malloc-callbacks.c (test for warnings, line 29)
FAIL: gcc.dg/analyzer/malloc-callbacks.c (test for warnings, line 30)
FAIL: gcc.dg/analyzer/malloc-callbacks.c (test for warnings, line 36)
FAIL: gcc.dg/analyzer/malloc-callbacks.c (test for warnings, line 37)
FAIL: gcc.dg/analyzer/malloc-callbacks.c (test for warnings, line 43)
FAIL: gcc.dg/analyzer/malloc-callbacks.c (test for warnings, line 55)
FAIL: gcc.dg/analyzer/malloc-callbacks.c (test for warnings, line 56)
FAIL: gcc.dg/analyzer/malloc-callbacks.c (test for warnings, line 64)
FAIL: gcc.dg/analyzer/malloc-callbacks.c (test for warnings, line 66)
XPASS: gcc.dg/analyzer/malloc-callbacks.c (test for warnings, line 72)
FAIL: gcc.dg/analyzer/malloc-ipa-10.c (test for warnings, line 29)
FAIL: gcc.dg/analyzer/malloc-ipa-11.c (test for excess errors)
FAIL: gcc.dg/analyzer/malloc-ipa-11.c expected multiline pattern lines 32-95 not found: "\\s*NN \\| free \\(victim\\);.*\\n \\| \\^~~~~~~~~~~~~\\n 'test': events 1-2.*\\n \\|.*\\n \\| NN \\| void test \\(void \\*ptr\\).*\\n \\| \\| \\^~~~\\n \\| \\| \\|.*\\n \\| \\| \\(1\\) entry to 'test'.*\\n \\|\\.\\.\\.\\.\\.\\..*\\n \\| NN \\| may_call_free \\(ptr\\);.*\\n \\| \\| ~~~~~~~~~~~~~~~~~~~\\n \\| \\| \\|.*\\n \\| \\| \\(2\\) calling 'may_call_free' from 'test'.*\\n \\|.*\\n \\+--> 'may_call_free': events 3-6.*\\n \\|.*\\n \\| NN \\| may_call_free \\(void \\*victim\\).*\\n \\| \\| \\^~~~~~~~~~~~~\\n \\| \\| \\|.*\\n \\| \\| \\(3\\) entry to 'may_call_free'.*\\n \\| NN \\| \\{.*\\n \\| NN \\| if \\(some_condition \\(\\)\\).*\\n \\| \\| ~\\n \\| \\| \\|.*\
\n \\| \\| \\(4\\) following 'false' branch\\.\\.\\..*\\n \\|\\.\\.\\.\\.\\.\\..*\\n \\| NN \\| free \\(victim\\);.*\\n \\| \\| ~~~~~~~~~~~~~\\n \\| \\| \\|.*\\n \\| \\| \\(5\\) \\.\\.\\.to here.*\\n \\| \\| \\(6\\) first 'free' here.*\\n \\|.*\\n <------\\+.*\\n \\|.*\\n 'test': events 7-8.*\\n \\|.*\\n \\| NN \\| may_call_free \\(ptr\\);.*\\n \\| \\| \\^~~~~~~~~~~~~~~~~~~\\n \\| \\| \\|.*\\n \\| \\| \\(7\\) returning to 'test' from 'may_call_free'.*\\n \\|\\.\\.\\.\\.\\.\\..*\\n \\| NN \\| may_call_free \\(ptr\\);.*\\n \\| \\| ~~~~~~~~~~~~~~~~~~~\\n \\| \\| \\|.*\\n \\| \\| \\(8\\) passing freed pointer 'ptr' in call to 'may_call_free' from 'test'.*\\n \\|.*\\n \\+--> 'may_call_free': events 9-12.*\\n \\|.*\\n \\| NN \\| may_call_free \\(void \\*vi
ctim\\).*\\n \\| \\| \\^~~~~~!
~~~~~~~\\n \\| \\| \\|.*\\n \\| \\| \\(9\\) entry to 'may_call_free'.*\\n \\| NN \\| \\{.*\\n \\| NN \\| if \\(some_condition \\(\\)\\).*\\n \\| \\| ~\\n \\| \\| \\|.*\\n \\| \\| \\(10\\) following 'false' branch\\.\\.\\..*\\n \\|\\.\\.\\.\\.\\.\\..*\\n \\| NN \\| free \\(victim\\);.*\\n \\| \\| ~~~~~~~~~~~~~\\n \\| \\| \\|.*\\n \\| \\| \\(11\\) \\.\\.\\.to here.*\\n \\| \\| \\(12\\) second 'free' here; first 'free' was at \\(6\\).*\\n \\|.*\\n"
FAIL: gcc.dg/analyzer/malloc-ipa-13.c (test for warnings, line 26)
FAIL: gcc.dg/analyzer/malloc-ipa-13a.c (test for warnings, line 36)
FAIL: gcc.dg/analyzer/malloc-ipa-2.c (test for warnings, line 28)
FAIL: gcc.dg/analyzer/malloc-ipa-5.c (test for warnings, line 10)
FAIL: gcc.dg/analyzer/malloc-ipa-8-double-free.c (test for excess errors)
FAIL: gcc.dg/analyzer/malloc-ipa-8-double-free.c expected multiline pattern lines 50-191 not found: "\\s*NN \\| free \\(ptr\\);.*\\n \\| \\^~~~~~~~~~\\n 'test': events 1-2.*\\n \\|.*\\n \\| NN \\| void test \\(int i\\).*\\n \\| \\| \\^~~~\\n \\| \\| \\|.*\\n \\| \\| \\(1\\) entry to 'test'.*\\n \\| NN \\| \\{.*\\n \\| NN \\| boxed_int \\*obj = make_boxed_int \\(i\\);.*\\n \\| \\| ~~~~~~~~~~~~~~~~~~\\n \\| \\| \\|.*\\n \\| \\| \\(2\\) calling 'make_boxed_int' from 'test'.*\\n \\|.*\\n \\+--> 'make_boxed_int': events 3-4.*\\n \\|.*\\n \\| NN \\| make_boxed_int \\(int i\\).*\\n \\| \\| \\^~~~~~~~~~~~~~\\n \\| \\| \\|.*\\n \\| \\| \\(3\\) entry to 'make_boxed_int'.*\\n \\| NN \\| \\{.*\\n \\| NN \\| boxed_int \\*result = \\(boxed_int \\*\\)wra
pped_malloc \\(sizeof \\(boxed_int\\)\\);.*\\n \\| \\| ~~~~~~~~~~~~~~~~~~~~~~~~~~~~~~~~~~~\\n \\| \\| \\|.*\\n \\| \\| \\(4\\) calling 'wrapped_malloc' from 'make_boxed_int'.*\\n \\|.*\\n \\+--> 'wrapped_malloc': events 5-6.*\\n \\|.*\\n \\| NN \\| void \\*wrapped_malloc \\(size_t size\\).*\\n \\| \\| \\^~~~~~~~~~~~~~\\n \\| \\| \\|.*\\n \\| \\| \\(5\\) entry to 'wrapped_malloc'.*\\n \\| NN \\| \\{.*\\n \\| NN \\| return malloc \\(size\\);.*\\n \\| \\| ~~~~~~~~~~~~~\\n \\| \\| \\|.*\\n \\| \\| \\(6\\) allocated here.*\\n \\|.*\\n <------\\+.
*\\n \\|.*\\n 'make_boxed_!
int': events 7-10.*\\n \\|.*\\n \\| NN \\| boxed_int \\*result = \\(boxed_int \\*\\)wrapped_malloc \\(sizeof \\(boxed_int\\)\\);.*\\n \\| \\| \\^~~~~~~~~~~~~~~~~~~~~~~~~~~~~~~~~~~\\n \\| \\| \\|.*\\n \\| \\| \\(7\\) returning to 'make_boxed_int' from 'wrapped_malloc'.*\\n \\| NN \\| if \\(!result\\).*\\n \\| \\| ~ .*\\n \\| \\| \\|.*\\n \\| \\| \\(8\\) assuming 'result' is non-NULL.*\\n \\| \\| \\(9\\) following 'false' branch \\(when 'result' is non-NULL\\)\\.\\.\\..*\\n \\| NN \\| abort \\(\\);.*\\n \\| NN \\| result->i = i;.*\\n \\| \\| ~~~~~~~~~~~~~ .*\\n \\| \\| \\|.*\\n \\| \\|
\\(10\\) \\.\\.\\.to here.*\\n \\|.*\\n <------\\+.*\\n \\|.*\\n 'test': events 11-12.*\\n \\|.*\\n \\| NN \\| boxed_int \\*obj = make_boxed_int \\(i\\);.*\\n \\| \\| \\^~~~~~~~~~~~~~~~~~\\n \\| \\| \\|.*\\n \\| \\| \\(11\\) returning to 'test' from 'make_boxed_int'.*\\n \\| NN \\| .*\\n \\| NN \\| free_boxed_int \\(obj\\);.*\\n \\| \\| ~~~~~~~~~~~~~~~~~~~~\\n \\| \\| \\|.*\\n \\| \\| \\(12\\) calling 'free_boxed_int' from 'test'.*\\n \\|.*\\n \\+--> 'free_boxed_int': events 13-14.*\\n \\|.*\\n \\| NN \\| free_boxed_int \\(boxed_int \\*bi\\).*\\n \\| \\| \\^~~~~~~~~~~~~~\\n \\| \\| \\|.*\\n \\| \\| \\(13\\) entry to 'free_boxed_int'.*\\n \\| NN \\| \\{.*\\n \\| NN \\| wrapped_free \\(bi\\);.*\\n \\| \\| ~~~~~~
~~~~~~~~~~~\\n \\| \\| \\|.*\\n !
\\| \\| \\(14\\) calling 'wrapped_free' from 'free_boxed_int'.*\\n \\|.*\\n \\+--> 'wrapped_free': events 15-16.*\\n \\|.*\\n \\| NN \\| void wrapped_free \\(void \\*ptr\\).*\\n \\| \\| \\^~~~~~~~~~~~\\n \\| \\| \\|.*\\n \\| \\| \\(15\\) entry to 'wrapped_free'.*\\n \\| NN \\| \\{.*\\n \\| NN \\| free \\(ptr\\);.*\\n \\| \\| ~~~~~~~~~~\\n \\| \\| \\|.*\\n \\| \\| \\(16\\) first 'free' here.*\\n \\|.*\\n <------\\+.*\\n \\|.*\\n 'free_boxed_int': event 17.*\\n \\|.*\\n \\| NN \\| wrapped_free \\(bi\\);.*\\n \\| \\| \\^~~~~~~~~~~~~~~~~\\n \\| \\| \\|.*\\n \\| \\| \\(17\\) returning to 'free_boxed_int' from 'wr
apped_free'.*\\n \\|.*\\n <------\\+.*\\n \\|.*\\n 'test': events 18-19.*\\n \\|.*\\n \\| NN \\| free_boxed_int \\(obj\\);.*\\n \\| \\| \\^~~~~~~~~~~~~~~~~~~~\\n \\| \\| \\|.*\\n \\| \\| \\(18\\) returning to 'test' from 'free_boxed_int'.*\\n \\| NN \\| .*\\n \\| NN \\| free_boxed_int \\(obj\\);.*\\n \\| \\| ~~~~~~~~~~~~~~~~~~~~\\n \\| \\| \\|.*\\n \\| \\| \\(19\\) passing freed pointer 'obj' in call to 'free_boxed_int' from 'test'.*\\n \\|.*\\n \\+--> 'free_boxed_int': events 20-21.*\\n \\|.*\\n \\| NN \\| free_boxed_int \\(boxed_int \\*bi\\).*\\n \\| \\| \\^~~~~~~~~~~~~~\\n \\| \\| \\|.*\\n \\| \\| \\(20\\) entry to 'free_boxed_int'.*\\n \\| NN \\| \\{.*\\n \\| NN \\| wrapped_free \\(bi\\);.*\\n \\| \\| ~~~~~~~~~~~~~~~~~\\n \\| \\| \\|.*\\n \\
| \\| \\(21\\) passing freed pointer 'bi' in c!
all to 'wrapped_free' from 'free_boxed_int'.*\\n \\|.*\\n \\+--> 'wrapped_free': events 22-23.*\\n \\|.*\\n \\| NN \\| void wrapped_free \\(void \\*ptr\\).*\\n \\| \\| \\^~~~~~~~~~~~\\n \\| \\| \\|.*\\n \\| \\| \\(22\\) entry to 'wrapped_free'.*\\n \\| NN \\| \\{.*\\n \\| NN \\| free \\(ptr\\);.*\\n \\| \\| ~~~~~~~~~~\\n \\| \\| \\|.*\\n \\| \\| \\(23\\) second 'free' here; first 'free' was at \\(16\\).*\\n \\|.*\\n"
FAIL: gcc.dg/analyzer/malloc-ipa-8-unchecked.c (test for excess errors)
FAIL: gcc.dg/analyzer/malloc-ipa-8-unchecked.c expected multiline pattern lines 28-66 not found: "\\s*NN \\| result->i = i;.*\\n \\| ~~~~~~~~~~\\^~~\\n 'make_boxed_int': events 1-2.*\\n \\|.*\\n \\| NN \\| make_boxed_int \\(int i\\).*\\n \\| \\| \\^~~~~~~~~~~~~~\\n \\| \\| \\|.*\\n \\| \\| \\(1\\) entry to 'make_boxed_int'.*\\n \\| NN \\| \\{.*\\n \\| NN \\| boxed_int \\*result = \\(boxed_int \\*\\)wrapped_malloc \\(sizeof \\(boxed_int\\)\\);.*\\n \\| \\| ~~~~~~~~~~~~~~~~~~~~~~~~~~~~~~~~~~~\\n \\| \\| \\|.*\\n \\| \\| \\(2\\) calling 'wrapped_malloc' from 'make_boxed_int'.*\\n \\|.*\\n \\+--> 'wrapped_malloc': events 3-4.*\\n \\|.*\\n \\| NN \\| void \\*wrapped_malloc \\(size_t size\\).*\\n \\| \\| \\^~~~~~~~~~~~~~\\n \\| \\| \\|.*\\n
\\| \\| \\(3\\) entry to 'wrapped_malloc'.*\\n \\| NN \\| \\{.*\\n \\| NN \\| return malloc \\(size\\);.*\\n \\| \\| ~~~~~~~~~~~~~\\n \\| \\| \\|.*\\n \\| \\| \\(4\\) this call could return NULL.*\\n \\|.*\\n <------\\+.*\\n \\|.*\\n 'make_boxed_int': events 5-6.*\\n \\|.*\\n \\| NN \\| boxed_int \\*result = \\(boxed_int \\*\\)wrapped_malloc \\(sizeof \\(boxed_int\\)\\);.*\\n \\| \\| \\^~~~~~~~~~~~~~~~~~~~~~~~~~~~~~~~~~~\\n \\| \\| \\|.*\\n \\| \\| \\(5\\) possible return of NULL to 'make_boxed_int' from 'wrapped_malloc'.*\\n \\| NN \\| result->i = i;.*\\n \\| \\| ~~~~~~~~~~~~~ .*\\n \\| \\| \\|.*\\n \\| \\| \\(6\\) 'result' could be NUL
L: unchecked value from \\(4\\).*\\n \\|.!
*\\n"
FAIL: gcc.dg/analyzer/pr101503.c (internal compiler error)
FAIL: gcc.dg/analyzer/pr101503.c (test for excess errors)
FAIL: gcc.dg/analyzer/sensitive-1.c (test for warnings, line 50)
FAIL: gcc.dg/analyzer/sensitive-1.c (test for warnings, line 60)
FAIL: gcc.dg/analyzer/torture/asm-x86-linux-cpuid-paravirt-1.c -O1 (test for excess errors)
FAIL: gcc.dg/analyzer/torture/asm-x86-linux-cpuid-paravirt-1.c -O2 (test for excess errors)
FAIL: gcc.dg/analyzer/torture/asm-x86-linux-cpuid-paravirt-1.c -O2 -flto (test for excess errors)
FAIL: gcc.dg/analyzer/torture/asm-x86-linux-cpuid-paravirt-1.c -O2 -flto -flto-partition=none (test for excess errors)
FAIL: gcc.dg/analyzer/torture/asm-x86-linux-cpuid-paravirt-1.c -O3 -g (test for excess errors)
FAIL: gcc.dg/analyzer/torture/asm-x86-linux-cpuid-paravirt-1.c -Os (test for excess errors)
FAIL: gcc.dg/analyzer/torture/asm-x86-linux-cpuid-paravirt-2.c -O1 (test for excess errors)
FAIL: gcc.dg/analyzer/torture/asm-x86-linux-cpuid-paravirt-2.c -O2 (test for excess errors)
FAIL: gcc.dg/analyzer/torture/asm-x86-linux-cpuid-paravirt-2.c -O2 -flto (test for excess errors)
FAIL: gcc.dg/analyzer/torture/asm-x86-linux-cpuid-paravirt-2.c -O2 -flto -flto-partition=none (test for excess errors)
FAIL: gcc.dg/analyzer/torture/asm-x86-linux-cpuid-paravirt-2.c -O3 -g (test for excess errors)
FAIL: gcc.dg/analyzer/torture/asm-x86-linux-cpuid-paravirt-2.c -Os (test for excess errors)
FAIL: gcc.dg/analyzer/torture/asm-x86-linux-rdmsr-paravirt.c -O1 (test for excess errors)
FAIL: gcc.dg/analyzer/torture/asm-x86-linux-rdmsr-paravirt.c -O2 (test for excess errors)
FAIL: gcc.dg/analyzer/torture/asm-x86-linux-rdmsr-paravirt.c -O2 -flto (test for excess errors)
FAIL: gcc.dg/analyzer/torture/asm-x86-linux-rdmsr-paravirt.c -O2 -flto -flto-partition=none (test for excess errors)
FAIL: gcc.dg/analyzer/torture/asm-x86-linux-rdmsr-paravirt.c -O3 -g (test for excess errors)
FAIL: gcc.dg/analyzer/torture/asm-x86-linux-rdmsr-paravirt.c -Os (test for excess errors)
XPASS: gcc.dg/debug/dwarf2/inline5.c scan-assembler-not \\\\(DIE \\\\(0x([0-9a-f]*)\\\\) DW_TAG_lexical_block\\\\)[^#/!@;\\\\|]*[#/!@;\\\\|]+ +DW_AT.*DW_TAG_lexical_block\\\\)[^#/!@;\\\\|x]*x\\\\1[^#/!@;\\\\|]*[#/!@;\\\\|] +DW_AT_abstract_origin
FAIL: gcc.dg/attr-weakref-1.c (test for excess errors)
UNRESOLVED: gcc.dg/attr-weakref-1.c compilation failed to produce executable
FAIL: gcc.dg/ipa/iinline-attr.c scan-ipa-dump inline "hooray[^\\\\n]*inline copy in test"
FAIL: gcc.dg/ipa/ipa-icf-38.c scan-ltrans-tree-dump-not optimized "Function bar"
FAIL: gcc-dg-lto-modref-3-01.exe scan-wpa-ipa-dump modref "parm 1 flags: nodirectescape"
FAIL: gcc-dg-lto-modref-4-01.exe scan-wpa-ipa-dump modref "parm 1 flags: nodirectescape"
FAIL: gcc.dg/lto/modref-3 c_lto_modref-3_0.o-c_lto_modref-3_1.o execute -O2 -flto-partition=max -fdump-ipa-modref -fno-ipa-sra -fno-ipa-cp -flto
FAIL: gcc.dg/lto/modref-4 c_lto_modref-4_0.o-c_lto_modref-4_1.o execute -O2 -flto-partition=max -fdump-ipa-modref -fno-ipa-sra -flto
FAIL: gcc.dg/tree-prof/20050826-2.c scan-tree-dump-not dom2 "Invalid sum"
FAIL: gcc.target/i386/pr100704-1.c scan-assembler-not pushq
FAIL: gcc.target/i386/pr100704-2.c scan-assembler-not pushq
FAIL: gcc.target/i386/pr101346.c (test for excess errors)
FAIL: gcc.target/i386/pr61599-1.c (test for excess errors)
UNRESOLVED: gcc.target/i386/pr61599-1.c compilation failed to produce executable
FAIL: gcc.target/i386/pr71321.c scan-assembler-not lea.*0
FAIL: gcc.target/i386/pr80569.c (test for excess errors)
=== gcc Summary for unix ===
# of expected passes 158522
# of unexpected failures 79
# of unexpected successes 2
# of expected failures 927
# of unresolved testcases 2
# of unsupported tests 3753
Running target unix/-m32
FAIL: gcc.c-torture/compile/pr61159.c -O0 (test for excess errors)
FAIL: gcc.c-torture/compile/pr61159.c -O1 (test for excess errors)
FAIL: gcc.c-torture/compile/pr61159.c -O2 (test for excess errors)
FAIL: gcc.c-torture/compile/pr61159.c -O2 -flto (test for excess errors)
FAIL: gcc.c-torture/compile/pr61159.c -O2 -flto -flto-partition=none (test for excess errors)
FAIL: gcc.c-torture/compile/pr61159.c -O3 -g (test for excess errors)
FAIL: gcc.c-torture/compile/pr61159.c -Os (test for excess errors)
FAIL: gcc.dg/analyzer/analyzer-verbosity-0.c (test for excess errors)
FAIL: gcc.dg/analyzer/analyzer-verbosity-0.c expected multiline pattern lines 24-60 not found: "\\s*NN \\| free \\(ptr\\);.*\\n \\| \\^~~~~~~~~~\\n 'test_1': event 1.*\\n \\|.*\\n \\| NN \\| calls_free_1 \\(ptr\\);.*\\n \\| \\| \\^~~~~~~~~~~~~~~~~~\\n \\| \\| \\|.*\\n \\| \\| \\(1\\) calling 'calls_free_1' from 'test_1'.*\\n \\|.*\\n \\+--> 'calls_free_1': event 2.*\\n \\|.*\\n \\| NN \\| free \\(ptr\\);.*\\n \\| \\| \\^~~~~~~~~~\\n \\| \\| \\|.*\\n \\| \\| \\(2\\) first 'free' here.*\\n \\|.*\\n <------\\+.*\\n \\|.*\\n 'test_1': events 3-4.*\\n \\|.*\\n \\| NN \\| calls_free_1 \\(ptr\\);.*\\n \\| \\| \\^~~~~~~~~~~~~~~~~~\\n \\| \\| \\|.*\\n \\| \\| \\(3\\) returning to 'test_1' from 'calls_free_1'.*\\n \\|\\.\\.\\.\\.\\.\\..*\\n \\| NN \\| calls_free_1 \\(ptr\\);.*\\n
\\| \\| ~~~~~~~~~~~~~~~~~~\\n \\| \\| \\|.*\\n \\| \\| \\(4\\) passing freed pointer 'ptr' in call to 'calls_free_1' from 'test_1'.*\\n \\|.*\\n \\+--> 'calls_free_1': event 5.*\\n \\|.*\\n \\| NN \\| free \\(ptr\\);.*\\n \\| \\| \\^~~~~~~~~~\\n \\| \\| \\|.*\\n \\| \\| \\(5\\) second 'free' here; first 'free' was at \\(2\\).*\\n \\|.*\\n"
FAIL: gcc.dg/analyzer/analyzer-verbosity-0.c expected multiline pattern lines 94-130 not found: " NN \\| free \\(ptr\\);.*\\n \\| \\^~~~~~~~~~\\n 'test_2': event 1.*\\n \\|.*\\n \\| NN \\| calls_free_2 \\(ptr\\);.*\\n \\| \\| \\^~~~~~~~~~~~~~~~~~\\n \\| \\| \\|.*\\n \\| \\| \\(1\\) calling 'calls_free_2' from 'test_2'.*\\n \\|.*\\n \\+--> 'calls_free_2': event 2.*\\n \\|.*\\n \\| NN \\| free \\(ptr\\);.*\\n \\| \\| \\^~~~~~~~~~\\n \\| \\| \\|.*\\n \\| \\| \\(2\\) first 'free' here.*\\n \\|.*\\n <------\\+.*\\n \\|.*\\n 'test_2': events 3-4.*\\n \\|.*\\n \\| NN \\| calls_free_2 \\(ptr\\);.*\\n \\| \\| \\^~~~~~~~~~~~~~~~~~\\n \\| \\| \\|.*\\n \\| \\| \\(3\\) returning to 'test_2' from 'calls_free_2'.*\\n \\|\\.\\.\\.\\.\\.\\..*\\n \\| NN \\| calls_free_2
\\(ptr\\);.*\\n \\| \\| ~~~~~~~~~~~~~~~~~~\\n \\| \\| \\|.*\\n \\| \\| \\(4\\) passing freed pointer 'ptr' in call to 'calls_free_2' from 'test_2'.*\\n \\|.*\\n \\+--> 'calls_free_2': event 5.*\\n \\|.*\\n \\| NN \\| free \\(ptr\\);.*\\n \\| \\| \\^~~~~~~~~~\\n \\| \\| \\|.*\\n \\| \\| \\(5\\) second 'free' here; first 'free' was at \\(2\\).*\\n \\|.*\\n"
FAIL: gcc.dg/analyzer/analyzer-verbosity-1.c (test for excess errors)
FAIL: gcc.dg/analyzer/analyzer-verbosity-1.c expected multiline pattern lines 109-160 not found: " NN \\| free \\(ptr\\);.*\\n \\| \\^~~~~~~~~~\\n 'test_2': events 1-2.*\\n \\|.*\\n \\| NN \\| void test_2 \\(void \\*ptr, int a, int b\\).*\\n \\| \\| \\^~~~~~\\n \\| \\| \\|.*\\n \\| \\| \\(1\\) entry to 'test_2'.*\\n \\|\\.\\.\\.\\.\\.\\..*\\n \\| NN \\| calls_free_2 \\(ptr\\);.*\\n \\| \\| ~~~~~~~~~~~~~~~~~~\\n \\| \\| \\|.*\\n \\| \\| \\(2\\) calling 'calls_free_2' from 'test_2'.*\\n \\|.*\\n \\+--> 'calls_free_2': events 3-4.*\\n \\|.*\\n \\| NN \\| void calls_free_2 \\(void \\*ptr\\).*\\n \\| \\| \\^~~~~~~~~~~~\\n \\| \\| \\|.*\\n \\| \\| \\(3\\) entry to 'calls_free_2'.*\\n \\| NN \\| \\{.*\\n \\| NN \\| free \\(ptr\\);.*\\n \\| \\| ~~~~~
~~~~~\\n \\| \\| \\|.*\\n \\| \\| \\(4\\) first 'free' here.*\\n \\|.*\\n <------\\+.*\\n \\|.*\\n 'test_2': events 5-6.*\\n \\|.*\\n \\| NN \\| calls_free_2 \\(ptr\\);.*\\n \\| \\| \\^~~~~~~~~~~~~~~~~~\\n \\| \\| \\|.*\\n \\| \\| \\(5\\) returning to 'test_2' from 'calls_free_2'.*\\n \\|\\.\\.\\.\\.\\.\\..*\\n \\| NN \\| calls_free_2 \\(ptr\\);.*\\n \\| \\| ~~~~~~~~~~~~~~~~~~\\n \\| \\| \\|.*\\n \\| \\| \\(6\\) passing freed pointer 'ptr' in call to 'calls_free_2' from 'test_2'.*\\n \\|.*\\n \\+--> 'calls_free_2': events 7-8.*\\n \\|.*\\n \\| NN \\| void calls_free_2 \\(void \\*ptr\\).*\\n \\| \\| \\^~~~~~~~~~~~\\n \\| \\| \\|.*\\n \\| \\| \\(7\\) entry to 'calls_free_2'.*\\n \\| NN \\| \\{.*\\n \\| NN \\| fre
e \\(ptr\\);.*\\n \\| \\| ~!
~~~~~~~~~\\n \\| \\| \\|.*\\n \\| \\| \\(8\\) second 'free' here; first 'free' was at \\(4\\).*\\n \\|.*\\n"
FAIL: gcc.dg/analyzer/analyzer-verbosity-1.c expected multiline pattern lines 24-75 not found: "\\s*NN \\| free \\(ptr\\);.*\\n \\| \\^~~~~~~~~~\\n 'test_1': events 1-2.*\\n \\|.*\\n \\| NN \\| void test_1 \\(void \\*ptr, int a, int b\\).*\\n \\| \\| \\^~~~~~\\n \\| \\| \\|.*\\n \\| \\| \\(1\\) entry to 'test_1'.*\\n \\|\\.\\.\\.\\.\\.\\..*\\n \\| NN \\| calls_free_1 \\(ptr\\);.*\\n \\| \\| ~~~~~~~~~~~~~~~~~~\\n \\| \\| \\|.*\\n \\| \\| \\(2\\) calling 'calls_free_1' from 'test_1'.*\\n \\|.*\\n \\+--> 'calls_free_1': events 3-4.*\\n \\|.*\\n \\| NN \\| void calls_free_1 \\(void \\*ptr\\).*\\n \\| \\| \\^~~~~~~~~~~~\\n \\| \\| \\|.*\\n \\| \\| \\(3\\) entry to 'calls_free_1'.*\\n \\| NN \\| \\{.*\\n \\| NN \\| free \\(ptr\\);.*\\n \\| \\| ~~~~~~~~~~\\n
\\| \\| \\|.*\\n \\| \\| \\(4\\) first 'free' here.*\\n \\|.*\\n <------\\+.*\\n \\|.*\\n 'test_1': events 5-6.*\\n \\|.*\\n \\| NN \\| calls_free_1 \\(ptr\\);.*\\n \\| \\| \\^~~~~~~~~~~~~~~~~~\\n \\| \\| \\|.*\\n \\| \\| \\(5\\) returning to 'test_1' from 'calls_free_1'.*\\n \\|\\.\\.\\.\\.\\.\\..*\\n \\| NN \\| calls_free_1 \\(ptr\\);.*\\n \\| \\| ~~~~~~~~~~~~~~~~~~\\n \\| \\| \\|.*\\n \\| \\| \\(6\\) passing freed pointer 'ptr' in call to 'calls_free_1' from 'test_1'.*\\n \\|.*\\n \\+--> 'calls_free_1': events 7-8.*\\n \\|.*\\n \\| NN \\| void calls_free_1 \\(void \\*ptr\\).*\\n \\| \\| \\^~~~~~~~~~~~\\n \\| \\| \\|.*\\n \\| \\| \\(7\\) entry to 'calls_free_1'.*\\n \\| NN \\| \\{.*\\n \\| NN \\| free \\(ptr\\);.*\\n
\\| \\| ~~~~~~~~~~\\n \\!
| \\| \\|.*\\n \\| \\| \\(8\\) second 'free' here; first 'free' was at \\(4\\).*\\n \\|.*\\n"
FAIL: gcc.dg/analyzer/analyzer-verbosity-2.c (test for excess errors)
FAIL: gcc.dg/analyzer/analyzer-verbosity-2.c expected multiline pattern lines 120-189 not found: " NN \\| free \\(ptr\\);.*\\n \\| \\^~~~~~~~~~\\n 'test_2': events 1-4.*\\n \\|.*\\n \\| NN \\| void test_2 \\(void \\*ptr, int a, int b\\).*\\n \\| \\| \\^~~~~~\\n \\| \\| \\|.*\\n \\| \\| \\(1\\) entry to 'test_2'.*\\n \\| NN \\| \\{.*\\n \\| NN \\| switch \\(a\\).*\\n \\| \\| ~~~~~~\\n \\| \\| \\|.*\\n \\| \\| \\(2\\) following 'case 3:' branch\\.\\.\\..*\\n \\|\\.\\.\\.\\.\\.\\..*\\n \\| NN \\| case 3:.*\\n \\| \\| ~~~~\\n \\| \\| \\|.*\\n \\| \\| \\(3\\) \\.\\.\\.to here.*\\n \\| NN \\| calls_free_2 \\(ptr\\);.*\\n \\| \\| ~~~~~~~~~~~~~~~~~~\\n \\| \\| \\|.*\\n \\| \\| \\(4\\) calling 'calls_free_2' from 'test_2'.*\\n \\|.*\\n \\+--> 'calls_free_2': events 5-6.*\\n \\|.
*\\n \\| NN \\| void calls_free_2 \\(void \\*ptr\\).*\\n \\| \\| \\^~~~~~~~~~~~\\n \\| \\| \\|.*\\n \\| \\| \\(5\\) entry to 'calls_free_2'.*\\n \\| NN \\| \\{.*\\n \\| NN \\| free \\(ptr\\);.*\\n \\| \\| ~~~~~~~~~~\\n \\| \\| \\|.*\\n \\| \\| \\(6\\) first 'free' here.*\\n \\|.*\\n <------\\+.*\\n \\|.*\\n 'test_2': events 7-10.*\\n \\|.*\\n \\| NN \\| calls_free_2 \\(ptr\\);.*\\n \\| \\| \\^~~~~~~~~~~~~~~~~~\\n \\| \\| \\|.*\\n \\| \\| \\(7\\) returning to 'test_2' from 'calls_free_2'.*\\n \\|\\.\\.\\.\\.\\.\\..*\\n \\| NN \\| switch \\(b\\).*\\n \\| \\| ~~~~~~\\n \\| \\| \\|.*\\n \\| \\| \\(8\\) following 'default:' branch\\.\\.\\..*\\n \\| NN \\| \\{.*\\n \\| NN \\| default:.*\\n \\| \\| ~~~~
~~~\\n \\| \\| \\|.*\\n \\| !
\\| \\(9\\) \\.\\.\\.to here.*\\n \\| NN \\| calls_free_2 \\(ptr\\);.*\\n \\| \\| ~~~~~~~~~~~~~~~~~~\\n \\| \\| \\|.*\\n \\| \\| \\(10\\) passing freed pointer 'ptr' in call to 'calls_free_2' from 'test_2'.*\\n \\|.*\\n \\+--> 'calls_free_2': events 11-12.*\\n \\|.*\\n \\| NN \\| void calls_free_2 \\(void \\*ptr\\).*\\n \\| \\| \\^~~~~~~~~~~~\\n \\| \\| \\|.*\\n \\| \\| \\(11\\) entry to 'calls_free_2'.*\\n \\| NN \\| \\{.*\\n \\| NN \\| free \\(ptr\\);.*\\n \\| \\| ~~~~~~~~~~\\n \\| \\| \\|.*\\n \\| \\| \\(12\\) second 'free' here; first 'free' was at \\(6\\).*\\n \\|.*\\n"
FAIL: gcc.dg/analyzer/analyzer-verbosity-2.c expected multiline pattern lines 24-86 not found: "\\s*NN \\| free \\(ptr\\);.*\\n \\| \\^~~~~~~~~~\\n 'test_1': events 1-4.*\\n \\|.*\\n \\| NN \\| void test_1 \\(void \\*ptr, int a, int b\\).*\\n \\| \\| \\^~~~~~\\n \\| \\| \\|.*\\n \\| \\| \\(1\\) entry to 'test_1'.*\\n \\| NN \\| \\{.*\\n \\| NN \\| if \\(a\\).*\\n \\| \\| ~\\n \\| \\| \\|.*\\n \\| \\| \\(2\\) following 'true' branch \\(when 'a != 0'\\)\\.\\.\\..*\\n \\| NN \\| calls_free_1 \\(ptr\\);.*\\n \\| \\| ~~~~~~~~~~~~~~~~~~\\n \\| \\| \\|.*\\n \\| \\| \\(3\\) \\.\\.\\.to here.*\\n \\| \\| \\(4\\) calling 'calls_free_1' from 'test_1'.*\\n \\|.*\\n \\+--> 'calls_free_1': events 5-6.*\\n \\|.*\\n \\| NN \\| void calls_free_1 \\(void \\*ptr\\).*\\n \\| \\| \\^~~~~~~~~~~~\
\n \\| \\| \\|.*\\n \\| \\| \\(5\\) entry to 'calls_free_1'.*\\n \\| NN \\| \\{.*\\n \\| NN \\| free \\(ptr\\);.*\\n \\| \\| ~~~~~~~~~~\\n \\| \\| \\|.*\\n \\| \\| \\(6\\) first 'free' here.*\\n \\|.*\\n <------\\+.*\\n \\|.*\\n 'test_1': events 7-10.*\\n \\|.*\\n \\| NN \\| calls_free_1 \\(ptr\\);.*\\n \\| \\| \\^~~~~~~~~~~~~~~~~~\\n \\| \\| \\|.*\\n \\| \\| \\(7\\) returning to 'test_1' from 'calls_free_1'.*\\n \\| NN \\| .*\\n \\| NN \\| if \\(b\\).*\\n \\| \\| ~\\n \\| \\| \\|.*\\n \\| \\| \\(8\\) following 'false' branch \\(when 'b == 0'\\)\\.\\.\\..*\\n \\|\\.\\.\\.\\.\\.\\..*\\n \\| NN \\| calls_free_1 \\(ptr\\);.*\\n \\| \\| ~~~~~~~~~~~~~~~~~~\\n \\| \\| \\|.*\\n \\| \\| \\(9\\) \\.\\.\\.to here.*\\
n \\| \\| \\(10\\) passing freed!
pointer 'ptr' in call to 'calls_free_1' from 'test_1'.*\\n \\|.*\\n \\+--> 'calls_free_1': events 11-12.*\\n \\|.*\\n \\| NN \\| void calls_free_1 \\(void \\*ptr\\).*\\n \\| \\| \\^~~~~~~~~~~~\\n \\| \\| \\|.*\\n \\| \\| \\(11\\) entry to 'calls_free_1'.*\\n \\| NN \\| \\{.*\\n \\| NN \\| free \\(ptr\\);.*\\n \\| \\| ~~~~~~~~~~\\n \\| \\| \\|.*\\n \\| \\| \\(12\\) second 'free' here; first 'free' was at \\(6\\).*\\n \\|.*\\n"
FAIL: gcc.dg/analyzer/analyzer-verbosity-3.c (test for excess errors)
FAIL: gcc.dg/analyzer/analyzer-verbosity-3.c expected multiline pattern lines 120-189 not found: " NN \\| free \\(ptr\\);.*\\n \\| \\^~~~~~~~~~\\n 'test_2': events 1-4.*\\n \\|.*\\n \\| NN \\| void test_2 \\(void \\*ptr, int a, int b\\).*\\n \\| \\| \\^~~~~~\\n \\| \\| \\|.*\\n \\| \\| \\(1\\) entry to 'test_2'.*\\n \\| NN \\| \\{.*\\n \\| NN \\| switch \\(a\\).*\\n \\| \\| ~~~~~~\\n \\| \\| \\|.*\\n \\| \\| \\(2\\) following 'case 3:' branch\\.\\.\\..*\\n \\|\\.\\.\\.\\.\\.\\..*\\n \\| NN \\| case 3:.*\\n \\| \\| ~~~~\\n \\| \\| \\|.*\\n \\| \\| \\(3\\) \\.\\.\\.to here.*\\n \\| NN \\| calls_free_2 \\(ptr\\);.*\\n \\| \\| ~~~~~~~~~~~~~~~~~~\\n \\| \\| \\|.*\\n \\| \\| \\(4\\) calling 'calls_free_2' from 'test_2'.*\\n \\|.*\\n \\+--> 'calls_free_2': events 5-6.*\\n \\|.
*\\n \\| NN \\| void calls_free_2 \\(void \\*ptr\\).*\\n \\| \\| \\^~~~~~~~~~~~\\n \\| \\| \\|.*\\n \\| \\| \\(5\\) entry to 'calls_free_2'.*\\n \\| NN \\| \\{.*\\n \\| NN \\| free \\(ptr\\);.*\\n \\| \\| ~~~~~~~~~~\\n \\| \\| \\|.*\\n \\| \\| \\(6\\) first 'free' here.*\\n \\|.*\\n <------\\+.*\\n \\|.*\\n 'test_2': events 7-10.*\\n \\|.*\\n \\| NN \\| calls_free_2 \\(ptr\\);.*\\n \\| \\| \\^~~~~~~~~~~~~~~~~~\\n \\| \\| \\|.*\\n \\| \\| \\(7\\) returning to 'test_2' from 'calls_free_2'.*\\n \\|\\.\\.\\.\\.\\.\\..*\\n \\| NN \\| switch \\(b\\).*\\n \\| \\| ~~~~~~\\n \\| \\| \\|.*\\n \\| \\| \\(8\\) following 'default:' branch\\.\\.\\..*\\n \\| NN \\| \\{.*\\n \\| NN \\| default:.*\\n \\| \\| ~~~~
~~~\\n \\| \\| \\|.*\\n \\| !
\\| \\(9\\) \\.\\.\\.to here.*\\n \\| NN \\| calls_free_2 \\(ptr\\);.*\\n \\| \\| ~~~~~~~~~~~~~~~~~~\\n \\| \\| \\|.*\\n \\| \\| \\(10\\) passing freed pointer 'ptr' in call to 'calls_free_2' from 'test_2'.*\\n \\|.*\\n \\+--> 'calls_free_2': events 11-12.*\\n \\|.*\\n \\| NN \\| void calls_free_2 \\(void \\*ptr\\).*\\n \\| \\| \\^~~~~~~~~~~~\\n \\| \\| \\|.*\\n \\| \\| \\(11\\) entry to 'calls_free_2'.*\\n \\| NN \\| \\{.*\\n \\| NN \\| free \\(ptr\\);.*\\n \\| \\| ~~~~~~~~~~\\n \\| \\| \\|.*\\n \\| \\| \\(12\\) second 'free' here; first 'free' was at \\(6\\).*\\n \\|.*\\n"
FAIL: gcc.dg/analyzer/analyzer-verbosity-3.c expected multiline pattern lines 24-86 not found: "\\s*NN \\| free \\(ptr\\);.*\\n \\| \\^~~~~~~~~~\\n 'test_1': events 1-4.*\\n \\|.*\\n \\| NN \\| void test_1 \\(void \\*ptr, int a, int b\\).*\\n \\| \\| \\^~~~~~\\n \\| \\| \\|.*\\n \\| \\| \\(1\\) entry to 'test_1'.*\\n \\| NN \\| \\{.*\\n \\| NN \\| if \\(a\\).*\\n \\| \\| ~\\n \\| \\| \\|.*\\n \\| \\| \\(2\\) following 'true' branch \\(when 'a != 0'\\)\\.\\.\\..*\\n \\| NN \\| calls_free_1 \\(ptr\\);.*\\n \\| \\| ~~~~~~~~~~~~~~~~~~\\n \\| \\| \\|.*\\n \\| \\| \\(3\\) \\.\\.\\.to here.*\\n \\| \\| \\(4\\) calling 'calls_free_1' from 'test_1'.*\\n \\|.*\\n \\+--> 'calls_free_1': events 5-6.*\\n \\|.*\\n \\| NN \\| void calls_free_1 \\(void \\*ptr\\).*\\n \\| \\| \\^~~~~~~~~~~~\
\n \\| \\| \\|.*\\n \\| \\| \\(5\\) entry to 'calls_free_1'.*\\n \\| NN \\| \\{.*\\n \\| NN \\| free \\(ptr\\);.*\\n \\| \\| ~~~~~~~~~~\\n \\| \\| \\|.*\\n \\| \\| \\(6\\) first 'free' here.*\\n \\|.*\\n <------\\+.*\\n \\|.*\\n 'test_1': events 7-10.*\\n \\|.*\\n \\| NN \\| calls_free_1 \\(ptr\\);.*\\n \\| \\| \\^~~~~~~~~~~~~~~~~~\\n \\| \\| \\|.*\\n \\| \\| \\(7\\) returning to 'test_1' from 'calls_free_1'.*\\n \\| NN \\| .*\\n \\| NN \\| if \\(b\\).*\\n \\| \\| ~\\n \\| \\| \\|.*\\n \\| \\| \\(8\\) following 'false' branch \\(when 'b == 0'\\)\\.\\.\\..*\\n \\|\\.\\.\\.\\.\\.\\..*\\n \\| NN \\| calls_free_1 \\(ptr\\);.*\\n \\| \\| ~~~~~~~~~~~~~~~~~~\\n \\| \\| \\|.*\\n \\| \\| \\(9\\) \\.\\.\\.to here.*\\
n \\| \\| \\(10\\) passing freed!
pointer 'ptr' in call to 'calls_free_1' from 'test_1'.*\\n \\|.*\\n \\+--> 'calls_free_1': events 11-12.*\\n \\|.*\\n \\| NN \\| void calls_free_1 \\(void \\*ptr\\).*\\n \\| \\| \\^~~~~~~~~~~~\\n \\| \\| \\|.*\\n \\| \\| \\(11\\) entry to 'calls_free_1'.*\\n \\| NN \\| \\{.*\\n \\| NN \\| free \\(ptr\\);.*\\n \\| \\| ~~~~~~~~~~\\n \\| \\| \\|.*\\n \\| \\| \\(12\\) second 'free' here; first 'free' was at \\(6\\).*\\n \\|.*\\n"
FAIL: gcc.dg/analyzer/capacity-1.c (test for excess errors)
FAIL: gcc.dg/analyzer/capacity-3.c (test for excess errors)
FAIL: gcc.dg/analyzer/data-model-path-1.c (test for warnings, line 11)
FAIL: gcc.dg/analyzer/function-ptr-2.c (test for excess errors)
FAIL: gcc.dg/analyzer/malloc-callbacks.c (test for warnings, line 29)
FAIL: gcc.dg/analyzer/malloc-callbacks.c (test for warnings, line 30)
FAIL: gcc.dg/analyzer/malloc-callbacks.c (test for warnings, line 36)
FAIL: gcc.dg/analyzer/malloc-callbacks.c (test for warnings, line 37)
FAIL: gcc.dg/analyzer/malloc-callbacks.c (test for warnings, line 43)
FAIL: gcc.dg/analyzer/malloc-callbacks.c (test for warnings, line 55)
FAIL: gcc.dg/analyzer/malloc-callbacks.c (test for warnings, line 56)
FAIL: gcc.dg/analyzer/malloc-callbacks.c (test for warnings, line 64)
FAIL: gcc.dg/analyzer/malloc-callbacks.c (test for warnings, line 66)
XPASS: gcc.dg/analyzer/malloc-callbacks.c (test for warnings, line 72)
FAIL: gcc.dg/analyzer/malloc-ipa-10.c (test for warnings, line 29)
FAIL: gcc.dg/analyzer/malloc-ipa-11.c (test for excess errors)
FAIL: gcc.dg/analyzer/malloc-ipa-11.c expected multiline pattern lines 32-95 not found: "\\s*NN \\| free \\(victim\\);.*\\n \\| \\^~~~~~~~~~~~~\\n 'test': events 1-2.*\\n \\|.*\\n \\| NN \\| void test \\(void \\*ptr\\).*\\n \\| \\| \\^~~~\\n \\| \\| \\|.*\\n \\| \\| \\(1\\) entry to 'test'.*\\n \\|\\.\\.\\.\\.\\.\\..*\\n \\| NN \\| may_call_free \\(ptr\\);.*\\n \\| \\| ~~~~~~~~~~~~~~~~~~~\\n \\| \\| \\|.*\\n \\| \\| \\(2\\) calling 'may_call_free' from 'test'.*\\n \\|.*\\n \\+--> 'may_call_free': events 3-6.*\\n \\|.*\\n \\| NN \\| may_call_free \\(void \\*victim\\).*\\n \\| \\| \\^~~~~~~~~~~~~\\n \\| \\| \\|.*\\n \\| \\| \\(3\\) entry to 'may_call_free'.*\\n \\| NN \\| \\{.*\\n \\| NN \\| if \\(some_condition \\(\\)\\).*\\n \\| \\| ~\\n \\| \\| \\|.*\
\n \\| \\| \\(4\\) following 'false' branch\\.\\.\\..*\\n \\|\\.\\.\\.\\.\\.\\..*\\n \\| NN \\| free \\(victim\\);.*\\n \\| \\| ~~~~~~~~~~~~~\\n \\| \\| \\|.*\\n \\| \\| \\(5\\) \\.\\.\\.to here.*\\n \\| \\| \\(6\\) first 'free' here.*\\n \\|.*\\n <------\\+.*\\n \\|.*\\n 'test': events 7-8.*\\n \\|.*\\n \\| NN \\| may_call_free \\(ptr\\);.*\\n \\| \\| \\^~~~~~~~~~~~~~~~~~~\\n \\| \\| \\|.*\\n \\| \\| \\(7\\) returning to 'test' from 'may_call_free'.*\\n \\|\\.\\.\\.\\.\\.\\..*\\n \\| NN \\| may_call_free \\(ptr\\);.*\\n \\| \\| ~~~~~~~~~~~~~~~~~~~\\n \\| \\| \\|.*\\n \\| \\| \\(8\\) passing freed pointer 'ptr' in call to 'may_call_free' from 'test'.*\\n \\|.*\\n \\+--> 'may_call_free': events 9-12.*\\n \\|.*\\n \\| NN \\| may_call_free \\(void \\*vi
ctim\\).*\\n \\| \\| \\^~~~~~!
~~~~~~~\\n \\| \\| \\|.*\\n \\| \\| \\(9\\) entry to 'may_call_free'.*\\n \\| NN \\| \\{.*\\n \\| NN \\| if \\(some_condition \\(\\)\\).*\\n \\| \\| ~\\n \\| \\| \\|.*\\n \\| \\| \\(10\\) following 'false' branch\\.\\.\\..*\\n \\|\\.\\.\\.\\.\\.\\..*\\n \\| NN \\| free \\(victim\\);.*\\n \\| \\| ~~~~~~~~~~~~~\\n \\| \\| \\|.*\\n \\| \\| \\(11\\) \\.\\.\\.to here.*\\n \\| \\| \\(12\\) second 'free' here; first 'free' was at \\(6\\).*\\n \\|.*\\n"
FAIL: gcc.dg/analyzer/malloc-ipa-13.c (test for warnings, line 26)
FAIL: gcc.dg/analyzer/malloc-ipa-13a.c (test for warnings, line 36)
FAIL: gcc.dg/analyzer/malloc-ipa-2.c (test for warnings, line 28)
FAIL: gcc.dg/analyzer/malloc-ipa-5.c (test for warnings, line 10)
FAIL: gcc.dg/analyzer/malloc-ipa-8-double-free.c (test for excess errors)
FAIL: gcc.dg/analyzer/malloc-ipa-8-double-free.c expected multiline pattern lines 50-191 not found: "\\s*NN \\| free \\(ptr\\);.*\\n \\| \\^~~~~~~~~~\\n 'test': events 1-2.*\\n \\|.*\\n \\| NN \\| void test \\(int i\\).*\\n \\| \\| \\^~~~\\n \\| \\| \\|.*\\n \\| \\| \\(1\\) entry to 'test'.*\\n \\| NN \\| \\{.*\\n \\| NN \\| boxed_int \\*obj = make_boxed_int \\(i\\);.*\\n \\| \\| ~~~~~~~~~~~~~~~~~~\\n \\| \\| \\|.*\\n \\| \\| \\(2\\) calling 'make_boxed_int' from 'test'.*\\n \\|.*\\n \\+--> 'make_boxed_int': events 3-4.*\\n \\|.*\\n \\| NN \\| make_boxed_int \\(int i\\).*\\n \\| \\| \\^~~~~~~~~~~~~~\\n \\| \\| \\|.*\\n \\| \\| \\(3\\) entry to 'make_boxed_int'.*\\n \\| NN \\| \\{.*\\n \\| NN \\| boxed_int \\*result = \\(boxed_int \\*\\)wra
pped_malloc \\(sizeof \\(boxed_int\\)\\);.*\\n \\| \\| ~~~~~~~~~~~~~~~~~~~~~~~~~~~~~~~~~~~\\n \\| \\| \\|.*\\n \\| \\| \\(4\\) calling 'wrapped_malloc' from 'make_boxed_int'.*\\n \\|.*\\n \\+--> 'wrapped_malloc': events 5-6.*\\n \\|.*\\n \\| NN \\| void \\*wrapped_malloc \\(size_t size\\).*\\n \\| \\| \\^~~~~~~~~~~~~~\\n \\| \\| \\|.*\\n \\| \\| \\(5\\) entry to 'wrapped_malloc'.*\\n \\| NN \\| \\{.*\\n \\| NN \\| return malloc \\(size\\);.*\\n \\| \\| ~~~~~~~~~~~~~\\n \\| \\| \\|.*\\n \\| \\| \\(6\\) allocated here.*\\n \\|.*\\n <------\\+.
*\\n \\|.*\\n 'make_boxed_!
int': events 7-10.*\\n \\|.*\\n \\| NN \\| boxed_int \\*result = \\(boxed_int \\*\\)wrapped_malloc \\(sizeof \\(boxed_int\\)\\);.*\\n \\| \\| \\^~~~~~~~~~~~~~~~~~~~~~~~~~~~~~~~~~~\\n \\| \\| \\|.*\\n \\| \\| \\(7\\) returning to 'make_boxed_int' from 'wrapped_malloc'.*\\n \\| NN \\| if \\(!result\\).*\\n \\| \\| ~ .*\\n \\| \\| \\|.*\\n \\| \\| \\(8\\) assuming 'result' is non-NULL.*\\n \\| \\| \\(9\\) following 'false' branch \\(when 'result' is non-NULL\\)\\.\\.\\..*\\n \\| NN \\| abort \\(\\);.*\\n \\| NN \\| result->i = i;.*\\n \\| \\| ~~~~~~~~~~~~~ .*\\n \\| \\| \\|.*\\n \\| \\|
\\(10\\) \\.\\.\\.to here.*\\n \\|.*\\n <------\\+.*\\n \\|.*\\n 'test': events 11-12.*\\n \\|.*\\n \\| NN \\| boxed_int \\*obj = make_boxed_int \\(i\\);.*\\n \\| \\| \\^~~~~~~~~~~~~~~~~~\\n \\| \\| \\|.*\\n \\| \\| \\(11\\) returning to 'test' from 'make_boxed_int'.*\\n \\| NN \\| .*\\n \\| NN \\| free_boxed_int \\(obj\\);.*\\n \\| \\| ~~~~~~~~~~~~~~~~~~~~\\n \\| \\| \\|.*\\n \\| \\| \\(12\\) calling 'free_boxed_int' from 'test'.*\\n \\|.*\\n \\+--> 'free_boxed_int': events 13-14.*\\n \\|.*\\n \\| NN \\| free_boxed_int \\(boxed_int \\*bi\\).*\\n \\| \\| \\^~~~~~~~~~~~~~\\n \\| \\| \\|.*\\n \\| \\| \\(13\\) entry to 'free_boxed_int'.*\\n \\| NN \\| \\{.*\\n \\| NN \\| wrapped_free \\(bi\\);.*\\n \\| \\| ~~~~~~
~~~~~~~~~~~\\n \\| \\| \\|.*\\n !
\\| \\| \\(14\\) calling 'wrapped_free' from 'free_boxed_int'.*\\n \\|.*\\n \\+--> 'wrapped_free': events 15-16.*\\n \\|.*\\n \\| NN \\| void wrapped_free \\(void \\*ptr\\).*\\n \\| \\| \\^~~~~~~~~~~~\\n \\| \\| \\|.*\\n \\| \\| \\(15\\) entry to 'wrapped_free'.*\\n \\| NN \\| \\{.*\\n \\| NN \\| free \\(ptr\\);.*\\n \\| \\| ~~~~~~~~~~\\n \\| \\| \\|.*\\n \\| \\| \\(16\\) first 'free' here.*\\n \\|.*\\n <------\\+.*\\n \\|.*\\n 'free_boxed_int': event 17.*\\n \\|.*\\n \\| NN \\| wrapped_free \\(bi\\);.*\\n \\| \\| \\^~~~~~~~~~~~~~~~~\\n \\| \\| \\|.*\\n \\| \\| \\(17\\) returning to 'free_boxed_int' from 'wr
apped_free'.*\\n \\|.*\\n <------\\+.*\\n \\|.*\\n 'test': events 18-19.*\\n \\|.*\\n \\| NN \\| free_boxed_int \\(obj\\);.*\\n \\| \\| \\^~~~~~~~~~~~~~~~~~~~\\n \\| \\| \\|.*\\n \\| \\| \\(18\\) returning to 'test' from 'free_boxed_int'.*\\n \\| NN \\| .*\\n \\| NN \\| free_boxed_int \\(obj\\);.*\\n \\| \\| ~~~~~~~~~~~~~~~~~~~~\\n \\| \\| \\|.*\\n \\| \\| \\(19\\) passing freed pointer 'obj' in call to 'free_boxed_int' from 'test'.*\\n \\|.*\\n \\+--> 'free_boxed_int': events 20-21.*\\n \\|.*\\n \\| NN \\| free_boxed_int \\(boxed_int \\*bi\\).*\\n \\| \\| \\^~~~~~~~~~~~~~\\n \\| \\| \\|.*\\n \\| \\| \\(20\\) entry to 'free_boxed_int'.*\\n \\| NN \\| \\{.*\\n \\| NN \\| wrapped_free \\(bi\\);.*\\n \\| \\| ~~~~~~~~~~~~~~~~~\\n \\| \\| \\|.*\\n \\
| \\| \\(21\\) passing freed pointer 'bi' in c!
all to 'wrapped_free' from 'free_boxed_int'.*\\n \\|.*\\n \\+--> 'wrapped_free': events 22-23.*\\n \\|.*\\n \\| NN \\| void wrapped_free \\(void \\*ptr\\).*\\n \\| \\| \\^~~~~~~~~~~~\\n \\| \\| \\|.*\\n \\| \\| \\(22\\) entry to 'wrapped_free'.*\\n \\| NN \\| \\{.*\\n \\| NN \\| free \\(ptr\\);.*\\n \\| \\| ~~~~~~~~~~\\n \\| \\| \\|.*\\n \\| \\| \\(23\\) second 'free' here; first 'free' was at \\(16\\).*\\n \\|.*\\n"
FAIL: gcc.dg/analyzer/malloc-ipa-8-unchecked.c (test for excess errors)
FAIL: gcc.dg/analyzer/malloc-ipa-8-unchecked.c expected multiline pattern lines 28-66 not found: "\\s*NN \\| result->i = i;.*\\n \\| ~~~~~~~~~~\\^~~\\n 'make_boxed_int': events 1-2.*\\n \\|.*\\n \\| NN \\| make_boxed_int \\(int i\\).*\\n \\| \\| \\^~~~~~~~~~~~~~\\n \\| \\| \\|.*\\n \\| \\| \\(1\\) entry to 'make_boxed_int'.*\\n \\| NN \\| \\{.*\\n \\| NN \\| boxed_int \\*result = \\(boxed_int \\*\\)wrapped_malloc \\(sizeof \\(boxed_int\\)\\);.*\\n \\| \\| ~~~~~~~~~~~~~~~~~~~~~~~~~~~~~~~~~~~\\n \\| \\| \\|.*\\n \\| \\| \\(2\\) calling 'wrapped_malloc' from 'make_boxed_int'.*\\n \\|.*\\n \\+--> 'wrapped_malloc': events 3-4.*\\n \\|.*\\n \\| NN \\| void \\*wrapped_malloc \\(size_t size\\).*\\n \\| \\| \\^~~~~~~~~~~~~~\\n \\| \\| \\|.*\\n
\\| \\| \\(3\\) entry to 'wrapped_malloc'.*\\n \\| NN \\| \\{.*\\n \\| NN \\| return malloc \\(size\\);.*\\n \\| \\| ~~~~~~~~~~~~~\\n \\| \\| \\|.*\\n \\| \\| \\(4\\) this call could return NULL.*\\n \\|.*\\n <------\\+.*\\n \\|.*\\n 'make_boxed_int': events 5-6.*\\n \\|.*\\n \\| NN \\| boxed_int \\*result = \\(boxed_int \\*\\)wrapped_malloc \\(sizeof \\(boxed_int\\)\\);.*\\n \\| \\| \\^~~~~~~~~~~~~~~~~~~~~~~~~~~~~~~~~~~\\n \\| \\| \\|.*\\n \\| \\| \\(5\\) possible return of NULL to 'make_boxed_int' from 'wrapped_malloc'.*\\n \\| NN \\| result->i = i;.*\\n \\| \\| ~~~~~~~~~~~~~ .*\\n \\| \\| \\|.*\\n \\| \\| \\(6\\) 'result' could be NUL
L: unchecked value from \\(4\\).*\\n \\|.!
*\\n"
FAIL: gcc.dg/analyzer/pr101503.c (internal compiler error)
FAIL: gcc.dg/analyzer/pr101503.c (test for excess errors)
FAIL: gcc.dg/analyzer/sensitive-1.c (test for warnings, line 50)
FAIL: gcc.dg/analyzer/sensitive-1.c (test for warnings, line 60)
FAIL: gcc.dg/analyzer/torture/asm-x86-linux-rdmsr-paravirt.c -O1 (test for excess errors)
FAIL: gcc.dg/analyzer/torture/asm-x86-linux-rdmsr-paravirt.c -O2 (test for excess errors)
FAIL: gcc.dg/analyzer/torture/asm-x86-linux-rdmsr-paravirt.c -O2 -flto (test for excess errors)
FAIL: gcc.dg/analyzer/torture/asm-x86-linux-rdmsr-paravirt.c -O2 -flto -flto-partition=none (test for excess errors)
FAIL: gcc.dg/analyzer/torture/asm-x86-linux-rdmsr-paravirt.c -O3 -g (test for excess errors)
FAIL: gcc.dg/analyzer/torture/asm-x86-linux-rdmsr-paravirt.c -Os (test for excess errors)
FAIL: c-c++-common/asan/swapcontext-test-1.c -O0 execution test
FAIL: c-c++-common/asan/swapcontext-test-1.c -O1 execution test
FAIL: c-c++-common/asan/swapcontext-test-1.c -O2 execution test
FAIL: c-c++-common/asan/swapcontext-test-1.c -O2 -flto execution test
FAIL: c-c++-common/asan/swapcontext-test-1.c -O2 -flto -flto-partition=none execution test
FAIL: c-c++-common/asan/swapcontext-test-1.c -O3 -fomit-frame-pointer -funroll-loops -fpeel-loops -ftracer -finline-functions execution test
FAIL: c-c++-common/asan/swapcontext-test-1.c -O3 -g execution test
FAIL: c-c++-common/asan/swapcontext-test-1.c -Os execution test
XPASS: gcc.dg/debug/dwarf2/inline5.c scan-assembler-not \\\\(DIE \\\\(0x([0-9a-f]*)\\\\) DW_TAG_lexical_block\\\\)[^#/!@;\\\\|]*[#/!@;\\\\|]+ +DW_AT.*DW_TAG_lexical_block\\\\)[^#/!@;\\\\|x]*x\\\\1[^#/!@;\\\\|]*[#/!@;\\\\|] +DW_AT_abstract_origin
FAIL: gcc.dg/attr-weakref-1.c (test for excess errors)
UNRESOLVED: gcc.dg/attr-weakref-1.c compilation failed to produce executable
FAIL: gcc.dg/ipa/iinline-attr.c scan-ipa-dump inline "hooray[^\\\\n]*inline copy in test"
FAIL: gcc.dg/ipa/ipa-icf-38.c scan-ltrans-tree-dump-not optimized "Function bar"
FAIL: gcc-dg-lto-modref-3-01.exe scan-wpa-ipa-dump modref "parm 1 flags: nodirectescape"
FAIL: gcc-dg-lto-modref-4-01.exe scan-wpa-ipa-dump modref "parm 1 flags: nodirectescape"
FAIL: gcc.dg/lto/modref-3 c_lto_modref-3_0.o-c_lto_modref-3_1.o execute -O2 -flto-partition=max -fdump-ipa-modref -fno-ipa-sra -fno-ipa-cp -flto
FAIL: gcc.dg/lto/modref-4 c_lto_modref-4_0.o-c_lto_modref-4_1.o execute -O2 -flto-partition=max -fdump-ipa-modref -fno-ipa-sra -flto
FAIL: gcc.dg/tree-prof/20050826-2.c scan-tree-dump-not dom2 "Invalid sum"
FAIL: gcc.dg/tree-ssa/scev-3.c scan-tree-dump-times ivopts "&a" 1
FAIL: gcc.dg/tree-ssa/scev-4.c scan-tree-dump-times ivopts "&a" 1
FAIL: gcc.dg/tree-ssa/scev-5.c scan-tree-dump-times ivopts "&a" 1
FAIL: gcc.target/i386/avx512f-pr96891-3.c scan-assembler-times (?n)vpcmp[bwdq][ \\\\t]*\\\\\$7 4
FAIL: gcc.target/i386/pieces-memset-1.c scan-assembler-not %[re]bp
FAIL: gcc.target/i386/pieces-memset-4.c scan-assembler-not %[re]bp
FAIL: gcc.target/i386/pieces-memset-41.c scan-assembler-not %[re]bp
FAIL: gcc.target/i386/pieces-memset-7.c scan-assembler-not %[re]bp
FAIL: gcc.target/i386/pieces-memset-8.c scan-assembler-not %[re]bp
FAIL: gcc.target/i386/pr101346.c (test for excess errors)
FAIL: gcc.target/i386/pr80569.c (test for excess errors)
FAIL: gcc.target/i386/pr90773-1.c scan-assembler-times movq[\\\\t ]+7\\\\(%[^,]+\\\\), 1
FAIL: gcc.target/i386/pr90773-1.c scan-assembler-times movq[\\\\t ]+\\\\(%[^,]+\\\\), 1
=== gcc Summary for unix/-m32 ===
# of expected passes 157551
# of unexpected failures 82
# of unexpected successes 2
# of expected failures 934
# of unresolved testcases 1
# of unsupported tests 4514
=== gcc Summary ===
# of expected passes 316073
# of unexpected failures 161
# of unexpected successes 4
# of expected failures 1861
# of unresolved testcases 3
# of unsupported tests 8267
/var/gcc/regression/master/11.4-gcc-64/build/gcc/xgcc version 12.0.0 20210820 (experimental) [master revision b777f228b481ae881a7fbb09de367a053740932c] (GCC)
=== gdc tests ===
Running target unix
FAIL: gdc.dg/extern-c++/pr101664.d (test for excess errors)
=== gdc Summary for unix ===
# of expected passes 4028
# of unexpected failures 1
# of unsupported tests 1077
Running target unix/-m32
FAIL: gdc.dg/extern-c++/pr101664.d (test for excess errors)
=== gdc Summary for unix/-m32 ===
# of expected passes 4028
# of unexpected failures 1
# of unsupported tests 1077
=== gdc Summary ===
# of expected passes 8056
# of unexpected failures 2
# of unsupported tests 2154
/var/gcc/regression/master/11.4-gcc-64/build/gcc/gdc version 12.0.0 20210820 (experimental) [master revision b777f228b481ae881a7fbb09de367a053740932c] (GCC)
=== gfortran tests ===
Running target unix
FAIL: gfortran.dg/analyzer/pr96949.f90 -O (internal compiler error)
FAIL: gfortran.dg/analyzer/pr96949.f90 -O (test for excess errors)
=== gfortran Summary for unix ===
# of expected passes 59028
# of unexpected failures 2
# of expected failures 254
# of unsupported tests 99
Running target unix/-m32
FAIL: gfortran.dg/analyzer/pr96949.f90 -O (internal compiler error)
FAIL: gfortran.dg/analyzer/pr96949.f90 -O (test for excess errors)
FAIL: gfortran.dg/default_format_1.f90 -O0 execution test
FAIL: gfortran.dg/default_format_1.f90 -O1 execution test
FAIL: gfortran.dg/default_format_1.f90 -O2 execution test
FAIL: gfortran.dg/default_format_1.f90 -O3 -fomit-frame-pointer -funroll-loops -fpeel-loops -ftracer -finline-functions execution test
FAIL: gfortran.dg/default_format_1.f90 -O3 -g execution test
FAIL: gfortran.dg/default_format_1.f90 -Os execution test
FAIL: gfortran.dg/fmt_g0_1.f08 -O0 execution test
FAIL: gfortran.dg/fmt_g0_1.f08 -O1 execution test
FAIL: gfortran.dg/fmt_g0_1.f08 -O2 execution test
FAIL: gfortran.dg/fmt_g0_1.f08 -O3 -fomit-frame-pointer -funroll-loops -fpeel-loops -ftracer -finline-functions execution test
FAIL: gfortran.dg/fmt_g0_1.f08 -O3 -g execution test
FAIL: gfortran.dg/fmt_g0_1.f08 -Os execution test
FAIL: gfortran.dg/round_4.f90 -O0 execution test
FAIL: gfortran.dg/round_4.f90 -O1 execution test
FAIL: gfortran.dg/round_4.f90 -O2 execution test
FAIL: gfortran.dg/round_4.f90 -O3 -fomit-frame-pointer -funroll-loops -fpeel-loops -ftracer -finline-functions execution test
FAIL: gfortran.dg/round_4.f90 -O3 -g execution test
FAIL: gfortran.dg/round_4.f90 -Os execution test
=== gfortran Summary for unix/-m32 ===
# of expected passes 58773
# of unexpected failures 20
# of expected failures 256
# of unsupported tests 214
=== gfortran Summary ===
# of expected passes 117801
# of unexpected failures 22
# of expected failures 510
# of unsupported tests 313
/var/gcc/regression/master/11.4-gcc-64/build/gcc/gfortran version 12.0.0 20210820 (experimental) [master revision b777f228b481ae881a7fbb09de367a053740932c] (GCC)
=== gnat tests ===
Running target unix
=== gnat Summary for unix ===
# of expected passes 3361
# of expected failures 23
# of unsupported tests 9
Running target unix/-m32
=== gnat Summary for unix/-m32 ===
# of expected passes 3360
# of expected failures 23
# of unsupported tests 11
=== gnat Summary ===
# of expected passes 6721
# of expected failures 46
# of unsupported tests 20
/var/gcc/regression/master/11.4-gcc-64/build/gcc/gnatmake version 12.0.0 20210820 (experimental) [master revision b777f228b481ae881a7fbb09de367a053740932c]
=== go tests ===
Running target unix
FAIL: ./index0-out.go execution, -O0 -g -fno-var-tracking-assignments
FAIL: go.test/test/fixedbugs/issue10441.go -O (test for excess errors)
FAIL: go.test/test/fixedbugs/issue27836.dir/Ãfoo.go -O -I. (test for excess errors)
FAIL: go.test/test/fixedbugs/issue27836.dir/Ãmain.go -O -I. (test for excess errors)
=== go Summary for unix ===
# of expected passes 8885
# of unexpected failures 4
# of untested testcases 10
# of unsupported tests 28
Running target unix/-m32
FAIL: ./index0-out.go execution, -O0 -g -fno-var-tracking-assignments
FAIL: go.test/test/fixedbugs/issue10441.go -O (test for excess errors)
FAIL: go.test/test/fixedbugs/issue27836.dir/Ãfoo.go -O -I. (test for excess errors)
FAIL: go.test/test/fixedbugs/issue27836.dir/Ãmain.go -O -I. (test for excess errors)
=== go Summary for unix/-m32 ===
# of expected passes 8997
# of unexpected failures 4
# of untested testcases 10
# of unsupported tests 34
=== go Summary ===
# of expected passes 17882
# of unexpected failures 8
# of untested testcases 20
# of unsupported tests 62
=== obj-c++ tests ===
Running target unix/-m32
=== obj-c++ Summary for unix/-m32 ===
# of expected passes 1490
# of expected failures 2
# of unsupported tests 79
Running target unix
=== obj-c++ Summary for unix ===
# of expected passes 1482
# of expected failures 10
# of unsupported tests 79
=== obj-c++ Summary ===
# of expected passes 2972
# of expected failures 12
# of unsupported tests 158
/var/gcc/regression/master/11.4-gcc-64/build/gcc/xg++ version 12.0.0 20210820 (experimental) [master revision b777f228b481ae881a7fbb09de367a053740932c] (GCC)
=== objc tests ===
Running target unix
=== objc Summary for unix ===
# of expected passes 2820
# of expected failures 6
# of unsupported tests 70
Running target unix/-m32
=== objc Summary for unix/-m32 ===
# of expected passes 2820
# of expected failures 6
# of unsupported tests 70
=== objc Summary ===
# of expected passes 5640
# of expected failures 12
# of unsupported tests 140
/var/gcc/regression/master/11.4-gcc-64/build/gcc/xgcc version 12.0.0 20210820 (experimental) [master revision b777f228b481ae881a7fbb09de367a053740932c] (GCC)
=== gotools tests ===
FAIL: TestScript
FAIL: go test cmd/go
=== gotools Summary ===
# of expected passes 394
# of unexpected failures 2
# of untested testcases 128
/var/gcc/regression/master/11.4-gcc-64/build/./gcc/gccgo version 12.0.0 20210820 (experimental) [master revision b777f228b481ae881a7fbb09de367a053740932c] (GCC)
Compiler version: 12.0.0 20210820 (experimental) [master revision b777f228b481ae881a7fbb09de367a053740932c] (GCC)
Platform: x86_64-pc-solaris2.11
configure flags: --prefix=/vol/gcc --target=amd64-pc-solaris2.11 --enable-objc-gc --with-target-bdw-gc-include=/vol/gcc/include --with-target-bdw-gc-lib=/vol/gcc/lib/amd64,32=/vol/gcc/lib --with-as=/usr/ccs/bin/as --without-gnu-as --with-gmp-include=/vol/gcc/include --with-gmp-lib=/vol/gcc/lib/amd64 --with-mpfr-include=/vol/gcc/include --with-mpfr-lib=/vol/gcc/lib/amd64 --with-mpc-include=/vol/gcc/include --with-mpc-lib=/vol/gcc/lib/amd64 --enable-languages=all,ada,obj-c++,go --with-isl-include=/vol/gcc/include --with-isl-lib=/vol/gcc/lib/amd64 --with-zstd-include=/vol/gcc/include --with-zstd-lib=/vol/gcc/lib/amd64 --build=amd64-pc-solaris2.11 --host=amd64-pc-solaris2.11
BOOT_CFLAGS=-g -O2
More information about the Gcc-testresults
mailing list