Results for 12.0.0 (DEFMODE=default DEFCPU=default DEFFPU=default TESTFLAGS=) [r12-3051] (GCC) testsuite on aarch64-none-elf

Christophe LYON christophe.lyon@foss.st.com
Sat Aug 21 04:22:52 GMT 2021


LAST_UPDATED: Sat Aug 21 03:18:20 UTC 2021 (revision r12-3051-g7c9e1645836d7746838acebb7018b1774490ab5c) TARGET=aarch64-none-elf CPU=default FPU=default MODE=default

Target is aarch64-none-elf
Host   is aarch64-none-elf

		=== libstdc++ tests ===


Running target aarch64-none-elf-foundation
FAIL: 20_util/to_chars/long_double.cc (test for excess errors)
UNRESOLVED: 20_util/to_chars/long_double.cc compilation failed to produce executable
XPASS: 21_strings/basic_string/numeric_conversions/char/stod.cc execution test
XPASS: 21_strings/basic_string/numeric_conversions/wchar_t/stod.cc execution test
FAIL: 22_locale/money_get/get/char/5.cc execution test
FAIL: 22_locale/money_get/get/wchar_t/5.cc execution test
FAIL: 22_locale/num_get/get/char/39168.cc execution test
FAIL: 22_locale/num_get/get/char/4.cc execution test
FAIL: 22_locale/num_get/get/wchar_t/39168.cc execution test
FAIL: 22_locale/num_get/get/wchar_t/4.cc execution test
FAIL: 26_numerics/complex/inserters_extractors/char/1.cc execution test
FAIL: 26_numerics/complex/inserters_extractors/wchar_t/1.cc execution test
FAIL: 26_numerics/complex/proj.cc execution test
FAIL: 27_io/basic_istream/extractors_arithmetic/char/01.cc execution test
FAIL: 27_io/basic_istream/extractors_arithmetic/char/12.cc execution test
FAIL: 27_io/basic_istream/extractors_arithmetic/wchar_t/01.cc execution test
FAIL: 27_io/basic_istream/extractors_arithmetic/wchar_t/12.cc execution test
FAIL: 27_io/filesystem/path/append/path.cc (test for excess errors)
UNRESOLVED: 27_io/filesystem/path/append/path.cc compilation failed to produce executable
FAIL: 27_io/filesystem/path/append/source.cc (test for excess errors)
UNRESOLVED: 27_io/filesystem/path/append/source.cc compilation failed to produce executable
FAIL: 27_io/filesystem/path/assign/assign.cc (test for excess errors)
UNRESOLVED: 27_io/filesystem/path/assign/assign.cc compilation failed to produce executable
FAIL: 27_io/filesystem/path/assign/copy.cc (test for excess errors)
UNRESOLVED: 27_io/filesystem/path/assign/copy.cc compilation failed to produce executable
FAIL: 27_io/filesystem/path/compare/compare.cc (test for excess errors)
UNRESOLVED: 27_io/filesystem/path/compare/compare.cc compilation failed to produce executable
FAIL: 27_io/filesystem/path/compare/lwg2936.cc (test for excess errors)
UNRESOLVED: 27_io/filesystem/path/compare/lwg2936.cc compilation failed to produce executable
FAIL: 27_io/filesystem/path/compare/path.cc (test for excess errors)
UNRESOLVED: 27_io/filesystem/path/compare/path.cc compilation failed to produce executable
FAIL: 27_io/filesystem/path/compare/strings.cc (test for excess errors)
UNRESOLVED: 27_io/filesystem/path/compare/strings.cc compilation failed to produce executable
FAIL: 27_io/filesystem/path/concat/92853.cc (test for excess errors)
UNRESOLVED: 27_io/filesystem/path/concat/92853.cc compilation failed to produce executable
FAIL: 27_io/filesystem/path/concat/path.cc (test for excess errors)
UNRESOLVED: 27_io/filesystem/path/concat/path.cc compilation failed to produce executable
FAIL: 27_io/filesystem/path/concat/strings.cc (test for excess errors)
UNRESOLVED: 27_io/filesystem/path/concat/strings.cc compilation failed to produce executable
FAIL: 27_io/filesystem/path/construct/copy.cc (test for excess errors)
UNRESOLVED: 27_io/filesystem/path/construct/copy.cc compilation failed to produce executable
FAIL: 27_io/filesystem/path/construct/range.cc (test for excess errors)
UNRESOLVED: 27_io/filesystem/path/construct/range.cc compilation failed to produce executable
FAIL: 27_io/filesystem/path/construct/string_view.cc (test for excess errors)
UNRESOLVED: 27_io/filesystem/path/construct/string_view.cc compilation failed to produce executable
FAIL: 27_io/filesystem/path/decompose/extension.cc (test for excess errors)
UNRESOLVED: 27_io/filesystem/path/decompose/extension.cc compilation failed to produce executable
FAIL: 27_io/filesystem/path/decompose/filename.cc (test for excess errors)
UNRESOLVED: 27_io/filesystem/path/decompose/filename.cc compilation failed to produce executable
FAIL: 27_io/filesystem/path/decompose/parent_path.cc (test for excess errors)
UNRESOLVED: 27_io/filesystem/path/decompose/parent_path.cc compilation failed to produce executable
FAIL: 27_io/filesystem/path/decompose/relative_path.cc (test for excess errors)
UNRESOLVED: 27_io/filesystem/path/decompose/relative_path.cc compilation failed to produce executable
FAIL: 27_io/filesystem/path/decompose/root_directory.cc (test for excess errors)
UNRESOLVED: 27_io/filesystem/path/decompose/root_directory.cc compilation failed to produce executable
FAIL: 27_io/filesystem/path/decompose/root_name.cc (test for excess errors)
UNRESOLVED: 27_io/filesystem/path/decompose/root_name.cc compilation failed to produce executable
FAIL: 27_io/filesystem/path/decompose/root_path.cc (test for excess errors)
UNRESOLVED: 27_io/filesystem/path/decompose/root_path.cc compilation failed to produce executable
FAIL: 27_io/filesystem/path/decompose/stem.cc (test for excess errors)
UNRESOLVED: 27_io/filesystem/path/decompose/stem.cc compilation failed to produce executable
FAIL: 27_io/filesystem/path/generation/normal.cc (test for excess errors)
UNRESOLVED: 27_io/filesystem/path/generation/normal.cc compilation failed to produce executable
FAIL: 27_io/filesystem/path/generation/proximate.cc (test for excess errors)
UNRESOLVED: 27_io/filesystem/path/generation/proximate.cc compilation failed to produce executable
FAIL: 27_io/filesystem/path/generation/relative.cc (test for excess errors)
UNRESOLVED: 27_io/filesystem/path/generation/relative.cc compilation failed to produce executable
FAIL: 27_io/filesystem/path/generic/generic_string.cc (test for excess errors)
UNRESOLVED: 27_io/filesystem/path/generic/generic_string.cc compilation failed to produce executable
FAIL: 27_io/filesystem/path/itr/components.cc (test for excess errors)
UNRESOLVED: 27_io/filesystem/path/itr/components.cc compilation failed to produce executable
FAIL: 27_io/filesystem/path/itr/traversal.cc (test for excess errors)
UNRESOLVED: 27_io/filesystem/path/itr/traversal.cc compilation failed to produce executable
FAIL: 27_io/filesystem/path/modifiers/clear.cc (test for excess errors)
UNRESOLVED: 27_io/filesystem/path/modifiers/clear.cc compilation failed to produce executable
FAIL: 27_io/filesystem/path/modifiers/make_preferred.cc (test for excess errors)
UNRESOLVED: 27_io/filesystem/path/modifiers/make_preferred.cc compilation failed to produce executable
FAIL: 27_io/filesystem/path/modifiers/remove_filename.cc (test for excess errors)
UNRESOLVED: 27_io/filesystem/path/modifiers/remove_filename.cc compilation failed to produce executable
FAIL: 27_io/filesystem/path/modifiers/replace_extension.cc (test for excess errors)
UNRESOLVED: 27_io/filesystem/path/modifiers/replace_extension.cc compilation failed to produce executable
FAIL: 27_io/filesystem/path/modifiers/replace_filename.cc (test for excess errors)
UNRESOLVED: 27_io/filesystem/path/modifiers/replace_filename.cc compilation failed to produce executable
FAIL: 27_io/filesystem/path/modifiers/swap.cc (test for excess errors)
UNRESOLVED: 27_io/filesystem/path/modifiers/swap.cc compilation failed to produce executable
FAIL: 27_io/filesystem/path/nonmember/append.cc (test for excess errors)
UNRESOLVED: 27_io/filesystem/path/nonmember/append.cc compilation failed to produce executable
FAIL: 27_io/filesystem/path/nonmember/cmp.cc (test for excess errors)
UNRESOLVED: 27_io/filesystem/path/nonmember/cmp.cc compilation failed to produce executable
FAIL: 27_io/filesystem/path/nonmember/cmp_c++20.cc (test for excess errors)
UNRESOLVED: 27_io/filesystem/path/nonmember/cmp_c++20.cc compilation failed to produce executable
FAIL: 27_io/filesystem/path/nonmember/hash_value.cc (test for excess errors)
UNRESOLVED: 27_io/filesystem/path/nonmember/hash_value.cc compilation failed to produce executable
FAIL: 27_io/filesystem/path/query/empty.cc (test for excess errors)
UNRESOLVED: 27_io/filesystem/path/query/empty.cc compilation failed to produce executable
FAIL: 27_io/filesystem/path/query/has_extension.cc (test for excess errors)
UNRESOLVED: 27_io/filesystem/path/query/has_extension.cc compilation failed to produce executable
FAIL: 27_io/filesystem/path/query/has_filename.cc (test for excess errors)
UNRESOLVED: 27_io/filesystem/path/query/has_filename.cc compilation failed to produce executable
FAIL: 27_io/filesystem/path/query/has_parent_path.cc (test for excess errors)
UNRESOLVED: 27_io/filesystem/path/query/has_parent_path.cc compilation failed to produce executable
FAIL: 27_io/filesystem/path/query/has_relative_path.cc (test for excess errors)
UNRESOLVED: 27_io/filesystem/path/query/has_relative_path.cc compilation failed to produce executable
FAIL: 27_io/filesystem/path/query/has_root_directory.cc (test for excess errors)
UNRESOLVED: 27_io/filesystem/path/query/has_root_directory.cc compilation failed to produce executable
FAIL: 27_io/filesystem/path/query/has_root_name.cc (test for excess errors)
UNRESOLVED: 27_io/filesystem/path/query/has_root_name.cc compilation failed to produce executable
FAIL: 27_io/filesystem/path/query/has_root_path.cc (test for excess errors)
UNRESOLVED: 27_io/filesystem/path/query/has_root_path.cc compilation failed to produce executable
FAIL: 27_io/filesystem/path/query/has_stem.cc (test for excess errors)
UNRESOLVED: 27_io/filesystem/path/query/has_stem.cc compilation failed to produce executable
FAIL: 27_io/filesystem/path/query/is_relative.cc (test for excess errors)
UNRESOLVED: 27_io/filesystem/path/query/is_relative.cc compilation failed to produce executable
FAIL: experimental/net/headers.cc (test for excess errors)
FAIL: experimental/net/socket/basic_socket.cc (test for excess errors)
FAIL: experimental/net/socket/socket_base.cc (test for excess errors)
UNRESOLVED: experimental/net/socket/socket_base.cc compilation failed to produce executable
FAIL: experimental/simd/standard_abi_usable.cc -O2 -Wno-psabi (test for excess errors)
FAIL: experimental/simd/standard_abi_usable_2.cc -O2 -Wno-psabi (test for excess errors)

		=== libstdc++ Summary ===

# of expected passes		12673
# of unexpected failures	67
# of unexpected successes	2
# of expected failures		98
# of unresolved testcases	50
# of unsupported tests		927
Host   is x86_64-pc-linux-gnu

		=== gcc tests ===


Running target aarch64-none-elf-foundation
FAIL: gcc.dg/analyzer/analyzer-verbosity-0.c (test for excess errors)
FAIL: gcc.dg/analyzer/analyzer-verbosity-0.c expected multiline pattern lines 24-60 not found: "\\s*NN \\|   free \\(ptr\\);.*\\n      \\|   \\^~~~~~~~~~\\n  'test_1': event 1.*\\n    \\|.*\\n    \\|   NN \\|     calls_free_1 \\(ptr\\);.*\\n    \\|      \\|     \\^~~~~~~~~~~~~~~~~~\\n    \\|      \\|     \\|.*\\n    \\|      \\|     \\(1\\) calling 'calls_free_1' from 'test_1'.*\\n    \\|.*\\n    \\+--> 'calls_free_1': event 2.*\\n           \\|.*\\n           \\|   NN \\|   free \\(ptr\\);.*\\n           \\|      \\|   \\^~~~~~~~~~\\n           \\|      \\|   \\|.*\\n           \\|      \\|   \\(2\\) first 'free' here.*\\n           \\|.*\\n    <------\\+.*\\n    \\|.*\\n  'test_1': events 3-4.*\\n    \\|.*\\n    \\|   NN \\|     calls_free_1 \\(ptr\\);.*\\n    \\|      \\|     \\^~~~~~~~~~~~~~~~~~\\n    \\|      \\|     \\|.*\\n    \\|      \\|     \\(3\\) returning to 'test_1' from 'calls_free_1'.*\\n    \\|\\.\\.\\.\\.\\.\\..*\\n    \\|   NN \\|     calls_free_1 \\(ptr\\);.*\\n    \\|      \\|     ~~~~~~~~~~~~~~~~~~\\n    \\|      \\|     \\|.*\\n    \\|      \\|     \\(4\\) passing freed pointer 'ptr' in call to 'calls_free_1' from 'test_1'.*\\n    \\|.*\\n    \\+--> 'calls_free_1': event 5.*\\n           \\|.*\\n           \\|   NN \\|   free \\(ptr\\);.*\\n           \\|      \\|   \\^~~~~~~~~~\\n           \\|      \\|   \\|.*\\n           \\|      \\|   \\(5\\) second 'free' here; first 'free' was at \\(2\\).*\\n           \\|.*\\n"
FAIL: gcc.dg/analyzer/analyzer-verbosity-0.c expected multiline pattern lines 94-130 not found: "   NN \\|   free \\(ptr\\);.*\\n      \\|   \\^~~~~~~~~~\\n  'test_2': event 1.*\\n    \\|.*\\n    \\|   NN \\|       calls_free_2 \\(ptr\\);.*\\n    \\|      \\|       \\^~~~~~~~~~~~~~~~~~\\n    \\|      \\|       \\|.*\\n    \\|      \\|       \\(1\\) calling 'calls_free_2' from 'test_2'.*\\n    \\|.*\\n    \\+--> 'calls_free_2': event 2.*\\n           \\|.*\\n           \\|   NN \\|   free \\(ptr\\);.*\\n           \\|      \\|   \\^~~~~~~~~~\\n           \\|      \\|   \\|.*\\n           \\|      \\|   \\(2\\) first 'free' here.*\\n           \\|.*\\n    <------\\+.*\\n    \\|.*\\n  'test_2': events 3-4.*\\n    \\|.*\\n    \\|   NN \\|       calls_free_2 \\(ptr\\);.*\\n    \\|      \\|       \\^~~~~~~~~~~~~~~~~~\\n    \\|      \\|       \\|.*\\n    \\|      \\|       \\(3\\) returning to 'test_2' from 'calls_free_2'.*\\n    \\|\\.\\.\\.\\.\\.\\..*\\n    \\|   NN \\|       calls_free_2 \\(ptr\\);.*\\n    \\|      \\|       ~~~~~~~~~~~~~~~~~~\\n    \\|      \\|       \\|.*\\n    \\|      \\|       \\(4\\) passing freed pointer 'ptr' in call to 'calls_free_2' from 'test_2'.*\\n    \\|.*\\n    \\+--> 'calls_free_2': event 5.*\\n           \\|.*\\n           \\|   NN \\|   free \\(ptr\\);.*\\n           \\|      \\|   \\^~~~~~~~~~\\n           \\|      \\|   \\|.*\\n           \\|      \\|   \\(5\\) second 'free' here; first 'free' was at \\(2\\).*\\n           \\|.*\\n"
FAIL: gcc.dg/analyzer/analyzer-verbosity-1.c (test for excess errors)
FAIL: gcc.dg/analyzer/analyzer-verbosity-1.c expected multiline pattern lines 109-160 not found: "   NN \\|   free \\(ptr\\);.*\\n      \\|   \\^~~~~~~~~~\\n  'test_2': events 1-2.*\\n    \\|.*\\n    \\|   NN \\| void test_2 \\(void \\*ptr, int a, int b\\).*\\n    \\|      \\|      \\^~~~~~\\n    \\|      \\|      \\|.*\\n    \\|      \\|      \\(1\\) entry to 'test_2'.*\\n    \\|\\.\\.\\.\\.\\.\\..*\\n    \\|   NN \\|       calls_free_2 \\(ptr\\);.*\\n    \\|      \\|       ~~~~~~~~~~~~~~~~~~\\n    \\|      \\|       \\|.*\\n    \\|      \\|       \\(2\\) calling 'calls_free_2' from 'test_2'.*\\n    \\|.*\\n    \\+--> 'calls_free_2': events 3-4.*\\n           \\|.*\\n           \\|   NN \\| void calls_free_2 \\(void \\*ptr\\).*\\n           \\|      \\|      \\^~~~~~~~~~~~\\n           \\|      \\|      \\|.*\\n           \\|      \\|      \\(3\\) entry to 'calls_free_2'.*\\n           \\|   NN \\| \\{.*\\n           \\|   NN \\|   free \\(ptr\\);.*\\n           \\|      \\|   ~~~~~~~~~~\\n           \\|      \\|   \\|.*\\n           \\|      \\|   \\(4\\) first 'free' here.*\\n           \\|.*\\n    <------\\+.*\\n    \\|.*\\n  'test_2': events 5-6.*\\n    \\|.*\\n    \\|   NN \\|       calls_free_2 \\(ptr\\);.*\\n    \\|      \\|       \\^~~~~~~~~~~~~~~~~~\\n    \\|      \\|       \\|.*\\n    \\|      \\|       \\(5\\) returning to 'test_2' from 'calls_free_2'.*\\n    \\|\\.\\.\\.\\.\\.\\..*\\n    \\|   NN \\|       calls_free_2 \\(ptr\\);.*\\n    \\|      \\|       ~~~~~~~~~~~~~~~~~~\\n    \\|      \\|       \\|.*\\n    \\|      \\|       \\(6\\) passing freed pointer 'ptr' in call to 'calls_free_2' from 'test_2'.*\\n    \\|.*\\n    \\+--> 'calls_free_2': events 7-8.*\\n           \\|.*\\n           \\|   NN \\| void calls_free_2 \\(void \\*ptr\\).*\\n           \\|      \\|      \\^~~~~~~~~~~~\\n           \\|      \\|      \\|.*\\n           \\|      \\|      \\(7\\) entry to 'calls_free_2'.*\\n           \\|   NN \\| \\{.*\\n           \\|   NN \\|   free \\(ptr\\);.*\\n           \\|      \\|   ~~~~~~~~~~\\n           \\|      \\|   \\|.*\\n           \\|      \\|   \\(8\\) second 'free' here; first 'free' was at \\(4\\).*\\n           \\|.*\\n"
FAIL: gcc.dg/analyzer/analyzer-verbosity-1.c expected multiline pattern lines 24-75 not found: "\\s*NN \\|   free \\(ptr\\);.*\\n      \\|   \\^~~~~~~~~~\\n  'test_1': events 1-2.*\\n    \\|.*\\n    \\|   NN \\| void test_1 \\(void \\*ptr, int a, int b\\).*\\n    \\|      \\|      \\^~~~~~\\n    \\|      \\|      \\|.*\\n    \\|      \\|      \\(1\\) entry to 'test_1'.*\\n    \\|\\.\\.\\.\\.\\.\\..*\\n    \\|   NN \\|     calls_free_1 \\(ptr\\);.*\\n    \\|      \\|     ~~~~~~~~~~~~~~~~~~\\n    \\|      \\|     \\|.*\\n    \\|      \\|     \\(2\\) calling 'calls_free_1' from 'test_1'.*\\n    \\|.*\\n    \\+--> 'calls_free_1': events 3-4.*\\n           \\|.*\\n           \\|   NN \\| void calls_free_1 \\(void \\*ptr\\).*\\n           \\|      \\|      \\^~~~~~~~~~~~\\n           \\|      \\|      \\|.*\\n           \\|      \\|      \\(3\\) entry to 'calls_free_1'.*\\n           \\|   NN \\| \\{.*\\n           \\|   NN \\|   free \\(ptr\\);.*\\n           \\|      \\|   ~~~~~~~~~~\\n           \\|      \\|   \\|.*\\n           \\|      \\|   \\(4\\) first 'free' here.*\\n           \\|.*\\n    <------\\+.*\\n    \\|.*\\n  'test_1': events 5-6.*\\n    \\|.*\\n    \\|   NN \\|     calls_free_1 \\(ptr\\);.*\\n    \\|      \\|     \\^~~~~~~~~~~~~~~~~~\\n    \\|      \\|     \\|.*\\n    \\|      \\|     \\(5\\) returning to 'test_1' from 'calls_free_1'.*\\n    \\|\\.\\.\\.\\.\\.\\..*\\n    \\|   NN \\|     calls_free_1 \\(ptr\\);.*\\n    \\|      \\|     ~~~~~~~~~~~~~~~~~~\\n    \\|      \\|     \\|.*\\n    \\|      \\|     \\(6\\) passing freed pointer 'ptr' in call to 'calls_free_1' from 'test_1'.*\\n    \\|.*\\n    \\+--> 'calls_free_1': events 7-8.*\\n           \\|.*\\n           \\|   NN \\| void calls_free_1 \\(void \\*ptr\\).*\\n           \\|      \\|      \\^~~~~~~~~~~~\\n           \\|      \\|      \\|.*\\n           \\|      \\|      \\(7\\) entry to 'calls_free_1'.*\\n           \\|   NN \\| \\{.*\\n           \\|   NN \\|   free \\(ptr\\);.*\\n           \\|      \\|   ~~~~~~~~~~\\n           \\|      \\|   \\|.*\\n           \\|      \\|   \\(8\\) second 'free' here; first 'free' was at \\(4\\).*\\n           \\|.*\\n"
FAIL: gcc.dg/analyzer/analyzer-verbosity-2.c (test for excess errors)
FAIL: gcc.dg/analyzer/analyzer-verbosity-2.c expected multiline pattern lines 120-189 not found: "   NN \\|   free \\(ptr\\);.*\\n      \\|   \\^~~~~~~~~~\\n  'test_2': events 1-4.*\\n    \\|.*\\n    \\|   NN \\| void test_2 \\(void \\*ptr, int a, int b\\).*\\n    \\|      \\|      \\^~~~~~\\n    \\|      \\|      \\|.*\\n    \\|      \\|      \\(1\\) entry to 'test_2'.*\\n    \\|   NN \\| \\{.*\\n    \\|   NN \\|   switch \\(a\\).*\\n    \\|      \\|   ~~~~~~\\n    \\|      \\|   \\|.*\\n    \\|      \\|   \\(2\\) following 'case 3:' branch\\.\\.\\..*\\n    \\|\\.\\.\\.\\.\\.\\..*\\n    \\|   NN \\|     case 3:.*\\n    \\|      \\|     ~~~~\\n    \\|      \\|     \\|.*\\n    \\|      \\|     \\(3\\) \\.\\.\\.to here.*\\n    \\|   NN \\|       calls_free_2 \\(ptr\\);.*\\n    \\|      \\|       ~~~~~~~~~~~~~~~~~~\\n    \\|      \\|       \\|.*\\n    \\|      \\|       \\(4\\) calling 'calls_free_2' from 'test_2'.*\\n    \\|.*\\n    \\+--> 'calls_free_2': events 5-6.*\\n           \\|.*\\n           \\|   NN \\| void calls_free_2 \\(void \\*ptr\\).*\\n           \\|      \\|      \\^~~~~~~~~~~~\\n           \\|      \\|      \\|.*\\n           \\|      \\|      \\(5\\) entry to 'calls_free_2'.*\\n           \\|   NN \\| \\{.*\\n           \\|   NN \\|   free \\(ptr\\);.*\\n           \\|      \\|   ~~~~~~~~~~\\n           \\|      \\|   \\|.*\\n           \\|      \\|   \\(6\\) first 'free' here.*\\n           \\|.*\\n    <------\\+.*\\n    \\|.*\\n  'test_2': events 7-10.*\\n    \\|.*\\n    \\|   NN \\|       calls_free_2 \\(ptr\\);.*\\n    \\|      \\|       \\^~~~~~~~~~~~~~~~~~\\n    \\|      \\|       \\|.*\\n    \\|      \\|       \\(7\\) returning to 'test_2' from 'calls_free_2'.*\\n    \\|\\.\\.\\.\\.\\.\\..*\\n    \\|   NN \\|   switch \\(b\\).*\\n    \\|      \\|   ~~~~~~\\n    \\|      \\|   \\|.*\\n    \\|      \\|   \\(8\\) following 'default:' branch\\.\\.\\..*\\n    \\|   NN \\|     \\{.*\\n    \\|   NN \\|     default:.*\\n    \\|      \\|     ~~~~~~~\\n    \\|      \\|     \\|.*\\n    \\|      \\|     \\(9\\) \\.\\.\\.to here.*\\n    \\|   NN \\|       calls_free_2 \\(ptr\\);.*\\n    \\|      \\|       ~~~~~~~~~~~~~~~~~~\\n    \\|      \\|       \\|.*\\n    \\|      \\|       \\(10\\) passing freed pointer 'ptr' in call to 'calls_free_2' from 'test_2'.*\\n    \\|.*\\n    \\+--> 'calls_free_2': events 11-12.*\\n           \\|.*\\n           \\|   NN \\| void calls_free_2 \\(void \\*ptr\\).*\\n           \\|      \\|      \\^~~~~~~~~~~~\\n           \\|      \\|      \\|.*\\n           \\|      \\|      \\(11\\) entry to 'calls_free_2'.*\\n           \\|   NN \\| \\{.*\\n           \\|   NN \\|   free \\(ptr\\);.*\\n           \\|      \\|   ~~~~~~~~~~\\n           \\|      \\|   \\|.*\\n           \\|      \\|   \\(12\\) second 'free' here; first 'free' was at \\(6\\).*\\n           \\|.*\\n"
FAIL: gcc.dg/analyzer/analyzer-verbosity-2.c expected multiline pattern lines 24-86 not found: "\\s*NN \\|   free \\(ptr\\);.*\\n      \\|   \\^~~~~~~~~~\\n  'test_1': events 1-4.*\\n    \\|.*\\n    \\|   NN \\| void test_1 \\(void \\*ptr, int a, int b\\).*\\n    \\|      \\|      \\^~~~~~\\n    \\|      \\|      \\|.*\\n    \\|      \\|      \\(1\\) entry to 'test_1'.*\\n    \\|   NN \\| \\{.*\\n    \\|   NN \\|   if \\(a\\).*\\n    \\|      \\|      ~\\n    \\|      \\|      \\|.*\\n    \\|      \\|      \\(2\\) following 'true' branch \\(when 'a != 0'\\)\\.\\.\\..*\\n    \\|   NN \\|     calls_free_1 \\(ptr\\);.*\\n    \\|      \\|     ~~~~~~~~~~~~~~~~~~\\n    \\|      \\|     \\|.*\\n    \\|      \\|     \\(3\\) \\.\\.\\.to here.*\\n    \\|      \\|     \\(4\\) calling 'calls_free_1' from 'test_1'.*\\n    \\|.*\\n    \\+--> 'calls_free_1': events 5-6.*\\n           \\|.*\\n           \\|   NN \\| void calls_free_1 \\(void \\*ptr\\).*\\n           \\|      \\|      \\^~~~~~~~~~~~\\n           \\|      \\|      \\|.*\\n           \\|      \\|      \\(5\\) entry to 'calls_free_1'.*\\n           \\|   NN \\| \\{.*\\n           \\|   NN \\|   free \\(ptr\\);.*\\n           \\|      \\|   ~~~~~~~~~~\\n           \\|      \\|   \\|.*\\n           \\|      \\|   \\(6\\) first 'free' here.*\\n           \\|.*\\n    <------\\+.*\\n    \\|.*\\n  'test_1': events 7-10.*\\n    \\|.*\\n    \\|   NN \\|     calls_free_1 \\(ptr\\);.*\\n    \\|      \\|     \\^~~~~~~~~~~~~~~~~~\\n    \\|      \\|     \\|.*\\n    \\|      \\|     \\(7\\) returning to 'test_1' from 'calls_free_1'.*\\n    \\|   NN \\| .*\\n    \\|   NN \\|   if \\(b\\).*\\n    \\|      \\|      ~\\n    \\|      \\|      \\|.*\\n    \\|      \\|      \\(8\\) following 'false' branch \\(when 'b == 0'\\)\\.\\.\\..*\\n    \\|\\.\\.\\.\\.\\.\\..*\\n    \\|   NN \\|     calls_free_1 \\(ptr\\);.*\\n    \\|      \\|     ~~~~~~~~~~~~~~~~~~\\n    \\|      \\|     \\|.*\\n    \\|      \\|     \\(9\\) \\.\\.\\.to here.*\\n    \\|      \\|     \\(10\\) passing freed pointer 'ptr' in call to 'calls_free_1' from 'test_1'.*\\n    \\|.*\\n    \\+--> 'calls_free_1': events 11-12.*\\n           \\|.*\\n           \\|   NN \\| void calls_free_1 \\(void \\*ptr\\).*\\n           \\|      \\|      \\^~~~~~~~~~~~\\n           \\|      \\|      \\|.*\\n           \\|      \\|      \\(11\\) entry to 'calls_free_1'.*\\n           \\|   NN \\| \\{.*\\n           \\|   NN \\|   free \\(ptr\\);.*\\n           \\|      \\|   ~~~~~~~~~~\\n           \\|      \\|   \\|.*\\n           \\|      \\|   \\(12\\) second 'free' here; first 'free' was at \\(6\\).*\\n           \\|.*\\n"
FAIL: gcc.dg/analyzer/analyzer-verbosity-3.c (test for excess errors)
FAIL: gcc.dg/analyzer/analyzer-verbosity-3.c expected multiline pattern lines 120-189 not found: "   NN \\|   free \\(ptr\\);.*\\n      \\|   \\^~~~~~~~~~\\n  'test_2': events 1-4.*\\n    \\|.*\\n    \\|   NN \\| void test_2 \\(void \\*ptr, int a, int b\\).*\\n    \\|      \\|      \\^~~~~~\\n    \\|      \\|      \\|.*\\n    \\|      \\|      \\(1\\) entry to 'test_2'.*\\n    \\|   NN \\| \\{.*\\n    \\|   NN \\|   switch \\(a\\).*\\n    \\|      \\|   ~~~~~~\\n    \\|      \\|   \\|.*\\n    \\|      \\|   \\(2\\) following 'case 3:' branch\\.\\.\\..*\\n    \\|\\.\\.\\.\\.\\.\\..*\\n    \\|   NN \\|     case 3:.*\\n    \\|      \\|     ~~~~\\n    \\|      \\|     \\|.*\\n    \\|      \\|     \\(3\\) \\.\\.\\.to here.*\\n    \\|   NN \\|       calls_free_2 \\(ptr\\);.*\\n    \\|      \\|       ~~~~~~~~~~~~~~~~~~\\n    \\|      \\|       \\|.*\\n    \\|      \\|       \\(4\\) calling 'calls_free_2' from 'test_2'.*\\n    \\|.*\\n    \\+--> 'calls_free_2': events 5-6.*\\n           \\|.*\\n           \\|   NN \\| void calls_free_2 \\(void \\*ptr\\).*\\n           \\|      \\|      \\^~~~~~~~~~~~\\n           \\|      \\|      \\|.*\\n           \\|      \\|      \\(5\\) entry to 'calls_free_2'.*\\n           \\|   NN \\| \\{.*\\n           \\|   NN \\|   free \\(ptr\\);.*\\n           \\|      \\|   ~~~~~~~~~~\\n           \\|      \\|   \\|.*\\n           \\|      \\|   \\(6\\) first 'free' here.*\\n           \\|.*\\n    <------\\+.*\\n    \\|.*\\n  'test_2': events 7-10.*\\n    \\|.*\\n    \\|   NN \\|       calls_free_2 \\(ptr\\);.*\\n    \\|      \\|       \\^~~~~~~~~~~~~~~~~~\\n    \\|      \\|       \\|.*\\n    \\|      \\|       \\(7\\) returning to 'test_2' from 'calls_free_2'.*\\n    \\|\\.\\.\\.\\.\\.\\..*\\n    \\|   NN \\|   switch \\(b\\).*\\n    \\|      \\|   ~~~~~~\\n    \\|      \\|   \\|.*\\n    \\|      \\|   \\(8\\) following 'default:' branch\\.\\.\\..*\\n    \\|   NN \\|     \\{.*\\n    \\|   NN \\|     default:.*\\n    \\|      \\|     ~~~~~~~\\n    \\|      \\|     \\|.*\\n    \\|      \\|     \\(9\\) \\.\\.\\.to here.*\\n    \\|   NN \\|       calls_free_2 \\(ptr\\);.*\\n    \\|      \\|       ~~~~~~~~~~~~~~~~~~\\n    \\|      \\|       \\|.*\\n    \\|      \\|       \\(10\\) passing freed pointer 'ptr' in call to 'calls_free_2' from 'test_2'.*\\n    \\|.*\\n    \\+--> 'calls_free_2': events 11-12.*\\n           \\|.*\\n           \\|   NN \\| void calls_free_2 \\(void \\*ptr\\).*\\n           \\|      \\|      \\^~~~~~~~~~~~\\n           \\|      \\|      \\|.*\\n           \\|      \\|      \\(11\\) entry to 'calls_free_2'.*\\n           \\|   NN \\| \\{.*\\n           \\|   NN \\|   free \\(ptr\\);.*\\n           \\|      \\|   ~~~~~~~~~~\\n           \\|      \\|   \\|.*\\n           \\|      \\|   \\(12\\) second 'free' here; first 'free' was at \\(6\\).*\\n           \\|.*\\n"
FAIL: gcc.dg/analyzer/analyzer-verbosity-3.c expected multiline pattern lines 24-86 not found: "\\s*NN \\|   free \\(ptr\\);.*\\n      \\|   \\^~~~~~~~~~\\n  'test_1': events 1-4.*\\n    \\|.*\\n    \\|   NN \\| void test_1 \\(void \\*ptr, int a, int b\\).*\\n    \\|      \\|      \\^~~~~~\\n    \\|      \\|      \\|.*\\n    \\|      \\|      \\(1\\) entry to 'test_1'.*\\n    \\|   NN \\| \\{.*\\n    \\|   NN \\|   if \\(a\\).*\\n    \\|      \\|      ~\\n    \\|      \\|      \\|.*\\n    \\|      \\|      \\(2\\) following 'true' branch \\(when 'a != 0'\\)\\.\\.\\..*\\n    \\|   NN \\|     calls_free_1 \\(ptr\\);.*\\n    \\|      \\|     ~~~~~~~~~~~~~~~~~~\\n    \\|      \\|     \\|.*\\n    \\|      \\|     \\(3\\) \\.\\.\\.to here.*\\n    \\|      \\|     \\(4\\) calling 'calls_free_1' from 'test_1'.*\\n    \\|.*\\n    \\+--> 'calls_free_1': events 5-6.*\\n           \\|.*\\n           \\|   NN \\| void calls_free_1 \\(void \\*ptr\\).*\\n           \\|      \\|      \\^~~~~~~~~~~~\\n           \\|      \\|      \\|.*\\n           \\|      \\|      \\(5\\) entry to 'calls_free_1'.*\\n           \\|   NN \\| \\{.*\\n           \\|   NN \\|   free \\(ptr\\);.*\\n           \\|      \\|   ~~~~~~~~~~\\n           \\|      \\|   \\|.*\\n           \\|      \\|   \\(6\\) first 'free' here.*\\n           \\|.*\\n    <------\\+.*\\n    \\|.*\\n  'test_1': events 7-10.*\\n    \\|.*\\n    \\|   NN \\|     calls_free_1 \\(ptr\\);.*\\n    \\|      \\|     \\^~~~~~~~~~~~~~~~~~\\n    \\|      \\|     \\|.*\\n    \\|      \\|     \\(7\\) returning to 'test_1' from 'calls_free_1'.*\\n    \\|   NN \\| .*\\n    \\|   NN \\|   if \\(b\\).*\\n    \\|      \\|      ~\\n    \\|      \\|      \\|.*\\n    \\|      \\|      \\(8\\) following 'false' branch \\(when 'b == 0'\\)\\.\\.\\..*\\n    \\|\\.\\.\\.\\.\\.\\..*\\n    \\|   NN \\|     calls_free_1 \\(ptr\\);.*\\n    \\|      \\|     ~~~~~~~~~~~~~~~~~~\\n    \\|      \\|     \\|.*\\n    \\|      \\|     \\(9\\) \\.\\.\\.to here.*\\n    \\|      \\|     \\(10\\) passing freed pointer 'ptr' in call to 'calls_free_1' from 'test_1'.*\\n    \\|.*\\n    \\+--> 'calls_free_1': events 11-12.*\\n           \\|.*\\n           \\|   NN \\| void calls_free_1 \\(void \\*ptr\\).*\\n           \\|      \\|      \\^~~~~~~~~~~~\\n           \\|      \\|      \\|.*\\n           \\|      \\|      \\(11\\) entry to 'calls_free_1'.*\\n           \\|   NN \\| \\{.*\\n           \\|   NN \\|   free \\(ptr\\);.*\\n           \\|      \\|   ~~~~~~~~~~\\n           \\|      \\|   \\|.*\\n           \\|      \\|   \\(12\\) second 'free' here; first 'free' was at \\(6\\).*\\n           \\|.*\\n"
FAIL: gcc.dg/analyzer/data-model-path-1.c  (test for warnings, line 11)
FAIL: gcc.dg/analyzer/function-ptr-2.c (test for excess errors)
FAIL: gcc.dg/analyzer/malloc-callbacks.c  (test for warnings, line 29)
FAIL: gcc.dg/analyzer/malloc-callbacks.c  (test for warnings, line 30)
FAIL: gcc.dg/analyzer/malloc-callbacks.c  (test for warnings, line 36)
FAIL: gcc.dg/analyzer/malloc-callbacks.c  (test for warnings, line 37)
FAIL: gcc.dg/analyzer/malloc-callbacks.c  (test for warnings, line 43)
FAIL: gcc.dg/analyzer/malloc-callbacks.c  (test for warnings, line 55)
FAIL: gcc.dg/analyzer/malloc-callbacks.c  (test for warnings, line 56)
FAIL: gcc.dg/analyzer/malloc-callbacks.c  (test for warnings, line 64)
FAIL: gcc.dg/analyzer/malloc-callbacks.c  (test for warnings, line 66)
XPASS: gcc.dg/analyzer/malloc-callbacks.c  (test for warnings, line 72)
FAIL: gcc.dg/analyzer/malloc-ipa-10.c  (test for warnings, line 29)
FAIL: gcc.dg/analyzer/malloc-ipa-11.c (test for excess errors)
FAIL: gcc.dg/analyzer/malloc-ipa-11.c expected multiline pattern lines 32-95 not found: "\\s*NN \\|   free \\(victim\\);.*\\n      \\|   \\^~~~~~~~~~~~~\\n  'test': events 1-2.*\\n    \\|.*\\n    \\|   NN \\| void test \\(void \\*ptr\\).*\\n    \\|      \\|      \\^~~~\\n    \\|      \\|      \\|.*\\n    \\|      \\|      \\(1\\) entry to 'test'.*\\n    \\|\\.\\.\\.\\.\\.\\..*\\n    \\|   NN \\|   may_call_free \\(ptr\\);.*\\n    \\|      \\|   ~~~~~~~~~~~~~~~~~~~\\n    \\|      \\|   \\|.*\\n    \\|      \\|   \\(2\\) calling 'may_call_free' from 'test'.*\\n    \\|.*\\n    \\+--> 'may_call_free': events 3-6.*\\n           \\|.*\\n           \\|   NN \\| may_call_free \\(void \\*victim\\).*\\n           \\|      \\| \\^~~~~~~~~~~~~\\n           \\|      \\| \\|.*\\n           \\|      \\| \\(3\\) entry to 'may_call_free'.*\\n           \\|   NN \\| \\{.*\\n           \\|   NN \\|   if \\(some_condition \\(\\)\\).*\\n           \\|      \\|      ~\\n           \\|      \\|      \\|.*\\n           \\|      \\|      \\(4\\) following 'false' branch\\.\\.\\..*\\n           \\|\\.\\.\\.\\.\\.\\..*\\n           \\|   NN \\|   free \\(victim\\);.*\\n           \\|      \\|   ~~~~~~~~~~~~~\\n           \\|      \\|   \\|.*\\n           \\|      \\|   \\(5\\) \\.\\.\\.to here.*\\n           \\|      \\|   \\(6\\) first 'free' here.*\\n           \\|.*\\n    <------\\+.*\\n    \\|.*\\n  'test': events 7-8.*\\n    \\|.*\\n    \\|   NN \\|   may_call_free \\(ptr\\);.*\\n    \\|      \\|   \\^~~~~~~~~~~~~~~~~~~\\n    \\|      \\|   \\|.*\\n    \\|      \\|   \\(7\\) returning to 'test' from 'may_call_free'.*\\n    \\|\\.\\.\\.\\.\\.\\..*\\n    \\|   NN \\|   may_call_free \\(ptr\\);.*\\n    \\|      \\|   ~~~~~~~~~~~~~~~~~~~\\n    \\|      \\|   \\|.*\\n    \\|      \\|   \\(8\\) passing freed pointer 'ptr' in call to 'may_call_free' from 'test'.*\\n    \\|.*\\n    \\+--> 'may_call_free': events 9-12.*\\n           \\|.*\\n           \\|   NN \\| may_call_free \\(void \\*victim\\).*\\n           \\|      \\| \\^~~~~~~~~~~~~\\n           \\|      \\| \\|.*\\n           \\|      \\| \\(9\\) entry to 'may_call_free'.*\\n           \\|   NN \\| \\{.*\\n           \\|   NN \\|   if \\(some_condition \\(\\)\\).*\\n           \\|      \\|      ~\\n           \\|      \\|      \\|.*\\n           \\|      \\|      \\(10\\) following 'false' branch\\.\\.\\..*\\n           \\|\\.\\.\\.\\.\\.\\..*\\n           \\|   NN \\|   free \\(victim\\);.*\\n           \\|      \\|   ~~~~~~~~~~~~~\\n           \\|      \\|   \\|.*\\n           \\|      \\|   \\(11\\) \\.\\.\\.to here.*\\n           \\|      \\|   \\(12\\) second 'free' here; first 'free' was at \\(6\\).*\\n           \\|.*\\n"
FAIL: gcc.dg/analyzer/malloc-ipa-13.c  (test for warnings, line 26)
FAIL: gcc.dg/analyzer/malloc-ipa-13a.c  (test for warnings, line 36)
FAIL: gcc.dg/analyzer/malloc-ipa-2.c  (test for warnings, line 28)
FAIL: gcc.dg/analyzer/malloc-ipa-5.c  (test for warnings, line 10)
FAIL: gcc.dg/analyzer/malloc-ipa-8-double-free.c (test for excess errors)
FAIL: gcc.dg/analyzer/malloc-ipa-8-double-free.c expected multiline pattern lines 50-191 not found: "\\s*NN \\|   free \\(ptr\\);.*\\n      \\|   \\^~~~~~~~~~\\n  'test': events 1-2.*\\n    \\|.*\\n    \\|   NN \\| void test \\(int i\\).*\\n    \\|      \\|      \\^~~~\\n    \\|      \\|      \\|.*\\n    \\|      \\|      \\(1\\) entry to 'test'.*\\n    \\|   NN \\| \\{.*\\n    \\|   NN \\|   boxed_int \\*obj = make_boxed_int \\(i\\);.*\\n    \\|      \\|                    ~~~~~~~~~~~~~~~~~~\\n    \\|      \\|                    \\|.*\\n    \\|      \\|                    \\(2\\) calling 'make_boxed_int' from 'test'.*\\n    \\|.*\\n    \\+--> 'make_boxed_int': events 3-4.*\\n           \\|.*\\n           \\|   NN \\| make_boxed_int \\(int i\\).*\\n           \\|      \\| \\^~~~~~~~~~~~~~\\n           \\|      \\| \\|.*\\n           \\|      \\| \\(3\\) entry to 'make_boxed_int'.*\\n           \\|   NN \\| \\{.*\\n           \\|   NN \\|   boxed_int \\*result = \\(boxed_int \\*\\)wrapped_malloc \\(sizeof \\(boxed_int\\)\\);.*\\n           \\|      \\|                                    ~~~~~~~~~~~~~~~~~~~~~~~~~~~~~~~~~~~\\n           \\|      \\|                                    \\|.*\\n           \\|      \\|                                    \\(4\\) calling 'wrapped_malloc' from 'make_boxed_int'.*\\n           \\|.*\\n           \\+--> 'wrapped_malloc': events 5-6.*\\n                  \\|.*\\n                  \\|   NN \\| void \\*wrapped_malloc \\(size_t size\\).*\\n                  \\|      \\|       \\^~~~~~~~~~~~~~\\n                  \\|      \\|       \\|.*\\n                  \\|      \\|       \\(5\\) entry to 'wrapped_malloc'.*\\n                  \\|   NN \\| \\{.*\\n                  \\|   NN \\|   return malloc \\(size\\);.*\\n                  \\|      \\|          ~~~~~~~~~~~~~\\n                  \\|      \\|          \\|.*\\n                  \\|      \\|          \\(6\\) allocated here.*\\n                  \\|.*\\n           <------\\+.*\\n           \\|.*\\n         'make_boxed_int': events 7-10.*\\n           \\|.*\\n           \\|   NN \\|   boxed_int \\*result = \\(boxed_int \\*\\)wrapped_malloc \\(sizeof \\(boxed_int\\)\\);.*\\n           \\|      \\|                                    \\^~~~~~~~~~~~~~~~~~~~~~~~~~~~~~~~~~~\\n           \\|      \\|                                    \\|.*\\n           \\|      \\|                                    \\(7\\) returning to 'make_boxed_int' from 'wrapped_malloc'.*\\n           \\|   NN \\|   if \\(!result\\).*\\n           \\|      \\|      ~                              .*\\n           \\|      \\|      \\|.*\\n           \\|      \\|      \\(8\\) assuming 'result' is non-NULL.*\\n           \\|      \\|      \\(9\\) following 'false' branch \\(when 'result' is non-NULL\\)\\.\\.\\..*\\n           \\|   NN \\|     abort \\(\\);.*\\n           \\|   NN \\|   result->i = i;.*\\n           \\|      \\|   ~~~~~~~~~~~~~                     .*\\n           \\|      \\|             \\|.*\\n           \\|      \\|             \\(10\\) \\.\\.\\.to here.*\\n           \\|.*\\n    <------\\+.*\\n    \\|.*\\n  'test': events 11-12.*\\n    \\|.*\\n    \\|   NN \\|   boxed_int \\*obj = make_boxed_int \\(i\\);.*\\n    \\|      \\|                    \\^~~~~~~~~~~~~~~~~~\\n    \\|      \\|                    \\|.*\\n    \\|      \\|                    \\(11\\) returning to 'test' from 'make_boxed_int'.*\\n    \\|   NN \\| .*\\n    \\|   NN \\|   free_boxed_int \\(obj\\);.*\\n    \\|      \\|   ~~~~~~~~~~~~~~~~~~~~\\n    \\|      \\|   \\|.*\\n    \\|      \\|   \\(12\\) calling 'free_boxed_int' from 'test'.*\\n    \\|.*\\n    \\+--> 'free_boxed_int': events 13-14.*\\n           \\|.*\\n           \\|   NN \\| free_boxed_int \\(boxed_int \\*bi\\).*\\n           \\|      \\| \\^~~~~~~~~~~~~~\\n           \\|      \\| \\|.*\\n           \\|      \\| \\(13\\) entry to 'free_boxed_int'.*\\n           \\|   NN \\| \\{.*\\n           \\|   NN \\|   wrapped_free \\(bi\\);.*\\n           \\|      \\|   ~~~~~~~~~~~~~~~~~\\n           \\|      \\|   \\|.*\\n           \\|      \\|   \\(14\\) calling 'wrapped_free' from 'free_boxed_int'.*\\n           \\|.*\\n           \\+--> 'wrapped_free': events 15-16.*\\n                  \\|.*\\n                  \\|   NN \\| void wrapped_free \\(void \\*ptr\\).*\\n                  \\|      \\|      \\^~~~~~~~~~~~\\n                  \\|      \\|      \\|.*\\n                  \\|      \\|      \\(15\\) entry to 'wrapped_free'.*\\n                  \\|   NN \\| \\{.*\\n                  \\|   NN \\|   free \\(ptr\\);.*\\n                  \\|      \\|   ~~~~~~~~~~\\n                  \\|      \\|   \\|.*\\n                  \\|      \\|   \\(16\\) first 'free' here.*\\n                  \\|.*\\n           <------\\+.*\\n           \\|.*\\n         'free_boxed_int': event 17.*\\n           \\|.*\\n           \\|   NN \\|   wrapped_free \\(bi\\);.*\\n           \\|      \\|   \\^~~~~~~~~~~~~~~~~\\n           \\|      \\|   \\|.*\\n           \\|      \\|   \\(17\\) returning to 'free_boxed_int' from 'wrapped_free'.*\\n           \\|.*\\n    <------\\+.*\\n    \\|.*\\n  'test': events 18-19.*\\n    \\|.*\\n    \\|   NN \\|   free_boxed_int \\(obj\\);.*\\n    \\|      \\|   \\^~~~~~~~~~~~~~~~~~~~\\n    \\|      \\|   \\|.*\\n    \\|      \\|   \\(18\\) returning to 'test' from 'free_boxed_int'.*\\n    \\|   NN \\| .*\\n    \\|   NN \\|   free_boxed_int \\(obj\\);.*\\n    \\|      \\|   ~~~~~~~~~~~~~~~~~~~~\\n    \\|      \\|   \\|.*\\n    \\|      \\|   \\(19\\) passing freed pointer 'obj' in call to 'free_boxed_int' from 'test'.*\\n    \\|.*\\n    \\+--> 'free_boxed_int': events 20-21.*\\n           \\|.*\\n           \\|   NN \\| free_boxed_int \\(boxed_int \\*bi\\).*\\n           \\|      \\| \\^~~~~~~~~~~~~~\\n           \\|      \\| \\|.*\\n           \\|      \\| \\(20\\) entry to 'free_boxed_int'.*\\n           \\|   NN \\| \\{.*\\n           \\|   NN \\|   wrapped_free \\(bi\\);.*\\n           \\|      \\|   ~~~~~~~~~~~~~~~~~\\n           \\|      \\|   \\|.*\\n           \\|      \\|   \\(21\\) passing freed pointer 'bi' in call to 'wrapped_free' from 'free_boxed_int'.*\\n           \\|.*\\n           \\+--> 'wrapped_free': events 22-23.*\\n                  \\|.*\\n                  \\|   NN \\| void wrapped_free \\(void \\*ptr\\).*\\n                  \\|      \\|      \\^~~~~~~~~~~~\\n                  \\|      \\|      \\|.*\\n                  \\|      \\|      \\(22\\) entry to 'wrapped_free'.*\\n                  \\|   NN \\| \\{.*\\n                  \\|   NN \\|   free \\(ptr\\);.*\\n                  \\|      \\|   ~~~~~~~~~~\\n                  \\|      \\|   \\|.*\\n                  \\|      \\|   \\(23\\) second 'free' here; first 'free' was at \\(16\\).*\\n                  \\|.*\\n"
FAIL: gcc.dg/analyzer/malloc-ipa-8-unchecked.c (test for excess errors)
FAIL: gcc.dg/analyzer/malloc-ipa-8-unchecked.c expected multiline pattern lines 28-66 not found: "\\s*NN \\|   result->i = i;.*\\n      \\|   ~~~~~~~~~~\\^~~\\n  'make_boxed_int': events 1-2.*\\n    \\|.*\\n    \\|   NN \\| make_boxed_int \\(int i\\).*\\n    \\|      \\| \\^~~~~~~~~~~~~~\\n    \\|      \\| \\|.*\\n    \\|      \\| \\(1\\) entry to 'make_boxed_int'.*\\n    \\|   NN \\| \\{.*\\n    \\|   NN \\|   boxed_int \\*result = \\(boxed_int \\*\\)wrapped_malloc \\(sizeof \\(boxed_int\\)\\);.*\\n    \\|      \\|                                    ~~~~~~~~~~~~~~~~~~~~~~~~~~~~~~~~~~~\\n    \\|      \\|                                    \\|.*\\n    \\|      \\|                                    \\(2\\) calling 'wrapped_malloc' from 'make_boxed_int'.*\\n    \\|.*\\n    \\+--> 'wrapped_malloc': events 3-4.*\\n           \\|.*\\n           \\|   NN \\| void \\*wrapped_malloc \\(size_t size\\).*\\n           \\|      \\|       \\^~~~~~~~~~~~~~\\n           \\|      \\|       \\|.*\\n           \\|      \\|       \\(3\\) entry to 'wrapped_malloc'.*\\n           \\|   NN \\| \\{.*\\n           \\|   NN \\|   return malloc \\(size\\);.*\\n           \\|      \\|          ~~~~~~~~~~~~~\\n           \\|      \\|          \\|.*\\n           \\|      \\|          \\(4\\) this call could return NULL.*\\n           \\|.*\\n    <------\\+.*\\n    \\|.*\\n  'make_boxed_int': events 5-6.*\\n    \\|.*\\n    \\|   NN \\|   boxed_int \\*result = \\(boxed_int \\*\\)wrapped_malloc \\(sizeof \\(boxed_int\\)\\);.*\\n    \\|      \\|                                    \\^~~~~~~~~~~~~~~~~~~~~~~~~~~~~~~~~~~\\n    \\|      \\|                                    \\|.*\\n    \\|      \\|                                    \\(5\\) possible return of NULL to 'make_boxed_int' from 'wrapped_malloc'.*\\n    \\|   NN \\|   result->i = i;.*\\n    \\|      \\|   ~~~~~~~~~~~~~                     .*\\n    \\|      \\|             \\|.*\\n    \\|      \\|             \\(6\\) 'result' could be NULL: unchecked value from \\(4\\).*\\n    \\|.*\\n"
FAIL: gcc.dg/analyzer/pr101503.c (internal compiler error)
FAIL: gcc.dg/analyzer/pr101503.c (test for excess errors)
FAIL: gcc.dg/analyzer/sensitive-1.c  (test for warnings, line 50)
FAIL: gcc.dg/analyzer/sensitive-1.c  (test for warnings, line 60)
FAIL: outputs-22 exe savetmp namedb-2: outputs.ld1_args
FAIL: outputs-23 exe savetmp named2-2: outputs.ld1_args
FAIL: outputs-24 exe savetmp named2-3: outputs.ld1_args
FAIL: outputs-25 exe savetmp named2-4: outputs.ld1_args
FAIL: outputs-294 lto sing unnamed-3: a.ld1_args
FAIL: outputs-294 lto sing unnamed-3: a.ld_args
FAIL: gcc.target/aarch64/pr100056.c scan-assembler-not \\\\t[us]bfiz\\\\tw[0-9]+, w[0-9]+, 11
FAIL: gcc.target/aarch64/subs_compare_2.c scan-assembler-not cmp\\\\tw[0-9]+, w[0-9]+
FAIL: gcc.target/aarch64/subs_compare_2.c scan-assembler-times subs\\\\tw[0-9]+, w[0-9]+, [#]?4 1

		=== gcc Summary ===

# of expected passes		247388
# of unexpected failures	47
# of unexpected successes	1
# of expected failures		1858
# of unsupported tests		4255
/tmp/4463301_40.tmpdir/aci-gcc-fsf/builds/gcc-fsf-gccsrc/obj-aarch64-none-elf/gcc3/gcc/xgcc  version 12.0.0  (DEFMODE=default DEFCPU=default DEFFPU=default TESTFLAGS=) [r12-3051] (GCC) 

Host   is x86_64-pc-linux-gnu

		=== g++ tests ===


Running target aarch64-none-elf-foundation
FAIL: g++.dg/analyzer/malloc.C  -std=c++14  (test for warnings, line 24)
FAIL: g++.dg/analyzer/malloc.C  -std=c++17  (test for warnings, line 24)
FAIL: g++.dg/analyzer/malloc.C  -std=c++2a  (test for warnings, line 24)
FAIL: g++.dg/analyzer/malloc.C  -std=c++98  (test for warnings, line 24)
FAIL: g++.dg/analyzer/pr96641.C  -std=c++14 (test for excess errors)
FAIL: g++.dg/analyzer/pr96641.C  -std=c++17 (test for excess errors)
FAIL: g++.dg/analyzer/pr96641.C  -std=c++2a (test for excess errors)
FAIL: g++.dg/analyzer/pr96641.C  -std=c++98 (test for excess errors)
UNRESOLVED: c-c++-common/restrict-1.c  -std=gnu++14  scan-tree-dump-not optimized "link_error"
UNRESOLVED: c-c++-common/restrict-1.c  -std=gnu++17  scan-tree-dump-not optimized "link_error"
UNRESOLVED: c-c++-common/restrict-1.c  -std=gnu++2a  scan-tree-dump-not optimized "link_error"
UNRESOLVED: c-c++-common/restrict-1.c  -std=gnu++98  scan-tree-dump-not optimized "link_error"
FAIL: g++.dg/abi/pure-virtual1.C  -std=c++14 (test for excess errors)
FAIL: g++.dg/abi/pure-virtual1.C  -std=c++17 (test for excess errors)
FAIL: g++.dg/abi/pure-virtual1.C  -std=c++2a (test for excess errors)
FAIL: g++.dg/abi/pure-virtual1.C  -std=c++98 (test for excess errors)
UNRESOLVED: g++.dg/cpp0x/constexpr-static.C  -std=gnu++14  scan-assembler-not static_initialization
UNRESOLVED: g++.dg/cpp0x/constexpr-static.C  -std=gnu++17  scan-assembler-not static_initialization
UNRESOLVED: g++.dg/cpp0x/constexpr-static.C  -std=gnu++2a  scan-assembler-not static_initialization
UNRESOLVED: g++.dg/cpp0x/constexpr-static3.C  -std=gnu++14  scan-assembler-not static_initialization
UNRESOLVED: g++.dg/cpp0x/constexpr-static3.C  -std=gnu++17  scan-assembler-not static_initialization
UNRESOLVED: g++.dg/cpp0x/constexpr-static3.C  -std=gnu++2a  scan-assembler-not static_initialization
UNRESOLVED: g++.dg/cpp0x/explicit12.C  -std=gnu++14  scan-assembler-not _ZN1AIiEC1Ev
UNRESOLVED: g++.dg/cpp0x/explicit12.C  -std=gnu++17  scan-assembler-not _ZN1AIiEC1Ev
UNRESOLVED: g++.dg/cpp0x/explicit12.C  -std=gnu++2a  scan-assembler-not _ZN1AIiEC1Ev
UNRESOLVED: g++.dg/cpp0x/pr77907.C  -std=gnu++14  scan-assembler-not static_initialization
UNRESOLVED: g++.dg/cpp0x/pr77907.C  -std=gnu++17  scan-assembler-not static_initialization
UNRESOLVED: g++.dg/cpp0x/pr77907.C  -std=gnu++2a  scan-assembler-not static_initialization
UNRESOLVED: g++.dg/ext/label13a.C  -std=gnu++14  scan-assembler _ZN1CC4Ev
UNRESOLVED: g++.dg/ext/label13a.C  -std=gnu++17  scan-assembler _ZN1CC4Ev
UNRESOLVED: g++.dg/ext/label13a.C  -std=gnu++2a  scan-assembler _ZN1CC4Ev
UNRESOLVED: g++.dg/ext/label13a.C  -std=gnu++98  scan-assembler _ZN1CC4Ev
UNRESOLVED: g++.dg/ipa/devirt-1.C  -std=gnu++14  scan-ipa-dump cp "Discovered a virtual call to a known target.*B::foo"
UNRESOLVED: g++.dg/ipa/devirt-1.C  -std=gnu++14  scan-tree-dump-times optimized "OBJ_TYPE_REF" 0
UNRESOLVED: g++.dg/ipa/devirt-1.C  -std=gnu++17  scan-ipa-dump cp "Discovered a virtual call to a known target.*B::foo"
UNRESOLVED: g++.dg/ipa/devirt-1.C  -std=gnu++17  scan-tree-dump-times optimized "OBJ_TYPE_REF" 0
UNRESOLVED: g++.dg/ipa/devirt-1.C  -std=gnu++2a  scan-ipa-dump cp "Discovered a virtual call to a known target.*B::foo"
UNRESOLVED: g++.dg/ipa/devirt-1.C  -std=gnu++2a  scan-tree-dump-times optimized "OBJ_TYPE_REF" 0
UNRESOLVED: g++.dg/ipa/devirt-1.C  -std=gnu++98  scan-ipa-dump cp "Discovered a virtual call to a known target.*B::foo"
UNRESOLVED: g++.dg/ipa/devirt-1.C  -std=gnu++98  scan-tree-dump-times optimized "OBJ_TYPE_REF" 0
UNRESOLVED: g++.dg/ipa/devirt-13.C  -std=gnu++14  scan-tree-dump-times ssa "OBJ_TYPE_REF" 0
UNRESOLVED: g++.dg/ipa/devirt-13.C  -std=gnu++17  scan-tree-dump-times ssa "OBJ_TYPE_REF" 0
UNRESOLVED: g++.dg/ipa/devirt-13.C  -std=gnu++2a  scan-tree-dump-times ssa "OBJ_TYPE_REF" 0
UNRESOLVED: g++.dg/ipa/devirt-13.C  -std=gnu++98  scan-tree-dump-times ssa "OBJ_TYPE_REF" 0
UNRESOLVED: g++.dg/ipa/devirt-14.C  -std=gnu++14  scan-tree-dump-not ssa "A::foo"
UNRESOLVED: g++.dg/ipa/devirt-14.C  -std=gnu++17  scan-tree-dump-not ssa "A::foo"
UNRESOLVED: g++.dg/ipa/devirt-14.C  -std=gnu++2a  scan-tree-dump-not ssa "A::foo"
UNRESOLVED: g++.dg/ipa/devirt-14.C  -std=gnu++98  scan-tree-dump-not ssa "A::foo"
UNRESOLVED: g++.dg/ipa/devirt-2.C  -std=gnu++14  scan-ipa-dump cp "Discovered a virtual call to a known target.*B::foo"
UNRESOLVED: g++.dg/ipa/devirt-2.C  -std=gnu++17  scan-ipa-dump cp "Discovered a virtual call to a known target.*B::foo"
UNRESOLVED: g++.dg/ipa/devirt-2.C  -std=gnu++2a  scan-ipa-dump cp "Discovered a virtual call to a known target.*B::foo"
UNRESOLVED: g++.dg/ipa/devirt-2.C  -std=gnu++98  scan-ipa-dump cp "Discovered a virtual call to a known target.*B::foo"
UNRESOLVED: g++.dg/ipa/devirt-21.C  -std=gnu++14  scan-ipa-dump cp "Discovered a virtual call to"
UNRESOLVED: g++.dg/ipa/devirt-21.C  -std=gnu++17  scan-ipa-dump cp "Discovered a virtual call to"
UNRESOLVED: g++.dg/ipa/devirt-21.C  -std=gnu++2a  scan-ipa-dump cp "Discovered a virtual call to"
UNRESOLVED: g++.dg/ipa/devirt-21.C  -std=gnu++98  scan-ipa-dump cp "Discovered a virtual call to"
UNRESOLVED: g++.dg/ipa/devirt-23.C  -std=gnu++14  scan-ipa-dump cp "Discovered a virtual call to"
UNRESOLVED: g++.dg/ipa/devirt-23.C  -std=gnu++17  scan-ipa-dump cp "Discovered a virtual call to"
UNRESOLVED: g++.dg/ipa/devirt-23.C  -std=gnu++2a  scan-ipa-dump cp "Discovered a virtual call to"
UNRESOLVED: g++.dg/ipa/devirt-23.C  -std=gnu++98  scan-ipa-dump cp "Discovered a virtual call to"
UNRESOLVED: g++.dg/ipa/devirt-3.C  -std=gnu++14  scan-ipa-dump cp "Discovered a virtual call to a known target.*B::foo"
UNRESOLVED: g++.dg/ipa/devirt-3.C  -std=gnu++14  scan-tree-dump-times optimized "OBJ_TYPE_REF" 0
UNRESOLVED: g++.dg/ipa/devirt-3.C  -std=gnu++17  scan-ipa-dump cp "Discovered a virtual call to a known target.*B::foo"
UNRESOLVED: g++.dg/ipa/devirt-3.C  -std=gnu++17  scan-tree-dump-times optimized "OBJ_TYPE_REF" 0
UNRESOLVED: g++.dg/ipa/devirt-3.C  -std=gnu++2a  scan-ipa-dump cp "Discovered a virtual call to a known target.*B::foo"
UNRESOLVED: g++.dg/ipa/devirt-3.C  -std=gnu++2a  scan-tree-dump-times optimized "OBJ_TYPE_REF" 0
UNRESOLVED: g++.dg/ipa/devirt-3.C  -std=gnu++98  scan-ipa-dump cp "Discovered a virtual call to a known target.*B::foo"
UNRESOLVED: g++.dg/ipa/devirt-3.C  -std=gnu++98  scan-tree-dump-times optimized "OBJ_TYPE_REF" 0
UNRESOLVED: g++.dg/ipa/devirt-4.C  -std=gnu++14  scan-ipa-dump cp "Discovered a virtual call to a known target.*B::foo"
UNRESOLVED: g++.dg/ipa/devirt-4.C  -std=gnu++14  scan-tree-dump-times optimized "OBJ_TYPE_REF" 0
UNRESOLVED: g++.dg/ipa/devirt-4.C  -std=gnu++17  scan-ipa-dump cp "Discovered a virtual call to a known target.*B::foo"
UNRESOLVED: g++.dg/ipa/devirt-4.C  -std=gnu++17  scan-tree-dump-times optimized "OBJ_TYPE_REF" 0
UNRESOLVED: g++.dg/ipa/devirt-4.C  -std=gnu++2a  scan-ipa-dump cp "Discovered a virtual call to a known target.*B::foo"
UNRESOLVED: g++.dg/ipa/devirt-4.C  -std=gnu++2a  scan-tree-dump-times optimized "OBJ_TYPE_REF" 0
UNRESOLVED: g++.dg/ipa/devirt-4.C  -std=gnu++98  scan-ipa-dump cp "Discovered a virtual call to a known target.*B::foo"
UNRESOLVED: g++.dg/ipa/devirt-4.C  -std=gnu++98  scan-tree-dump-times optimized "OBJ_TYPE_REF" 0
UNRESOLVED: g++.dg/ipa/devirt-5.C  -std=gnu++14  scan-ipa-dump cp "Discovered a virtual call to a known target.*B::foo"
UNRESOLVED: g++.dg/ipa/devirt-5.C  -std=gnu++14  scan-tree-dump-times optimized "OBJ_TYPE_REF" 0
UNRESOLVED: g++.dg/ipa/devirt-5.C  -std=gnu++17  scan-ipa-dump cp "Discovered a virtual call to a known target.*B::foo"
UNRESOLVED: g++.dg/ipa/devirt-5.C  -std=gnu++17  scan-tree-dump-times optimized "OBJ_TYPE_REF" 0
UNRESOLVED: g++.dg/ipa/devirt-5.C  -std=gnu++2a  scan-ipa-dump cp "Discovered a virtual call to a known target.*B::foo"
UNRESOLVED: g++.dg/ipa/devirt-5.C  -std=gnu++2a  scan-tree-dump-times optimized "OBJ_TYPE_REF" 0
UNRESOLVED: g++.dg/ipa/devirt-5.C  -std=gnu++98  scan-ipa-dump cp "Discovered a virtual call to a known target.*B::foo"
UNRESOLVED: g++.dg/ipa/devirt-5.C  -std=gnu++98  scan-tree-dump-times optimized "OBJ_TYPE_REF" 0
UNRESOLVED: g++.dg/ipa/devirt-7.C  -std=gnu++14  scan-ipa-dump cp "Discovered a virtual call to a known target.*B::foo"
UNRESOLVED: g++.dg/ipa/devirt-7.C  -std=gnu++17  scan-ipa-dump cp "Discovered a virtual call to a known target.*B::foo"
UNRESOLVED: g++.dg/ipa/devirt-7.C  -std=gnu++2a  scan-ipa-dump cp "Discovered a virtual call to a known target.*B::foo"
UNRESOLVED: g++.dg/ipa/devirt-7.C  -std=gnu++98  scan-ipa-dump cp "Discovered a virtual call to a known target.*B::foo"
UNRESOLVED: g++.dg/ipa/devirt-c-1.C  -std=gnu++14  scan-ipa-dump cp "Discovered a virtual call to a known target.*A::foo"
UNRESOLVED: g++.dg/ipa/devirt-c-1.C  -std=gnu++14  scan-tree-dump-times optimized "OBJ_TYPE_REF" 0
UNRESOLVED: g++.dg/ipa/devirt-c-1.C  -std=gnu++17  scan-ipa-dump cp "Discovered a virtual call to a known target.*A::foo"
UNRESOLVED: g++.dg/ipa/devirt-c-1.C  -std=gnu++17  scan-tree-dump-times optimized "OBJ_TYPE_REF" 0
UNRESOLVED: g++.dg/ipa/devirt-c-1.C  -std=gnu++2a  scan-ipa-dump cp "Discovered a virtual call to a known target.*A::foo"
UNRESOLVED: g++.dg/ipa/devirt-c-1.C  -std=gnu++2a  scan-tree-dump-times optimized "OBJ_TYPE_REF" 0
UNRESOLVED: g++.dg/ipa/devirt-c-1.C  -std=gnu++98  scan-ipa-dump cp "Discovered a virtual call to a known target.*A::foo"
UNRESOLVED: g++.dg/ipa/devirt-c-1.C  -std=gnu++98  scan-tree-dump-times optimized "OBJ_TYPE_REF" 0
UNRESOLVED: g++.dg/ipa/devirt-c-2.C  -std=gnu++14  scan-ipa-dump cp "Discovered a virtual call to a known target.*A::foo"
UNRESOLVED: g++.dg/ipa/devirt-c-2.C  -std=gnu++14  scan-tree-dump-times optimized "OBJ_TYPE_REF" 0
UNRESOLVED: g++.dg/ipa/devirt-c-2.C  -std=gnu++17  scan-ipa-dump cp "Discovered a virtual call to a known target.*A::foo"
UNRESOLVED: g++.dg/ipa/devirt-c-2.C  -std=gnu++17  scan-tree-dump-times optimized "OBJ_TYPE_REF" 0
UNRESOLVED: g++.dg/ipa/devirt-c-2.C  -std=gnu++2a  scan-ipa-dump cp "Discovered a virtual call to a known target.*A::foo"
UNRESOLVED: g++.dg/ipa/devirt-c-2.C  -std=gnu++2a  scan-tree-dump-times optimized "OBJ_TYPE_REF" 0
UNRESOLVED: g++.dg/ipa/devirt-c-2.C  -std=gnu++98  scan-ipa-dump cp "Discovered a virtual call to a known target.*A::foo"
UNRESOLVED: g++.dg/ipa/devirt-c-2.C  -std=gnu++98  scan-tree-dump-times optimized "OBJ_TYPE_REF" 0
UNRESOLVED: g++.dg/ipa/devirt-c-8.C  -std=gnu++14  scan-ipa-dump cp "Discovered a virtual call to a known target.*A::foo"
UNRESOLVED: g++.dg/ipa/devirt-c-8.C  -std=gnu++14  scan-tree-dump-times optimized "OBJ_TYPE_REF" 0
UNRESOLVED: g++.dg/ipa/devirt-c-8.C  -std=gnu++17  scan-ipa-dump cp "Discovered a virtual call to a known target.*A::foo"
UNRESOLVED: g++.dg/ipa/devirt-c-8.C  -std=gnu++17  scan-tree-dump-times optimized "OBJ_TYPE_REF" 0
UNRESOLVED: g++.dg/ipa/devirt-c-8.C  -std=gnu++2a  scan-ipa-dump cp "Discovered a virtual call to a known target.*A::foo"
UNRESOLVED: g++.dg/ipa/devirt-c-8.C  -std=gnu++2a  scan-tree-dump-times optimized "OBJ_TYPE_REF" 0
UNRESOLVED: g++.dg/ipa/devirt-c-8.C  -std=gnu++98  scan-ipa-dump cp "Discovered a virtual call to a known target.*A::foo"
UNRESOLVED: g++.dg/ipa/devirt-c-8.C  -std=gnu++98  scan-tree-dump-times optimized "OBJ_TYPE_REF" 0
UNRESOLVED: g++.dg/ipa/imm-devirt-1.C  -std=gnu++14  scan-tree-dump einline "B::foo \\\\("
UNRESOLVED: g++.dg/ipa/imm-devirt-1.C  -std=gnu++14  scan-tree-dump einline "Inlining int middleman_1"
UNRESOLVED: g++.dg/ipa/imm-devirt-1.C  -std=gnu++14  scan-tree-dump einline "Inlining int middleman_2"
UNRESOLVED: g++.dg/ipa/imm-devirt-1.C  -std=gnu++14  scan-tree-dump-times einline "OBJ_TYPE_REF" 2
UNRESOLVED: g++.dg/ipa/imm-devirt-1.C  -std=gnu++17  scan-tree-dump einline "B::foo \\\\("
UNRESOLVED: g++.dg/ipa/imm-devirt-1.C  -std=gnu++17  scan-tree-dump einline "Inlining int middleman_1"
UNRESOLVED: g++.dg/ipa/imm-devirt-1.C  -std=gnu++17  scan-tree-dump einline "Inlining int middleman_2"
UNRESOLVED: g++.dg/ipa/imm-devirt-1.C  -std=gnu++17  scan-tree-dump-times einline "OBJ_TYPE_REF" 2
UNRESOLVED: g++.dg/ipa/imm-devirt-1.C  -std=gnu++2a  scan-tree-dump einline "B::foo \\\\("
UNRESOLVED: g++.dg/ipa/imm-devirt-1.C  -std=gnu++2a  scan-tree-dump einline "Inlining int middleman_1"
UNRESOLVED: g++.dg/ipa/imm-devirt-1.C  -std=gnu++2a  scan-tree-dump einline "Inlining int middleman_2"
UNRESOLVED: g++.dg/ipa/imm-devirt-1.C  -std=gnu++2a  scan-tree-dump-times einline "OBJ_TYPE_REF" 2
UNRESOLVED: g++.dg/ipa/imm-devirt-1.C  -std=gnu++98  scan-tree-dump einline "B::foo \\\\("
UNRESOLVED: g++.dg/ipa/imm-devirt-1.C  -std=gnu++98  scan-tree-dump einline "Inlining int middleman_1"
UNRESOLVED: g++.dg/ipa/imm-devirt-1.C  -std=gnu++98  scan-tree-dump einline "Inlining int middleman_2"
UNRESOLVED: g++.dg/ipa/imm-devirt-1.C  -std=gnu++98  scan-tree-dump-times einline "OBJ_TYPE_REF" 2
UNRESOLVED: g++.dg/ipa/imm-devirt-2.C  -std=gnu++14  scan-tree-dump einline "C::_ZThn[0-9]+_N1C3fooEi \\\\("
UNRESOLVED: g++.dg/ipa/imm-devirt-2.C  -std=gnu++17  scan-tree-dump einline "C::_ZThn[0-9]+_N1C3fooEi \\\\("
UNRESOLVED: g++.dg/ipa/imm-devirt-2.C  -std=gnu++2a  scan-tree-dump einline "C::_ZThn[0-9]+_N1C3fooEi \\\\("
UNRESOLVED: g++.dg/ipa/imm-devirt-2.C  -std=gnu++98  scan-tree-dump einline "C::_ZThn[0-9]+_N1C3fooEi \\\\("
UNRESOLVED: g++.dg/ipa/ipa-icf-6.C  -std=gnu++14  scan-ipa-dump-times icf "Unified; Wrapper has been created" 1
UNRESOLVED: g++.dg/ipa/ipa-icf-6.C  -std=gnu++17  scan-ipa-dump-times icf "Unified; Wrapper has been created" 1
UNRESOLVED: g++.dg/ipa/ipa-icf-6.C  -std=gnu++2a  scan-ipa-dump-times icf "Unified; Wrapper has been created" 1
UNRESOLVED: g++.dg/ipa/ipa-icf-6.C  -std=gnu++98  scan-ipa-dump-times icf "Unified; Wrapper has been created" 1
UNRESOLVED: g++.dg/ipa/ivinline-1.C  -std=gnu++14  scan-ipa-dump inline "B::foo[^\\\\n]*inline copy in int main"
UNRESOLVED: g++.dg/ipa/ivinline-1.C  -std=gnu++17  scan-ipa-dump inline "B::foo[^\\\\n]*inline copy in int main"
UNRESOLVED: g++.dg/ipa/ivinline-1.C  -std=gnu++2a  scan-ipa-dump inline "B::foo[^\\\\n]*inline copy in int main"
UNRESOLVED: g++.dg/ipa/ivinline-1.C  -std=gnu++98  scan-ipa-dump inline "B::foo[^\\\\n]*inline copy in int main"
UNRESOLVED: g++.dg/ipa/ivinline-2.C  -std=gnu++14  scan-ipa-dump inline "B::foo[^\\\\n]*inline copy in int main"
UNRESOLVED: g++.dg/ipa/ivinline-2.C  -std=gnu++17  scan-ipa-dump inline "B::foo[^\\\\n]*inline copy in int main"
UNRESOLVED: g++.dg/ipa/ivinline-2.C  -std=gnu++2a  scan-ipa-dump inline "B::foo[^\\\\n]*inline copy in int main"
UNRESOLVED: g++.dg/ipa/ivinline-2.C  -std=gnu++98  scan-ipa-dump inline "B::foo[^\\\\n]*inline copy in int main"
UNRESOLVED: g++.dg/ipa/ivinline-3.C  -std=gnu++14  scan-ipa-dump inline "B::foo[^\\\\n]*inline copy in int main"
UNRESOLVED: g++.dg/ipa/ivinline-3.C  -std=gnu++17  scan-ipa-dump inline "B::foo[^\\\\n]*inline copy in int main"
UNRESOLVED: g++.dg/ipa/ivinline-3.C  -std=gnu++2a  scan-ipa-dump inline "B::foo[^\\\\n]*inline copy in int main"
UNRESOLVED: g++.dg/ipa/ivinline-3.C  -std=gnu++98  scan-ipa-dump inline "B::foo[^\\\\n]*inline copy in int main"
UNRESOLVED: g++.dg/ipa/ivinline-4.C  -std=gnu++14  scan-ipa-dump inline "B::foo[^\\\\n]*inline copy in int main"
UNRESOLVED: g++.dg/ipa/ivinline-4.C  -std=gnu++17  scan-ipa-dump inline "B::foo[^\\\\n]*inline copy in int main"
UNRESOLVED: g++.dg/ipa/ivinline-4.C  -std=gnu++2a  scan-ipa-dump inline "B::foo[^\\\\n]*inline copy in int main"
UNRESOLVED: g++.dg/ipa/ivinline-4.C  -std=gnu++98  scan-ipa-dump inline "B::foo[^\\\\n]*inline copy in int main"
UNRESOLVED: g++.dg/ipa/ivinline-5.C  -std=gnu++14  scan-ipa-dump inline "A::foo[^\\\\n]*inline copy in int main"
UNRESOLVED: g++.dg/ipa/ivinline-5.C  -std=gnu++14  scan-ipa-dump inline "B::foo[^\\\\n]*inline copy in int main"
UNRESOLVED: g++.dg/ipa/ivinline-5.C  -std=gnu++17  scan-ipa-dump inline "A::foo[^\\\\n]*inline copy in int main"
UNRESOLVED: g++.dg/ipa/ivinline-5.C  -std=gnu++17  scan-ipa-dump inline "B::foo[^\\\\n]*inline copy in int main"
UNRESOLVED: g++.dg/ipa/ivinline-5.C  -std=gnu++2a  scan-ipa-dump inline "A::foo[^\\\\n]*inline copy in int main"
UNRESOLVED: g++.dg/ipa/ivinline-5.C  -std=gnu++2a  scan-ipa-dump inline "B::foo[^\\\\n]*inline copy in int main"
UNRESOLVED: g++.dg/ipa/ivinline-5.C  -std=gnu++98  scan-ipa-dump inline "A::foo[^\\\\n]*inline copy in int main"
UNRESOLVED: g++.dg/ipa/ivinline-5.C  -std=gnu++98  scan-ipa-dump inline "B::foo[^\\\\n]*inline copy in int main"
UNRESOLVED: g++.dg/ipa/ivinline-7.C  -std=gnu++14  scan-ipa-dump inline "B::foo[^\\\\n]*inline copy in int main"
UNRESOLVED: g++.dg/ipa/ivinline-7.C  -std=gnu++14  scan-ipa-dump inline "Discovered a virtual call to a known target.*B::.*foo"
UNRESOLVED: g++.dg/ipa/ivinline-7.C  -std=gnu++17  scan-ipa-dump inline "B::foo[^\\\\n]*inline copy in int main"
UNRESOLVED: g++.dg/ipa/ivinline-7.C  -std=gnu++17  scan-ipa-dump inline "Discovered a virtual call to a known target.*B::.*foo"
UNRESOLVED: g++.dg/ipa/ivinline-7.C  -std=gnu++2a  scan-ipa-dump inline "B::foo[^\\\\n]*inline copy in int main"
UNRESOLVED: g++.dg/ipa/ivinline-7.C  -std=gnu++2a  scan-ipa-dump inline "Discovered a virtual call to a known target.*B::.*foo"
UNRESOLVED: g++.dg/ipa/ivinline-7.C  -std=gnu++98  scan-ipa-dump inline "B::foo[^\\\\n]*inline copy in int main"
UNRESOLVED: g++.dg/ipa/ivinline-7.C  -std=gnu++98  scan-ipa-dump inline "Discovered a virtual call to a known target.*B::.*foo"
UNRESOLVED: g++.dg/ipa/ivinline-8.C  -std=gnu++14  scan-ipa-dump inline "B::bar[^\\\\n]*inline copy in int main"
UNRESOLVED: g++.dg/ipa/ivinline-8.C  -std=gnu++14  scan-ipa-dump inline "B::foo[^\\\\n]*inline copy in int main"
UNRESOLVED: g++.dg/ipa/ivinline-8.C  -std=gnu++17  scan-ipa-dump inline "B::bar[^\\\\n]*inline copy in int main"
UNRESOLVED: g++.dg/ipa/ivinline-8.C  -std=gnu++17  scan-ipa-dump inline "B::foo[^\\\\n]*inline copy in int main"
UNRESOLVED: g++.dg/ipa/ivinline-8.C  -std=gnu++2a  scan-ipa-dump inline "B::bar[^\\\\n]*inline copy in int main"
UNRESOLVED: g++.dg/ipa/ivinline-8.C  -std=gnu++2a  scan-ipa-dump inline "B::foo[^\\\\n]*inline copy in int main"
UNRESOLVED: g++.dg/ipa/ivinline-8.C  -std=gnu++98  scan-ipa-dump inline "B::bar[^\\\\n]*inline copy in int main"
UNRESOLVED: g++.dg/ipa/ivinline-8.C  -std=gnu++98  scan-ipa-dump inline "B::foo[^\\\\n]*inline copy in int main"
UNRESOLVED: g++.dg/ipa/ivinline-9.C  -std=gnu++14  scan-ipa-dump inline "B::foo[^\\\\n]*inline copy in int main"
UNRESOLVED: g++.dg/ipa/ivinline-9.C  -std=gnu++14  scan-ipa-dump inline "Discovered a virtual call to a known target.*B::.*foo"
UNRESOLVED: g++.dg/ipa/ivinline-9.C  -std=gnu++17  scan-ipa-dump inline "B::foo[^\\\\n]*inline copy in int main"
UNRESOLVED: g++.dg/ipa/ivinline-9.C  -std=gnu++17  scan-ipa-dump inline "Discovered a virtual call to a known target.*B::.*foo"
UNRESOLVED: g++.dg/ipa/ivinline-9.C  -std=gnu++2a  scan-ipa-dump inline "B::foo[^\\\\n]*inline copy in int main"
UNRESOLVED: g++.dg/ipa/ivinline-9.C  -std=gnu++2a  scan-ipa-dump inline "Discovered a virtual call to a known target.*B::.*foo"
UNRESOLVED: g++.dg/ipa/ivinline-9.C  -std=gnu++98  scan-ipa-dump inline "B::foo[^\\\\n]*inline copy in int main"
UNRESOLVED: g++.dg/ipa/ivinline-9.C  -std=gnu++98  scan-ipa-dump inline "Discovered a virtual call to a known target.*B::.*foo"
UNRESOLVED: g++.dg/ipa/pr60640-4.C  -std=gnu++14  scan-ipa-dump-times cp "Thunk fixed offset" 2
UNRESOLVED: g++.dg/ipa/pr60640-4.C  -std=gnu++17  scan-ipa-dump-times cp "Thunk fixed offset" 2
UNRESOLVED: g++.dg/ipa/pr60640-4.C  -std=gnu++2a  scan-ipa-dump-times cp "Thunk fixed offset" 2
UNRESOLVED: g++.dg/ipa/pr60640-4.C  -std=gnu++98  scan-ipa-dump-times cp "Thunk fixed offset" 2
UNRESOLVED: g++.dg/ipa/pr63838.C  -std=gnu++14  scan-ipa-dump-not pure-const "Function found to be nothrow: void bar"
UNRESOLVED: g++.dg/ipa/pr63838.C  -std=gnu++14  scan-ipa-dump-not pure-const "Function found to be nothrow: void foo"
UNRESOLVED: g++.dg/ipa/pr63838.C  -std=gnu++17  scan-ipa-dump-not pure-const "Function found to be nothrow: void bar"
UNRESOLVED: g++.dg/ipa/pr63838.C  -std=gnu++17  scan-ipa-dump-not pure-const "Function found to be nothrow: void foo"
UNRESOLVED: g++.dg/ipa/pr63838.C  -std=gnu++2a  scan-ipa-dump-not pure-const "Function found to be nothrow: void bar"
UNRESOLVED: g++.dg/ipa/pr63838.C  -std=gnu++2a  scan-ipa-dump-not pure-const "Function found to be nothrow: void foo"
UNRESOLVED: g++.dg/ipa/pr63838.C  -std=gnu++98  scan-ipa-dump-not pure-const "Function found to be nothrow: void bar"
UNRESOLVED: g++.dg/ipa/pr63838.C  -std=gnu++98  scan-ipa-dump-not pure-const "Function found to be nothrow: void foo"
UNRESOLVED: g++.dg/ipa/pr67056.C   scan-ipa-dump cp "Speculative outer type:struct CompositeClass"
UNRESOLVED: g++.dg/pr94314-2.C  -std=gnu++14  scan-tree-dump-times cddce1 "Deleting : operator delete" 2
UNRESOLVED: g++.dg/pr94314-2.C  -std=gnu++17  scan-tree-dump-times cddce1 "Deleting : operator delete" 2
UNRESOLVED: g++.dg/pr94314-2.C  -std=gnu++2a  scan-tree-dump-times cddce1 "Deleting : operator delete" 2
UNRESOLVED: g++.dg/pr94314-2.C  -std=gnu++98  scan-tree-dump-times cddce1 "Deleting : operator delete" 2
UNRESOLVED: g++.dg/pr94314-3.C  -std=gnu++14  scan-tree-dump-not cddce1 "Deleting : operator delete"
UNRESOLVED: g++.dg/pr94314-3.C  -std=gnu++17  scan-tree-dump-not cddce1 "Deleting : operator delete"
UNRESOLVED: g++.dg/pr94314-3.C  -std=gnu++2a  scan-tree-dump-not cddce1 "Deleting : operator delete"
UNRESOLVED: g++.dg/pr94314-3.C  -std=gnu++98  scan-tree-dump-not cddce1 "Deleting : operator delete"
UNRESOLVED: g++.dg/pr94314-4.C  -std=gnu++14  scan-tree-dump-not cddce1 "Deleting : operator delete"
UNRESOLVED: g++.dg/pr94314-4.C  -std=gnu++17  scan-tree-dump-not cddce1 "Deleting : operator delete"
UNRESOLVED: g++.dg/pr94314-4.C  -std=gnu++2a  scan-tree-dump-not cddce1 "Deleting : operator delete"
UNRESOLVED: g++.dg/pr94314.C  -std=gnu++14  scan-tree-dump-not cddce1 "Deleting : B::operator delete"
UNRESOLVED: g++.dg/pr94314.C  -std=gnu++14  scan-tree-dump-not cddce1 "Deleting : operator delete"
UNRESOLVED: g++.dg/pr94314.C  -std=gnu++17  scan-tree-dump-not cddce1 "Deleting : B::operator delete"
UNRESOLVED: g++.dg/pr94314.C  -std=gnu++17  scan-tree-dump-not cddce1 "Deleting : operator delete"
UNRESOLVED: g++.dg/pr94314.C  -std=gnu++2a  scan-tree-dump-not cddce1 "Deleting : B::operator delete"
UNRESOLVED: g++.dg/pr94314.C  -std=gnu++2a  scan-tree-dump-not cddce1 "Deleting : operator delete"
UNRESOLVED: g++.dg/pr94314.C  -std=gnu++98  scan-tree-dump-not cddce1 "Deleting : B::operator delete"
UNRESOLVED: g++.dg/pr94314.C  -std=gnu++98  scan-tree-dump-not cddce1 "Deleting : operator delete"
UNRESOLVED: g++.dg/tree-ssa/pr33604.C  -std=gnu++14  scan-tree-dump-times optimized ".MEM_[0-9]*\\\\(D\\\\)" 2
UNRESOLVED: g++.dg/tree-ssa/pr33604.C  -std=gnu++17  scan-tree-dump-times optimized ".MEM_[0-9]*\\\\(D\\\\)" 2
UNRESOLVED: g++.dg/tree-ssa/pr33604.C  -std=gnu++2a  scan-tree-dump-times optimized ".MEM_[0-9]*\\\\(D\\\\)" 2
UNRESOLVED: g++.dg/tree-ssa/pr33604.C  -std=gnu++98  scan-tree-dump-times optimized ".MEM_[0-9]*\\\\(D\\\\)" 2
FAIL: g++.dg/warn/Wstringop-overflow-6.C  -std=gnu++14 (test for excess errors)
FAIL: g++.dg/warn/Wstringop-overflow-6.C  -std=gnu++17 (test for excess errors)
FAIL: g++.dg/warn/Wstringop-overflow-6.C  -std=gnu++2a (test for excess errors)
FAIL: g++.dg/lto/pr90990 cp_lto_pr90990_0.o-cp_lto_pr90990_0.o link, -O0 -flto -flto-partition=none -fuse-linker-plugin
FAIL: g++.dg/lto/pr90990 cp_lto_pr90990_0.o-cp_lto_pr90990_0.o link, -O0 -flto -fuse-linker-plugin -fno-fat-lto-objects 
FAIL: g++.dg/lto/pr90990 cp_lto_pr90990_0.o-cp_lto_pr90990_0.o link, -O2 -flto -flto-partition=none -fuse-linker-plugin -fno-fat-lto-objects 
FAIL: g++.dg/lto/pr90990 cp_lto_pr90990_0.o-cp_lto_pr90990_0.o link, -O2 -flto -fuse-linker-plugin
FAIL: g++.dg/modules/bad-mapper-3.C -std=c++17  (test for errors, line )
FAIL: g++.dg/modules/bad-mapper-3.C -std=c++17 (test for excess errors)
FAIL: g++.dg/modules/bad-mapper-3.C -std=c++2a  (test for errors, line )
FAIL: g++.dg/modules/bad-mapper-3.C -std=c++2a (test for excess errors)
FAIL: g++.dg/modules/bad-mapper-3.C -std=c++2b  (test for errors, line )
FAIL: g++.dg/modules/bad-mapper-3.C -std=c++2b (test for excess errors)
UNRESOLVED: g++.dg/tls/thread_local-cse.C  -std=gnu++14  scan-assembler-times call *_ZTW2ir 1
UNRESOLVED: g++.dg/tls/thread_local-cse.C  -std=gnu++17  scan-assembler-times call *_ZTW2ir 1
UNRESOLVED: g++.dg/tls/thread_local-cse.C  -std=gnu++2a  scan-assembler-times call *_ZTW2ir 1
FAIL: g++.target/aarch64/no_unique_address_1.C check-function-bodies _Z8caller_pR1P
FAIL: g++.target/aarch64/no_unique_address_2.C  (test for warnings, line 169)
FAIL: g++.target/aarch64/no_unique_address_2.C check-function-bodies _Z8caller_pR1P
UNRESOLVED: g++.target/aarch64/pr94515-1.C scan-assembler-times \\\\t\\\\.cfi_window_save\\\\n 4
UNRESOLVED: g++.target/aarch64/return_address_sign_ab_exception.C scan-assembler-times .cfi_b_key_frame 1
UNRESOLVED: g++.target/aarch64/return_address_sign_ab_exception.C scan-assembler-times paciasp 1
UNRESOLVED: g++.target/aarch64/return_address_sign_ab_exception.C scan-assembler-times pacibsp 1
UNRESOLVED: g++.target/aarch64/return_address_sign_b_exception.C scan-assembler-times .cfi_b_key_frame 2

		=== g++ Summary ===

# of expected passes		289808
# of unexpected failures	28
# of expected failures		1924
# of unresolved testcases	216
# of unsupported tests		9878
/tmp/4463301_40.tmpdir/aci-gcc-fsf/builds/gcc-fsf-gccsrc/obj-aarch64-none-elf/gcc3/gcc/xg++  version 12.0.0  (DEFMODE=default DEFCPU=default DEFFPU=default TESTFLAGS=) [r12-3051] (GCC) 


Compiler version: 12.0.0 (DEFMODE=default DEFCPU=default DEFFPU=default TESTFLAGS=) [r12-3051] (GCC) 
Platform: aarch64-none-elf
configure flags: --target=aarch64-none-elf --prefix=/tmp/4463301_40.tmpdir/aci-gcc-fsf/builds/gcc-fsf-gccsrc/tools --with-sysroot=/tmp/4463301_40.tmpdir/aci-gcc-fsf/builds/gcc-fsf-gccsrc/sysroot-aarch64-none-elf --disable-nls --disable-libgomp --disable-libmudflap --disable-libcilkrts --enable-checking --enable-languages=c,c++ --with-newlib --disable-tls


More information about the Gcc-testresults mailing list