Results for 12.0.0 20210819 (experimental) [src revision b0963c4379b:63a6e458e3d:91fd633bacb36fc92729b3b0df9bead0b0ae5b90] (GCC) testsuite on powerpc-ibm-aix7.2.3.0
David Edelsohn
edelsohn@p980aix1.watson.ibm.com
Fri Aug 20 14:43:17 GMT 2021
LAST_UPDATED: Thu Aug 19 23:19:20 UTC 2021 (revision b0963c4379b:63a6e458e3d:91fd633bacb36fc92729b3b0df9bead0b0ae5b90)
Native configuration is powerpc-ibm-aix7.2.3.0
=== g++ tests ===
Running target unix
FAIL: g++.dg/analyzer/malloc.C -std=c++14 (test for warnings, line 24)
FAIL: g++.dg/analyzer/malloc.C -std=c++17 (test for warnings, line 24)
FAIL: g++.dg/analyzer/malloc.C -std=c++2a (test for warnings, line 24)
FAIL: g++.dg/analyzer/malloc.C -std=c++98 (test for warnings, line 24)
FAIL: g++.dg/analyzer/pr96641.C -std=c++14 (test for excess errors)
FAIL: g++.dg/analyzer/pr96641.C -std=c++17 (test for excess errors)
FAIL: g++.dg/analyzer/pr96641.C -std=c++2a (test for excess errors)
FAIL: g++.dg/analyzer/pr96641.C -std=c++98 (test for excess errors)
FAIL: g++.dg/compat/eh/new1 cp_compat_x_tst.o-cp_compat_y_tst.o execute
XPASS: g++.dg/debug/pr56294.C -gdwarf-2 (test for excess errors)
XPASS: g++.dg/debug/pr56294.C -gdwarf-2 -g1 (test for excess errors)
XPASS: g++.dg/debug/pr56294.C -gdwarf-2 -g3 (test for excess errors)
XPASS: g++.dg/debug/pr56294.C -gxcoff (test for excess errors)
XPASS: g++.dg/debug/pr56294.C -gxcoff+ (test for excess errors)
XPASS: g++.dg/debug/pr56294.C -gxcoff+1 (test for excess errors)
XPASS: g++.dg/debug/pr56294.C -gxcoff+3 (test for excess errors)
XPASS: g++.dg/debug/pr56294.C -gxcoff1 (test for excess errors)
XPASS: g++.dg/debug/pr56294.C -gxcoff3 (test for excess errors)
XPASS: g++.dg/debug/pr56819.C -gdwarf-2 (test for excess errors)
XPASS: g++.dg/debug/pr56819.C -gdwarf-2 -g1 (test for excess errors)
XPASS: g++.dg/debug/pr56819.C -gdwarf-2 -g3 (test for excess errors)
XPASS: g++.dg/debug/pr56819.C -gxcoff (test for excess errors)
XPASS: g++.dg/debug/pr56819.C -gxcoff+ (test for excess errors)
XPASS: g++.dg/debug/pr56819.C -gxcoff+1 (test for excess errors)
XPASS: g++.dg/debug/pr56819.C -gxcoff+3 (test for excess errors)
XPASS: g++.dg/debug/pr56819.C -gxcoff1 (test for excess errors)
XPASS: g++.dg/debug/pr56819.C -gxcoff3 (test for excess errors)
XPASS: g++.dg/debug/dwarf2/constexpr-var-1.C scan-assembler-times DW_AT_const_expr 2
XPASS: g++.dg/debug/dwarf2/deleted-member-function.C scan-assembler-times DW_AT_deleted 2
FAIL: g++.dg/cpp2a/nontype-float1.C -std=c++2a (test for excess errors)
XPASS: g++.dg/eh/new1.C -std=c++98 execution test
XPASS: g++.dg/template/linkage1.C -std=c++98 scan-assembler-not (weak|glob)[^\\n]*_Z3fooIXadL_ZL11static_funcvEEEvv
FAIL: g++.dg/modules/sym-subst-3_a.C scan-assembler .globa?l[ \\\\t]*_?S\\\\n
XPASS: g++.dg/tls/thread_local1.C -std=c++14 scan-assembler-not .comm
XPASS: g++.dg/tls/thread_local1.C -std=c++17 scan-assembler-not .comm
XPASS: g++.dg/tls/thread_local1.C -std=c++2a scan-assembler-not .comm
XPASS: g++.dg/torture/pr101373.C -O0 execution test
XPASS: g++.dg/torture/pr101373.C -O1 execution test
XPASS: g++.dg/torture/pr101373.C -O2 execution test
XPASS: g++.dg/torture/pr101373.C -O3 -g execution test
XPASS: g++.dg/torture/pr101373.C -Os execution test
XPASS: g++.old-deja/g++.eh/new2.C -std=gnu++98 execution test
XPASS: g++.old-deja/g++.mike/p755a.C -std=c++98 execution test
=== g++ Summary ===
# of expected passes 198261
# of unexpected failures 11
# of unexpected successes 32
# of expected failures 1629
# of unsupported tests 9840
/tmp/GCC/gcc/testsuite/g++/../../xg++ version 12.0.0 20210819 (experimental) [src revision b0963c4379b:63a6e458e3d:91fd633bacb36fc92729b3b0df9bead0b0ae5b90] (GCC)
=== gcc tests ===
Running target unix
FAIL: gcc.dg/analyzer/analyzer-verbosity-0.c (test for excess errors)
FAIL: gcc.dg/analyzer/analyzer-verbosity-0.c expected multiline pattern lines 24-60 not found: "\\s*NN \\| free \\(ptr\\);.*\\n \\| \\^~~~~~~~~~\\n 'test_1': event 1.*\\n \\|.*\\n \\| NN \\| calls_free_1 \\(ptr\\);.*\\n \\| \\| \\^~~~~~~~~~~~~~~~~~\\n \\| \\| \\|.*\\n \\| \\| \\(1\\) calling 'calls_free_1' from 'test_1'.*\\n \\|.*\\n \\+--> 'calls_free_1': event 2.*\\n \\|.*\\n \\| NN \\| free \\(ptr\\);.*\\n \\| \\| \\^~~~~~~~~~\\n \\| \\| \\|.*\\n \\| \\| \\(2\\) first 'free' here.*\\n \\|.*\\n <------\\+.*\\n \\|.*\\n 'test_1': events 3-4.*\\n \\|.*\\n \\| NN \\| calls_free_1 \\(ptr\\);.*\\n \\| \\| \\^~~~~~~~~~~~~~~~~~\\n \\| \\| \\|.*\\n \\| \\| \\(3\\) returning to 'test_1' from 'calls_free_1'.*\\n \\|\\.\\.\\.\\.\\.\\..*\\n \\| NN \\| calls_free_1 \\(ptr\\);.*\\n
\\| \\| ~~~~~~~~~~~~~~~~~~\\n \\| \\| \\|.*\\n \\| \\| \\(4\\) passing freed pointer 'ptr' in call to 'calls_free_1' from 'test_1'.*\\n \\|.*\\n \\+--> 'calls_free_1': event 5.*\\n \\|.*\\n \\| NN \\| free \\(ptr\\);.*\\n \\| \\| \\^~~~~~~~~~\\n \\| \\| \\|.*\\n \\| \\| \\(5\\) second 'free' here; first 'free' was at \\(2\\).*\\n \\|.*\\n"
FAIL: gcc.dg/analyzer/analyzer-verbosity-0.c expected multiline pattern lines 94-130 not found: " NN \\| free \\(ptr\\);.*\\n \\| \\^~~~~~~~~~\\n 'test_2': event 1.*\\n \\|.*\\n \\| NN \\| calls_free_2 \\(ptr\\);.*\\n \\| \\| \\^~~~~~~~~~~~~~~~~~\\n \\| \\| \\|.*\\n \\| \\| \\(1\\) calling 'calls_free_2' from 'test_2'.*\\n \\|.*\\n \\+--> 'calls_free_2': event 2.*\\n \\|.*\\n \\| NN \\| free \\(ptr\\);.*\\n \\| \\| \\^~~~~~~~~~\\n \\| \\| \\|.*\\n \\| \\| \\(2\\) first 'free' here.*\\n \\|.*\\n <------\\+.*\\n \\|.*\\n 'test_2': events 3-4.*\\n \\|.*\\n \\| NN \\| calls_free_2 \\(ptr\\);.*\\n \\| \\| \\^~~~~~~~~~~~~~~~~~\\n \\| \\| \\|.*\\n \\| \\| \\(3\\) returning to 'test_2' from 'calls_free_2'.*\\n \\|\\.\\.\\.\\.\\.\\..*\\n \\| NN \\| calls_free_2
\\(ptr\\);.*\\n \\| \\| ~~~~~~~~~~~~~~~~~~\\n \\| \\| \\|.*\\n \\| \\| \\(4\\) passing freed pointer 'ptr' in call to 'calls_free_2' from 'test_2'.*\\n \\|.*\\n \\+--> 'calls_free_2': event 5.*\\n \\|.*\\n \\| NN \\| free \\(ptr\\);.*\\n \\| \\| \\^~~~~~~~~~\\n \\| \\| \\|.*\\n \\| \\| \\(5\\) second 'free' here; first 'free' was at \\(2\\).*\\n \\|.*\\n"
FAIL: gcc.dg/analyzer/analyzer-verbosity-1.c (test for excess errors)
FAIL: gcc.dg/analyzer/analyzer-verbosity-1.c expected multiline pattern lines 109-160 not found: " NN \\| free \\(ptr\\);.*\\n \\| \\^~~~~~~~~~\\n 'test_2': events 1-2.*\\n \\|.*\\n \\| NN \\| void test_2 \\(void \\*ptr, int a, int b\\).*\\n \\| \\| \\^~~~~~\\n \\| \\| \\|.*\\n \\| \\| \\(1\\) entry to 'test_2'.*\\n \\|\\.\\.\\.\\.\\.\\..*\\n \\| NN \\| calls_free_2 \\(ptr\\);.*\\n \\| \\| ~~~~~~~~~~~~~~~~~~\\n \\| \\| \\|.*\\n \\| \\| \\(2\\) calling 'calls_free_2' from 'test_2'.*\\n \\|.*\\n \\+--> 'calls_free_2': events 3-4.*\\n \\|.*\\n \\| NN \\| void calls_free_2 \\(void \\*ptr\\).*\\n \\| \\| \\^~~~~~~~~~~~\\n \\| \\| \\|.*\\n \\| \\| \\(3\\) entry to 'calls_free_2'.*\\n \\| NN \\| \\{.*\\n \\| NN \\| free \\(ptr\\);.*\\n \\| \\| ~~~~~
~~~~~\\n \\| \\| \\|.*\\n \\| \\| \\(4\\) first 'free' here.*\\n \\|.*\\n <------\\+.*\\n \\|.*\\n 'test_2': events 5-6.*\\n \\|.*\\n \\| NN \\| calls_free_2 \\(ptr\\);.*\\n \\| \\| \\^~~~~~~~~~~~~~~~~~\\n \\| \\| \\|.*\\n \\| \\| \\(5\\) returning to 'test_2' from 'calls_free_2'.*\\n \\|\\.\\.\\.\\.\\.\\..*\\n \\| NN \\| calls_free_2 \\(ptr\\);.*\\n \\| \\| ~~~~~~~~~~~~~~~~~~\\n \\| \\| \\|.*\\n \\| \\| \\(6\\) passing freed pointer 'ptr' in call to 'calls_free_2' from 'test_2'.*\\n \\|.*\\n \\+--> 'calls_free_2': events 7-8.*\\n \\|.*\\n \\| NN \\| void calls_free_2 \\(void \\*ptr\\).*\\n \\| \\| \\^~~~~~~~~~~~\\n \\| \\| \\|.*\\n \\| \\| \\(7\\) entry to 'calls_free_2'.*\\n \\| NN \\| \\{.*\\n \\| NN \\| fre
e \\(ptr\\);.*\\n \\| \\| ~!
~~~~~~~~~\\n \\| \\| \\|.*\\n \\| \\| \\(8\\) second 'free' here; first 'free' was at \\(4\\).*\\n \\|.*\\n"
FAIL: gcc.dg/analyzer/analyzer-verbosity-1.c expected multiline pattern lines 24-75 not found: "\\s*NN \\| free \\(ptr\\);.*\\n \\| \\^~~~~~~~~~\\n 'test_1': events 1-2.*\\n \\|.*\\n \\| NN \\| void test_1 \\(void \\*ptr, int a, int b\\).*\\n \\| \\| \\^~~~~~\\n \\| \\| \\|.*\\n \\| \\| \\(1\\) entry to 'test_1'.*\\n \\|\\.\\.\\.\\.\\.\\..*\\n \\| NN \\| calls_free_1 \\(ptr\\);.*\\n \\| \\| ~~~~~~~~~~~~~~~~~~\\n \\| \\| \\|.*\\n \\| \\| \\(2\\) calling 'calls_free_1' from 'test_1'.*\\n \\|.*\\n \\+--> 'calls_free_1': events 3-4.*\\n \\|.*\\n \\| NN \\| void calls_free_1 \\(void \\*ptr\\).*\\n \\| \\| \\^~~~~~~~~~~~\\n \\| \\| \\|.*\\n \\| \\| \\(3\\) entry to 'calls_free_1'.*\\n \\| NN \\| \\{.*\\n \\| NN \\| free \\(ptr\\);.*\\n \\| \\| ~~~~~~~~~~\\n
\\| \\| \\|.*\\n \\| \\| \\(4\\) first 'free' here.*\\n \\|.*\\n <------\\+.*\\n \\|.*\\n 'test_1': events 5-6.*\\n \\|.*\\n \\| NN \\| calls_free_1 \\(ptr\\);.*\\n \\| \\| \\^~~~~~~~~~~~~~~~~~\\n \\| \\| \\|.*\\n \\| \\| \\(5\\) returning to 'test_1' from 'calls_free_1'.*\\n \\|\\.\\.\\.\\.\\.\\..*\\n \\| NN \\| calls_free_1 \\(ptr\\);.*\\n \\| \\| ~~~~~~~~~~~~~~~~~~\\n \\| \\| \\|.*\\n \\| \\| \\(6\\) passing freed pointer 'ptr' in call to 'calls_free_1' from 'test_1'.*\\n \\|.*\\n \\+--> 'calls_free_1': events 7-8.*\\n \\|.*\\n \\| NN \\| void calls_free_1 \\(void \\*ptr\\).*\\n \\| \\| \\^~~~~~~~~~~~\\n \\| \\| \\|.*\\n \\| \\| \\(7\\) entry to 'calls_free_1'.*\\n \\| NN \\| \\{.*\\n \\| NN \\| free \\(ptr\\);.*\\n
\\| \\| ~~~~~~~~~~\\n \\!
| \\| \\|.*\\n \\| \\| \\(8\\) second 'free' here; first 'free' was at \\(4\\).*\\n \\|.*\\n"
FAIL: gcc.dg/analyzer/analyzer-verbosity-2.c (test for excess errors)
FAIL: gcc.dg/analyzer/analyzer-verbosity-2.c expected multiline pattern lines 120-189 not found: " NN \\| free \\(ptr\\);.*\\n \\| \\^~~~~~~~~~\\n 'test_2': events 1-4.*\\n \\|.*\\n \\| NN \\| void test_2 \\(void \\*ptr, int a, int b\\).*\\n \\| \\| \\^~~~~~\\n \\| \\| \\|.*\\n \\| \\| \\(1\\) entry to 'test_2'.*\\n \\| NN \\| \\{.*\\n \\| NN \\| switch \\(a\\).*\\n \\| \\| ~~~~~~\\n \\| \\| \\|.*\\n \\| \\| \\(2\\) following 'case 3:' branch\\.\\.\\..*\\n \\|\\.\\.\\.\\.\\.\\..*\\n \\| NN \\| case 3:.*\\n \\| \\| ~~~~\\n \\| \\| \\|.*\\n \\| \\| \\(3\\) \\.\\.\\.to here.*\\n \\| NN \\| calls_free_2 \\(ptr\\);.*\\n \\| \\| ~~~~~~~~~~~~~~~~~~\\n \\| \\| \\|.*\\n \\| \\| \\(4\\) calling 'calls_free_2' from 'test_2'.*\\n \\|.*\\n \\+--> 'calls_free_2': events 5-6.*\\n \\|.
*\\n \\| NN \\| void calls_free_2 \\(void \\*ptr\\).*\\n \\| \\| \\^~~~~~~~~~~~\\n \\| \\| \\|.*\\n \\| \\| \\(5\\) entry to 'calls_free_2'.*\\n \\| NN \\| \\{.*\\n \\| NN \\| free \\(ptr\\);.*\\n \\| \\| ~~~~~~~~~~\\n \\| \\| \\|.*\\n \\| \\| \\(6\\) first 'free' here.*\\n \\|.*\\n <------\\+.*\\n \\|.*\\n 'test_2': events 7-10.*\\n \\|.*\\n \\| NN \\| calls_free_2 \\(ptr\\);.*\\n \\| \\| \\^~~~~~~~~~~~~~~~~~\\n \\| \\| \\|.*\\n \\| \\| \\(7\\) returning to 'test_2' from 'calls_free_2'.*\\n \\|\\.\\.\\.\\.\\.\\..*\\n \\| NN \\| switch \\(b\\).*\\n \\| \\| ~~~~~~\\n \\| \\| \\|.*\\n \\| \\| \\(8\\) following 'default:' branch\\.\\.\\..*\\n \\| NN \\| \\{.*\\n \\| NN \\| default:.*\\n \\| \\| ~~~~
~~~\\n \\| \\| \\|.*\\n \\| !
\\| \\(9\\) \\.\\.\\.to here.*\\n \\| NN \\| calls_free_2 \\(ptr\\);.*\\n \\| \\| ~~~~~~~~~~~~~~~~~~\\n \\| \\| \\|.*\\n \\| \\| \\(10\\) passing freed pointer 'ptr' in call to 'calls_free_2' from 'test_2'.*\\n \\|.*\\n \\+--> 'calls_free_2': events 11-12.*\\n \\|.*\\n \\| NN \\| void calls_free_2 \\(void \\*ptr\\).*\\n \\| \\| \\^~~~~~~~~~~~\\n \\| \\| \\|.*\\n \\| \\| \\(11\\) entry to 'calls_free_2'.*\\n \\| NN \\| \\{.*\\n \\| NN \\| free \\(ptr\\);.*\\n \\| \\| ~~~~~~~~~~\\n \\| \\| \\|.*\\n \\| \\| \\(12\\) second 'free' here; first 'free' was at \\(6\\).*\\n \\|.*\\n"
FAIL: gcc.dg/analyzer/analyzer-verbosity-2.c expected multiline pattern lines 24-86 not found: "\\s*NN \\| free \\(ptr\\);.*\\n \\| \\^~~~~~~~~~\\n 'test_1': events 1-4.*\\n \\|.*\\n \\| NN \\| void test_1 \\(void \\*ptr, int a, int b\\).*\\n \\| \\| \\^~~~~~\\n \\| \\| \\|.*\\n \\| \\| \\(1\\) entry to 'test_1'.*\\n \\| NN \\| \\{.*\\n \\| NN \\| if \\(a\\).*\\n \\| \\| ~\\n \\| \\| \\|.*\\n \\| \\| \\(2\\) following 'true' branch \\(when 'a != 0'\\)\\.\\.\\..*\\n \\| NN \\| calls_free_1 \\(ptr\\);.*\\n \\| \\| ~~~~~~~~~~~~~~~~~~\\n \\| \\| \\|.*\\n \\| \\| \\(3\\) \\.\\.\\.to here.*\\n \\| \\| \\(4\\) calling 'calls_free_1' from 'test_1'.*\\n \\|.*\\n \\+--> 'calls_free_1': events 5-6.*\\n \\|.*\\n \\| NN \\| void calls_free_1 \\(void \\*ptr\\).*\\n \\| \\| \\^~~~~~~~~~~~\
\n \\| \\| \\|.*\\n \\| \\| \\(5\\) entry to 'calls_free_1'.*\\n \\| NN \\| \\{.*\\n \\| NN \\| free \\(ptr\\);.*\\n \\| \\| ~~~~~~~~~~\\n \\| \\| \\|.*\\n \\| \\| \\(6\\) first 'free' here.*\\n \\|.*\\n <------\\+.*\\n \\|.*\\n 'test_1': events 7-10.*\\n \\|.*\\n \\| NN \\| calls_free_1 \\(ptr\\);.*\\n \\| \\| \\^~~~~~~~~~~~~~~~~~\\n \\| \\| \\|.*\\n \\| \\| \\(7\\) returning to 'test_1' from 'calls_free_1'.*\\n \\| NN \\| .*\\n \\| NN \\| if \\(b\\).*\\n \\| \\| ~\\n \\| \\| \\|.*\\n \\| \\| \\(8\\) following 'false' branch \\(when 'b == 0'\\)\\.\\.\\..*\\n \\|\\.\\.\\.\\.\\.\\..*\\n \\| NN \\| calls_free_1 \\(ptr\\);.*\\n \\| \\| ~~~~~~~~~~~~~~~~~~\\n \\| \\| \\|.*\\n \\| \\| \\(9\\) \\.\\.\\.to here.*\\
n \\| \\| \\(10\\) passing freed!
pointer 'ptr' in call to 'calls_free_1' from 'test_1'.*\\n \\|.*\\n \\+--> 'calls_free_1': events 11-12.*\\n \\|.*\\n \\| NN \\| void calls_free_1 \\(void \\*ptr\\).*\\n \\| \\| \\^~~~~~~~~~~~\\n \\| \\| \\|.*\\n \\| \\| \\(11\\) entry to 'calls_free_1'.*\\n \\| NN \\| \\{.*\\n \\| NN \\| free \\(ptr\\);.*\\n \\| \\| ~~~~~~~~~~\\n \\| \\| \\|.*\\n \\| \\| \\(12\\) second 'free' here; first 'free' was at \\(6\\).*\\n \\|.*\\n"
FAIL: gcc.dg/analyzer/analyzer-verbosity-3.c (test for excess errors)
FAIL: gcc.dg/analyzer/analyzer-verbosity-3.c expected multiline pattern lines 120-189 not found: " NN \\| free \\(ptr\\);.*\\n \\| \\^~~~~~~~~~\\n 'test_2': events 1-4.*\\n \\|.*\\n \\| NN \\| void test_2 \\(void \\*ptr, int a, int b\\).*\\n \\| \\| \\^~~~~~\\n \\| \\| \\|.*\\n \\| \\| \\(1\\) entry to 'test_2'.*\\n \\| NN \\| \\{.*\\n \\| NN \\| switch \\(a\\).*\\n \\| \\| ~~~~~~\\n \\| \\| \\|.*\\n \\| \\| \\(2\\) following 'case 3:' branch\\.\\.\\..*\\n \\|\\.\\.\\.\\.\\.\\..*\\n \\| NN \\| case 3:.*\\n \\| \\| ~~~~\\n \\| \\| \\|.*\\n \\| \\| \\(3\\) \\.\\.\\.to here.*\\n \\| NN \\| calls_free_2 \\(ptr\\);.*\\n \\| \\| ~~~~~~~~~~~~~~~~~~\\n \\| \\| \\|.*\\n \\| \\| \\(4\\) calling 'calls_free_2' from 'test_2'.*\\n \\|.*\\n \\+--> 'calls_free_2': events 5-6.*\\n \\|.
*\\n \\| NN \\| void calls_free_2 \\(void \\*ptr\\).*\\n \\| \\| \\^~~~~~~~~~~~\\n \\| \\| \\|.*\\n \\| \\| \\(5\\) entry to 'calls_free_2'.*\\n \\| NN \\| \\{.*\\n \\| NN \\| free \\(ptr\\);.*\\n \\| \\| ~~~~~~~~~~\\n \\| \\| \\|.*\\n \\| \\| \\(6\\) first 'free' here.*\\n \\|.*\\n <------\\+.*\\n \\|.*\\n 'test_2': events 7-10.*\\n \\|.*\\n \\| NN \\| calls_free_2 \\(ptr\\);.*\\n \\| \\| \\^~~~~~~~~~~~~~~~~~\\n \\| \\| \\|.*\\n \\| \\| \\(7\\) returning to 'test_2' from 'calls_free_2'.*\\n \\|\\.\\.\\.\\.\\.\\..*\\n \\| NN \\| switch \\(b\\).*\\n \\| \\| ~~~~~~\\n \\| \\| \\|.*\\n \\| \\| \\(8\\) following 'default:' branch\\.\\.\\..*\\n \\| NN \\| \\{.*\\n \\| NN \\| default:.*\\n \\| \\| ~~~~
~~~\\n \\| \\| \\|.*\\n \\| !
\\| \\(9\\) \\.\\.\\.to here.*\\n \\| NN \\| calls_free_2 \\(ptr\\);.*\\n \\| \\| ~~~~~~~~~~~~~~~~~~\\n \\| \\| \\|.*\\n \\| \\| \\(10\\) passing freed pointer 'ptr' in call to 'calls_free_2' from 'test_2'.*\\n \\|.*\\n \\+--> 'calls_free_2': events 11-12.*\\n \\|.*\\n \\| NN \\| void calls_free_2 \\(void \\*ptr\\).*\\n \\| \\| \\^~~~~~~~~~~~\\n \\| \\| \\|.*\\n \\| \\| \\(11\\) entry to 'calls_free_2'.*\\n \\| NN \\| \\{.*\\n \\| NN \\| free \\(ptr\\);.*\\n \\| \\| ~~~~~~~~~~\\n \\| \\| \\|.*\\n \\| \\| \\(12\\) second 'free' here; first 'free' was at \\(6\\).*\\n \\|.*\\n"
FAIL: gcc.dg/analyzer/analyzer-verbosity-3.c expected multiline pattern lines 24-86 not found: "\\s*NN \\| free \\(ptr\\);.*\\n \\| \\^~~~~~~~~~\\n 'test_1': events 1-4.*\\n \\|.*\\n \\| NN \\| void test_1 \\(void \\*ptr, int a, int b\\).*\\n \\| \\| \\^~~~~~\\n \\| \\| \\|.*\\n \\| \\| \\(1\\) entry to 'test_1'.*\\n \\| NN \\| \\{.*\\n \\| NN \\| if \\(a\\).*\\n \\| \\| ~\\n \\| \\| \\|.*\\n \\| \\| \\(2\\) following 'true' branch \\(when 'a != 0'\\)\\.\\.\\..*\\n \\| NN \\| calls_free_1 \\(ptr\\);.*\\n \\| \\| ~~~~~~~~~~~~~~~~~~\\n \\| \\| \\|.*\\n \\| \\| \\(3\\) \\.\\.\\.to here.*\\n \\| \\| \\(4\\) calling 'calls_free_1' from 'test_1'.*\\n \\|.*\\n \\+--> 'calls_free_1': events 5-6.*\\n \\|.*\\n \\| NN \\| void calls_free_1 \\(void \\*ptr\\).*\\n \\| \\| \\^~~~~~~~~~~~\
\n \\| \\| \\|.*\\n \\| \\| \\(5\\) entry to 'calls_free_1'.*\\n \\| NN \\| \\{.*\\n \\| NN \\| free \\(ptr\\);.*\\n \\| \\| ~~~~~~~~~~\\n \\| \\| \\|.*\\n \\| \\| \\(6\\) first 'free' here.*\\n \\|.*\\n <------\\+.*\\n \\|.*\\n 'test_1': events 7-10.*\\n \\|.*\\n \\| NN \\| calls_free_1 \\(ptr\\);.*\\n \\| \\| \\^~~~~~~~~~~~~~~~~~\\n \\| \\| \\|.*\\n \\| \\| \\(7\\) returning to 'test_1' from 'calls_free_1'.*\\n \\| NN \\| .*\\n \\| NN \\| if \\(b\\).*\\n \\| \\| ~\\n \\| \\| \\|.*\\n \\| \\| \\(8\\) following 'false' branch \\(when 'b == 0'\\)\\.\\.\\..*\\n \\|\\.\\.\\.\\.\\.\\..*\\n \\| NN \\| calls_free_1 \\(ptr\\);.*\\n \\| \\| ~~~~~~~~~~~~~~~~~~\\n \\| \\| \\|.*\\n \\| \\| \\(9\\) \\.\\.\\.to here.*\\
n \\| \\| \\(10\\) passing freed!
pointer 'ptr' in call to 'calls_free_1' from 'test_1'.*\\n \\|.*\\n \\+--> 'calls_free_1': events 11-12.*\\n \\|.*\\n \\| NN \\| void calls_free_1 \\(void \\*ptr\\).*\\n \\| \\| \\^~~~~~~~~~~~\\n \\| \\| \\|.*\\n \\| \\| \\(11\\) entry to 'calls_free_1'.*\\n \\| NN \\| \\{.*\\n \\| NN \\| free \\(ptr\\);.*\\n \\| \\| ~~~~~~~~~~\\n \\| \\| \\|.*\\n \\| \\| \\(12\\) second 'free' here; first 'free' was at \\(6\\).*\\n \\|.*\\n"
FAIL: gcc.dg/analyzer/capacity-1.c (test for excess errors)
FAIL: gcc.dg/analyzer/capacity-3.c (test for excess errors)
FAIL: gcc.dg/analyzer/data-model-path-1.c (test for warnings, line 11)
FAIL: gcc.dg/analyzer/function-ptr-2.c (test for excess errors)
FAIL: gcc.dg/analyzer/getchar-1.c (test for excess errors)
FAIL: gcc.dg/analyzer/malloc-callbacks.c (test for warnings, line 29)
FAIL: gcc.dg/analyzer/malloc-callbacks.c (test for warnings, line 30)
FAIL: gcc.dg/analyzer/malloc-callbacks.c (test for warnings, line 36)
FAIL: gcc.dg/analyzer/malloc-callbacks.c (test for warnings, line 37)
FAIL: gcc.dg/analyzer/malloc-callbacks.c (test for warnings, line 43)
FAIL: gcc.dg/analyzer/malloc-callbacks.c (test for warnings, line 55)
FAIL: gcc.dg/analyzer/malloc-callbacks.c (test for warnings, line 56)
FAIL: gcc.dg/analyzer/malloc-callbacks.c (test for warnings, line 64)
FAIL: gcc.dg/analyzer/malloc-callbacks.c (test for warnings, line 66)
XPASS: gcc.dg/analyzer/malloc-callbacks.c (test for warnings, line 72)
FAIL: gcc.dg/analyzer/malloc-ipa-10.c (test for warnings, line 29)
FAIL: gcc.dg/analyzer/malloc-ipa-11.c (test for excess errors)
FAIL: gcc.dg/analyzer/malloc-ipa-11.c expected multiline pattern lines 32-95 not found: "\\s*NN \\| free \\(victim\\);.*\\n \\| \\^~~~~~~~~~~~~\\n 'test': events 1-2.*\\n \\|.*\\n \\| NN \\| void test \\(void \\*ptr\\).*\\n \\| \\| \\^~~~\\n \\| \\| \\|.*\\n \\| \\| \\(1\\) entry to 'test'.*\\n \\|\\.\\.\\.\\.\\.\\..*\\n \\| NN \\| may_call_free \\(ptr\\);.*\\n \\| \\| ~~~~~~~~~~~~~~~~~~~\\n \\| \\| \\|.*\\n \\| \\| \\(2\\) calling 'may_call_free' from 'test'.*\\n \\|.*\\n \\+--> 'may_call_free': events 3-6.*\\n \\|.*\\n \\| NN \\| may_call_free \\(void \\*victim\\).*\\n \\| \\| \\^~~~~~~~~~~~~\\n \\| \\| \\|.*\\n \\| \\| \\(3\\) entry to 'may_call_free'.*\\n \\| NN \\| \\{.*\\n \\| NN \\| if \\(some_condition \\(\\)\\).*\\n \\| \\| ~\\n \\| \\| \\|.*\
\n \\| \\| \\(4\\) following 'false' branch\\.\\.\\..*\\n \\|\\.\\.\\.\\.\\.\\..*\\n \\| NN \\| free \\(victim\\);.*\\n \\| \\| ~~~~~~~~~~~~~\\n \\| \\| \\|.*\\n \\| \\| \\(5\\) \\.\\.\\.to here.*\\n \\| \\| \\(6\\) first 'free' here.*\\n \\|.*\\n <------\\+.*\\n \\|.*\\n 'test': events 7-8.*\\n \\|.*\\n \\| NN \\| may_call_free \\(ptr\\);.*\\n \\| \\| \\^~~~~~~~~~~~~~~~~~~\\n \\| \\| \\|.*\\n \\| \\| \\(7\\) returning to 'test' from 'may_call_free'.*\\n \\|\\.\\.\\.\\.\\.\\..*\\n \\| NN \\| may_call_free \\(ptr\\);.*\\n \\| \\| ~~~~~~~~~~~~~~~~~~~\\n \\| \\| \\|.*\\n \\| \\| \\(8\\) passing freed pointer 'ptr' in call to 'may_call_free' from 'test'.*\\n \\|.*\\n \\+--> 'may_call_free': events 9-12.*\\n \\|.*\\n \\| NN \\| may_call_free \\(void \\*vi
ctim\\).*\\n \\| \\| \\^~~~~~!
~~~~~~~\\n \\| \\| \\|.*\\n \\| \\| \\(9\\) entry to 'may_call_free'.*\\n \\| NN \\| \\{.*\\n \\| NN \\| if \\(some_condition \\(\\)\\).*\\n \\| \\| ~\\n \\| \\| \\|.*\\n \\| \\| \\(10\\) following 'false' branch\\.\\.\\..*\\n \\|\\.\\.\\.\\.\\.\\..*\\n \\| NN \\| free \\(victim\\);.*\\n \\| \\| ~~~~~~~~~~~~~\\n \\| \\| \\|.*\\n \\| \\| \\(11\\) \\.\\.\\.to here.*\\n \\| \\| \\(12\\) second 'free' here; first 'free' was at \\(6\\).*\\n \\|.*\\n"
FAIL: gcc.dg/analyzer/malloc-ipa-13.c (test for warnings, line 26)
FAIL: gcc.dg/analyzer/malloc-ipa-13a.c (test for warnings, line 36)
FAIL: gcc.dg/analyzer/malloc-ipa-2.c (test for warnings, line 28)
FAIL: gcc.dg/analyzer/malloc-ipa-5.c (test for warnings, line 10)
FAIL: gcc.dg/analyzer/malloc-ipa-8-double-free.c (test for excess errors)
FAIL: gcc.dg/analyzer/malloc-ipa-8-double-free.c expected multiline pattern lines 50-191 not found: "\\s*NN \\| free \\(ptr\\);.*\\n \\| \\^~~~~~~~~~\\n 'test': events 1-2.*\\n \\|.*\\n \\| NN \\| void test \\(int i\\).*\\n \\| \\| \\^~~~\\n \\| \\| \\|.*\\n \\| \\| \\(1\\) entry to 'test'.*\\n \\| NN \\| \\{.*\\n \\| NN \\| boxed_int \\*obj = make_boxed_int \\(i\\);.*\\n \\| \\| ~~~~~~~~~~~~~~~~~~\\n \\| \\| \\|.*\\n \\| \\| \\(2\\) calling 'make_boxed_int' from 'test'.*\\n \\|.*\\n \\+--> 'make_boxed_int': events 3-4.*\\n \\|.*\\n \\| NN \\| make_boxed_int \\(int i\\).*\\n \\| \\| \\^~~~~~~~~~~~~~\\n \\| \\| \\|.*\\n \\| \\| \\(3\\) entry to 'make_boxed_int'.*\\n \\| NN \\| \\{.*\\n \\| NN \\| boxed_int \\*result = \\(boxed_int \\*\\)wra
pped_malloc \\(sizeof \\(boxed_int\\)\\);.*\\n \\| \\| ~~~~~~~~~~~~~~~~~~~~~~~~~~~~~~~~~~~\\n \\| \\| \\|.*\\n \\| \\| \\(4\\) calling 'wrapped_malloc' from 'make_boxed_int'.*\\n \\|.*\\n \\+--> 'wrapped_malloc': events 5-6.*\\n \\|.*\\n \\| NN \\| void \\*wrapped_malloc \\(size_t size\\).*\\n \\| \\| \\^~~~~~~~~~~~~~\\n \\| \\| \\|.*\\n \\| \\| \\(5\\) entry to 'wrapped_malloc'.*\\n \\| NN \\| \\{.*\\n \\| NN \\| return malloc \\(size\\);.*\\n \\| \\| ~~~~~~~~~~~~~\\n \\| \\| \\|.*\\n \\| \\| \\(6\\) allocated here.*\\n \\|.*\\n <------\\+.
*\\n \\|.*\\n 'make_boxed_!
int': events 7-10.*\\n \\|.*\\n \\| NN \\| boxed_int \\*result = \\(boxed_int \\*\\)wrapped_malloc \\(sizeof \\(boxed_int\\)\\);.*\\n \\| \\| \\^~~~~~~~~~~~~~~~~~~~~~~~~~~~~~~~~~~\\n \\| \\| \\|.*\\n \\| \\| \\(7\\) returning to 'make_boxed_int' from 'wrapped_malloc'.*\\n \\| NN \\| if \\(!result\\).*\\n \\| \\| ~ .*\\n \\| \\| \\|.*\\n \\| \\| \\(8\\) assuming 'result' is non-NULL.*\\n \\| \\| \\(9\\) following 'false' branch \\(when 'result' is non-NULL\\)\\.\\.\\..*\\n \\| NN \\| abort \\(\\);.*\\n \\| NN \\| result->i = i;.*\\n \\| \\| ~~~~~~~~~~~~~ .*\\n \\| \\| \\|.*\\n \\| \\|
\\(10\\) \\.\\.\\.to here.*\\n \\|.*\\n <------\\+.*\\n \\|.*\\n 'test': events 11-12.*\\n \\|.*\\n \\| NN \\| boxed_int \\*obj = make_boxed_int \\(i\\);.*\\n \\| \\| \\^~~~~~~~~~~~~~~~~~\\n \\| \\| \\|.*\\n \\| \\| \\(11\\) returning to 'test' from 'make_boxed_int'.*\\n \\| NN \\| .*\\n \\| NN \\| free_boxed_int \\(obj\\);.*\\n \\| \\| ~~~~~~~~~~~~~~~~~~~~\\n \\| \\| \\|.*\\n \\| \\| \\(12\\) calling 'free_boxed_int' from 'test'.*\\n \\|.*\\n \\+--> 'free_boxed_int': events 13-14.*\\n \\|.*\\n \\| NN \\| free_boxed_int \\(boxed_int \\*bi\\).*\\n \\| \\| \\^~~~~~~~~~~~~~\\n \\| \\| \\|.*\\n \\| \\| \\(13\\) entry to 'free_boxed_int'.*\\n \\| NN \\| \\{.*\\n \\| NN \\| wrapped_free \\(bi\\);.*\\n \\| \\| ~~~~~~
~~~~~~~~~~~\\n \\| \\| \\|.*\\n !
\\| \\| \\(14\\) calling 'wrapped_free' from 'free_boxed_int'.*\\n \\|.*\\n \\+--> 'wrapped_free': events 15-16.*\\n \\|.*\\n \\| NN \\| void wrapped_free \\(void \\*ptr\\).*\\n \\| \\| \\^~~~~~~~~~~~\\n \\| \\| \\|.*\\n \\| \\| \\(15\\) entry to 'wrapped_free'.*\\n \\| NN \\| \\{.*\\n \\| NN \\| free \\(ptr\\);.*\\n \\| \\| ~~~~~~~~~~\\n \\| \\| \\|.*\\n \\| \\| \\(16\\) first 'free' here.*\\n \\|.*\\n <------\\+.*\\n \\|.*\\n 'free_boxed_int': event 17.*\\n \\|.*\\n \\| NN \\| wrapped_free \\(bi\\);.*\\n \\| \\| \\^~~~~~~~~~~~~~~~~\\n \\| \\| \\|.*\\n \\| \\| \\(17\\) returning to 'free_boxed_int' from 'wr
apped_free'.*\\n \\|.*\\n <------\\+.*\\n \\|.*\\n 'test': events 18-19.*\\n \\|.*\\n \\| NN \\| free_boxed_int \\(obj\\);.*\\n \\| \\| \\^~~~~~~~~~~~~~~~~~~~\\n \\| \\| \\|.*\\n \\| \\| \\(18\\) returning to 'test' from 'free_boxed_int'.*\\n \\| NN \\| .*\\n \\| NN \\| free_boxed_int \\(obj\\);.*\\n \\| \\| ~~~~~~~~~~~~~~~~~~~~\\n \\| \\| \\|.*\\n \\| \\| \\(19\\) passing freed pointer 'obj' in call to 'free_boxed_int' from 'test'.*\\n \\|.*\\n \\+--> 'free_boxed_int': events 20-21.*\\n \\|.*\\n \\| NN \\| free_boxed_int \\(boxed_int \\*bi\\).*\\n \\| \\| \\^~~~~~~~~~~~~~\\n \\| \\| \\|.*\\n \\| \\| \\(20\\) entry to 'free_boxed_int'.*\\n \\| NN \\| \\{.*\\n \\| NN \\| wrapped_free \\(bi\\);.*\\n \\| \\| ~~~~~~~~~~~~~~~~~\\n \\| \\| \\|.*\\n \\
| \\| \\(21\\) passing freed pointer 'bi' in c!
all to 'wrapped_free' from 'free_boxed_int'.*\\n \\|.*\\n \\+--> 'wrapped_free': events 22-23.*\\n \\|.*\\n \\| NN \\| void wrapped_free \\(void \\*ptr\\).*\\n \\| \\| \\^~~~~~~~~~~~\\n \\| \\| \\|.*\\n \\| \\| \\(22\\) entry to 'wrapped_free'.*\\n \\| NN \\| \\{.*\\n \\| NN \\| free \\(ptr\\);.*\\n \\| \\| ~~~~~~~~~~\\n \\| \\| \\|.*\\n \\| \\| \\(23\\) second 'free' here; first 'free' was at \\(16\\).*\\n \\|.*\\n"
FAIL: gcc.dg/analyzer/malloc-ipa-8-unchecked.c (test for excess errors)
FAIL: gcc.dg/analyzer/malloc-ipa-8-unchecked.c expected multiline pattern lines 28-66 not found: "\\s*NN \\| result->i = i;.*\\n \\| ~~~~~~~~~~\\^~~\\n 'make_boxed_int': events 1-2.*\\n \\|.*\\n \\| NN \\| make_boxed_int \\(int i\\).*\\n \\| \\| \\^~~~~~~~~~~~~~\\n \\| \\| \\|.*\\n \\| \\| \\(1\\) entry to 'make_boxed_int'.*\\n \\| NN \\| \\{.*\\n \\| NN \\| boxed_int \\*result = \\(boxed_int \\*\\)wrapped_malloc \\(sizeof \\(boxed_int\\)\\);.*\\n \\| \\| ~~~~~~~~~~~~~~~~~~~~~~~~~~~~~~~~~~~\\n \\| \\| \\|.*\\n \\| \\| \\(2\\) calling 'wrapped_malloc' from 'make_boxed_int'.*\\n \\|.*\\n \\+--> 'wrapped_malloc': events 3-4.*\\n \\|.*\\n \\| NN \\| void \\*wrapped_malloc \\(size_t size\\).*\\n \\| \\| \\^~~~~~~~~~~~~~\\n \\| \\| \\|.*\\n
\\| \\| \\(3\\) entry to 'wrapped_malloc'.*\\n \\| NN \\| \\{.*\\n \\| NN \\| return malloc \\(size\\);.*\\n \\| \\| ~~~~~~~~~~~~~\\n \\| \\| \\|.*\\n \\| \\| \\(4\\) this call could return NULL.*\\n \\|.*\\n <------\\+.*\\n \\|.*\\n 'make_boxed_int': events 5-6.*\\n \\|.*\\n \\| NN \\| boxed_int \\*result = \\(boxed_int \\*\\)wrapped_malloc \\(sizeof \\(boxed_int\\)\\);.*\\n \\| \\| \\^~~~~~~~~~~~~~~~~~~~~~~~~~~~~~~~~~~\\n \\| \\| \\|.*\\n \\| \\| \\(5\\) possible return of NULL to 'make_boxed_int' from 'wrapped_malloc'.*\\n \\| NN \\| result->i = i;.*\\n \\| \\| ~~~~~~~~~~~~~ .*\\n \\| \\| \\|.*\\n \\| \\| \\(6\\) 'result' could be NUL
L: unchecked value from \\(4\\).*\\n \\|.!
*\\n"
FAIL: gcc.dg/analyzer/pr101503.c (internal compiler error)
FAIL: gcc.dg/analyzer/pr101503.c (test for excess errors)
FAIL: gcc.dg/analyzer/sensitive-1.c (test for warnings, line 50)
FAIL: gcc.dg/analyzer/sensitive-1.c (test for warnings, line 60)
XPASS: gcc.dg/autopar/pr46799.c (test for excess errors)
XPASS: gcc.dg/debug/dwarf2/inline5.c scan-assembler-not \\\\(DIE \\\\(0x([0-9a-f]*)\\\\) DW_TAG_lexical_block\\\\)[^#/!@;\\\\|]*[#/!@;\\\\|]+ +DW_AT.*DW_TAG_lexical_block\\\\)[^#/!@;\\\\|x]*x\\\\1[^#/!@;\\\\|]*[#/!@;\\\\|] +DW_AT_abstract_origin
XPASS: gcc.dg/Wstringop-overflow-68.c pr101475 (test for warnings, line 63)
XPASS: gcc.dg/Wstringop-overflow-68.c pr101475 (test for warnings, line 64)
XPASS: gcc.dg/Wstringop-overflow-68.c pr101475 (test for warnings, line 65)
FAIL: gcc.dg/Wstringop-overflow-69.c (test for excess errors)
FAIL: gcc.dg/asm-names.c scan-assembler-not ____frob14
FAIL: gcc.dg/nextafter-2.c execution test
FAIL: gcc.dg/strlenopt-58.c scan-tree-dump-times optimized "call_in_true_branch_not_eliminated" 0
FAIL: gcc.dg/uninit-pred-9_b.c pr101674 (test for bogus messages, line 23)
FAIL: c-c++-common/goacc/firstprivate-mappings-1.c scan-tree-dump omplower "(?n)#pragma omp target oacc_parallel map\\\\(from:array_so \\\\[len: 4\\\\]\\\\) firstprivate\\\\(array_li.[0-9]+\\\\) map\\\\(tofrom:\\\\(\\\\*array.[0-9]+\\\\) \\\\[len: D\\\\.[0-9]+\\\\]\\\\) map\\\\(firstprivate:array \\\\[pointer assign, bias: 0\\\\]\\\\) \\\\["
XPASS: gcc.dg/graphite/pr42729.c (test for excess errors)
XPASS: gcc.dg/graphite/pr42917.c (test for excess errors)
XPASS: gcc.dg/graphite/pr69728.c scan-tree-dump graphite "loop nest optimized"
FAIL: gcc.dg/tls/alias-1.c (test for excess errors)
XPASS: gcc.dg/torture/pr59166.c -O0 (test for excess errors)
XPASS: gcc.dg/torture/pr59166.c -O1 (test for excess errors)
XPASS: gcc.dg/torture/pr59166.c -O2 (test for excess errors)
XPASS: gcc.dg/torture/pr59166.c -O3 -fomit-frame-pointer -funroll-loops -fpeel-loops -ftracer -finline-functions (test for excess errors)
XPASS: gcc.dg/torture/pr59166.c -Os (test for excess errors)
XPASS: gcc.dg/tree-ssa/cunroll-15.c scan-tree-dump optimized "return 1;"
FAIL: gcc.dg/tree-ssa/gen-vect-11c.c scan-tree-dump-times vect "vectorized 0 loops" 1
XPASS: gcc.dg/vect/costmodel/ppc/costmodel-fast-math-vect-pr29925.c scan-tree-dump-times vect "vectorization not profitable" 1
FAIL: gcc.dg/vect/slp-21.c scan-tree-dump-times vect "vectorizing stmts using SLP" 2
XPASS: gcc.dg/vect/slp-24-big-array.c scan-tree-dump-times vect "vectorized 1 loops" 1
XPASS: gcc.dg/vect/slp-24-big-array.c scan-tree-dump-times vect "vectorizing stmts using SLP" 2
XPASS: gcc.dg/vect/slp-24.c scan-tree-dump-times vect "vectorized 1 loops" 1
XPASS: gcc.dg/vect/slp-24.c scan-tree-dump-times vect "vectorizing stmts using SLP" 2
FAIL: gcc.target/powerpc/pragma-optimize.c (test for excess errors)
FAIL: gcc.target/powerpc/sse4_1-phminposuw.c (test for excess errors)
UNRESOLVED: gcc.target/powerpc/sse4_1-phminposuw.c compilation failed to produce executable
FAIL: gcc.target/powerpc/stack-limit.c (internal compiler error)
FAIL: gcc.target/powerpc/stack-limit.c (test for excess errors)
XPASS: gcc.target/powerpc/vsx-vectorize-4.c scan-tree-dump-times vect "Alignment of access forced using peeling" 0
XPASS: gcc.target/powerpc/vsx-vectorize-6.c scan-tree-dump-times vect "Alignment of access forced using peeling" 0
=== gcc Summary ===
# of expected passes 112408
# of unexpected failures 54
# of unexpected successes 22
# of expected failures 879
# of unresolved testcases 1
# of unsupported tests 3195
/tmp/GCC/gcc/xgcc version 12.0.0 20210819 (experimental) [src revision b0963c4379b:63a6e458e3d:91fd633bacb36fc92729b3b0df9bead0b0ae5b90] (GCC)
=== gfortran tests ===
Running target unix
FAIL: gfortran.dg/analyzer/pr96949.f90 -O (internal compiler error)
FAIL: gfortran.dg/analyzer/pr96949.f90 -O (test for excess errors)
FAIL: gfortran.dg/graphite/vect-pr40979.f90 -O scan-tree-dump-times vect "vectorized 1 loops" 1
FAIL: gfortran.dg/vect/fast-math-mgrid-resid.f -O scan-tree-dump pcom "vectp_u.*__lsm.* = PHI <.*vectp_u.*__lsm"
=== gfortran Summary ===
# of expected passes 57683
# of unexpected failures 4
# of expected failures 257
# of unsupported tests 476
/tmp/GCC/gcc/testsuite/gfortran/../../gfortran version 12.0.0 20210819 (experimental) [src revision b0963c4379b:63a6e458e3d:91fd633bacb36fc92729b3b0df9bead0b0ae5b90] (GCC)
=== libatomic tests ===
Running target unix
=== libatomic Summary ===
# of expected passes 44
# of unsupported tests 5
=== libgomp tests ===
Running target unix
FAIL: libgomp.fortran/appendix-a/a.28.2.f90 -Os execution test
FAIL: libgomp.fortran/async_io_2.f90 -O execution test
FAIL: libgomp.fortran/async_io_3.f90 -O0 execution test
FAIL: libgomp.fortran/async_io_3.f90 -O1 execution test
FAIL: libgomp.fortran/async_io_3.f90 -O2 execution test
FAIL: libgomp.fortran/async_io_3.f90 -O3 -fomit-frame-pointer -funroll-loops -fpeel-loops -ftracer -finline-functions execution test
FAIL: libgomp.fortran/async_io_3.f90 -O3 -g execution test
FAIL: libgomp.fortran/async_io_3.f90 -Os execution test
FAIL: libgomp.fortran/async_io_9.f90 -O0 execution test
FAIL: libgomp.fortran/async_io_9.f90 -O1 execution test
FAIL: libgomp.fortran/async_io_9.f90 -O2 execution test
FAIL: libgomp.fortran/async_io_9.f90 -O3 -fomit-frame-pointer -funroll-loops -fpeel-loops -ftracer -finline-functions execution test
FAIL: libgomp.fortran/async_io_9.f90 -O3 -g execution test
FAIL: libgomp.fortran/async_io_9.f90 -Os execution test
FAIL: libgomp.fortran/omp_workshare1.f -O execution test
FAIL: libgomp.fortran/omp_workshare2.f -O execution test
FAIL: libgomp.fortran/recursion1.f90 -O0 execution test
WARNING: program timed out.
FAIL: libgomp.fortran/recursion1.f90 -O1 execution test
FAIL: libgomp.fortran/recursion1.f90 -O2 execution test
FAIL: libgomp.fortran/recursion1.f90 -O3 -fomit-frame-pointer -funroll-loops -fpeel-loops -ftracer -finline-functions execution test
FAIL: libgomp.fortran/recursion1.f90 -O3 -g execution test
FAIL: libgomp.fortran/recursion1.f90 -Os execution test
FAIL: libgomp.fortran/strassen.f90 -O execution test
FAIL: libgomp.graphite/force-parallel-7.c execution test
=== libgomp Summary ===
# of expected passes 11423
# of unexpected failures 24
# of expected failures 104
# of unsupported tests 624
=== libstdc++ tests ===
Running target unix
FAIL: 23_containers/unordered_map/96088.cc execution test
FAIL: 23_containers/unordered_multimap/96088.cc execution test
FAIL: 23_containers/unordered_multiset/96088.cc execution test
FAIL: 23_containers/unordered_set/96088.cc execution test
=== libstdc++ Summary ===
# of expected passes 12893
# of unexpected failures 4
# of expected failures 101
# of unsupported tests 905
Compiler version: 12.0.0 20210819 (experimental) [src revision b0963c4379b:63a6e458e3d:91fd633bacb36fc92729b3b0df9bead0b0ae5b90] (GCC)
Platform: powerpc-ibm-aix7.2.3.0
configure flags: --disable-werror --enable-languages=c,c++,fortran --with-gmp=/nasfarm/edelsohn/install --with-isl=/nasfarm/edelsohn/install --with-libiconv-prefix=/nasfarm/edelsohn/install --disable-libstdcxx-pch --with-included-gettext --prefix=/nasfarm/edelsohn/install/GCC
More information about the Gcc-testresults
mailing list