Results for 12.0.0 20210818 (experimental) [master revision f0fca213bc5] (GCC) testsuite on m68k-unknown-linux-gnu

Andreas Schwab schwab@linux-m68k.org
Thu Aug 19 12:03:08 GMT 2021


LAST_UPDATED: Wed Aug 18 22:41:37 UTC 2021 (revision f0fca213bc5)

Target is m68k-unknown-linux-gnu
Host   is x86_64-suse-linux-gnu

		=== g++ tests ===


Running target aranym
FAIL: g++.dg/analyzer/malloc.C  -std=c++98  (test for warnings, line 24)
FAIL: g++.dg/analyzer/malloc.C  -std=c++14  (test for warnings, line 24)
FAIL: g++.dg/analyzer/malloc.C  -std=c++17  (test for warnings, line 24)
FAIL: g++.dg/analyzer/malloc.C  -std=c++2a  (test for warnings, line 24)
FAIL: g++.dg/analyzer/pr96641.C  -std=c++98 (test for excess errors)
FAIL: g++.dg/analyzer/pr96641.C  -std=c++14 (test for excess errors)
FAIL: g++.dg/analyzer/pr96641.C  -std=c++17 (test for excess errors)
FAIL: g++.dg/analyzer/pr96641.C  -std=c++2a (test for excess errors)
FAIL: g++.dg/cdce3.C  -std=gnu++98  scan-tree-dump cdce "cdce3.C:106: .* function call is shrink-wrapped into error conditions."
FAIL: g++.dg/cdce3.C  -std=gnu++14  scan-tree-dump cdce "cdce3.C:106: .* function call is shrink-wrapped into error conditions."
FAIL: g++.dg/cdce3.C  -std=gnu++17  scan-tree-dump cdce "cdce3.C:106: .* function call is shrink-wrapped into error conditions."
FAIL: g++.dg/cdce3.C  -std=gnu++2a  scan-tree-dump cdce "cdce3.C:106: .* function call is shrink-wrapped into error conditions."
FAIL: g++.dg/pr53037-1.C  -std=gnu++98  (test for warnings, line 38)
FAIL: g++.dg/pr53037-1.C  -std=gnu++98  (test for warnings, line 71)
FAIL: g++.dg/pr53037-1.C  -std=gnu++98 (test for excess errors)
FAIL: g++.dg/pr53037-1.C  -std=gnu++14  (test for warnings, line 38)
FAIL: g++.dg/pr53037-1.C  -std=gnu++14  (test for warnings, line 71)
FAIL: g++.dg/pr53037-1.C  -std=gnu++14 (test for excess errors)
FAIL: g++.dg/pr53037-1.C  -std=gnu++17  (test for warnings, line 38)
FAIL: g++.dg/pr53037-1.C  -std=gnu++17  (test for warnings, line 71)
FAIL: g++.dg/pr53037-1.C  -std=gnu++17 (test for excess errors)
FAIL: g++.dg/pr53037-1.C  -std=gnu++2a  (test for warnings, line 38)
FAIL: g++.dg/pr53037-1.C  -std=gnu++2a  (test for warnings, line 71)
FAIL: g++.dg/pr53037-1.C  -std=gnu++2a (test for excess errors)
FAIL: g++.dg/opt/store-merging-1.C  -std=gnu++98  scan-tree-dump store-merging "New sequence of [12] stores to replace old one of 2 stores"
FAIL: g++.dg/opt/store-merging-1.C  -std=gnu++14  scan-tree-dump store-merging "New sequence of [12] stores to replace old one of 2 stores"
FAIL: g++.dg/opt/store-merging-1.C  -std=gnu++17  scan-tree-dump store-merging "New sequence of [12] stores to replace old one of 2 stores"
FAIL: g++.dg/opt/store-merging-1.C  -std=gnu++2a  scan-tree-dump store-merging "New sequence of [12] stores to replace old one of 2 stores"
FAIL: g++.dg/warn/Wplacement-new-size-1.C  -std=gnu++98 (test for excess errors)
FAIL: g++.dg/warn/Wplacement-new-size-1.C  -std=gnu++14 (test for excess errors)
FAIL: g++.dg/warn/Wplacement-new-size-1.C  -std=gnu++17 (test for excess errors)
FAIL: g++.dg/warn/Wplacement-new-size-1.C  -std=gnu++2a (test for excess errors)
FAIL: g++.dg/warn/Wplacement-new-size-2.C  -std=gnu++98 (test for excess errors)
FAIL: g++.dg/warn/Wplacement-new-size-2.C  -std=gnu++14 (test for excess errors)
FAIL: g++.dg/warn/Wplacement-new-size-2.C  -std=gnu++17 (test for excess errors)
FAIL: g++.dg/warn/Wplacement-new-size-2.C  -std=gnu++2a (test for excess errors)
FAIL: g++.dg/warn/Wplacement-new-size-6.C  -std=gnu++98 (test for excess errors)
FAIL: g++.dg/warn/Wplacement-new-size-6.C  -std=gnu++14 (test for excess errors)
FAIL: g++.dg/warn/Wplacement-new-size-6.C  -std=gnu++17 (test for excess errors)
FAIL: g++.dg/warn/Wplacement-new-size-6.C  -std=gnu++2a (test for excess errors)
FAIL: c-c++-common/pr51628-3.c  -std=gnu++98  (test for warnings, line 15)
FAIL: c-c++-common/pr51628-3.c  -std=gnu++98  (test for warnings, line 23)
FAIL: c-c++-common/pr51628-3.c  -std=gnu++98  (test for warnings, line 26)
FAIL: c-c++-common/pr51628-3.c  -std=gnu++98  (test for warnings, line 29)
FAIL: c-c++-common/pr51628-3.c  -std=gnu++98  (test for warnings, line 31)
FAIL: c-c++-common/pr51628-3.c  -std=gnu++98  (test for warnings, line 33)
FAIL: c-c++-common/pr51628-3.c  -std=gnu++14  (test for warnings, line 15)
FAIL: c-c++-common/pr51628-3.c  -std=gnu++14  (test for warnings, line 23)
FAIL: c-c++-common/pr51628-3.c  -std=gnu++14  (test for warnings, line 26)
FAIL: c-c++-common/pr51628-3.c  -std=gnu++14  (test for warnings, line 29)
FAIL: c-c++-common/pr51628-3.c  -std=gnu++14  (test for warnings, line 31)
FAIL: c-c++-common/pr51628-3.c  -std=gnu++14  (test for warnings, line 33)
FAIL: c-c++-common/pr51628-3.c  -std=gnu++17  (test for warnings, line 15)
FAIL: c-c++-common/pr51628-3.c  -std=gnu++17  (test for warnings, line 23)
FAIL: c-c++-common/pr51628-3.c  -std=gnu++17  (test for warnings, line 26)
FAIL: c-c++-common/pr51628-3.c  -std=gnu++17  (test for warnings, line 29)
FAIL: c-c++-common/pr51628-3.c  -std=gnu++17  (test for warnings, line 31)
FAIL: c-c++-common/pr51628-3.c  -std=gnu++17  (test for warnings, line 33)
FAIL: c-c++-common/pr51628-3.c  -std=gnu++2a  (test for warnings, line 15)
FAIL: c-c++-common/pr51628-3.c  -std=gnu++2a  (test for warnings, line 23)
FAIL: c-c++-common/pr51628-3.c  -std=gnu++2a  (test for warnings, line 26)
FAIL: c-c++-common/pr51628-3.c  -std=gnu++2a  (test for warnings, line 29)
FAIL: c-c++-common/pr51628-3.c  -std=gnu++2a  (test for warnings, line 31)
FAIL: c-c++-common/pr51628-3.c  -std=gnu++2a  (test for warnings, line 33)
FAIL: c-c++-common/gomp/atomic-10.c  -std=gnu++98  scan-tree-dump-times ompexp "__atomic_fetch_add" 4
FAIL: c-c++-common/gomp/atomic-10.c  -std=gnu++14  scan-tree-dump-times ompexp "__atomic_fetch_add" 4
FAIL: c-c++-common/gomp/atomic-10.c  -std=gnu++17  scan-tree-dump-times ompexp "__atomic_fetch_add" 4
FAIL: c-c++-common/gomp/atomic-10.c  -std=gnu++2a  scan-tree-dump-times ompexp "__atomic_fetch_add" 4
FAIL: c-c++-common/gomp/atomic-3.c  -std=gnu++98  scan-tree-dump-times ompexp "xyzzy, 4" 1
FAIL: c-c++-common/gomp/atomic-3.c  -std=gnu++14  scan-tree-dump-times ompexp "xyzzy, 4" 1
FAIL: c-c++-common/gomp/atomic-3.c  -std=gnu++17  scan-tree-dump-times ompexp "xyzzy, 4" 1
FAIL: c-c++-common/gomp/atomic-3.c  -std=gnu++2a  scan-tree-dump-times ompexp "xyzzy, 4" 1
FAIL: c-c++-common/gomp/atomic-9.c  -std=gnu++98  scan-tree-dump-times ompexp "__atomic_fetch_add" 1
FAIL: c-c++-common/gomp/atomic-9.c  -std=gnu++14  scan-tree-dump-times ompexp "__atomic_fetch_add" 1
FAIL: c-c++-common/gomp/atomic-9.c  -std=gnu++17  scan-tree-dump-times ompexp "__atomic_fetch_add" 1
FAIL: c-c++-common/gomp/atomic-9.c  -std=gnu++2a  scan-tree-dump-times ompexp "__atomic_fetch_add" 1
FAIL: g++.dg/modules/xtreme-header-2_b.C -std=c++2b (internal compiler error)
FAIL: g++.dg/modules/xtreme-header-2_b.C -std=c++2b (test for excess errors)

		=== g++ Summary ===

# of expected passes		203042
# of unexpected failures	78
# of expected failures		1299
# of unsupported tests		9773
/daten/aranym/gcc/gcc-20210819/Build/gcc/xg++  version 12.0.0 20210818 (experimental) [master revision f0fca213bc5] (GCC) 

Host   is x86_64-suse-linux-gnu

		=== gcc tests ===


Running target aranym
FAIL: gcc.c-torture/compile/asmgoto-2.c   -O0  (test for excess errors)
FAIL: gcc.c-torture/compile/asmgoto-2.c   -O1  (test for excess errors)
FAIL: gcc.c-torture/compile/asmgoto-2.c   -O2  (test for excess errors)
FAIL: gcc.c-torture/compile/asmgoto-2.c   -O3 -g  (test for excess errors)
FAIL: gcc.c-torture/compile/asmgoto-2.c   -Os  (test for excess errors)
FAIL: gcc.c-torture/compile/asmgoto-2.c   -O2 -flto -fno-use-linker-plugin -flto-partition=none  (test for excess errors)
FAIL: gcc.c-torture/compile/asmgoto-5.c   -O0  (test for excess errors)
FAIL: gcc.c-torture/compile/asmgoto-5.c   -O1  (test for excess errors)
FAIL: gcc.c-torture/compile/asmgoto-5.c   -O2  (test for excess errors)
FAIL: gcc.c-torture/compile/asmgoto-5.c   -O3 -g  (test for excess errors)
FAIL: gcc.c-torture/compile/asmgoto-5.c   -Os  (test for excess errors)
FAIL: gcc.c-torture/compile/asmgoto-5.c   -O2 -flto -fno-use-linker-plugin -flto-partition=none  (test for excess errors)
FAIL: gcc.c-torture/compile/pr98096.c   -O0  (test for excess errors)
FAIL: gcc.c-torture/compile/pr98096.c   -O1  (test for excess errors)
FAIL: gcc.c-torture/compile/pr98096.c   -O2  (test for excess errors)
FAIL: gcc.c-torture/compile/pr98096.c   -O3 -g  (test for excess errors)
FAIL: gcc.c-torture/compile/pr98096.c   -Os  (test for excess errors)
FAIL: gcc.c-torture/compile/pr98096.c   -O2 -flto -fno-use-linker-plugin -flto-partition=none  (test for excess errors)
FAIL: gcc.c-torture/execute/pr97073.c   -O2 -flto -fuse-linker-plugin -fno-fat-lto-objects  execution test
FAIL: gcc.dg/analyzer/analyzer-verbosity-0.c expected multiline pattern lines 24-60 not found: "\\s*NN \\|   free \\(ptr\\);.*\\n      \\|   \\^~~~~~~~~~\\n  'test_1': event 1.*\\n    \\|.*\\n    \\|   NN \\|     calls_free_1 \\(ptr\\);.*\\n    \\|      \\|     \\^~~~~~~~~~~~~~~~~~\\n    \\|      \\|     \\|.*\\n    \\|      \\|     \\(1\\) calling 'calls_free_1' from 'test_1'.*\\n    \\|.*\\n    \\+--> 'calls_free_1': event 2.*\\n           \\|.*\\n           \\|   NN \\|   free \\(ptr\\);.*\\n           \\|      \\|   \\^~~~~~~~~~\\n           \\|      \\|   \\|.*\\n           \\|      \\|   \\(2\\) first 'free' here.*\\n           \\|.*\\n    <------\\+.*\\n    \\|.*\\n  'test_1': events 3-4.*\\n    \\|.*\\n    \\|   NN \\|     calls_free_1 \\(ptr\\);.*\\n    \\|      \\|     \\^~~~~~~~~~~~~~~~~~\\n    \\|      \\|     \\|.*\\n    \\|      \\|     \\(3\\) returning to 'test_1' from 'calls_free_1'.*\\n    \\|\\.\\.\\.\\.\\.\\..*\\n    \\|   NN \\|     calls_free_1 \\(ptr\\);.*\\n    \\|      \\|     ~~~~~~~~~~~~~~~~~~\\n    \\|      \\|     \\|.*\\n    \\|      \\|     \\(4\\) passing freed pointer 'ptr' in call to 'calls_free_1' from 'test_1'.*\\n    \\|.*\\n    \\+--> 'calls_free_1': event 5.*\\n           \\|.*\\n           \\|   NN \\|   free \\(ptr\\);.*\\n           \\|      \\|   \\^~~~~~~~~~\\n           \\|      \\|   \\|.*\\n           \\|      \\|   \\(5\\) second 'free' here; first 'free' was at \\(2\\).*\\n           \\|.*\\n"
FAIL: gcc.dg/analyzer/analyzer-verbosity-0.c expected multiline pattern lines 94-130 not found: "   NN \\|   free \\(ptr\\);.*\\n      \\|   \\^~~~~~~~~~\\n  'test_2': event 1.*\\n    \\|.*\\n    \\|   NN \\|       calls_free_2 \\(ptr\\);.*\\n    \\|      \\|       \\^~~~~~~~~~~~~~~~~~\\n    \\|      \\|       \\|.*\\n    \\|      \\|       \\(1\\) calling 'calls_free_2' from 'test_2'.*\\n    \\|.*\\n    \\+--> 'calls_free_2': event 2.*\\n           \\|.*\\n           \\|   NN \\|   free \\(ptr\\);.*\\n           \\|      \\|   \\^~~~~~~~~~\\n           \\|      \\|   \\|.*\\n           \\|      \\|   \\(2\\) first 'free' here.*\\n           \\|.*\\n    <------\\+.*\\n    \\|.*\\n  'test_2': events 3-4.*\\n    \\|.*\\n    \\|   NN \\|       calls_free_2 \\(ptr\\);.*\\n    \\|      \\|       \\^~~~~~~~~~~~~~~~~~\\n    \\|      \\|       \\|.*\\n    \\|      \\|       \\(3\\) returning to 'test_2' from 'calls_free_2'.*\\n    \\|\\.\\.\\.\\.\\.\\..*\\n    \\|   NN \\|       calls_free_2 \\(ptr\\);.*\\n    \\|      \\|       ~~~~~~~~~~~~~~~~~~\\n    \\|      \\|       \\|.*\\n    \\|      \\|       \\(4\\) passing freed pointer 'ptr' in call to 'calls_free_2' from 'test_2'.*\\n    \\|.*\\n    \\+--> 'calls_free_2': event 5.*\\n           \\|.*\\n           \\|   NN \\|   free \\(ptr\\);.*\\n           \\|      \\|   \\^~~~~~~~~~\\n           \\|      \\|   \\|.*\\n           \\|      \\|   \\(5\\) second 'free' here; first 'free' was at \\(2\\).*\\n           \\|.*\\n"
FAIL: gcc.dg/analyzer/analyzer-verbosity-0.c (test for excess errors)
FAIL: gcc.dg/analyzer/analyzer-verbosity-1.c expected multiline pattern lines 24-75 not found: "\\s*NN \\|   free \\(ptr\\);.*\\n      \\|   \\^~~~~~~~~~\\n  'test_1': events 1-2.*\\n    \\|.*\\n    \\|   NN \\| void test_1 \\(void \\*ptr, int a, int b\\).*\\n    \\|      \\|      \\^~~~~~\\n    \\|      \\|      \\|.*\\n    \\|      \\|      \\(1\\) entry to 'test_1'.*\\n    \\|\\.\\.\\.\\.\\.\\..*\\n    \\|   NN \\|     calls_free_1 \\(ptr\\);.*\\n    \\|      \\|     ~~~~~~~~~~~~~~~~~~\\n    \\|      \\|     \\|.*\\n    \\|      \\|     \\(2\\) calling 'calls_free_1' from 'test_1'.*\\n    \\|.*\\n    \\+--> 'calls_free_1': events 3-4.*\\n           \\|.*\\n           \\|   NN \\| void calls_free_1 \\(void \\*ptr\\).*\\n           \\|      \\|      \\^~~~~~~~~~~~\\n           \\|      \\|      \\|.*\\n           \\|      \\|      \\(3\\) entry to 'calls_free_1'.*\\n           \\|   NN \\| \\{.*\\n           \\|   NN \\|   free \\(ptr\\);.*\\n           \\|      \\|   ~~~~~~~~~~\\n           \\|      \\|   \\|.*\\n           \\|      \\|   \\(4\\) first 'free' here.*\\n           \\|.*\\n    <------\\+.*\\n    \\|.*\\n  'test_1': events 5-6.*\\n    \\|.*\\n    \\|   NN \\|     calls_free_1 \\(ptr\\);.*\\n    \\|      \\|     \\^~~~~~~~~~~~~~~~~~\\n    \\|      \\|     \\|.*\\n    \\|      \\|     \\(5\\) returning to 'test_1' from 'calls_free_1'.*\\n    \\|\\.\\.\\.\\.\\.\\..*\\n    \\|   NN \\|     calls_free_1 \\(ptr\\);.*\\n    \\|      \\|     ~~~~~~~~~~~~~~~~~~\\n    \\|      \\|     \\|.*\\n    \\|      \\|     \\(6\\) passing freed pointer 'ptr' in call to 'calls_free_1' from 'test_1'.*\\n    \\|.*\\n    \\+--> 'calls_free_1': events 7-8.*\\n           \\|.*\\n           \\|   NN \\| void calls_free_1 \\(void \\*ptr\\).*\\n           \\|      \\|      \\^~~~~~~~~~~~\\n           \\|      \\|      \\|.*\\n           \\|      \\|      \\(7\\) entry to 'calls_free_1'.*\\n           \\|   NN \\| \\{.*\\n           \\|   NN \\|   free \\(ptr\\);.*\\n           \\|      \\|   ~~~~~~~~~~\\n           \\|      \\|   \\|.*\\n           \\|      \\|   \\(8\\) second 'free' here; first 'free' was at \\(4\\).*\\n           \\|.*\\n"
FAIL: gcc.dg/analyzer/analyzer-verbosity-1.c expected multiline pattern lines 109-160 not found: "   NN \\|   free \\(ptr\\);.*\\n      \\|   \\^~~~~~~~~~\\n  'test_2': events 1-2.*\\n    \\|.*\\n    \\|   NN \\| void test_2 \\(void \\*ptr, int a, int b\\).*\\n    \\|      \\|      \\^~~~~~\\n    \\|      \\|      \\|.*\\n    \\|      \\|      \\(1\\) entry to 'test_2'.*\\n    \\|\\.\\.\\.\\.\\.\\..*\\n    \\|   NN \\|       calls_free_2 \\(ptr\\);.*\\n    \\|      \\|       ~~~~~~~~~~~~~~~~~~\\n    \\|      \\|       \\|.*\\n    \\|      \\|       \\(2\\) calling 'calls_free_2' from 'test_2'.*\\n    \\|.*\\n    \\+--> 'calls_free_2': events 3-4.*\\n           \\|.*\\n           \\|   NN \\| void calls_free_2 \\(void \\*ptr\\).*\\n           \\|      \\|      \\^~~~~~~~~~~~\\n           \\|      \\|      \\|.*\\n           \\|      \\|      \\(3\\) entry to 'calls_free_2'.*\\n           \\|   NN \\| \\{.*\\n           \\|   NN \\|   free \\(ptr\\);.*\\n           \\|      \\|   ~~~~~~~~~~\\n           \\|      \\|   \\|.*\\n           \\|      \\|   \\(4\\) first 'free' here.*\\n           \\|.*\\n    <------\\+.*\\n    \\|.*\\n  'test_2': events 5-6.*\\n    \\|.*\\n    \\|   NN \\|       calls_free_2 \\(ptr\\);.*\\n    \\|      \\|       \\^~~~~~~~~~~~~~~~~~\\n    \\|      \\|       \\|.*\\n    \\|      \\|       \\(5\\) returning to 'test_2' from 'calls_free_2'.*\\n    \\|\\.\\.\\.\\.\\.\\..*\\n    \\|   NN \\|       calls_free_2 \\(ptr\\);.*\\n    \\|      \\|       ~~~~~~~~~~~~~~~~~~\\n    \\|      \\|       \\|.*\\n    \\|      \\|       \\(6\\) passing freed pointer 'ptr' in call to 'calls_free_2' from 'test_2'.*\\n    \\|.*\\n    \\+--> 'calls_free_2': events 7-8.*\\n           \\|.*\\n           \\|   NN \\| void calls_free_2 \\(void \\*ptr\\).*\\n           \\|      \\|      \\^~~~~~~~~~~~\\n           \\|      \\|      \\|.*\\n           \\|      \\|      \\(7\\) entry to 'calls_free_2'.*\\n           \\|   NN \\| \\{.*\\n           \\|   NN \\|   free \\(ptr\\);.*\\n           \\|      \\|   ~~~~~~~~~~\\n           \\|      \\|   \\|.*\\n           \\|      \\|   \\(8\\) second 'free' here; first 'free' was at \\(4\\).*\\n           \\|.*\\n"
FAIL: gcc.dg/analyzer/analyzer-verbosity-1.c (test for excess errors)
FAIL: gcc.dg/analyzer/analyzer-verbosity-2.c expected multiline pattern lines 24-86 not found: "\\s*NN \\|   free \\(ptr\\);.*\\n      \\|   \\^~~~~~~~~~\\n  'test_1': events 1-4.*\\n    \\|.*\\n    \\|   NN \\| void test_1 \\(void \\*ptr, int a, int b\\).*\\n    \\|      \\|      \\^~~~~~\\n    \\|      \\|      \\|.*\\n    \\|      \\|      \\(1\\) entry to 'test_1'.*\\n    \\|   NN \\| \\{.*\\n    \\|   NN \\|   if \\(a\\).*\\n    \\|      \\|      ~\\n    \\|      \\|      \\|.*\\n    \\|      \\|      \\(2\\) following 'true' branch \\(when 'a != 0'\\)\\.\\.\\..*\\n    \\|   NN \\|     calls_free_1 \\(ptr\\);.*\\n    \\|      \\|     ~~~~~~~~~~~~~~~~~~\\n    \\|      \\|     \\|.*\\n    \\|      \\|     \\(3\\) \\.\\.\\.to here.*\\n    \\|      \\|     \\(4\\) calling 'calls_free_1' from 'test_1'.*\\n    \\|.*\\n    \\+--> 'calls_free_1': events 5-6.*\\n           \\|.*\\n           \\|   NN \\| void calls_free_1 \\(void \\*ptr\\).*\\n           \\|      \\|      \\^~~~~~~~~~~~\\n           \\|      \\|      \\|.*\\n           \\|      \\|      \\(5\\) entry to 'calls_free_1'.*\\n           \\|   NN \\| \\{.*\\n           \\|   NN \\|   free \\(ptr\\);.*\\n           \\|      \\|   ~~~~~~~~~~\\n           \\|      \\|   \\|.*\\n           \\|      \\|   \\(6\\) first 'free' here.*\\n           \\|.*\\n    <------\\+.*\\n    \\|.*\\n  'test_1': events 7-10.*\\n    \\|.*\\n    \\|   NN \\|     calls_free_1 \\(ptr\\);.*\\n    \\|      \\|     \\^~~~~~~~~~~~~~~~~~\\n    \\|      \\|     \\|.*\\n    \\|      \\|     \\(7\\) returning to 'test_1' from 'calls_free_1'.*\\n    \\|   NN \\| .*\\n    \\|   NN \\|   if \\(b\\).*\\n    \\|      \\|      ~\\n    \\|      \\|      \\|.*\\n    \\|      \\|      \\(8\\) following 'false' branch \\(when 'b == 0'\\)\\.\\.\\..*\\n    \\|\\.\\.\\.\\.\\.\\..*\\n    \\|   NN \\|     calls_free_1 \\(ptr\\);.*\\n    \\|      \\|     ~~~~~~~~~~~~~~~~~~\\n    \\|      \\|     \\|.*\\n    \\|      \\|     \\(9\\) \\.\\.\\.to here.*\\n    \\|      \\|     \\(10\\) passing freed pointer 'ptr' in call to 'calls_free_1' from 'test_1'.*\\n    \\|.*\\n    \\+--> 'calls_free_1': events 11-12.*\\n           \\|.*\\n           \\|   NN \\| void calls_free_1 \\(void \\*ptr\\).*\\n           \\|      \\|      \\^~~~~~~~~~~~\\n           \\|      \\|      \\|.*\\n           \\|      \\|      \\(11\\) entry to 'calls_free_1'.*\\n           \\|   NN \\| \\{.*\\n           \\|   NN \\|   free \\(ptr\\);.*\\n           \\|      \\|   ~~~~~~~~~~\\n           \\|      \\|   \\|.*\\n           \\|      \\|   \\(12\\) second 'free' here; first 'free' was at \\(6\\).*\\n           \\|.*\\n"
FAIL: gcc.dg/analyzer/analyzer-verbosity-2.c expected multiline pattern lines 120-189 not found: "   NN \\|   free \\(ptr\\);.*\\n      \\|   \\^~~~~~~~~~\\n  'test_2': events 1-4.*\\n    \\|.*\\n    \\|   NN \\| void test_2 \\(void \\*ptr, int a, int b\\).*\\n    \\|      \\|      \\^~~~~~\\n    \\|      \\|      \\|.*\\n    \\|      \\|      \\(1\\) entry to 'test_2'.*\\n    \\|   NN \\| \\{.*\\n    \\|   NN \\|   switch \\(a\\).*\\n    \\|      \\|   ~~~~~~\\n    \\|      \\|   \\|.*\\n    \\|      \\|   \\(2\\) following 'case 3:' branch\\.\\.\\..*\\n    \\|\\.\\.\\.\\.\\.\\..*\\n    \\|   NN \\|     case 3:.*\\n    \\|      \\|     ~~~~\\n    \\|      \\|     \\|.*\\n    \\|      \\|     \\(3\\) \\.\\.\\.to here.*\\n    \\|   NN \\|       calls_free_2 \\(ptr\\);.*\\n    \\|      \\|       ~~~~~~~~~~~~~~~~~~\\n    \\|      \\|       \\|.*\\n    \\|      \\|       \\(4\\) calling 'calls_free_2' from 'test_2'.*\\n    \\|.*\\n    \\+--> 'calls_free_2': events 5-6.*\\n           \\|.*\\n           \\|   NN \\| void calls_free_2 \\(void \\*ptr\\).*\\n           \\|      \\|      \\^~~~~~~~~~~~\\n           \\|      \\|      \\|.*\\n           \\|      \\|      \\(5\\) entry to 'calls_free_2'.*\\n           \\|   NN \\| \\{.*\\n           \\|   NN \\|   free \\(ptr\\);.*\\n           \\|      \\|   ~~~~~~~~~~\\n           \\|      \\|   \\|.*\\n           \\|      \\|   \\(6\\) first 'free' here.*\\n           \\|.*\\n    <------\\+.*\\n    \\|.*\\n  'test_2': events 7-10.*\\n    \\|.*\\n    \\|   NN \\|       calls_free_2 \\(ptr\\);.*\\n    \\|      \\|       \\^~~~~~~~~~~~~~~~~~\\n    \\|      \\|       \\|.*\\n    \\|      \\|       \\(7\\) returning to 'test_2' from 'calls_free_2'.*\\n    \\|\\.\\.\\.\\.\\.\\..*\\n    \\|   NN \\|   switch \\(b\\).*\\n    \\|      \\|   ~~~~~~\\n    \\|      \\|   \\|.*\\n    \\|      \\|   \\(8\\) following 'default:' branch\\.\\.\\..*\\n    \\|   NN \\|     \\{.*\\n    \\|   NN \\|     default:.*\\n    \\|      \\|     ~~~~~~~\\n    \\|      \\|     \\|.*\\n    \\|      \\|     \\(9\\) \\.\\.\\.to here.*\\n    \\|   NN \\|       calls_free_2 \\(ptr\\);.*\\n    \\|      \\|       ~~~~~~~~~~~~~~~~~~\\n    \\|      \\|       \\|.*\\n    \\|      \\|       \\(10\\) passing freed pointer 'ptr' in call to 'calls_free_2' from 'test_2'.*\\n    \\|.*\\n    \\+--> 'calls_free_2': events 11-12.*\\n           \\|.*\\n           \\|   NN \\| void calls_free_2 \\(void \\*ptr\\).*\\n           \\|      \\|      \\^~~~~~~~~~~~\\n           \\|      \\|      \\|.*\\n           \\|      \\|      \\(11\\) entry to 'calls_free_2'.*\\n           \\|   NN \\| \\{.*\\n           \\|   NN \\|   free \\(ptr\\);.*\\n           \\|      \\|   ~~~~~~~~~~\\n           \\|      \\|   \\|.*\\n           \\|      \\|   \\(12\\) second 'free' here; first 'free' was at \\(6\\).*\\n           \\|.*\\n"
FAIL: gcc.dg/analyzer/analyzer-verbosity-2.c (test for excess errors)
FAIL: gcc.dg/analyzer/analyzer-verbosity-3.c expected multiline pattern lines 24-86 not found: "\\s*NN \\|   free \\(ptr\\);.*\\n      \\|   \\^~~~~~~~~~\\n  'test_1': events 1-4.*\\n    \\|.*\\n    \\|   NN \\| void test_1 \\(void \\*ptr, int a, int b\\).*\\n    \\|      \\|      \\^~~~~~\\n    \\|      \\|      \\|.*\\n    \\|      \\|      \\(1\\) entry to 'test_1'.*\\n    \\|   NN \\| \\{.*\\n    \\|   NN \\|   if \\(a\\).*\\n    \\|      \\|      ~\\n    \\|      \\|      \\|.*\\n    \\|      \\|      \\(2\\) following 'true' branch \\(when 'a != 0'\\)\\.\\.\\..*\\n    \\|   NN \\|     calls_free_1 \\(ptr\\);.*\\n    \\|      \\|     ~~~~~~~~~~~~~~~~~~\\n    \\|      \\|     \\|.*\\n    \\|      \\|     \\(3\\) \\.\\.\\.to here.*\\n    \\|      \\|     \\(4\\) calling 'calls_free_1' from 'test_1'.*\\n    \\|.*\\n    \\+--> 'calls_free_1': events 5-6.*\\n           \\|.*\\n           \\|   NN \\| void calls_free_1 \\(void \\*ptr\\).*\\n           \\|      \\|      \\^~~~~~~~~~~~\\n           \\|      \\|      \\|.*\\n           \\|      \\|      \\(5\\) entry to 'calls_free_1'.*\\n           \\|   NN \\| \\{.*\\n           \\|   NN \\|   free \\(ptr\\);.*\\n           \\|      \\|   ~~~~~~~~~~\\n           \\|      \\|   \\|.*\\n           \\|      \\|   \\(6\\) first 'free' here.*\\n           \\|.*\\n    <------\\+.*\\n    \\|.*\\n  'test_1': events 7-10.*\\n    \\|.*\\n    \\|   NN \\|     calls_free_1 \\(ptr\\);.*\\n    \\|      \\|     \\^~~~~~~~~~~~~~~~~~\\n    \\|      \\|     \\|.*\\n    \\|      \\|     \\(7\\) returning to 'test_1' from 'calls_free_1'.*\\n    \\|   NN \\| .*\\n    \\|   NN \\|   if \\(b\\).*\\n    \\|      \\|      ~\\n    \\|      \\|      \\|.*\\n    \\|      \\|      \\(8\\) following 'false' branch \\(when 'b == 0'\\)\\.\\.\\..*\\n    \\|\\.\\.\\.\\.\\.\\..*\\n    \\|   NN \\|     calls_free_1 \\(ptr\\);.*\\n    \\|      \\|     ~~~~~~~~~~~~~~~~~~\\n    \\|      \\|     \\|.*\\n    \\|      \\|     \\(9\\) \\.\\.\\.to here.*\\n    \\|      \\|     \\(10\\) passing freed pointer 'ptr' in call to 'calls_free_1' from 'test_1'.*\\n    \\|.*\\n    \\+--> 'calls_free_1': events 11-12.*\\n           \\|.*\\n           \\|   NN \\| void calls_free_1 \\(void \\*ptr\\).*\\n           \\|      \\|      \\^~~~~~~~~~~~\\n           \\|      \\|      \\|.*\\n           \\|      \\|      \\(11\\) entry to 'calls_free_1'.*\\n           \\|   NN \\| \\{.*\\n           \\|   NN \\|   free \\(ptr\\);.*\\n           \\|      \\|   ~~~~~~~~~~\\n           \\|      \\|   \\|.*\\n           \\|      \\|   \\(12\\) second 'free' here; first 'free' was at \\(6\\).*\\n           \\|.*\\n"
FAIL: gcc.dg/analyzer/analyzer-verbosity-3.c expected multiline pattern lines 120-189 not found: "   NN \\|   free \\(ptr\\);.*\\n      \\|   \\^~~~~~~~~~\\n  'test_2': events 1-4.*\\n    \\|.*\\n    \\|   NN \\| void test_2 \\(void \\*ptr, int a, int b\\).*\\n    \\|      \\|      \\^~~~~~\\n    \\|      \\|      \\|.*\\n    \\|      \\|      \\(1\\) entry to 'test_2'.*\\n    \\|   NN \\| \\{.*\\n    \\|   NN \\|   switch \\(a\\).*\\n    \\|      \\|   ~~~~~~\\n    \\|      \\|   \\|.*\\n    \\|      \\|   \\(2\\) following 'case 3:' branch\\.\\.\\..*\\n    \\|\\.\\.\\.\\.\\.\\..*\\n    \\|   NN \\|     case 3:.*\\n    \\|      \\|     ~~~~\\n    \\|      \\|     \\|.*\\n    \\|      \\|     \\(3\\) \\.\\.\\.to here.*\\n    \\|   NN \\|       calls_free_2 \\(ptr\\);.*\\n    \\|      \\|       ~~~~~~~~~~~~~~~~~~\\n    \\|      \\|       \\|.*\\n    \\|      \\|       \\(4\\) calling 'calls_free_2' from 'test_2'.*\\n    \\|.*\\n    \\+--> 'calls_free_2': events 5-6.*\\n           \\|.*\\n           \\|   NN \\| void calls_free_2 \\(void \\*ptr\\).*\\n           \\|      \\|      \\^~~~~~~~~~~~\\n           \\|      \\|      \\|.*\\n           \\|      \\|      \\(5\\) entry to 'calls_free_2'.*\\n           \\|   NN \\| \\{.*\\n           \\|   NN \\|   free \\(ptr\\);.*\\n           \\|      \\|   ~~~~~~~~~~\\n           \\|      \\|   \\|.*\\n           \\|      \\|   \\(6\\) first 'free' here.*\\n           \\|.*\\n    <------\\+.*\\n    \\|.*\\n  'test_2': events 7-10.*\\n    \\|.*\\n    \\|   NN \\|       calls_free_2 \\(ptr\\);.*\\n    \\|      \\|       \\^~~~~~~~~~~~~~~~~~\\n    \\|      \\|       \\|.*\\n    \\|      \\|       \\(7\\) returning to 'test_2' from 'calls_free_2'.*\\n    \\|\\.\\.\\.\\.\\.\\..*\\n    \\|   NN \\|   switch \\(b\\).*\\n    \\|      \\|   ~~~~~~\\n    \\|      \\|   \\|.*\\n    \\|      \\|   \\(8\\) following 'default:' branch\\.\\.\\..*\\n    \\|   NN \\|     \\{.*\\n    \\|   NN \\|     default:.*\\n    \\|      \\|     ~~~~~~~\\n    \\|      \\|     \\|.*\\n    \\|      \\|     \\(9\\) \\.\\.\\.to here.*\\n    \\|   NN \\|       calls_free_2 \\(ptr\\);.*\\n    \\|      \\|       ~~~~~~~~~~~~~~~~~~\\n    \\|      \\|       \\|.*\\n    \\|      \\|       \\(10\\) passing freed pointer 'ptr' in call to 'calls_free_2' from 'test_2'.*\\n    \\|.*\\n    \\+--> 'calls_free_2': events 11-12.*\\n           \\|.*\\n           \\|   NN \\| void calls_free_2 \\(void \\*ptr\\).*\\n           \\|      \\|      \\^~~~~~~~~~~~\\n           \\|      \\|      \\|.*\\n           \\|      \\|      \\(11\\) entry to 'calls_free_2'.*\\n           \\|   NN \\| \\{.*\\n           \\|   NN \\|   free \\(ptr\\);.*\\n           \\|      \\|   ~~~~~~~~~~\\n           \\|      \\|   \\|.*\\n           \\|      \\|   \\(12\\) second 'free' here; first 'free' was at \\(6\\).*\\n           \\|.*\\n"
FAIL: gcc.dg/analyzer/analyzer-verbosity-3.c (test for excess errors)
FAIL: gcc.dg/analyzer/data-model-path-1.c  (test for warnings, line 11)
FAIL: gcc.dg/analyzer/function-ptr-2.c (test for excess errors)
FAIL: gcc.dg/analyzer/malloc-callbacks.c  (test for warnings, line 29)
FAIL: gcc.dg/analyzer/malloc-callbacks.c  (test for warnings, line 30)
FAIL: gcc.dg/analyzer/malloc-callbacks.c  (test for warnings, line 36)
FAIL: gcc.dg/analyzer/malloc-callbacks.c  (test for warnings, line 37)
FAIL: gcc.dg/analyzer/malloc-callbacks.c  (test for warnings, line 43)
FAIL: gcc.dg/analyzer/malloc-callbacks.c  (test for warnings, line 55)
FAIL: gcc.dg/analyzer/malloc-callbacks.c  (test for warnings, line 56)
FAIL: gcc.dg/analyzer/malloc-callbacks.c  (test for warnings, line 64)
FAIL: gcc.dg/analyzer/malloc-callbacks.c  (test for warnings, line 66)
XPASS: gcc.dg/analyzer/malloc-callbacks.c  (test for warnings, line 72)
FAIL: gcc.dg/analyzer/malloc-ipa-10.c  (test for warnings, line 29)
FAIL: gcc.dg/analyzer/malloc-ipa-11.c expected multiline pattern lines 32-95 not found: "\\s*NN \\|   free \\(victim\\);.*\\n      \\|   \\^~~~~~~~~~~~~\\n  'test': events 1-2.*\\n    \\|.*\\n    \\|   NN \\| void test \\(void \\*ptr\\).*\\n    \\|      \\|      \\^~~~\\n    \\|      \\|      \\|.*\\n    \\|      \\|      \\(1\\) entry to 'test'.*\\n    \\|\\.\\.\\.\\.\\.\\..*\\n    \\|   NN \\|   may_call_free \\(ptr\\);.*\\n    \\|      \\|   ~~~~~~~~~~~~~~~~~~~\\n    \\|      \\|   \\|.*\\n    \\|      \\|   \\(2\\) calling 'may_call_free' from 'test'.*\\n    \\|.*\\n    \\+--> 'may_call_free': events 3-6.*\\n           \\|.*\\n           \\|   NN \\| may_call_free \\(void \\*victim\\).*\\n           \\|      \\| \\^~~~~~~~~~~~~\\n           \\|      \\| \\|.*\\n           \\|      \\| \\(3\\) entry to 'may_call_free'.*\\n           \\|   NN \\| \\{.*\\n           \\|   NN \\|   if \\(some_condition \\(\\)\\).*\\n           \\|      \\|      ~\\n           \\|      \\|      \\|.*\\n           \\|      \\|      \\(4\\) following 'false' branch\\.\\.\\..*\\n           \\|\\.\\.\\.\\.\\.\\..*\\n           \\|   NN \\|   free \\(victim\\);.*\\n           \\|      \\|   ~~~~~~~~~~~~~\\n           \\|      \\|   \\|.*\\n           \\|      \\|   \\(5\\) \\.\\.\\.to here.*\\n           \\|      \\|   \\(6\\) first 'free' here.*\\n           \\|.*\\n    <------\\+.*\\n    \\|.*\\n  'test': events 7-8.*\\n    \\|.*\\n    \\|   NN \\|   may_call_free \\(ptr\\);.*\\n    \\|      \\|   \\^~~~~~~~~~~~~~~~~~~\\n    \\|      \\|   \\|.*\\n    \\|      \\|   \\(7\\) returning to 'test' from 'may_call_free'.*\\n    \\|\\.\\.\\.\\.\\.\\..*\\n    \\|   NN \\|   may_call_free \\(ptr\\);.*\\n    \\|      \\|   ~~~~~~~~~~~~~~~~~~~\\n    \\|      \\|   \\|.*\\n    \\|      \\|   \\(8\\) passing freed pointer 'ptr' in call to 'may_call_free' from 'test'.*\\n    \\|.*\\n    \\+--> 'may_call_free': events 9-12.*\\n           \\|.*\\n           \\|   NN \\| may_call_free \\(void \\*victim\\).*\\n           \\|      \\| \\^~~~~~~~~~~~~\\n           \\|      \\| \\|.*\\n           \\|      \\| \\(9\\) entry to 'may_call_free'.*\\n           \\|   NN \\| \\{.*\\n           \\|   NN \\|   if \\(some_condition \\(\\)\\).*\\n           \\|      \\|      ~\\n           \\|      \\|      \\|.*\\n           \\|      \\|      \\(10\\) following 'false' branch\\.\\.\\..*\\n           \\|\\.\\.\\.\\.\\.\\..*\\n           \\|   NN \\|   free \\(victim\\);.*\\n           \\|      \\|   ~~~~~~~~~~~~~\\n           \\|      \\|   \\|.*\\n           \\|      \\|   \\(11\\) \\.\\.\\.to here.*\\n           \\|      \\|   \\(12\\) second 'free' here; first 'free' was at \\(6\\).*\\n           \\|.*\\n"
FAIL: gcc.dg/analyzer/malloc-ipa-11.c (test for excess errors)
FAIL: gcc.dg/analyzer/malloc-ipa-13.c  (test for warnings, line 26)
FAIL: gcc.dg/analyzer/malloc-ipa-13a.c  (test for warnings, line 36)
FAIL: gcc.dg/analyzer/malloc-ipa-2.c  (test for warnings, line 28)
FAIL: gcc.dg/analyzer/malloc-ipa-5.c  (test for warnings, line 10)
FAIL: gcc.dg/analyzer/malloc-ipa-8-double-free.c expected multiline pattern lines 50-191 not found: "\\s*NN \\|   free \\(ptr\\);.*\\n      \\|   \\^~~~~~~~~~\\n  'test': events 1-2.*\\n    \\|.*\\n    \\|   NN \\| void test \\(int i\\).*\\n    \\|      \\|      \\^~~~\\n    \\|      \\|      \\|.*\\n    \\|      \\|      \\(1\\) entry to 'test'.*\\n    \\|   NN \\| \\{.*\\n    \\|   NN \\|   boxed_int \\*obj = make_boxed_int \\(i\\);.*\\n    \\|      \\|                    ~~~~~~~~~~~~~~~~~~\\n    \\|      \\|                    \\|.*\\n    \\|      \\|                    \\(2\\) calling 'make_boxed_int' from 'test'.*\\n    \\|.*\\n    \\+--> 'make_boxed_int': events 3-4.*\\n           \\|.*\\n           \\|   NN \\| make_boxed_int \\(int i\\).*\\n           \\|      \\| \\^~~~~~~~~~~~~~\\n           \\|      \\| \\|.*\\n           \\|      \\| \\(3\\) entry to 'make_boxed_int'.*\\n           \\|   NN \\| \\{.*\\n           \\|   NN \\|   boxed_int \\*result = \\(boxed_int \\*\\)wrapped_malloc \\(sizeof \\(boxed_int\\)\\);.*\\n           \\|      \\|                                    ~~~~~~~~~~~~~~~~~~~~~~~~~~~~~~~~~~~\\n           \\|      \\|                                    \\|.*\\n           \\|      \\|                                    \\(4\\) calling 'wrapped_malloc' from 'make_boxed_int'.*\\n           \\|.*\\n           \\+--> 'wrapped_malloc': events 5-6.*\\n                  \\|.*\\n                  \\|   NN \\| void \\*wrapped_malloc \\(size_t size\\).*\\n                  \\|      \\|       \\^~~~~~~~~~~~~~\\n                  \\|      \\|       \\|.*\\n                  \\|      \\|       \\(5\\) entry to 'wrapped_malloc'.*\\n                  \\|   NN \\| \\{.*\\n                  \\|   NN \\|   return malloc \\(size\\);.*\\n                  \\|      \\|          ~~~~~~~~~~~~~\\n                  \\|      \\|          \\|.*\\n                  \\|      \\|          \\(6\\) allocated here.*\\n                  \\|.*\\n           <------\\+.*\\n           \\|.*\\n         'make_boxed_int': events 7-10.*\\n           \\|.*\\n           \\|   NN \\|   boxed_int \\*result = \\(boxed_int \\*\\)wrapped_malloc \\(sizeof \\(boxed_int\\)\\);.*\\n           \\|      \\|                                    \\^~~~~~~~~~~~~~~~~~~~~~~~~~~~~~~~~~~\\n           \\|      \\|                                    \\|.*\\n           \\|      \\|                                    \\(7\\) returning to 'make_boxed_int' from 'wrapped_malloc'.*\\n           \\|   NN \\|   if \\(!result\\).*\\n           \\|      \\|      ~                              .*\\n           \\|      \\|      \\|.*\\n           \\|      \\|      \\(8\\) assuming 'result' is non-NULL.*\\n           \\|      \\|      \\(9\\) following 'false' branch \\(when 'result' is non-NULL\\)\\.\\.\\..*\\n           \\|   NN \\|     abort \\(\\);.*\\n           \\|   NN \\|   result->i = i;.*\\n           \\|      \\|   ~~~~~~~~~~~~~                     .*\\n           \\|      \\|             \\|.*\\n           \\|      \\|             \\(10\\) \\.\\.\\.to here.*\\n           \\|.*\\n    <------\\+.*\\n    \\|.*\\n  'test': events 11-12.*\\n    \\|.*\\n    \\|   NN \\|   boxed_int \\*obj = make_boxed_int \\(i\\);.*\\n    \\|      \\|                    \\^~~~~~~~~~~~~~~~~~\\n    \\|      \\|                    \\|.*\\n    \\|      \\|                    \\(11\\) returning to 'test' from 'make_boxed_int'.*\\n    \\|   NN \\| .*\\n    \\|   NN \\|   free_boxed_int \\(obj\\);.*\\n    \\|      \\|   ~~~~~~~~~~~~~~~~~~~~\\n    \\|      \\|   \\|.*\\n    \\|      \\|   \\(12\\) calling 'free_boxed_int' from 'test'.*\\n    \\|.*\\n    \\+--> 'free_boxed_int': events 13-14.*\\n           \\|.*\\n           \\|   NN \\| free_boxed_int \\(boxed_int \\*bi\\).*\\n           \\|      \\| \\^~~~~~~~~~~~~~\\n           \\|      \\| \\|.*\\n           \\|      \\| \\(13\\) entry to 'free_boxed_int'.*\\n           \\|   NN \\| \\{.*\\n           \\|   NN \\|   wrapped_free \\(bi\\);.*\\n           \\|      \\|   ~~~~~~~~~~~~~~~~~\\n           \\|      \\|   \\|.*\\n           \\|      \\|   \\(14\\) calling 'wrapped_free' from 'free_boxed_int'.*\\n           \\|.*\\n           \\+--> 'wrapped_free': events 15-16.*\\n                  \\|.*\\n                  \\|   NN \\| void wrapped_free \\(void \\*ptr\\).*\\n                  \\|      \\|      \\^~~~~~~~~~~~\\n                  \\|      \\|      \\|.*\\n                  \\|      \\|      \\(15\\) entry to 'wrapped_free'.*\\n                  \\|   NN \\| \\{.*\\n                  \\|   NN \\|   free \\(ptr\\);.*\\n                  \\|      \\|   ~~~~~~~~~~\\n                  \\|      \\|   \\|.*\\n                  \\|      \\|   \\(16\\) first 'free' here.*\\n                  \\|.*\\n           <------\\+.*\\n           \\|.*\\n         'free_boxed_int': event 17.*\\n           \\|.*\\n           \\|   NN \\|   wrapped_free \\(bi\\);.*\\n           \\|      \\|   \\^~~~~~~~~~~~~~~~~\\n           \\|      \\|   \\|.*\\n           \\|      \\|   \\(17\\) returning to 'free_boxed_int' from 'wrapped_free'.*\\n           \\|.*\\n    <------\\+.*\\n    \\|.*\\n  'test': events 18-19.*\\n    \\|.*\\n    \\|   NN \\|   free_boxed_int \\(obj\\);.*\\n    \\|      \\|   \\^~~~~~~~~~~~~~~~~~~~\\n    \\|      \\|   \\|.*\\n    \\|      \\|   \\(18\\) returning to 'test' from 'free_boxed_int'.*\\n    \\|   NN \\| .*\\n    \\|   NN \\|   free_boxed_int \\(obj\\);.*\\n    \\|      \\|   ~~~~~~~~~~~~~~~~~~~~\\n    \\|      \\|   \\|.*\\n    \\|      \\|   \\(19\\) passing freed pointer 'obj' in call to 'free_boxed_int' from 'test'.*\\n    \\|.*\\n    \\+--> 'free_boxed_int': events 20-21.*\\n           \\|.*\\n           \\|   NN \\| free_boxed_int \\(boxed_int \\*bi\\).*\\n           \\|      \\| \\^~~~~~~~~~~~~~\\n           \\|      \\| \\|.*\\n           \\|      \\| \\(20\\) entry to 'free_boxed_int'.*\\n           \\|   NN \\| \\{.*\\n           \\|   NN \\|   wrapped_free \\(bi\\);.*\\n           \\|      \\|   ~~~~~~~~~~~~~~~~~\\n           \\|      \\|   \\|.*\\n           \\|      \\|   \\(21\\) passing freed pointer 'bi' in call to 'wrapped_free' from 'free_boxed_int'.*\\n           \\|.*\\n           \\+--> 'wrapped_free': events 22-23.*\\n                  \\|.*\\n                  \\|   NN \\| void wrapped_free \\(void \\*ptr\\).*\\n                  \\|      \\|      \\^~~~~~~~~~~~\\n                  \\|      \\|      \\|.*\\n                  \\|      \\|      \\(22\\) entry to 'wrapped_free'.*\\n                  \\|   NN \\| \\{.*\\n                  \\|   NN \\|   free \\(ptr\\);.*\\n                  \\|      \\|   ~~~~~~~~~~\\n                  \\|      \\|   \\|.*\\n                  \\|      \\|   \\(23\\) second 'free' here; first 'free' was at \\(16\\).*\\n                  \\|.*\\n"
FAIL: gcc.dg/analyzer/malloc-ipa-8-double-free.c (test for excess errors)
FAIL: gcc.dg/analyzer/malloc-ipa-8-unchecked.c expected multiline pattern lines 28-66 not found: "\\s*NN \\|   result->i = i;.*\\n      \\|   ~~~~~~~~~~\\^~~\\n  'make_boxed_int': events 1-2.*\\n    \\|.*\\n    \\|   NN \\| make_boxed_int \\(int i\\).*\\n    \\|      \\| \\^~~~~~~~~~~~~~\\n    \\|      \\| \\|.*\\n    \\|      \\| \\(1\\) entry to 'make_boxed_int'.*\\n    \\|   NN \\| \\{.*\\n    \\|   NN \\|   boxed_int \\*result = \\(boxed_int \\*\\)wrapped_malloc \\(sizeof \\(boxed_int\\)\\);.*\\n    \\|      \\|                                    ~~~~~~~~~~~~~~~~~~~~~~~~~~~~~~~~~~~\\n    \\|      \\|                                    \\|.*\\n    \\|      \\|                                    \\(2\\) calling 'wrapped_malloc' from 'make_boxed_int'.*\\n    \\|.*\\n    \\+--> 'wrapped_malloc': events 3-4.*\\n           \\|.*\\n           \\|   NN \\| void \\*wrapped_malloc \\(size_t size\\).*\\n           \\|      \\|       \\^~~~~~~~~~~~~~\\n           \\|      \\|       \\|.*\\n           \\|      \\|       \\(3\\) entry to 'wrapped_malloc'.*\\n           \\|   NN \\| \\{.*\\n           \\|   NN \\|   return malloc \\(size\\);.*\\n           \\|      \\|          ~~~~~~~~~~~~~\\n           \\|      \\|          \\|.*\\n           \\|      \\|          \\(4\\) this call could return NULL.*\\n           \\|.*\\n    <------\\+.*\\n    \\|.*\\n  'make_boxed_int': events 5-6.*\\n    \\|.*\\n    \\|   NN \\|   boxed_int \\*result = \\(boxed_int \\*\\)wrapped_malloc \\(sizeof \\(boxed_int\\)\\);.*\\n    \\|      \\|                                    \\^~~~~~~~~~~~~~~~~~~~~~~~~~~~~~~~~~~\\n    \\|      \\|                                    \\|.*\\n    \\|      \\|                                    \\(5\\) possible return of NULL to 'make_boxed_int' from 'wrapped_malloc'.*\\n    \\|   NN \\|   result->i = i;.*\\n    \\|      \\|   ~~~~~~~~~~~~~                     .*\\n    \\|      \\|             \\|.*\\n    \\|      \\|             \\(6\\) 'result' could be NULL: unchecked value from \\(4\\).*\\n    \\|.*\\n"
FAIL: gcc.dg/analyzer/malloc-ipa-8-unchecked.c (test for excess errors)
FAIL: gcc.dg/analyzer/pr101503.c (internal compiler error)
FAIL: gcc.dg/analyzer/pr101503.c (test for excess errors)
FAIL: gcc.dg/analyzer/sensitive-1.c  (test for warnings, line 50)
FAIL: gcc.dg/analyzer/sensitive-1.c  (test for warnings, line 60)
FAIL: gcc.dg/atomic/c11-atomic-exec-5.c   -O0  execution test
FAIL: gcc.dg/atomic/c11-atomic-exec-5.c   -O3 -fomit-frame-pointer -funroll-loops -fpeel-loops -ftracer -finline-functions  execution test
FAIL: gcc.dg/atomic/c11-atomic-exec-5.c   -O3 -g  execution test
FAIL: gcc.dg/atomic/c11-atomic-exec-5.c   -Os  execution test
FAIL: gcc.dg/atomic/c11-atomic-exec-5.c   -O2 -flto -fno-use-linker-plugin -flto-partition=none  execution test
FAIL: gcc.dg/atomic/c11-atomic-exec-5.c   -O2 -flto -fuse-linker-plugin -fno-fat-lto-objects  execution test
FAIL: gcc.dg/debug/btf/btf-bitfields-1.c scan-assembler-times [\\t ]0x13000040[\\t ]+[^\\n]*btm_offset 1
FAIL: gcc.dg/Warray-bounds-48.c (test for excess errors)
FAIL: gcc.dg/builtin-object-size-20.c scan-tree-dump-not optimized "fail"
FAIL: gcc.dg/ifcvt-4.c scan-rtl-dump ce1 "2 true changes made"
FAIL: gcc.dg/loop-9.c scan-rtl-dump loop2_invariant "Decided"
FAIL: gcc.dg/loop-9.c scan-rtl-dump loop2_invariant "without introducing a new temporary register"
FAIL: gcc.dg/memcmp-3.c (test for excess errors)
UNRESOLVED: gcc.dg/memcmp-3.c scan-tree-dump-not optimized "abort"
FAIL: gcc.dg/pr100590.c (test for excess errors)
FAIL: gcc.dg/pr46647.c scan-tree-dump-not optimized "memset"
FAIL: gcc.dg/pr84877.c execution test
FAIL: gcc.dg/pr97954.c (test for excess errors)
FAIL: gcc.dg/sibcall-3.c execution test
UNRESOLVED: gcc.dg/superblock.c scan-rtl-dump-times sched2 "ADVANCING TO" 2
FAIL: gcc.dg/uninit-pr93100.c (test for excess errors)
FAIL: gcc.dg/uninit-pred-9_b.c pr101674 (test for bogus messages, line 23)
FAIL: c-c++-common/pr51628-3.c  -Wc++-compat   (test for warnings, line 15)
FAIL: c-c++-common/pr51628-3.c  -Wc++-compat   (test for warnings, line 23)
FAIL: c-c++-common/pr51628-3.c  -Wc++-compat   (test for warnings, line 26)
FAIL: c-c++-common/pr51628-3.c  -Wc++-compat   (test for warnings, line 29)
FAIL: c-c++-common/pr51628-3.c  -Wc++-compat   (test for warnings, line 31)
FAIL: c-c++-common/pr51628-3.c  -Wc++-compat   (test for warnings, line 33)
FAIL: c-c++-common/gomp/atomic-10.c scan-tree-dump-times ompexp "__atomic_fetch_add" 4
FAIL: c-c++-common/gomp/atomic-3.c scan-tree-dump-times ompexp "xyzzy, 4" 1
FAIL: c-c++-common/gomp/atomic-9.c scan-tree-dump-times ompexp "__atomic_fetch_add" 1
FAIL: gcc.dg/graphite/scop-21.c scan-tree-dump-times graphite "number of SCoPs: 1" 1
XPASS: gcc.dg/graphite/pr69728.c scan-tree-dump graphite "loop nest optimized"
XPASS: gcc.dg/guality/example.c   -O0  execution test
XPASS: gcc.dg/guality/example.c   -O1  -DPREVENT_OPTIMIZATION  execution test
XPASS: gcc.dg/guality/example.c  -Og -DPREVENT_OPTIMIZATION  execution test
XPASS: gcc.dg/guality/guality.c   -O0  execution test
XPASS: gcc.dg/guality/guality.c  -Og -DPREVENT_OPTIMIZATION  execution test
XPASS: gcc.dg/guality/guality.c   -O2 -flto -fuse-linker-plugin -fno-fat-lto-objects  -DPREVENT_OPTIMIZATION execution test
XPASS: gcc.dg/guality/inline-params.c   -O2  -DPREVENT_OPTIMIZATION  execution test
XPASS: gcc.dg/guality/inline-params.c   -O3 -g  -DPREVENT_OPTIMIZATION  execution test
XPASS: gcc.dg/guality/inline-params.c   -Os  -DPREVENT_OPTIMIZATION  execution test
XPASS: gcc.dg/guality/inline-params.c   -O2 -flto -fno-use-linker-plugin -flto-partition=none  -DPREVENT_OPTIMIZATION execution test
XPASS: gcc.dg/guality/inline-params.c   -O2 -flto -fuse-linker-plugin -fno-fat-lto-objects  -DPREVENT_OPTIMIZATION execution test
FAIL: gcc.dg/ipa/pr91088.c scan-ipa-dump cp "op0\\\\[offset: 32],\\\\(\\\\(short int\\\\) #\\\\),\\\\(\\\\(int\\\\) #\\\\),\\\\(1300 / #\\\\) == 19"
FAIL: gcc.dg/lto/20090210 c_lto_20090210_0.o-c_lto_20090210_1.o link, -O0 -flto -flto-partition=none -fuse-linker-plugin
FAIL: gcc.dg/lto/20090210 c_lto_20090210_0.o-c_lto_20090210_1.o link, -O2 -flto -flto-partition=none -fuse-linker-plugin -fno-fat-lto-objects 
FAIL: gcc.dg/torture/pr100329.c   -O0  (test for excess errors)
FAIL: gcc.dg/torture/pr100329.c   -O1  (test for excess errors)
FAIL: gcc.dg/torture/pr100329.c   -O2  (test for excess errors)
FAIL: gcc.dg/torture/pr100329.c   -O3 -g  (test for excess errors)
FAIL: gcc.dg/torture/pr100329.c   -Os  (test for excess errors)
FAIL: gcc.dg/torture/pr100329.c   -O2 -flto -fno-use-linker-plugin -flto-partition=none  (test for excess errors)
FAIL: gcc.dg/torture/pr100398.c   -O0  (test for excess errors)
FAIL: gcc.dg/torture/pr100519.c   -O0  (test for excess errors)
FAIL: gcc.dg/torture/pr100519.c   -O1  (test for excess errors)
FAIL: gcc.dg/torture/pr100519.c   -O2  (test for excess errors)
FAIL: gcc.dg/torture/pr100519.c   -O3 -g  (test for excess errors)
FAIL: gcc.dg/torture/pr100519.c   -Os  (test for excess errors)
FAIL: gcc.dg/torture/pr100519.c   -O2 -flto -fno-use-linker-plugin -flto-partition=none  (test for excess errors)
FAIL: gcc.dg/torture/pr68264.c   -O1  execution test
FAIL: gcc.dg/torture/pr68264.c   -O2  execution test
FAIL: gcc.dg/torture/pr68264.c   -O3 -g  execution test
FAIL: gcc.dg/torture/pr68264.c   -O2 -flto -fno-use-linker-plugin -flto-partition=none  execution test
FAIL: gcc.dg/torture/pr68264.c   -O2 -flto -fuse-linker-plugin -fno-fat-lto-objects  execution test
FAIL: gcc.dg/torture/pr91323.c   -O1  execution test
FAIL: gcc.dg/torture/pr91323.c   -O2  execution test
FAIL: gcc.dg/torture/pr91323.c   -O3 -g  execution test
FAIL: gcc.dg/torture/pr91323.c   -Os  execution test
FAIL: gcc.dg/torture/pr91323.c   -O2 -flto -fno-use-linker-plugin -flto-partition=none  execution test
FAIL: gcc.dg/torture/pr91323.c   -O2 -flto -fuse-linker-plugin -fno-fat-lto-objects  execution test
FAIL: gcc.dg/tree-prof/stringop-2.c scan-tree-dump optimized "MEM <[a-z ]+> \\\\[\\\\(void .\\\\)&a\\\\] = 168430090"
UNRESOLVED: gcc.dg/tree-ssa/pr89430-1.c scan-tree-dump cselim "Conditional store replacement"
UNRESOLVED: gcc.dg/tree-ssa/pr89430-2.c scan-tree-dump cselim "Conditional store replacement"
UNRESOLVED: gcc.dg/tree-ssa/pr89430-3.c scan-tree-dump-not cselim "Conditional store replacement"
UNRESOLVED: gcc.dg/tree-ssa/pr89430-4.c scan-tree-dump-not cselim "Conditional store replacement"
UNRESOLVED: gcc.dg/tree-ssa/pr89430-5.c scan-tree-dump cselim "Conditional store replacement"
UNRESOLVED: gcc.dg/tree-ssa/pr89430-6.c scan-tree-dump cselim "Conditional store replacement"
UNRESOLVED: gcc.dg/tree-ssa/pr89430-7-comp-ref.c scan-tree-dump cselim "Conditional store replacement"
UNRESOLVED: gcc.dg/tree-ssa/pr89430-8-mem-ref-size.c scan-tree-dump cselim "Conditional store replacement"
XPASS: gcc.dg/tree-ssa/pr91091-2.c scan-tree-dump-times fre1 " = [^;]*x;" 1
UNRESOLVED: gcc.dg/tree-ssa/pr99473-1.c scan-tree-dump cselim "Conditional store replacement happened"
FAIL: gcc.target/m68k/20100512-1.c scan-assembler-times __stack_chk_guard 4
FAIL: gcc.target/m68k/tls-gd-xgot.c scan-assembler #foo@TLSGD,%[ad][0-7]
FAIL: gcc.target/m68k/tls-ie-xgot.c scan-assembler #foo@TLSIE,%[ad][0-7]
FAIL: gcc.target/m68k/tls-ld-xgot-xtls.c scan-assembler #foo@TLSLDM,%[ad][0-7]
FAIL: gcc.target/m68k/tls-ld-xgot.c scan-assembler #foo@TLSLDM,%[ad][0-7]
FAIL: gcc.target/m68k/tls-ld-xgot.c scan-assembler lea \\\\(foo@TLSLDO,%a0\\\\)
FAIL: gcc.target/m68k/tls-ld.c scan-assembler lea \\\\(foo@TLSLDO,%a0\\\\)
FAIL: gcc.target/m68k/tls-le.c scan-assembler lea \\\\(foo@TLSLE,%a0\\\\)

		=== gcc Summary ===

# of expected passes		125702
# of unexpected failures	123
# of unexpected successes	14
# of expected failures		810
# of unresolved testcases	11
# of unsupported tests		3001
/daten/aranym/gcc/gcc-20210819/Build/gcc/xgcc  version 12.0.0 20210818 (experimental) [master revision f0fca213bc5] (GCC) 

Host   is x86_64-suse-linux-gnu

		=== gfortran tests ===


Running target aranym
FAIL: gfortran.dg/analyzer/pr96949.f90   -O  (internal compiler error)
FAIL: gfortran.dg/analyzer/pr96949.f90   -O  (test for excess errors)
FAIL: gfortran.dg/ISO_Fortran_binding_11.f90   -O0  execution test
FAIL: gfortran.dg/ISO_Fortran_binding_11.f90   -O1  execution test
FAIL: gfortran.dg/ISO_Fortran_binding_11.f90   -O2  execution test
FAIL: gfortran.dg/ISO_Fortran_binding_11.f90   -O3 -fomit-frame-pointer -funroll-loops -fpeel-loops -ftracer -finline-functions  execution test
FAIL: gfortran.dg/ISO_Fortran_binding_11.f90   -O3 -g  execution test
FAIL: gfortran.dg/ISO_Fortran_binding_11.f90   -Os  execution test
FAIL: gfortran.dg/common_14.f90   -O   (test for warnings, line 16)
FAIL: gfortran.dg/common_14.f90   -O   (test for warnings, line 22)
FAIL: gfortran.dg/common_14.f90   -O  (test for excess errors)
FAIL: gfortran.dg/common_16.f90   -O   (test for warnings, line 10)
FAIL: gfortran.dg/common_16.f90   -O  (test for excess errors)
FAIL: gfortran.dg/common_5.f   -O   (test for warnings, line 7)
FAIL: gfortran.dg/common_align_2.f90   -O0   (test for warnings, line 23)
FAIL: gfortran.dg/common_align_2.f90   -O0  execution test
FAIL: gfortran.dg/common_align_2.f90   -O1   (test for warnings, line 23)
FAIL: gfortran.dg/common_align_2.f90   -O1  execution test
FAIL: gfortran.dg/common_align_2.f90   -O2   (test for warnings, line 23)
FAIL: gfortran.dg/common_align_2.f90   -O2  execution test
FAIL: gfortran.dg/common_align_2.f90   -O3 -fomit-frame-pointer -funroll-loops -fpeel-loops -ftracer -finline-functions   (test for warnings, line 23)
FAIL: gfortran.dg/common_align_2.f90   -O3 -fomit-frame-pointer -funroll-loops -fpeel-loops -ftracer -finline-functions  execution test
FAIL: gfortran.dg/common_align_2.f90   -O3 -g   (test for warnings, line 23)
FAIL: gfortran.dg/common_align_2.f90   -O3 -g  execution test
FAIL: gfortran.dg/common_align_2.f90   -Os   (test for warnings, line 23)
FAIL: gfortran.dg/common_align_2.f90   -Os  execution test
FAIL: gfortran.dg/dec_parameter_1.f   -O3 -fomit-frame-pointer -funroll-loops -fpeel-loops -ftracer -finline-functions  execution test
FAIL: gfortran.dg/dec_parameter_1.f   -O3 -g  execution test
FAIL: gfortran.dg/dec_parameter_2.f90   -O3 -fomit-frame-pointer -funroll-loops -fpeel-loops -ftracer -finline-functions  execution test
FAIL: gfortran.dg/dec_parameter_2.f90   -O3 -g  execution test
WARNING: program timed out.
FAIL: gfortran.dg/matmul_15.f90   -O  execution test
FAIL: gfortran.dg/pr95690.f90   -O   (test for errors, line 6)
FAIL: gfortran.dg/pr95690.f90   -O  (test for excess errors)
FAIL: gfortran.dg/ieee/ieee_2.f90   -O1  execution test
FAIL: gfortran.dg/ieee/ieee_2.f90   -O2  execution test
FAIL: gfortran.dg/ieee/ieee_2.f90   -O3 -fomit-frame-pointer -funroll-loops -fpeel-loops -ftracer -finline-functions  execution test
FAIL: gfortran.dg/ieee/ieee_2.f90   -O3 -g  execution test
FAIL: gfortran.dg/ieee/ieee_2.f90   -Os  execution test
FAIL: gfortran.dg/ieee/ieee_9.f90   -O0  (test for excess errors)
UNRESOLVED: gfortran.dg/ieee/ieee_9.f90   -O0  compilation failed to produce executable
FAIL: gfortran.dg/ieee/ieee_9.f90   -O1  (test for excess errors)
UNRESOLVED: gfortran.dg/ieee/ieee_9.f90   -O1  compilation failed to produce executable
FAIL: gfortran.dg/ieee/ieee_9.f90   -O2  (test for excess errors)
UNRESOLVED: gfortran.dg/ieee/ieee_9.f90   -O2  compilation failed to produce executable
FAIL: gfortran.dg/ieee/ieee_9.f90   -O3 -fomit-frame-pointer -funroll-loops -fpeel-loops -ftracer -finline-functions  (test for excess errors)
UNRESOLVED: gfortran.dg/ieee/ieee_9.f90   -O3 -fomit-frame-pointer -funroll-loops -fpeel-loops -ftracer -finline-functions  compilation failed to produce executable
FAIL: gfortran.dg/ieee/ieee_9.f90   -O3 -g  (test for excess errors)
UNRESOLVED: gfortran.dg/ieee/ieee_9.f90   -O3 -g  compilation failed to produce executable
FAIL: gfortran.dg/ieee/ieee_9.f90   -Os  (test for excess errors)
UNRESOLVED: gfortran.dg/ieee/ieee_9.f90   -Os  compilation failed to produce executable
FAIL: gfortran.dg/ieee/large_2.f90   -O1  execution test
FAIL: gfortran.dg/ieee/large_2.f90   -O2  execution test
FAIL: gfortran.dg/ieee/large_2.f90   -O3 -fomit-frame-pointer -funroll-loops -fpeel-loops -ftracer -finline-functions  execution test
FAIL: gfortran.dg/ieee/large_2.f90   -O3 -g  execution test
FAIL: gfortran.dg/ieee/large_2.f90   -Os  execution test
FAIL: gfortran.dg/ieee/rounding_1.f90   -O1  execution test
FAIL: gfortran.dg/ieee/rounding_1.f90   -O2  execution test
FAIL: gfortran.dg/ieee/rounding_1.f90   -O3 -fomit-frame-pointer -funroll-loops -fpeel-loops -ftracer -finline-functions  execution test
FAIL: gfortran.dg/ieee/rounding_1.f90   -O3 -g  execution test
FAIL: gfortran.dg/ieee/rounding_1.f90   -Os  execution test

		=== gfortran Summary ===

# of expected passes		57781
# of unexpected failures	54
# of expected failures		256
# of unresolved testcases	6
# of unsupported tests		332
/daten/aranym/gcc/gcc-20210819/Build/gcc/gfortran  version 12.0.0 20210818 (experimental) [master revision f0fca213bc5] (GCC) 

Host   is x86_64-suse-linux-gnu

		=== objc tests ===


Running target aranym

		=== objc Summary ===

# of expected passes		2826
# of unsupported tests		70
/daten/aranym/gcc/gcc-20210819/Build/gcc/xgcc  version 12.0.0 20210818 (experimental) [master revision f0fca213bc5] (GCC) 

Host   is m68k-unknown-linux-gnu

		=== libatomic tests ===


Running target aranym

		=== libatomic Summary ===

# of expected passes		44
# of unsupported tests		5
Host   is m68k-unknown-linux-gnu

		=== libgomp tests ===


Running target aranym
WARNING: program timed out.
FAIL: libgomp.fortran/strassen.f90   -O  execution test
FAIL: libgomp.oacc-fortran/stop-2.f -DACC_DEVICE_TYPE_host=1 -DACC_MEM_SHARED=1 -foffload=disable  -O0  output pattern test
FAIL: libgomp.oacc-fortran/stop-2.f -DACC_DEVICE_TYPE_host=1 -DACC_MEM_SHARED=1 -foffload=disable  -O1  output pattern test
FAIL: libgomp.oacc-fortran/stop-2.f -DACC_DEVICE_TYPE_host=1 -DACC_MEM_SHARED=1 -foffload=disable  -O2  output pattern test
FAIL: libgomp.oacc-fortran/stop-2.f -DACC_DEVICE_TYPE_host=1 -DACC_MEM_SHARED=1 -foffload=disable  -O3 -fomit-frame-pointer -funroll-loops -fpeel-loops -ftracer -finline-functions  output pattern test
FAIL: libgomp.oacc-fortran/stop-2.f -DACC_DEVICE_TYPE_host=1 -DACC_MEM_SHARED=1 -foffload=disable  -O3 -g  output pattern test
FAIL: libgomp.oacc-fortran/stop-2.f -DACC_DEVICE_TYPE_host=1 -DACC_MEM_SHARED=1 -foffload=disable  -Os  output pattern test

		=== libgomp Summary ===

# of expected passes		11381
# of unexpected failures	7
# of expected failures		104
# of unsupported tests		700
Host   is m68k-unknown-linux-gnu

		=== libstdc++ tests ===


Running target aranym
FAIL: 20_util/to_chars/long_double.cc execution test
WARNING: program timed out.
FAIL: 22_locale/locale/cons/12658_thread-2.cc execution test
FAIL: 22_locale/time_get/get_time/char/2.cc execution test
FAIL: 22_locale/time_get/get_time/char/wrapped_locale.cc execution test
FAIL: 22_locale/time_get/get_time/wchar_t/2.cc execution test
FAIL: 22_locale/time_get/get_time/wchar_t/wrapped_locale.cc execution test
FAIL: 23_containers/vector/debug/mutex_association.cc execution test
WARNING: program timed out.
FAIL: 27_io/basic_istream/get/char/lwg3464.cc execution test
WARNING: program timed out.
FAIL: 27_io/basic_istream/get/wchar_t/lwg3464.cc execution test
WARNING: program timed out.
FAIL: 27_io/basic_istream/ignore/char/94749.cc execution test
WARNING: program timed out.
FAIL: 27_io/basic_istream/ignore/wchar_t/94749.cc execution test
FAIL: 27_io/filesystem/operations/copy.cc execution test
FAIL: 27_io/filesystem/operations/last_write_time.cc execution test
FAIL: 27_io/filesystem/operations/symlink_status.cc execution test
FAIL: 29_atomics/atomic_float/wait_notify.cc (test for excess errors)
UNRESOLVED: 29_atomics/atomic_float/wait_notify.cc compilation failed to produce executable
FAIL: 29_atomics/atomic_integral/wait_notify.cc (test for excess errors)
UNRESOLVED: 29_atomics/atomic_integral/wait_notify.cc compilation failed to produce executable
FAIL: 30_threads/jthread/95989.cc execution test
FAIL: experimental/filesystem/operations/copy.cc execution test
FAIL: experimental/filesystem/operations/last_write_time.cc execution test
FAIL: experimental/filesystem/operations/permissions.cc execution test
FAIL: ext/random/uniform_on_sphere_distribution/operators/serialize.cc execution test
FAIL: std/ranges/adaptors/sizeof.cc (test for excess errors)

		=== libstdc++ Summary ===

# of expected passes		14641
# of unexpected failures	22
# of expected failures		95
# of unresolved testcases	2
# of unsupported tests		389

Compiler version: 12.0.0 20210818 (experimental) [master revision f0fca213bc5] (GCC) 
Platform: m68k-unknown-linux-gnu
configure flags: --prefix=/daten/cross/m68k-linux --build=x86_64-suse-linux --enable-shared --with-system-zlib CFLAGS='-O2 -g' CXXFLAGS='-O2 -g' --target=m68k-linux --with-sysroot --disable-multilib --enable-clocale=gnu


More information about the Gcc-testresults mailing list