Results for 11.2.1 (DEFMODE=thumb DEFCPU=cortex-a9 DEFFPU=default TESTFLAGS=-march=armv5t) [r11-8879] (GCC) testsuite on arm-none-linux-gnueabi
Christophe LYON
christophe.lyon@foss.st.com
Wed Aug 18 19:47:09 GMT 2021
LAST_UPDATED: Wed Aug 18 17:14:56 UTC 2021 (revision r11-8879-g95c56f26a9e43cfe38d23f3e52e83c500ac1e652) TARGET=arm-none-linux-gnueabi CPU=cortex-a9 FPU=default MODE=thumb
Target is arm-none-linux-gnueabi
Host is arm-none-linux-gnueabi
=== libatomic tests ===
Running target qemu/-march=armv5t
=== libatomic Summary ===
# of expected passes 44
# of unsupported tests 5
Host is arm-none-linux-gnueabi
=== libitm tests ===
Running target qemu/-march=armv5t
=== libitm Summary ===
# of expected passes 44
# of expected failures 3
# of unsupported tests 1
Host is arm-none-linux-gnueabi
=== libstdc++ tests ===
Running target qemu/-march=armv5t
FAIL: 29_atomics/atomic_float/wait_notify.cc (test for excess errors)
UNRESOLVED: 29_atomics/atomic_float/wait_notify.cc compilation failed to produce executable
FAIL: 29_atomics/atomic_integral/wait_notify.cc (test for excess errors)
UNRESOLVED: 29_atomics/atomic_integral/wait_notify.cc compilation failed to produce executable
WARNING: 29_atomics/atomic_ref/wait_notify.cc execution test (CHILDKILLED 16515 SIGINT interrupt) program timed out.
WARNING: 30_threads/condition_variable/54185.cc execution test (CHILDKILLED 5434 SIGINT interrupt) program timed out.
=== libstdc++ Summary ===
# of expected passes 13856
# of unexpected failures 2
# of expected failures 104
# of untested testcases 2
# of unresolved testcases 2
# of unsupported tests 745
Host is x86_64-pc-linux-gnu
=== gcc tests ===
Running target qemu/-march=armv5t
WARNING: skipping asan tests due to ulimit -v
WARNING: skipping asan tests due to ulimit -v
WARNING: skipping asan tests due to ulimit -v
WARNING: skipping asan tests due to ulimit -v
WARNING: skipping asan tests due to ulimit -v
FAIL: c-c++-common/zero-scratch-regs-11.c -Wc++-compat (test for excess errors)
UNRESOLVED: c-c++-common/zero-scratch-regs-11.c -Wc++-compat compilation failed to produce executable
FAIL: c-c++-common/zero-scratch-regs-7.c -Wc++-compat (test for excess errors)
UNRESOLVED: c-c++-common/zero-scratch-regs-7.c -Wc++-compat compilation failed to produce executable
FAIL: c-c++-common/zero-scratch-regs-9.c -Wc++-compat (test for excess errors)
UNRESOLVED: c-c++-common/zero-scratch-regs-9.c -Wc++-compat compilation failed to produce executable
FAIL: gcc.dg/loop-8.c scan-rtl-dump-not loop2_invariant "without introducing a new temporary register"
FAIL: gcc.dg/loop-8.c scan-rtl-dump-times loop2_invariant "Decided" 1
XPASS: gcc.dg/sibcall-3.c execution test
XPASS: gcc.dg/sibcall-4.c execution test
FAIL: gcc.dg/fixed-point/composite-type.c (test for excess errors)
FAIL: gcc.dg/ipa/iinline-attr.c scan-ipa-dump inline "hooray[^\\\\n]*inline copy in test"
FAIL: c-c++-common/ubsan/overflow-2.c -Os (test for excess errors)
UNRESOLVED: c-c++-common/ubsan/overflow-2.c -Os compilation failed to produce executable
FAIL: gcc.target/arm/20131120.c scan-rtl-dump-not expand "\\\\(set \\\\(reg:SI [0-9]*\\\\)[\\n\\r]+[ \\t]*\\\\(const_int 4000"
UNRESOLVED: gcc.target/arm/cortex-m55-nodsp-flag-hard.c scan-assembler .arch_extension fp
UNRESOLVED: gcc.target/arm/cortex-m55-nodsp-flag-hard.c scan-assembler .arch_extension fp.dp
UNRESOLVED: gcc.target/arm/cortex-m55-nodsp-flag-hard.c scan-assembler .fpu fpv5-d16
UNRESOLVED: gcc.target/arm/cortex-m55-nodsp-flag-hard.c scan-assembler-not .arch_extension dsp
UNRESOLVED: gcc.target/arm/cortex-m55-nodsp-flag-hard.c scan-assembler-not .arch_extension mve
UNRESOLVED: gcc.target/arm/cortex-m55-nodsp-flag-hard.c scan-assembler-not .arch_extension mve.fp
FAIL: gcc.target/arm/cortex-m55-nodsp-flag-softfp.c scan-assembler .arch_extension fp
FAIL: gcc.target/arm/cortex-m55-nodsp-flag-softfp.c scan-assembler .arch_extension fp.dp
FAIL: gcc.target/arm/cortex-m55-nodsp-flag-softfp.c scan-assembler .fpu fpv5-d16
UNRESOLVED: gcc.target/arm/cortex-m55-nofp-flag-hard.c scan-assembler .arch_extension dsp
UNRESOLVED: gcc.target/arm/cortex-m55-nofp-flag-hard.c scan-assembler .arch_extension mve
UNRESOLVED: gcc.target/arm/cortex-m55-nofp-flag-hard.c scan-assembler-not .arch_extension fp
UNRESOLVED: gcc.target/arm/cortex-m55-nofp-flag-hard.c scan-assembler-not .arch_extension fp.dp
UNRESOLVED: gcc.target/arm/cortex-m55-nofp-flag-hard.c scan-assembler-not .arch_extension mve.fp
UNRESOLVED: gcc.target/arm/cortex-m55-nofp-flag-hard.c scan-assembler-not .fpu
FAIL: gcc.target/arm/cortex-m55-nofp-flag-softfp.c scan-assembler .arch_extension dsp
FAIL: gcc.target/arm/cortex-m55-nofp-flag-softfp.c scan-assembler .arch_extension mve
FAIL: gcc.target/arm/cortex-m55-nofp-flag-softfp.c scan-assembler-not .fpu
FAIL: gcc.target/arm/cortex-m55-nofp-nomve-flag-softfp.c scan-assembler .arch_extension dsp
FAIL: gcc.target/arm/cortex-m55-nofp-nomve-flag-softfp.c scan-assembler-not .fpu
UNRESOLVED: gcc.target/arm/cortex-m55-nomve-flag-hard.c scan-assembler .arch_extension dsp
UNRESOLVED: gcc.target/arm/cortex-m55-nomve-flag-hard.c scan-assembler .arch_extension fp
UNRESOLVED: gcc.target/arm/cortex-m55-nomve-flag-hard.c scan-assembler .arch_extension fp.dp
UNRESOLVED: gcc.target/arm/cortex-m55-nomve-flag-hard.c scan-assembler .fpu fpv5-d16
UNRESOLVED: gcc.target/arm/cortex-m55-nomve-flag-hard.c scan-assembler-not .arch_extension mve
UNRESOLVED: gcc.target/arm/cortex-m55-nomve-flag-hard.c scan-assembler-not .arch_extension mve.fp
FAIL: gcc.target/arm/cortex-m55-nomve-flag-softfp.c scan-assembler .arch_extension dsp
FAIL: gcc.target/arm/cortex-m55-nomve-flag-softfp.c scan-assembler .arch_extension fp
FAIL: gcc.target/arm/cortex-m55-nomve-flag-softfp.c scan-assembler .arch_extension fp.dp
FAIL: gcc.target/arm/cortex-m55-nomve-flag-softfp.c scan-assembler .fpu fpv5-d16
UNRESOLVED: gcc.target/arm/cortex-m55-nomve.fp-flag-hard.c scan-assembler .arch_extension dsp
UNRESOLVED: gcc.target/arm/cortex-m55-nomve.fp-flag-hard.c scan-assembler .arch_extension fp
UNRESOLVED: gcc.target/arm/cortex-m55-nomve.fp-flag-hard.c scan-assembler .arch_extension fp.dp
UNRESOLVED: gcc.target/arm/cortex-m55-nomve.fp-flag-hard.c scan-assembler .arch_extension mve
UNRESOLVED: gcc.target/arm/cortex-m55-nomve.fp-flag-hard.c scan-assembler .fpu fpv5-d16
UNRESOLVED: gcc.target/arm/cortex-m55-nomve.fp-flag-hard.c scan-assembler-not .arch_extension mve.fp
FAIL: gcc.target/arm/cortex-m55-nomve.fp-flag-softfp.c scan-assembler .arch_extension dsp
FAIL: gcc.target/arm/cortex-m55-nomve.fp-flag-softfp.c scan-assembler .arch_extension fp
FAIL: gcc.target/arm/cortex-m55-nomve.fp-flag-softfp.c scan-assembler .arch_extension fp.dp
FAIL: gcc.target/arm/cortex-m55-nomve.fp-flag-softfp.c scan-assembler .arch_extension mve
FAIL: gcc.target/arm/cortex-m55-nomve.fp-flag-softfp.c scan-assembler .fpu fpv5-d16
FAIL: gcc.target/arm/empty_fiq_handler.c (test for excess errors)
FAIL: gcc.target/arm/fma.c (test for excess errors)
UNRESOLVED: gcc.target/arm/fma.c scan-assembler-times vfma.f32\\ts[0-9] 1
UNRESOLVED: gcc.target/arm/fma.c scan-assembler-times vfma.f64\\td[0-9] 1
UNRESOLVED: gcc.target/arm/fma.c scan-assembler-times vfms.f32\\ts[0-9] 1
UNRESOLVED: gcc.target/arm/fma.c scan-assembler-times vfms.f64\\td[0-9] 1
UNRESOLVED: gcc.target/arm/fma.c scan-assembler-times vfnma.f32\\ts[0-9] 1
UNRESOLVED: gcc.target/arm/fma.c scan-assembler-times vfnma.f64\\td[0-9] 1
UNRESOLVED: gcc.target/arm/fma.c scan-assembler-times vfnms.f32\\ts[0-9] 1
UNRESOLVED: gcc.target/arm/fma.c scan-assembler-times vfnms.f64\\td[0-9] 1
FAIL: gcc.target/arm/pr45701-1.c scan-assembler push\\t{r3
FAIL: gcc.target/arm/reg_equal_test.c scan-rtl-dump expand "expr_list:REG_EQUAL \\\\(const_int -942519458"
FAIL: gcc.target/arm/mve/intrinsics/pr97327.c (test for excess errors)
=== gcc Summary ===
# of expected passes 136466
# of unexpected failures 31
# of unexpected successes 2
# of expected failures 714
# of unresolved testcases 36
# of unsupported tests 3874
/tmp/3984646_9.tmpdir/aci-gcc-fsf/builds/gcc-fsf-gccsrc-thumb/obj-arm-none-linux-gnueabi/gcc3/gcc/xgcc version 11.2.1 (DEFMODE=thumb DEFCPU=cortex-a9 DEFFPU=default TESTFLAGS=-march=armv5t) [r11-8879] (GCC)
Host is x86_64-pc-linux-gnu
=== gfortran tests ===
Running target qemu/-march=armv5t
WARNING: skipping asan tests due to ulimit -v
WARNING: skipping asan tests due to ulimit -v
WARNING: skipping asan tests due to ulimit -v
FAIL: gfortran.dg/dollar_edit_descriptor_3.f -O0 output pattern test
FAIL: gfortran.dg/dollar_edit_descriptor_3.f -O1 output pattern test
FAIL: gfortran.dg/dollar_edit_descriptor_3.f -O2 output pattern test
FAIL: gfortran.dg/dollar_edit_descriptor_3.f -O3 -fomit-frame-pointer -funroll-loops -fpeel-loops -ftracer -finline-functions output pattern test
FAIL: gfortran.dg/dollar_edit_descriptor_3.f -O3 -g output pattern test
FAIL: gfortran.dg/dollar_edit_descriptor_3.f -Os output pattern test
FAIL: gfortran.dg/namelist_print_1.f -O0 output pattern test
FAIL: gfortran.dg/namelist_print_1.f -O1 output pattern test
FAIL: gfortran.dg/namelist_print_1.f -O2 output pattern test
FAIL: gfortran.dg/namelist_print_1.f -O3 -fomit-frame-pointer -funroll-loops -fpeel-loops -ftracer -finline-functions output pattern test
FAIL: gfortran.dg/namelist_print_1.f -O3 -g output pattern test
FAIL: gfortran.dg/namelist_print_1.f -Os output pattern test
FAIL: gfortran.dg/read_x_eor.f90 -O0 output pattern test
FAIL: gfortran.dg/read_x_eor.f90 -O1 output pattern test
FAIL: gfortran.dg/read_x_eor.f90 -O2 output pattern test
FAIL: gfortran.dg/read_x_eor.f90 -O3 -fomit-frame-pointer -funroll-loops -fpeel-loops -ftracer -finline-functions output pattern test
FAIL: gfortran.dg/read_x_eor.f90 -O3 -g output pattern test
FAIL: gfortran.dg/read_x_eor.f90 -Os output pattern test
FAIL: gfortran.dg/g77/f77-edit-apostrophe-out.f -O0 output pattern test
FAIL: gfortran.dg/g77/f77-edit-apostrophe-out.f -O1 output pattern test
FAIL: gfortran.dg/g77/f77-edit-apostrophe-out.f -O2 output pattern test
FAIL: gfortran.dg/g77/f77-edit-apostrophe-out.f -O3 -fomit-frame-pointer -funroll-loops -fpeel-loops -ftracer -finline-functions output pattern test
FAIL: gfortran.dg/g77/f77-edit-apostrophe-out.f -O3 -g output pattern test
FAIL: gfortran.dg/g77/f77-edit-apostrophe-out.f -Os output pattern test
FAIL: gfortran.dg/g77/f77-edit-colon-out.f -O0 output pattern test
FAIL: gfortran.dg/g77/f77-edit-colon-out.f -O1 output pattern test
FAIL: gfortran.dg/g77/f77-edit-colon-out.f -O2 output pattern test
FAIL: gfortran.dg/g77/f77-edit-colon-out.f -O3 -fomit-frame-pointer -funroll-loops -fpeel-loops -ftracer -finline-functions output pattern test
FAIL: gfortran.dg/g77/f77-edit-colon-out.f -O3 -g output pattern test
FAIL: gfortran.dg/g77/f77-edit-colon-out.f -Os output pattern test
FAIL: gfortran.dg/g77/f77-edit-h-out.f -O0 output pattern test
FAIL: gfortran.dg/g77/f77-edit-h-out.f -O1 output pattern test
FAIL: gfortran.dg/g77/f77-edit-h-out.f -O2 output pattern test
FAIL: gfortran.dg/g77/f77-edit-h-out.f -O3 -fomit-frame-pointer -funroll-loops -fpeel-loops -ftracer -finline-functions output pattern test
FAIL: gfortran.dg/g77/f77-edit-h-out.f -O3 -g output pattern test
FAIL: gfortran.dg/g77/f77-edit-h-out.f -Os output pattern test
FAIL: gfortran.dg/g77/f77-edit-i-out.f -O0 output pattern test
FAIL: gfortran.dg/g77/f77-edit-i-out.f -O1 output pattern test
FAIL: gfortran.dg/g77/f77-edit-i-out.f -O2 output pattern test
FAIL: gfortran.dg/g77/f77-edit-i-out.f -O3 -fomit-frame-pointer -funroll-loops -fpeel-loops -ftracer -finline-functions output pattern test
FAIL: gfortran.dg/g77/f77-edit-i-out.f -O3 -g output pattern test
FAIL: gfortran.dg/g77/f77-edit-i-out.f -Os output pattern test
FAIL: gfortran.dg/g77/f77-edit-s-out.f -O0 output pattern test
FAIL: gfortran.dg/g77/f77-edit-s-out.f -O1 output pattern test
FAIL: gfortran.dg/g77/f77-edit-s-out.f -O2 output pattern test
FAIL: gfortran.dg/g77/f77-edit-s-out.f -O3 -fomit-frame-pointer -funroll-loops -fpeel-loops -ftracer -finline-functions output pattern test
FAIL: gfortran.dg/g77/f77-edit-s-out.f -O3 -g output pattern test
FAIL: gfortran.dg/g77/f77-edit-s-out.f -Os output pattern test
FAIL: gfortran.dg/g77/f77-edit-slash-out.f -O0 output pattern test
FAIL: gfortran.dg/g77/f77-edit-slash-out.f -O1 output pattern test
FAIL: gfortran.dg/g77/f77-edit-slash-out.f -O2 output pattern test
FAIL: gfortran.dg/g77/f77-edit-slash-out.f -O3 -fomit-frame-pointer -funroll-loops -fpeel-loops -ftracer -finline-functions output pattern test
FAIL: gfortran.dg/g77/f77-edit-slash-out.f -O3 -g output pattern test
FAIL: gfortran.dg/g77/f77-edit-slash-out.f -Os output pattern test
FAIL: gfortran.dg/g77/f77-edit-t-out.f -O0 output pattern test
FAIL: gfortran.dg/g77/f77-edit-t-out.f -O1 output pattern test
FAIL: gfortran.dg/g77/f77-edit-t-out.f -O2 output pattern test
FAIL: gfortran.dg/g77/f77-edit-t-out.f -O3 -fomit-frame-pointer -funroll-loops -fpeel-loops -ftracer -finline-functions output pattern test
FAIL: gfortran.dg/g77/f77-edit-t-out.f -O3 -g output pattern test
FAIL: gfortran.dg/g77/f77-edit-t-out.f -Os output pattern test
FAIL: gfortran.dg/g77/f77-edit-x-out.f -O0 output pattern test
FAIL: gfortran.dg/g77/f77-edit-x-out.f -O1 output pattern test
FAIL: gfortran.dg/g77/f77-edit-x-out.f -O2 output pattern test
FAIL: gfortran.dg/g77/f77-edit-x-out.f -O3 -fomit-frame-pointer -funroll-loops -fpeel-loops -ftracer -finline-functions output pattern test
FAIL: gfortran.dg/g77/f77-edit-x-out.f -O3 -g output pattern test
FAIL: gfortran.dg/g77/f77-edit-x-out.f -Os output pattern test
FAIL: gfortran.dg/ieee/ieee_1.F90 -O0 execution test
FAIL: gfortran.dg/ieee/ieee_1.F90 -O1 execution test
FAIL: gfortran.dg/ieee/ieee_1.F90 -O2 execution test
FAIL: gfortran.dg/ieee/ieee_1.F90 -O3 -fomit-frame-pointer -funroll-loops -fpeel-loops -ftracer -finline-functions execution test
FAIL: gfortran.dg/ieee/ieee_1.F90 -O3 -g execution test
FAIL: gfortran.dg/ieee/ieee_1.F90 -Os execution test
FAIL: gfortran.dg/ieee/ieee_2.f90 -O0 execution test
FAIL: gfortran.dg/ieee/ieee_2.f90 -O1 execution test
FAIL: gfortran.dg/ieee/ieee_2.f90 -O2 execution test
FAIL: gfortran.dg/ieee/ieee_2.f90 -O3 -fomit-frame-pointer -funroll-loops -fpeel-loops -ftracer -finline-functions execution test
FAIL: gfortran.dg/ieee/ieee_2.f90 -O3 -g execution test
FAIL: gfortran.dg/ieee/ieee_2.f90 -Os execution test
FAIL: gfortran.dg/ieee/ieee_9.f90 -O0 (test for excess errors)
UNRESOLVED: gfortran.dg/ieee/ieee_9.f90 -O0 compilation failed to produce executable
FAIL: gfortran.dg/ieee/ieee_9.f90 -O1 (test for excess errors)
UNRESOLVED: gfortran.dg/ieee/ieee_9.f90 -O1 compilation failed to produce executable
FAIL: gfortran.dg/ieee/ieee_9.f90 -O2 (test for excess errors)
UNRESOLVED: gfortran.dg/ieee/ieee_9.f90 -O2 compilation failed to produce executable
FAIL: gfortran.dg/ieee/ieee_9.f90 -O3 -fomit-frame-pointer -funroll-loops -fpeel-loops -ftracer -finline-functions (test for excess errors)
UNRESOLVED: gfortran.dg/ieee/ieee_9.f90 -O3 -fomit-frame-pointer -funroll-loops -fpeel-loops -ftracer -finline-functions compilation failed to produce executable
FAIL: gfortran.dg/ieee/ieee_9.f90 -O3 -g (test for excess errors)
UNRESOLVED: gfortran.dg/ieee/ieee_9.f90 -O3 -g compilation failed to produce executable
FAIL: gfortran.dg/ieee/ieee_9.f90 -Os (test for excess errors)
UNRESOLVED: gfortran.dg/ieee/ieee_9.f90 -Os compilation failed to produce executable
FAIL: gfortran.dg/ieee/large_2.f90 -O0 execution test
FAIL: gfortran.dg/ieee/large_2.f90 -O1 execution test
FAIL: gfortran.dg/ieee/large_2.f90 -O2 execution test
FAIL: gfortran.dg/ieee/large_2.f90 -O3 -fomit-frame-pointer -funroll-loops -fpeel-loops -ftracer -finline-functions execution test
FAIL: gfortran.dg/ieee/large_2.f90 -O3 -g execution test
FAIL: gfortran.dg/ieee/large_2.f90 -Os execution test
FAIL: gfortran.dg/ieee/large_3.F90 -O0 execution test
FAIL: gfortran.dg/ieee/large_3.F90 -O1 execution test
FAIL: gfortran.dg/ieee/large_3.F90 -O2 execution test
FAIL: gfortran.dg/ieee/large_3.F90 -O3 -fomit-frame-pointer -funroll-loops -fpeel-loops -ftracer -finline-functions execution test
FAIL: gfortran.dg/ieee/large_3.F90 -O3 -g execution test
FAIL: gfortran.dg/ieee/large_3.F90 -Os execution test
FAIL: gfortran.dg/ieee/rounding_1.f90 -O0 execution test
FAIL: gfortran.dg/ieee/rounding_1.f90 -O1 execution test
FAIL: gfortran.dg/ieee/rounding_1.f90 -O2 execution test
FAIL: gfortran.dg/ieee/rounding_1.f90 -O3 -fomit-frame-pointer -funroll-loops -fpeel-loops -ftracer -finline-functions execution test
FAIL: gfortran.dg/ieee/rounding_1.f90 -O3 -g execution test
FAIL: gfortran.dg/ieee/rounding_1.f90 -Os execution test
=== gfortran Summary ===
# of expected passes 55094
# of unexpected failures 102
# of expected failures 224
# of unresolved testcases 6
# of unsupported tests 460
/tmp/3984646_9.tmpdir/aci-gcc-fsf/builds/gcc-fsf-gccsrc-thumb/obj-arm-none-linux-gnueabi/gcc3/gcc/gfortran version 11.2.1 (DEFMODE=thumb DEFCPU=cortex-a9 DEFFPU=default TESTFLAGS=-march=armv5t) [r11-8879] (GCC)
Host is x86_64-pc-linux-gnu
=== g++ tests ===
Running target qemu/-march=armv5t
WARNING: skipping asan tests due to ulimit -v
WARNING: skipping asan tests due to ulimit -v
WARNING: skipping asan tests due to ulimit -v
WARNING: skipping asan tests due to ulimit -v
FAIL: c-c++-common/zero-scratch-regs-11.c -std=gnu++14 (test for excess errors)
UNRESOLVED: c-c++-common/zero-scratch-regs-11.c -std=gnu++14 compilation failed to produce executable
FAIL: c-c++-common/zero-scratch-regs-11.c -std=gnu++17 (test for excess errors)
UNRESOLVED: c-c++-common/zero-scratch-regs-11.c -std=gnu++17 compilation failed to produce executable
FAIL: c-c++-common/zero-scratch-regs-11.c -std=gnu++2a (test for excess errors)
UNRESOLVED: c-c++-common/zero-scratch-regs-11.c -std=gnu++2a compilation failed to produce executable
FAIL: c-c++-common/zero-scratch-regs-11.c -std=gnu++98 (test for excess errors)
UNRESOLVED: c-c++-common/zero-scratch-regs-11.c -std=gnu++98 compilation failed to produce executable
FAIL: c-c++-common/zero-scratch-regs-7.c -std=gnu++14 (test for excess errors)
UNRESOLVED: c-c++-common/zero-scratch-regs-7.c -std=gnu++14 compilation failed to produce executable
FAIL: c-c++-common/zero-scratch-regs-7.c -std=gnu++17 (test for excess errors)
UNRESOLVED: c-c++-common/zero-scratch-regs-7.c -std=gnu++17 compilation failed to produce executable
FAIL: c-c++-common/zero-scratch-regs-7.c -std=gnu++2a (test for excess errors)
UNRESOLVED: c-c++-common/zero-scratch-regs-7.c -std=gnu++2a compilation failed to produce executable
FAIL: c-c++-common/zero-scratch-regs-7.c -std=gnu++98 (test for excess errors)
UNRESOLVED: c-c++-common/zero-scratch-regs-7.c -std=gnu++98 compilation failed to produce executable
FAIL: c-c++-common/zero-scratch-regs-9.c -std=gnu++14 (test for excess errors)
UNRESOLVED: c-c++-common/zero-scratch-regs-9.c -std=gnu++14 compilation failed to produce executable
FAIL: c-c++-common/zero-scratch-regs-9.c -std=gnu++17 (test for excess errors)
UNRESOLVED: c-c++-common/zero-scratch-regs-9.c -std=gnu++17 compilation failed to produce executable
FAIL: c-c++-common/zero-scratch-regs-9.c -std=gnu++2a (test for excess errors)
UNRESOLVED: c-c++-common/zero-scratch-regs-9.c -std=gnu++2a compilation failed to produce executable
FAIL: c-c++-common/zero-scratch-regs-9.c -std=gnu++98 (test for excess errors)
UNRESOLVED: c-c++-common/zero-scratch-regs-9.c -std=gnu++98 compilation failed to produce executable
FAIL: g++.dg/cpp2a/constexpr-dtor3.C -std=c++2a (test for warnings, line 154)
XPASS: g++.dg/warn/Warray-bounds-20.C -std=gnu++14 assign (test for warnings, line 30)
XPASS: g++.dg/warn/Warray-bounds-20.C -std=gnu++17 assign (test for warnings, line 30)
XPASS: g++.dg/warn/Warray-bounds-20.C -std=gnu++2a assign (test for warnings, line 30)
XPASS: g++.dg/warn/Warray-bounds-20.C -std=gnu++98 assign (test for warnings, line 30)
FAIL: g++.dg/lto/pr65276 cp_lto_pr65276_0.o-cp_lto_pr65276_1.o link, -flto -O0 -std=c++11
FAIL: g++.dg/modules/bad-mapper-3.C -std=c++17 (test for errors, line )
FAIL: g++.dg/modules/bad-mapper-3.C -std=c++17 (test for excess errors)
FAIL: g++.dg/modules/bad-mapper-3.C -std=c++2a (test for errors, line )
FAIL: g++.dg/modules/bad-mapper-3.C -std=c++2a (test for excess errors)
FAIL: g++.dg/modules/bad-mapper-3.C -std=c++2b (test for errors, line )
FAIL: g++.dg/modules/bad-mapper-3.C -std=c++2b (test for excess errors)
FAIL: g++.dg/modules/virt-2_a.C -std=c++17 scan-assembler _ZTI7Visitor:
FAIL: g++.dg/modules/virt-2_a.C -std=c++17 scan-assembler _ZTS7Visitor:
FAIL: g++.dg/modules/virt-2_a.C -std=c++17 scan-assembler _ZTV7Visitor:
FAIL: g++.dg/modules/virt-2_a.C -std=c++2a scan-assembler _ZTI7Visitor:
FAIL: g++.dg/modules/virt-2_a.C -std=c++2a scan-assembler _ZTS7Visitor:
FAIL: g++.dg/modules/virt-2_a.C -std=c++2a scan-assembler _ZTV7Visitor:
FAIL: g++.dg/modules/virt-2_a.C -std=c++2b scan-assembler _ZTI7Visitor:
FAIL: g++.dg/modules/virt-2_a.C -std=c++2b scan-assembler _ZTS7Visitor:
FAIL: g++.dg/modules/virt-2_a.C -std=c++2b scan-assembler _ZTV7Visitor:
FAIL: g++.dg/modules/xtreme-header-5_b.C -std=c++2b (internal compiler error)
FAIL: g++.dg/modules/xtreme-header-5_b.C -std=c++2b (test for excess errors)
FAIL: g++.dg/torture/pr81812.C -O0 (test for excess errors)
FAIL: g++.dg/torture/pr81812.C -O1 (test for excess errors)
FAIL: g++.dg/torture/pr81812.C -O2 (test for excess errors)
FAIL: g++.dg/torture/pr81812.C -O2 -flto -fno-use-linker-plugin -flto-partition=none (test for excess errors)
FAIL: g++.dg/torture/pr81812.C -O2 -flto -fuse-linker-plugin -fno-fat-lto-objects (test for excess errors)
FAIL: g++.dg/torture/pr81812.C -O3 -g (test for excess errors)
FAIL: g++.dg/torture/pr81812.C -Os (test for excess errors)
XPASS: g++.target/arm/bfloat_cpp_typecheck.C (test for bogus messages, line 10)
XPASS: g++.target/arm/bfloat_cpp_typecheck.C (test for bogus messages, line 11)
FAIL: g++.target/arm/../../gcc.target/arm/mve/intrinsics/pr97327.c (test for excess errors)
=== g++ Summary ===
# of expected passes 206809
# of unexpected failures 39
# of unexpected successes 6
# of expected failures 1040
# of unresolved testcases 12
# of unsupported tests 9612
/tmp/3984646_9.tmpdir/aci-gcc-fsf/builds/gcc-fsf-gccsrc-thumb/obj-arm-none-linux-gnueabi/gcc3/gcc/xg++ version 11.2.1 (DEFMODE=thumb DEFCPU=cortex-a9 DEFFPU=default TESTFLAGS=-march=armv5t) [r11-8879] (GCC)
Compiler version: 11.2.1 (DEFMODE=thumb DEFCPU=cortex-a9 DEFFPU=default TESTFLAGS=-march=armv5t) [r11-8879] (GCC)
Platform: arm-none-linux-gnueabi
configure flags: --target=arm-none-linux-gnueabi --prefix=/tmp/3984646_9.tmpdir/aci-gcc-fsf/builds/gcc-fsf-gccsrc-thumb/tools --with-sysroot=/tmp/3984646_9.tmpdir/aci-gcc-fsf/builds/gcc-fsf-gccsrc-thumb/sysroot-arm-none-linux-gnueabi --disable-nls --disable-libgomp --disable-libmudflap --disable-libcilkrts --enable-checking --enable-languages=c,c++,fortran --with-float=soft --enable-build-with-cxx --with-mode=thumb --with-cpu=cortex-a9
More information about the Gcc-testresults
mailing list