Results for 11.2.1 20210815 (Debian 11.2.0-2) testsuite on arm-unknown-linux-gnueabi
Matthias Klose
doko@debian.org
Tue Aug 17 17:54:54 GMT 2021
LAST_UPDATED: Obtained from git: releases/gcc-11.2.0 revision 7ca388565af176bd4efd4f8db1e5e9e11e98ef45
Native configuration is arm-unknown-linux-gnueabi
=== libatomic tests ===
Running target unix
=== libatomic Summary ===
# of expected passes 44
# of unsupported tests 5
=== libffi tests ===
Running target unix
=== libffi Summary ===
# of expected passes 2229
=== libgo tests ===
Running target unix
FAIL: os
FAIL: runtime
FAIL: sync/atomic
FAIL: syscall
=== libgo Summary ===
# of expected passes 180
# of unexpected failures 4
/build/gcc-11-GaWwVs/gcc-11-11.2.0/build/./gcc/gccgo version 11.2.1 20210815 (Debian 11.2.0-2)
=== libgomp tests ===
Running target unix
FAIL: libgomp.oacc-c/../libgomp.oacc-c-c++-common/declare-vla-kernels-decompose-ice-1.c -DACC_DEVICE_TYPE_host=1 -DACC_MEM_SHARED=1 -foffload=disable -O2 (test for excess errors)
FAIL: libgomp.oacc-c++/../libgomp.oacc-c-c++-common/declare-vla-kernels-decompose-ice-1.c -DACC_DEVICE_TYPE_host=1 -DACC_MEM_SHARED=1 -foffload=disable -O2 (test for excess errors)
=== libgomp Summary ===
# of expected passes 8308
# of unexpected failures 2
# of expected failures 6
# of unsupported tests 611
=== libphobos tests ===
Running target unix
FAIL: libphobos.druntime/core/exception.d (test for excess errors)
FAIL: libphobos.druntime/object.d (test for excess errors)
FAIL: libphobos.druntime_shared/core/exception.d (test for excess errors)
FAIL: libphobos.druntime_shared/object.d (test for excess errors)
FAIL: libphobos.phobos/std/algorithm/searching.d (test for excess errors)
FAIL: libphobos.phobos/std/algorithm/sorting.d (test for excess errors)
FAIL: libphobos.phobos/std/concurrency.d (test for excess errors)
FAIL: libphobos.phobos/std/datetime/date.d (test for excess errors)
FAIL: libphobos.phobos/std/datetime/systime.d (test for excess errors)
FAIL: libphobos.phobos/std/experimental/allocator/building_blocks/bitmapped_block.d (test for excess errors)
FAIL: libphobos.phobos/std/experimental/allocator/building_blocks/free_tree.d (test for excess errors)
FAIL: libphobos.phobos/std/experimental/allocator/gc_allocator.d (test for excess errors)
FAIL: libphobos.phobos/std/experimental/allocator/package.d (test for excess errors)
FAIL: libphobos.phobos/std/functional.d (test for excess errors)
FAIL: libphobos.phobos/std/math.d execution test
FAIL: libphobos.phobos/std/random.d (test for excess errors)
FAIL: libphobos.phobos/std/regex/internal/tests2.d (test for excess errors)
FAIL: libphobos.phobos/std/regex/package.d (test for excess errors)
FAIL: libphobos.phobos/std/stdio.d (test for excess errors)
FAIL: libphobos.phobos/std/typecons.d (test for excess errors)
FAIL: libphobos.phobos_shared/std/algorithm/searching.d (test for excess errors)
FAIL: libphobos.phobos_shared/std/algorithm/sorting.d (test for excess errors)
FAIL: libphobos.phobos_shared/std/concurrency.d (test for excess errors)
FAIL: libphobos.phobos_shared/std/datetime/date.d (test for excess errors)
FAIL: libphobos.phobos_shared/std/datetime/systime.d (test for excess errors)
FAIL: libphobos.phobos_shared/std/experimental/allocator/building_blocks/bitmapped_block.d (test for excess errors)
FAIL: libphobos.phobos_shared/std/experimental/allocator/building_blocks/free_tree.d (test for excess errors)
FAIL: libphobos.phobos_shared/std/experimental/allocator/gc_allocator.d (test for excess errors)
FAIL: libphobos.phobos_shared/std/experimental/allocator/package.d (test for excess errors)
FAIL: libphobos.phobos_shared/std/functional.d (test for excess errors)
FAIL: libphobos.phobos_shared/std/math.d execution test
FAIL: libphobos.phobos_shared/std/random.d (test for excess errors)
FAIL: libphobos.phobos_shared/std/regex/internal/tests2.d (test for excess errors)
FAIL: libphobos.phobos_shared/std/regex/package.d (test for excess errors)
FAIL: libphobos.phobos_shared/std/stdio.d (test for excess errors)
FAIL: libphobos.phobos_shared/std/typecons.d (test for excess errors)
=== libphobos Summary ===
# of expected passes 748
# of unexpected failures 36
# of unsupported tests 2
=== libstdc++ tests ===
Running target unix
FAIL: 22_locale/numpunct/members/char/3.cc execution test
FAIL: 22_locale/time_get/get_time/char/2.cc execution test
FAIL: 22_locale/time_get/get_time/char/wrapped_env.cc execution test
FAIL: 22_locale/time_get/get_time/char/wrapped_locale.cc execution test
FAIL: 22_locale/time_get/get_time/wchar_t/2.cc execution test
FAIL: 22_locale/time_get/get_time/wchar_t/wrapped_env.cc execution test
FAIL: 22_locale/time_get/get_time/wchar_t/wrapped_locale.cc execution test
FAIL: 29_atomics/atomic_float/wait_notify.cc (test for excess errors)
UNRESOLVED: 29_atomics/atomic_float/wait_notify.cc compilation failed to produce executable
FAIL: 29_atomics/atomic_integral/wait_notify.cc (test for excess errors)
UNRESOLVED: 29_atomics/atomic_integral/wait_notify.cc compilation failed to produce executable
=== libstdc++ Summary ===
# of expected passes 15337
# of unexpected failures 9
# of expected failures 104
# of unresolved testcases 2
# of unsupported tests 392
=== acats tests ===
=== acats Summary ===
# of expected passes 2328
# of unexpected failures 0
=== g++ tests ===
Running target unix
FAIL: c-c++-common/attr-retain-7.c -std=gnu++98 (test for warnings, line 6)
FAIL: c-c++-common/attr-retain-7.c -std=gnu++98 scan-assembler .data.foo,"awR"
FAIL: c-c++-common/attr-retain-7.c -std=gnu++14 (test for warnings, line 6)
FAIL: c-c++-common/attr-retain-7.c -std=gnu++14 scan-assembler .data.foo,"awR"
FAIL: c-c++-common/attr-retain-7.c -std=gnu++17 (test for warnings, line 6)
FAIL: c-c++-common/attr-retain-7.c -std=gnu++17 scan-assembler .data.foo,"awR"
FAIL: c-c++-common/attr-retain-7.c -std=gnu++2a (test for warnings, line 6)
FAIL: c-c++-common/attr-retain-7.c -std=gnu++2a scan-assembler .data.foo,"awR"
FAIL: c-c++-common/attr-retain-8.c -std=gnu++98 (test for warnings, line 5)
FAIL: c-c++-common/attr-retain-8.c -std=gnu++98 scan-assembler .data.foo,"aw"
FAIL: c-c++-common/attr-retain-8.c -std=gnu++14 (test for warnings, line 5)
FAIL: c-c++-common/attr-retain-8.c -std=gnu++14 scan-assembler .data.foo,"aw"
FAIL: c-c++-common/attr-retain-8.c -std=gnu++17 (test for warnings, line 5)
FAIL: c-c++-common/attr-retain-8.c -std=gnu++17 scan-assembler .data.foo,"aw"
FAIL: c-c++-common/attr-retain-8.c -std=gnu++2a (test for warnings, line 5)
FAIL: c-c++-common/attr-retain-8.c -std=gnu++2a scan-assembler .data.foo,"aw"
FAIL: g++.dg/cpp0x/constexpr-52830.C -std=c++14 (test for excess errors)
FAIL: g++.dg/cpp0x/constexpr-52830.C -std=c++17 (test for excess errors)
FAIL: g++.dg/cpp0x/constexpr-52830.C -std=c++2a (test for excess errors)
FAIL: g++.dg/cpp0x/vt-88982.C -std=c++14 (test for excess errors)
FAIL: g++.dg/cpp0x/vt-88982.C -std=c++17 (test for excess errors)
FAIL: g++.dg/cpp0x/vt-88982.C -std=c++2a (test for excess errors)
FAIL: g++.dg/cpp1y/auto-fn61.C -std=c++14 (test for excess errors)
FAIL: g++.dg/cpp1y/auto-fn61.C -std=c++17 (test for excess errors)
FAIL: g++.dg/cpp1y/auto-fn61.C -std=c++2a (test for excess errors)
FAIL: g++.dg/cpp1z/constexpr-lambda26.C -std=c++17 (test for excess errors)
FAIL: g++.dg/cpp1z/constexpr-lambda26.C -std=c++2a (test for excess errors)
FAIL: g++.dg/cpp2a/constexpr-dtor3.C -std=c++2a (test for warnings, line 154)
XPASS: g++.dg/warn/Warray-bounds-20.C -std=gnu++98 assign (test for warnings, line 30)
XPASS: g++.dg/warn/Warray-bounds-20.C -std=gnu++14 assign (test for warnings, line 30)
XPASS: g++.dg/warn/Warray-bounds-20.C -std=gnu++17 assign (test for warnings, line 30)
XPASS: g++.dg/warn/Warray-bounds-20.C -std=gnu++2a assign (test for warnings, line 30)
FAIL: c-c++-common/goacc/kernels-decompose-ice-1.c -std=c++98 (test for excess errors)
FAIL: c-c++-common/goacc/kernels-decompose-ice-1.c -std=c++14 (test for excess errors)
FAIL: c-c++-common/goacc/kernels-decompose-ice-1.c -std=c++17 (test for excess errors)
FAIL: c-c++-common/goacc/kernels-decompose-ice-1.c -std=c++2a (test for excess errors)
FAIL: c-c++-common/goacc/kernels-decompose-ice-2.c -std=c++98 (test for excess errors)
FAIL: c-c++-common/goacc/kernels-decompose-ice-2.c -std=c++14 (test for excess errors)
FAIL: c-c++-common/goacc/kernels-decompose-ice-2.c -std=c++17 (test for excess errors)
FAIL: c-c++-common/goacc/kernels-decompose-ice-2.c -std=c++2a (test for excess errors)
FAIL: g++.dg/guality/pr55665.C -O2 -flto -fno-use-linker-plugin -flto-partition=none line 23 p == 40
FAIL: g++.dg/lto/pr65276 cp_lto_pr65276_0.o-cp_lto_pr65276_1.o link, -flto -O0 -std=c++11
FAIL: g++.dg/modules/virt-2_a.C -std=c++17 scan-assembler _ZTV7Visitor:
FAIL: g++.dg/modules/virt-2_a.C -std=c++17 scan-assembler _ZTI7Visitor:
FAIL: g++.dg/modules/virt-2_a.C -std=c++17 scan-assembler _ZTS7Visitor:
FAIL: g++.dg/modules/virt-2_a.C -std=c++2a scan-assembler _ZTV7Visitor:
FAIL: g++.dg/modules/virt-2_a.C -std=c++2a scan-assembler _ZTI7Visitor:
FAIL: g++.dg/modules/virt-2_a.C -std=c++2a scan-assembler _ZTS7Visitor:
FAIL: g++.dg/modules/virt-2_a.C -std=c++2b scan-assembler _ZTV7Visitor:
FAIL: g++.dg/modules/virt-2_a.C -std=c++2b scan-assembler _ZTI7Visitor:
FAIL: g++.dg/modules/virt-2_a.C -std=c++2b scan-assembler _ZTS7Visitor:
XPASS: g++.target/arm/bfloat_cpp_typecheck.C (test for bogus messages, line 10)
XPASS: g++.target/arm/bfloat_cpp_typecheck.C (test for bogus messages, line 11)
=== g++ Summary ===
# of expected passes 208679
# of unexpected failures 47
# of unexpected successes 6
# of expected failures 1052
# of unsupported tests 9582
/build/gcc-11-GaWwVs/gcc-11-11.2.0/build/gcc/xg++ version 11.2.1 20210815 (Debian 11.2.0-2)
=== gcc tests ===
Running target unix
FAIL: gcc.dg/analyzer/data-model-1.c (test for excess errors)
FAIL: gcc.dg/analyzer/factorial.c (test for excess errors)
FAIL: gcc.dg/analyzer/params.c (test for excess errors)
FAIL: c-c++-common/attr-retain-7.c -Wc++-compat (test for warnings, line 6)
FAIL: c-c++-common/attr-retain-7.c -Wc++-compat scan-assembler .data.foo,"awR"
FAIL: c-c++-common/attr-retain-8.c -Wc++-compat (test for warnings, line 5)
FAIL: c-c++-common/attr-retain-8.c -Wc++-compat scan-assembler .data.foo,"aw"
FAIL: gcc.dg/ira-shrinkwrap-prep-1.c scan-rtl-dump pro_and_epilogue "Performing shrink-wrapping"
FAIL: gcc.dg/fixed-point/composite-type.c (test for excess errors)
FAIL: c-c++-common/goacc/kernels-decompose-ice-1.c (test for excess errors)
FAIL: c-c++-common/goacc/kernels-decompose-ice-2.c (test for excess errors)
XPASS: gcc.dg/guality/example.c -O0 execution test
XPASS: gcc.dg/guality/example.c -O1 -DPREVENT_OPTIMIZATION execution test
XPASS: gcc.dg/guality/example.c -Os -DPREVENT_OPTIMIZATION execution test
XPASS: gcc.dg/guality/example.c -Og -DPREVENT_OPTIMIZATION execution test
XPASS: gcc.dg/guality/example.c -O2 -flto -fno-use-linker-plugin -flto-partition=none -DPREVENT_OPTIMIZATION execution test
XPASS: gcc.dg/guality/guality.c -O0 execution test
XPASS: gcc.dg/guality/guality.c -O1 -DPREVENT_OPTIMIZATION execution test
XPASS: gcc.dg/guality/guality.c -O2 -DPREVENT_OPTIMIZATION execution test
XPASS: gcc.dg/guality/guality.c -O3 -g -DPREVENT_OPTIMIZATION execution test
XPASS: gcc.dg/guality/guality.c -Os -DPREVENT_OPTIMIZATION execution test
XPASS: gcc.dg/guality/guality.c -Og -DPREVENT_OPTIMIZATION execution test
XPASS: gcc.dg/guality/guality.c -O2 -flto -fno-use-linker-plugin -flto-partition=none -DPREVENT_OPTIMIZATION execution test
XPASS: gcc.dg/guality/guality.c -O2 -flto -fuse-linker-plugin -fno-fat-lto-objects -DPREVENT_OPTIMIZATION execution test
XPASS: gcc.dg/guality/inline-params.c -O2 -DPREVENT_OPTIMIZATION execution test
XPASS: gcc.dg/guality/inline-params.c -O3 -g -DPREVENT_OPTIMIZATION execution test
XPASS: gcc.dg/guality/inline-params.c -Os -DPREVENT_OPTIMIZATION execution test
XPASS: gcc.dg/guality/inline-params.c -O2 -flto -fno-use-linker-plugin -flto-partition=none -DPREVENT_OPTIMIZATION execution test
XPASS: gcc.dg/guality/inline-params.c -O2 -flto -fuse-linker-plugin -fno-fat-lto-objects -DPREVENT_OPTIMIZATION execution test
FAIL: gcc.dg/guality/loop-1.c -O3 -fomit-frame-pointer -funroll-loops -fpeel-loops -ftracer -finline-functions -DPREVENT_OPTIMIZATION line 20 i == 1
XPASS: gcc.dg/guality/pr41353-1.c -O0 line 28 j == 28 + 37
FAIL: gcc.dg/guality/pr43077-1.c -O1 -DPREVENT_OPTIMIZATION line 42 varb == 2
FAIL: gcc.dg/guality/pr43077-1.c -O1 -DPREVENT_OPTIMIZATION line 42 varc == 3
FAIL: gcc.dg/guality/pr43077-1.c -O2 -DPREVENT_OPTIMIZATION line 42 varb == 2
FAIL: gcc.dg/guality/pr43077-1.c -O2 -DPREVENT_OPTIMIZATION line 42 varc == 3
FAIL: gcc.dg/guality/pr43077-1.c -O3 -g -DPREVENT_OPTIMIZATION line 42 varb == 2
FAIL: gcc.dg/guality/pr43077-1.c -O3 -g -DPREVENT_OPTIMIZATION line 42 varc == 3
FAIL: gcc.dg/guality/pr43077-1.c -Os -DPREVENT_OPTIMIZATION line 42 varb == 2
FAIL: gcc.dg/guality/pr43077-1.c -Os -DPREVENT_OPTIMIZATION line 42 varc == 3
FAIL: gcc.dg/guality/pr43077-1.c -Og -DPREVENT_OPTIMIZATION line 42 varb == 2
FAIL: gcc.dg/guality/pr43077-1.c -Og -DPREVENT_OPTIMIZATION line 42 varc == 3
FAIL: gcc.dg/guality/pr43077-1.c -O2 -flto -fno-use-linker-plugin -flto-partition=none -DPREVENT_OPTIMIZATION line 42 varb == 2
FAIL: gcc.dg/guality/pr43077-1.c -O2 -flto -fno-use-linker-plugin -flto-partition=none -DPREVENT_OPTIMIZATION line 42 varc == 3
FAIL: gcc.dg/guality/pr43077-1.c -O2 -flto -fuse-linker-plugin -fno-fat-lto-objects -DPREVENT_OPTIMIZATION line 42 varb == 2
FAIL: gcc.dg/guality/pr43077-1.c -O2 -flto -fuse-linker-plugin -fno-fat-lto-objects -DPREVENT_OPTIMIZATION line 42 varc == 3
FAIL: gcc.dg/guality/pr43593.c -O1 -DPREVENT_OPTIMIZATION line 16 j == &i
FAIL: gcc.dg/guality/pr43593.c -O2 -DPREVENT_OPTIMIZATION line 16 j == &i
FAIL: gcc.dg/guality/pr43593.c -O3 -g -DPREVENT_OPTIMIZATION line 16 j == &i
FAIL: gcc.dg/guality/pr43593.c -Os -DPREVENT_OPTIMIZATION line 16 j == &i
FAIL: gcc.dg/guality/pr43593.c -Og -DPREVENT_OPTIMIZATION line 16 j == &i
FAIL: gcc.dg/guality/pr43593.c -O2 -flto -fno-use-linker-plugin -flto-partition=none -DPREVENT_OPTIMIZATION line 16 j == &i
FAIL: gcc.dg/guality/pr43593.c -O2 -flto -fuse-linker-plugin -fno-fat-lto-objects -DPREVENT_OPTIMIZATION line 16 j == &i
FAIL: gcc.dg/guality/pr54693.c -O1 -DPREVENT_OPTIMIZATION line 22 i == c - 48
FAIL: gcc.dg/guality/pr54693.c -O2 -DPREVENT_OPTIMIZATION line 22 i == c - 48
FAIL: gcc.dg/guality/pr54693.c -O3 -fomit-frame-pointer -funroll-loops -fpeel-loops -ftracer -finline-functions -DPREVENT_OPTIMIZATION line 22 i == c - 48
FAIL: gcc.dg/guality/pr54693.c -O3 -g -DPREVENT_OPTIMIZATION line 22 i == c - 48
FAIL: gcc.dg/guality/pr54693.c -O2 -flto -fno-use-linker-plugin -flto-partition=none -DPREVENT_OPTIMIZATION line 22 i == c - 48
FAIL: gcc.dg/guality/pr54693.c -O2 -flto -fuse-linker-plugin -fno-fat-lto-objects -DPREVENT_OPTIMIZATION line 22 i == c - 48
XPASS: gcc.dg/guality/pr54970.c -O0 line 15 a[0] == 1
XPASS: gcc.dg/guality/pr54970.c -O0 line 20 a[0] == 1
XPASS: gcc.dg/guality/pr54970.c -O0 line 25 a[0] == 1
XPASS: gcc.dg/guality/pr54970.c -O0 line 31 a[0] == 4
XPASS: gcc.dg/guality/pr54970.c -O0 line 36 a[0] == 4
XPASS: gcc.dg/guality/pr54970.c -O0 line 45 a[0] == 4
XPASS: gcc.dg/guality/pr54970.c -O0 line 45 p[-2] == 4
XPASS: gcc.dg/guality/pr54970.c -O0 line 45 q[-1] == 4
XPASS: gcc.dg/guality/pr54970.c -Og -DPREVENT_OPTIMIZATION line 15 a[0] == 1
FAIL: gcc.dg/guality/pr54970.c -Og -DPREVENT_OPTIMIZATION line 15 *p == 3
FAIL: gcc.dg/guality/pr54970.c -Og -DPREVENT_OPTIMIZATION line 15 *q == 2
XPASS: gcc.dg/guality/pr54970.c -Og -DPREVENT_OPTIMIZATION line 20 a[0] == 1
FAIL: gcc.dg/guality/pr54970.c -Og -DPREVENT_OPTIMIZATION line 20 *p == 13
FAIL: gcc.dg/guality/pr54970.c -Og -DPREVENT_OPTIMIZATION line 20 *q == 2
XPASS: gcc.dg/guality/pr54970.c -Og -DPREVENT_OPTIMIZATION line 25 a[0] == 1
FAIL: gcc.dg/guality/pr54970.c -Og -DPREVENT_OPTIMIZATION line 25 *p == 13
FAIL: gcc.dg/guality/pr54970.c -Og -DPREVENT_OPTIMIZATION line 25 *q == 12
XPASS: gcc.dg/guality/pr54970.c -Og -DPREVENT_OPTIMIZATION line 31 a[0] == 4
FAIL: gcc.dg/guality/pr54970.c -Og -DPREVENT_OPTIMIZATION line 31 *p == 6
FAIL: gcc.dg/guality/pr54970.c -Og -DPREVENT_OPTIMIZATION line 31 *q == 5
XPASS: gcc.dg/guality/pr54970.c -Og -DPREVENT_OPTIMIZATION line 36 a[0] == 4
FAIL: gcc.dg/guality/pr54970.c -Og -DPREVENT_OPTIMIZATION line 36 *p == 26
FAIL: gcc.dg/guality/pr54970.c -Og -DPREVENT_OPTIMIZATION line 36 *q == 5
XPASS: gcc.dg/guality/pr54970.c -Og -DPREVENT_OPTIMIZATION line 45 a[0] == 4
FAIL: gcc.dg/guality/pr54970.c -Og -DPREVENT_OPTIMIZATION line 45 *p == 26
FAIL: gcc.dg/guality/pr54970.c -Og -DPREVENT_OPTIMIZATION line 45 p[-1] == 25
FAIL: gcc.dg/guality/pr54970.c -Og -DPREVENT_OPTIMIZATION line 45 q[1] == 26
FAIL: gcc.dg/guality/pr54970.c -Og -DPREVENT_OPTIMIZATION line 45 *q == 25
XPASS: gcc.dg/guality/pr59776.c -O0 line pr59776.c:17 s2.g == 6.0
XPASS: gcc.dg/guality/pr59776.c -O0 line pr59776.c:20 s2.g == 6.0
XPASS: gcc.dg/guality/pr59776.c -Og -DPREVENT_OPTIMIZATION line pr59776.c:17 s2.g == 6.0
XPASS: gcc.dg/guality/pr59776.c -Og -DPREVENT_OPTIMIZATION line pr59776.c:20 s2.g == 6.0
FAIL: gcc.dg/guality/sra-1.c -Og -DPREVENT_OPTIMIZATION line 43 a.i == 4
FAIL: gcc.dg/guality/sra-1.c -Og -DPREVENT_OPTIMIZATION line 43 a.j == 14
FAIL: gcc.dg/guality/sra-1.c -O2 -flto -fno-use-linker-plugin -flto-partition=none -DPREVENT_OPTIMIZATION line 43 a.j == 14
FAIL: gcc.dg/guality/sra-1.c -O2 -flto -fuse-linker-plugin -fno-fat-lto-objects -DPREVENT_OPTIMIZATION line 21 a.j == 14
FAIL: gcc.dg/guality/sra-1.c -O2 -flto -fuse-linker-plugin -fno-fat-lto-objects -DPREVENT_OPTIMIZATION line 32 a[1] == 14
FAIL: gcc.dg/guality/sra-1.c -O2 -flto -fuse-linker-plugin -fno-fat-lto-objects -DPREVENT_OPTIMIZATION line 43 a.j == 14
FAIL: gcc.dg/guality/vla-1.c -O3 -g -DPREVENT_OPTIMIZATION line 17 i == 5
FAIL: gcc.dg/guality/vla-1.c -O3 -g -DPREVENT_OPTIMIZATION line 17 sizeof (a) == 6
FAIL: gcc.dg/guality/vla-1.c -Og -DPREVENT_OPTIMIZATION line 17 i == 5
FAIL: gcc.dg/guality/vla-1.c -Og -DPREVENT_OPTIMIZATION line 17 sizeof (a) == 6
FAIL: gcc.dg/guality/vla-1.c -O2 -flto -fuse-linker-plugin -fno-fat-lto-objects -DPREVENT_OPTIMIZATION line 17 i == 5
FAIL: gcc.dg/guality/vla-1.c -O2 -flto -fuse-linker-plugin -fno-fat-lto-objects -DPREVENT_OPTIMIZATION line 17 sizeof (a) == 6
FAIL: gcc.dg/guality/vla-1.c -O2 -flto -fuse-linker-plugin -fno-fat-lto-objects -DPREVENT_OPTIMIZATION line 24 i == 5
FAIL: gcc.dg/guality/vla-1.c -O2 -flto -fuse-linker-plugin -fno-fat-lto-objects -DPREVENT_OPTIMIZATION line 24 sizeof (a) == 17 * sizeof (short)
FAIL: gcc.dg/vect/complex/bb-slp-complex-add-pattern-long.c scan-tree-dump-times slp1 "stmt.*COMPLEX_ADD_ROT90" 1
FAIL: gcc.dg/vect/complex/bb-slp-complex-add-pattern-long.c scan-tree-dump-times slp1 "stmt.*COMPLEX_ADD_ROT270" 1
FAIL: gcc.dg/vect/complex/bb-slp-complex-add-pattern-long.c -flto -ffat-lto-objects scan-tree-dump-times slp1 "stmt.*COMPLEX_ADD_ROT90" 1
FAIL: gcc.dg/vect/complex/bb-slp-complex-add-pattern-long.c -flto -ffat-lto-objects scan-tree-dump-times slp1 "stmt.*COMPLEX_ADD_ROT270" 1
FAIL: gcc.dg/vect/complex/bb-slp-complex-add-pattern-unsigned-long.c scan-tree-dump-times slp1 "stmt.*COMPLEX_ADD_ROT90" 1
FAIL: gcc.dg/vect/complex/bb-slp-complex-add-pattern-unsigned-long.c scan-tree-dump-times slp1 "stmt.*COMPLEX_ADD_ROT270" 1
FAIL: gcc.dg/vect/complex/bb-slp-complex-add-pattern-unsigned-long.c -flto -ffat-lto-objects scan-tree-dump-times slp1 "stmt.*COMPLEX_ADD_ROT90" 1
FAIL: gcc.dg/vect/complex/bb-slp-complex-add-pattern-unsigned-long.c -flto -ffat-lto-objects scan-tree-dump-times slp1 "stmt.*COMPLEX_ADD_ROT270" 1
FAIL: gcc.dg/vect/complex/vect-complex-add-pattern-long.c scan-tree-dump-times vect "stmt.*COMPLEX_ADD_ROT90" 1
FAIL: gcc.dg/vect/complex/vect-complex-add-pattern-long.c scan-tree-dump-times vect "stmt.*COMPLEX_ADD_ROT270" 1
FAIL: gcc.dg/vect/complex/vect-complex-add-pattern-long.c -flto -ffat-lto-objects scan-tree-dump-times vect "stmt.*COMPLEX_ADD_ROT90" 1
FAIL: gcc.dg/vect/complex/vect-complex-add-pattern-long.c -flto -ffat-lto-objects scan-tree-dump-times vect "stmt.*COMPLEX_ADD_ROT270" 1
FAIL: gcc.dg/vect/complex/vect-complex-add-pattern-unsigned-long.c scan-tree-dump-times vect "stmt.*COMPLEX_ADD_ROT90" 1
FAIL: gcc.dg/vect/complex/vect-complex-add-pattern-unsigned-long.c scan-tree-dump-times vect "stmt.*COMPLEX_ADD_ROT270" 1
FAIL: gcc.dg/vect/complex/vect-complex-add-pattern-unsigned-long.c -flto -ffat-lto-objects scan-tree-dump-times vect "stmt.*COMPLEX_ADD_ROT90" 1
FAIL: gcc.dg/vect/complex/vect-complex-add-pattern-unsigned-long.c -flto -ffat-lto-objects scan-tree-dump-times vect "stmt.*COMPLEX_ADD_ROT270" 1
FAIL: gcc.dg/vect/pr97428.c scan-tree-dump vect "Detected interleaving load of size 8"
FAIL: gcc.dg/vect/pr97428.c scan-tree-dump vect "Detected interleaving store of size 16"
FAIL: gcc.dg/vect/pr97428.c -flto -ffat-lto-objects scan-tree-dump vect "Detected interleaving load of size 8"
FAIL: gcc.dg/vect/pr97428.c -flto -ffat-lto-objects scan-tree-dump vect "Detected interleaving store of size 16"
XPASS: gcc.dg/vect/vect-cond-1.c scan-tree-dump-times vect "OUTER LOOP VECTORIZED" 1
XPASS: gcc.dg/vect/vect-cond-1.c -flto -ffat-lto-objects scan-tree-dump-times vect "OUTER LOOP VECTORIZED" 1
XPASS: gcc.dg/vect/vect-cond-3.c scan-tree-dump-times vect "OUTER LOOP VECTORIZED" 1
XPASS: gcc.dg/vect/vect-cond-3.c -flto -ffat-lto-objects scan-tree-dump-times vect "OUTER LOOP VECTORIZED" 1
XPASS: gcc.dg/vect/vect-cond-4.c scan-tree-dump-times vect "OUTER LOOP VECTORIZED" 1
XPASS: gcc.dg/vect/vect-cond-4.c -flto -ffat-lto-objects scan-tree-dump-times vect "OUTER LOOP VECTORIZED" 1
UNRESOLVED: gcc.target/aarch64/advsimd-intrinsics/vld1x2.c -O0 compilation failed to produce executable
UNRESOLVED: gcc.target/aarch64/advsimd-intrinsics/vld1x2.c -O1 compilation failed to produce executable
UNRESOLVED: gcc.target/aarch64/advsimd-intrinsics/vld1x2.c -O2 compilation failed to produce executable
UNRESOLVED: gcc.target/aarch64/advsimd-intrinsics/vld1x2.c -O3 -fomit-frame-pointer -funroll-loops -fpeel-loops -ftracer -finline-functions compilation failed to produce executable
UNRESOLVED: gcc.target/aarch64/advsimd-intrinsics/vld1x2.c -O3 -g compilation failed to produce executable
UNRESOLVED: gcc.target/aarch64/advsimd-intrinsics/vld1x2.c -Os compilation failed to produce executable
UNRESOLVED: gcc.target/aarch64/advsimd-intrinsics/vld1x2.c -Og -g compilation failed to produce executable
UNRESOLVED: gcc.target/aarch64/advsimd-intrinsics/vld1x2.c -O2 -flto -fno-use-linker-plugin -flto-partition=none compilation failed to produce executable
UNRESOLVED: gcc.target/aarch64/advsimd-intrinsics/vld1x2.c -O2 -flto -fuse-linker-plugin -fno-fat-lto-objects compilation failed to produce executable
UNRESOLVED: gcc.target/aarch64/advsimd-intrinsics/vld1x3.c -O0 compilation failed to produce executable
UNRESOLVED: gcc.target/aarch64/advsimd-intrinsics/vld1x3.c -O1 compilation failed to produce executable
UNRESOLVED: gcc.target/aarch64/advsimd-intrinsics/vld1x3.c -O2 compilation failed to produce executable
UNRESOLVED: gcc.target/aarch64/advsimd-intrinsics/vld1x3.c -O3 -fomit-frame-pointer -funroll-loops -fpeel-loops -ftracer -finline-functions compilation failed to produce executable
UNRESOLVED: gcc.target/aarch64/advsimd-intrinsics/vld1x3.c -O3 -g compilation failed to produce executable
UNRESOLVED: gcc.target/aarch64/advsimd-intrinsics/vld1x3.c -Os compilation failed to produce executable
UNRESOLVED: gcc.target/aarch64/advsimd-intrinsics/vld1x3.c -Og -g compilation failed to produce executable
UNRESOLVED: gcc.target/aarch64/advsimd-intrinsics/vld1x3.c -O2 -flto -fno-use-linker-plugin -flto-partition=none compilation failed to produce executable
UNRESOLVED: gcc.target/aarch64/advsimd-intrinsics/vld1x3.c -O2 -flto -fuse-linker-plugin -fno-fat-lto-objects compilation failed to produce executable
UNRESOLVED: gcc.target/aarch64/advsimd-intrinsics/vld1x4.c -O0 compilation failed to produce executable
UNRESOLVED: gcc.target/aarch64/advsimd-intrinsics/vld1x4.c -O1 compilation failed to produce executable
UNRESOLVED: gcc.target/aarch64/advsimd-intrinsics/vld1x4.c -O2 compilation failed to produce executable
UNRESOLVED: gcc.target/aarch64/advsimd-intrinsics/vld1x4.c -O3 -fomit-frame-pointer -funroll-loops -fpeel-loops -ftracer -finline-functions compilation failed to produce executable
UNRESOLVED: gcc.target/aarch64/advsimd-intrinsics/vld1x4.c -O3 -g compilation failed to produce executable
UNRESOLVED: gcc.target/aarch64/advsimd-intrinsics/vld1x4.c -Os compilation failed to produce executable
UNRESOLVED: gcc.target/aarch64/advsimd-intrinsics/vld1x4.c -Og -g compilation failed to produce executable
UNRESOLVED: gcc.target/aarch64/advsimd-intrinsics/vld1x4.c -O2 -flto -fno-use-linker-plugin -flto-partition=none compilation failed to produce executable
UNRESOLVED: gcc.target/aarch64/advsimd-intrinsics/vld1x4.c -O2 -flto -fuse-linker-plugin -fno-fat-lto-objects compilation failed to produce executable
UNRESOLVED: gcc.target/aarch64/advsimd-intrinsics/vst1x2.c -O0 compilation failed to produce executable
UNRESOLVED: gcc.target/aarch64/advsimd-intrinsics/vst1x2.c -O1 compilation failed to produce executable
UNRESOLVED: gcc.target/aarch64/advsimd-intrinsics/vst1x2.c -O2 compilation failed to produce executable
UNRESOLVED: gcc.target/aarch64/advsimd-intrinsics/vst1x2.c -O3 -fomit-frame-pointer -funroll-loops -fpeel-loops -ftracer -finline-functions compilation failed to produce executable
UNRESOLVED: gcc.target/aarch64/advsimd-intrinsics/vst1x2.c -O3 -g compilation failed to produce executable
UNRESOLVED: gcc.target/aarch64/advsimd-intrinsics/vst1x2.c -Os compilation failed to produce executable
UNRESOLVED: gcc.target/aarch64/advsimd-intrinsics/vst1x2.c -Og -g compilation failed to produce executable
UNRESOLVED: gcc.target/aarch64/advsimd-intrinsics/vst1x2.c -O2 -flto -fno-use-linker-plugin -flto-partition=none compilation failed to produce executable
UNRESOLVED: gcc.target/aarch64/advsimd-intrinsics/vst1x2.c -O2 -flto -fuse-linker-plugin -fno-fat-lto-objects compilation failed to produce executable
UNRESOLVED: gcc.target/aarch64/advsimd-intrinsics/vst1x3.c -O0 compilation failed to produce executable
UNRESOLVED: gcc.target/aarch64/advsimd-intrinsics/vst1x3.c -O1 compilation failed to produce executable
UNRESOLVED: gcc.target/aarch64/advsimd-intrinsics/vst1x3.c -O2 compilation failed to produce executable
UNRESOLVED: gcc.target/aarch64/advsimd-intrinsics/vst1x3.c -O3 -fomit-frame-pointer -funroll-loops -fpeel-loops -ftracer -finline-functions compilation failed to produce executable
UNRESOLVED: gcc.target/aarch64/advsimd-intrinsics/vst1x3.c -O3 -g compilation failed to produce executable
UNRESOLVED: gcc.target/aarch64/advsimd-intrinsics/vst1x3.c -Os compilation failed to produce executable
UNRESOLVED: gcc.target/aarch64/advsimd-intrinsics/vst1x3.c -Og -g compilation failed to produce executable
UNRESOLVED: gcc.target/aarch64/advsimd-intrinsics/vst1x3.c -O2 -flto -fno-use-linker-plugin -flto-partition=none compilation failed to produce executable
UNRESOLVED: gcc.target/aarch64/advsimd-intrinsics/vst1x3.c -O2 -flto -fuse-linker-plugin -fno-fat-lto-objects compilation failed to produce executable
UNRESOLVED: gcc.target/aarch64/advsimd-intrinsics/vst1x4.c -O0 compilation failed to produce executable
UNRESOLVED: gcc.target/aarch64/advsimd-intrinsics/vst1x4.c -O1 compilation failed to produce executable
UNRESOLVED: gcc.target/aarch64/advsimd-intrinsics/vst1x4.c -O2 compilation failed to produce executable
UNRESOLVED: gcc.target/aarch64/advsimd-intrinsics/vst1x4.c -O3 -fomit-frame-pointer -funroll-loops -fpeel-loops -ftracer -finline-functions compilation failed to produce executable
UNRESOLVED: gcc.target/aarch64/advsimd-intrinsics/vst1x4.c -O3 -g compilation failed to produce executable
UNRESOLVED: gcc.target/aarch64/advsimd-intrinsics/vst1x4.c -Os compilation failed to produce executable
UNRESOLVED: gcc.target/aarch64/advsimd-intrinsics/vst1x4.c -Og -g compilation failed to produce executable
UNRESOLVED: gcc.target/aarch64/advsimd-intrinsics/vst1x4.c -O2 -flto -fno-use-linker-plugin -flto-partition=none compilation failed to produce executable
UNRESOLVED: gcc.target/aarch64/advsimd-intrinsics/vst1x4.c -O2 -flto -fuse-linker-plugin -fno-fat-lto-objects compilation failed to produce executable
FAIL: gcc.target/arm/acle/sat_no_smlatb.c -O0 (test for excess errors)
FAIL: gcc.target/arm/acle/sat_no_smlatb.c -O1 (test for excess errors)
FAIL: gcc.target/arm/acle/sat_no_smlatb.c -O2 (test for excess errors)
FAIL: gcc.target/arm/acle/sat_no_smlatb.c -O3 -g (test for excess errors)
FAIL: gcc.target/arm/acle/sat_no_smlatb.c -Os (test for excess errors)
FAIL: gcc.target/arm/acle/sat_no_smlatb.c -O2 -flto -fno-use-linker-plugin -flto-partition=none -ffat-lto-objects (test for excess errors)
FAIL: gcc.target/arm/acle/sat_no_smlatb.c -O2 -flto -fuse-linker-plugin -fno-fat-lto-objects -ffat-lto-objects (test for excess errors)
FAIL: gcc.target/arm/acle/saturation.c -O0 (test for excess errors)
FAIL: gcc.target/arm/acle/saturation.c -O0 scan-assembler-times ssat\\t...?, #8, ...? 1
FAIL: gcc.target/arm/acle/saturation.c -O0 scan-assembler-times usat\\t...?, #24, ...? 1
FAIL: gcc.target/arm/acle/saturation.c -O0 scan-assembler-times usat\\t...?, #3, ...? 1
FAIL: gcc.target/arm/acle/saturation.c -O1 (test for excess errors)
FAIL: gcc.target/arm/acle/saturation.c -O1 scan-assembler-times ssat\\t...?, #8, ...? 1
FAIL: gcc.target/arm/acle/saturation.c -O1 scan-assembler-times usat\\t...?, #24, ...? 1
FAIL: gcc.target/arm/acle/saturation.c -O1 scan-assembler-times usat\\t...?, #3, ...? 1
FAIL: gcc.target/arm/acle/saturation.c -O2 (test for excess errors)
FAIL: gcc.target/arm/acle/saturation.c -O2 scan-assembler-times ssat\\t...?, #8, ...? 1
FAIL: gcc.target/arm/acle/saturation.c -O2 scan-assembler-times usat\\t...?, #24, ...? 1
FAIL: gcc.target/arm/acle/saturation.c -O2 scan-assembler-times usat\\t...?, #3, ...? 1
FAIL: gcc.target/arm/acle/saturation.c -O3 -g (test for excess errors)
FAIL: gcc.target/arm/acle/saturation.c -O3 -g scan-assembler-times ssat\\t...?, #8, ...? 1
FAIL: gcc.target/arm/acle/saturation.c -O3 -g scan-assembler-times usat\\t...?, #24, ...? 1
FAIL: gcc.target/arm/acle/saturation.c -O3 -g scan-assembler-times usat\\t...?, #3, ...? 1
FAIL: gcc.target/arm/acle/saturation.c -Os (test for excess errors)
FAIL: gcc.target/arm/acle/saturation.c -Os scan-assembler-times ssat\\t...?, #8, ...? 1
FAIL: gcc.target/arm/acle/saturation.c -Os scan-assembler-times usat\\t...?, #24, ...? 1
FAIL: gcc.target/arm/acle/saturation.c -Os scan-assembler-times usat\\t...?, #3, ...? 1
FAIL: gcc.target/arm/acle/saturation.c -O2 -flto -fno-use-linker-plugin -flto-partition=none -ffat-lto-objects (test for excess errors)
FAIL: gcc.target/arm/acle/saturation.c -O2 -flto -fno-use-linker-plugin -flto-partition=none -ffat-lto-objects scan-assembler-times ssat\\t...?, #8, ...? 1
FAIL: gcc.target/arm/acle/saturation.c -O2 -flto -fno-use-linker-plugin -flto-partition=none -ffat-lto-objects scan-assembler-times usat\\t...?, #24, ...? 1
FAIL: gcc.target/arm/acle/saturation.c -O2 -flto -fno-use-linker-plugin -flto-partition=none -ffat-lto-objects scan-assembler-times usat\\t...?, #3, ...? 1
FAIL: gcc.target/arm/acle/saturation.c -O2 -flto -fuse-linker-plugin -fno-fat-lto-objects -ffat-lto-objects (test for excess errors)
FAIL: gcc.target/arm/acle/saturation.c -O2 -flto -fuse-linker-plugin -fno-fat-lto-objects -ffat-lto-objects scan-assembler-times ssat\\t...?, #8, ...? 1
FAIL: gcc.target/arm/acle/saturation.c -O2 -flto -fuse-linker-plugin -fno-fat-lto-objects -ffat-lto-objects scan-assembler-times usat\\t...?, #24, ...? 1
FAIL: gcc.target/arm/acle/saturation.c -O2 -flto -fuse-linker-plugin -fno-fat-lto-objects -ffat-lto-objects scan-assembler-times usat\\t...?, #3, ...? 1
FAIL: gcc.target/arm/addr-modes-float.c scan-assembler vst3.8\\t{d[02468], d[02468], d[02468]}, \\\\[r[0-9]+\\\\]!
FAIL: gcc.target/arm/memcpy-aligned-1.c scan-assembler-times str\\t 1
FAIL: gcc.target/arm/memcpy-aligned-1.c scan-assembler-not ldr\\t
FAIL: gcc.target/arm/pr40457-3.c scan-assembler strd|stm
FAIL: gcc.target/arm/pr42575.c scan-assembler-not mov
FAIL: gcc.target/arm/pr45701-1.c scan-assembler push\\t{r3
FAIL: gcc.target/arm/pr64616.c scan-rtl-dump cprop2 "GLOBAL COPY-PROP"
FAIL: gcc.target/arm/reg_equal_test.c scan-rtl-dump expand "expr_list:REG_EQUAL \\\\(const_int -942519458"
FAIL: gcc.target/arm/lto/pr61123-enum-size c_lto_pr61123-enum-size_0.o-c_lto_pr61123-enum-size_1.o link, -fno-short-enums -Wl,-Ur,--no-enum-size-warning -Os -nostdlib -flto
UNRESOLVED: object-readelf Tag_ABI_enum_size
FAIL: gcc.target/arm/simd/vld1_bf16_1.c (test for excess errors)
UNRESOLVED: gcc.target/arm/simd/vld1_bf16_1.c check-function-bodies test_vld1_bf16
UNRESOLVED: gcc.target/arm/simd/vld1_bf16_1.c check-function-bodies test_vld1q_bf16
FAIL: gcc.target/arm/simd/vldn_lane_bf16_1.c (test for excess errors)
UNRESOLVED: gcc.target/arm/simd/vldn_lane_bf16_1.c check-function-bodies test_vld2_lane_bf16
UNRESOLVED: gcc.target/arm/simd/vldn_lane_bf16_1.c check-function-bodies test_vld2q_lane_bf16
UNRESOLVED: gcc.target/arm/simd/vldn_lane_bf16_1.c check-function-bodies test_vld3_lane_bf16
UNRESOLVED: gcc.target/arm/simd/vldn_lane_bf16_1.c check-function-bodies test_vld3q_lane_bf16
UNRESOLVED: gcc.target/arm/simd/vldn_lane_bf16_1.c check-function-bodies test_vld4_lane_bf16
UNRESOLVED: gcc.target/arm/simd/vldn_lane_bf16_1.c check-function-bodies test_vld4q_lane_bf16
FAIL: gcc.target/arm/simd/vst1_bf16_1.c (test for excess errors)
UNRESOLVED: gcc.target/arm/simd/vst1_bf16_1.c check-function-bodies test_vst1_bf16
UNRESOLVED: gcc.target/arm/simd/vst1_bf16_1.c check-function-bodies test_vst1q_bf16
FAIL: gcc.target/arm/simd/vstn_lane_bf16_1.c (test for excess errors)
UNRESOLVED: gcc.target/arm/simd/vstn_lane_bf16_1.c check-function-bodies test_vst2_lane_bf16
UNRESOLVED: gcc.target/arm/simd/vstn_lane_bf16_1.c check-function-bodies test_vst2q_lane_bf16
UNRESOLVED: gcc.target/arm/simd/vstn_lane_bf16_1.c check-function-bodies test_vst3_lane_bf16
UNRESOLVED: gcc.target/arm/simd/vstn_lane_bf16_1.c check-function-bodies test_vst3q_lane_bf16
UNRESOLVED: gcc.target/arm/simd/vstn_lane_bf16_1.c check-function-bodies test_vst4_lane_bf16
UNRESOLVED: gcc.target/arm/simd/vstn_lane_bf16_1.c check-function-bodies test_vst4q_lane_bf16
=== gcc Summary ===
# of expected passes 148200
# of unexpected failures 135
# of unexpected successes 43
# of expected failures 885
# of unresolved testcases 71
# of unsupported tests 7445
/build/gcc-11-GaWwVs/gcc-11-11.2.0/build/gcc/xgcc version 11.2.1 20210815 (Debian 11.2.0-2)
=== gfortran tests ===
Running target unix
FAIL: gfortran.dg/ieee/ieee_1.F90 -O0 execution test
FAIL: gfortran.dg/ieee/ieee_1.F90 -O1 execution test
FAIL: gfortran.dg/ieee/ieee_1.F90 -O2 execution test
FAIL: gfortran.dg/ieee/ieee_1.F90 -O3 -fomit-frame-pointer -funroll-loops -fpeel-loops -ftracer -finline-functions execution test
FAIL: gfortran.dg/ieee/ieee_1.F90 -O3 -g execution test
FAIL: gfortran.dg/ieee/ieee_1.F90 -Os execution test
FAIL: gfortran.dg/ieee/ieee_2.f90 -O0 execution test
FAIL: gfortran.dg/ieee/ieee_2.f90 -O1 execution test
FAIL: gfortran.dg/ieee/ieee_2.f90 -O2 execution test
FAIL: gfortran.dg/ieee/ieee_2.f90 -O3 -fomit-frame-pointer -funroll-loops -fpeel-loops -ftracer -finline-functions execution test
FAIL: gfortran.dg/ieee/ieee_2.f90 -O3 -g execution test
FAIL: gfortran.dg/ieee/ieee_2.f90 -Os execution test
FAIL: gfortran.dg/ieee/ieee_9.f90 -O0 (test for excess errors)
UNRESOLVED: gfortran.dg/ieee/ieee_9.f90 -O0 compilation failed to produce executable
FAIL: gfortran.dg/ieee/ieee_9.f90 -O1 (test for excess errors)
UNRESOLVED: gfortran.dg/ieee/ieee_9.f90 -O1 compilation failed to produce executable
FAIL: gfortran.dg/ieee/ieee_9.f90 -O2 (test for excess errors)
UNRESOLVED: gfortran.dg/ieee/ieee_9.f90 -O2 compilation failed to produce executable
FAIL: gfortran.dg/ieee/ieee_9.f90 -O3 -fomit-frame-pointer -funroll-loops -fpeel-loops -ftracer -finline-functions (test for excess errors)
UNRESOLVED: gfortran.dg/ieee/ieee_9.f90 -O3 -fomit-frame-pointer -funroll-loops -fpeel-loops -ftracer -finline-functions compilation failed to produce executable
FAIL: gfortran.dg/ieee/ieee_9.f90 -O3 -g (test for excess errors)
UNRESOLVED: gfortran.dg/ieee/ieee_9.f90 -O3 -g compilation failed to produce executable
FAIL: gfortran.dg/ieee/ieee_9.f90 -Os (test for excess errors)
UNRESOLVED: gfortran.dg/ieee/ieee_9.f90 -Os compilation failed to produce executable
FAIL: gfortran.dg/ieee/large_2.f90 -O0 execution test
FAIL: gfortran.dg/ieee/large_2.f90 -O1 execution test
FAIL: gfortran.dg/ieee/large_2.f90 -O2 execution test
FAIL: gfortran.dg/ieee/large_2.f90 -O3 -fomit-frame-pointer -funroll-loops -fpeel-loops -ftracer -finline-functions execution test
FAIL: gfortran.dg/ieee/large_2.f90 -O3 -g execution test
FAIL: gfortran.dg/ieee/large_2.f90 -Os execution test
FAIL: gfortran.dg/ieee/large_3.F90 -O0 execution test
FAIL: gfortran.dg/ieee/large_3.F90 -O1 execution test
FAIL: gfortran.dg/ieee/large_3.F90 -O2 execution test
FAIL: gfortran.dg/ieee/large_3.F90 -O3 -fomit-frame-pointer -funroll-loops -fpeel-loops -ftracer -finline-functions execution test
FAIL: gfortran.dg/ieee/large_3.F90 -O3 -g execution test
FAIL: gfortran.dg/ieee/large_3.F90 -Os execution test
FAIL: gfortran.dg/ieee/rounding_1.f90 -O0 execution test
FAIL: gfortran.dg/ieee/rounding_1.f90 -O1 execution test
FAIL: gfortran.dg/ieee/rounding_1.f90 -O2 execution test
FAIL: gfortran.dg/ieee/rounding_1.f90 -O3 -fomit-frame-pointer -funroll-loops -fpeel-loops -ftracer -finline-functions execution test
FAIL: gfortran.dg/ieee/rounding_1.f90 -O3 -g execution test
FAIL: gfortran.dg/ieee/rounding_1.f90 -Os execution test
=== gfortran Summary ===
# of expected passes 55382
# of unexpected failures 36
# of expected failures 234
# of unresolved testcases 6
# of unsupported tests 502
/build/gcc-11-GaWwVs/gcc-11-11.2.0/build/gcc/gfortran version 11.2.1 20210815 (Debian 11.2.0-2)
=== gm2 tests ===
Running target unix
FAIL: gm2/analyzer/fail/badlistfree.mod -O (test for warnings, line 19)
FAIL: gm2/analyzer/fail/badlistfree.mod -O (test for excess errors)
FAIL: gm2/analyzer/fail/badlistfree2.mod -O (test for warnings, line 19)
FAIL: gm2/analyzer/fail/badlistfree2.mod -O (test for excess errors)
FAIL: gm2/analyzer/fail/callbyref.mod -O (test for warnings, line 30)
FAIL: gm2/analyzer/fail/callbyref.mod -O (test for excess errors)
FAIL: gm2/analyzer/fail/callbyref2.mod -O (test for warnings, line 25)
FAIL: gm2/analyzer/fail/callbyref2.mod -O (test for excess errors)
FAIL: gm2/analyzer/fail/callbyref3.mod -O (test for warnings, line 27)
FAIL: gm2/analyzer/fail/callbyref3.mod -O (test for excess errors)
FAIL: gm2/analyzer/fail/callbyref3badreturn.mod -O (test for warnings, line 27)
FAIL: gm2/analyzer/fail/callbyref3badreturn.mod -O (test for warnings, line 36)
FAIL: gm2/analyzer/fail/callbyref3badreturn.mod -O (test for excess errors)
FAIL: gm2/analyzer/fail/calldesptr.mod -O (test for warnings, line 24)
FAIL: gm2/analyzer/fail/calldesptr.mod -O (test for excess errors)
FAIL: gm2/analyzer/fail/disposenoalloc.mod -O (test for warnings, line 19)
FAIL: gm2/analyzer/fail/disposenoalloc.mod -O (test for excess errors)
FAIL: gm2/analyzer/fail/globalnilderef.mod -O (test for warnings, line 17)
FAIL: gm2/analyzer/fail/globalnilderef.mod -O (test for errors, line 18)
FAIL: gm2/analyzer/fail/globalnilderef.mod -O (test for excess errors)
FAIL: gm2/analyzer/fail/localnilderef.mod -O (test for warnings, line 18)
FAIL: gm2/analyzer/fail/localnilderef.mod -O (test for excess errors)
FAIL: gm2/analyzer/fail/mismatchedalloca.mod -O (test for warnings, line 21)
FAIL: gm2/analyzer/fail/mismatchedalloca.mod -O (test for excess errors)
FAIL: gm2/analyzer/fail/mismatchedheap.mod -O (test for warnings, line 22)
FAIL: gm2/analyzer/fail/mismatchedheap.mod -O (test for excess errors)
FAIL: gm2/analyzer/fail/mismatchedheap2.mod -O (test for warnings, line 19)
FAIL: gm2/analyzer/fail/mismatchedheap2.mod -O (test for excess errors)
FAIL: gm2/analyzer/fail/testdoubledispose.mod -O (test for warnings, line 18)
FAIL: gm2/analyzer/fail/testdoubledispose.mod -O (test for excess errors)
FAIL: gm2/analyzer/fail/testdoubledispose2.mod -O (test for warnings, line 17)
FAIL: gm2/analyzer/fail/testdoubledispose2.mod -O (test for excess errors)
FAIL: gm2/analyzer/fail/testdoubledispose3.mod -O (test for warnings, line 19)
FAIL: gm2/analyzer/fail/testdoubledispose3.mod -O (test for excess errors)
FAIL: gm2/analyzer/fail/testdoublefree.mod -O (test for warnings, line 14)
FAIL: gm2/analyzer/fail/testdoublefree.mod -O (test for excess errors)
FAIL: gm2/analyzer/fail/testdoublefree2.mod -O (test for warnings, line 13)
FAIL: gm2/analyzer/fail/testdoublefree2.mod -O (test for excess errors)
FAIL: gm2/analyzer/fail/testnoreturn.mod -O (test for warnings, line 17)
FAIL: gm2/analyzer/fail/testnoreturn.mod -O (test for excess errors)
FAIL: gm2/analyzer/fail/testnoreturn2.mod -O (test for errors, line 19)
FAIL: gm2/analyzer/fail/testnoreturn2.mod -O (test for excess errors)
FAIL: gm2/analyzer/fail/testnoreturn3.mod -O (test for errors, line 12)
FAIL: gm2/analyzer/fail/testnoreturn3.mod -O (test for excess errors)
FAIL: gm2/analyzer/fail/uncheckedmalloc.mod -O (test for warnings, line 19)
FAIL: gm2/analyzer/fail/uncheckedmalloc.mod -O (test for excess errors)
FAIL: gm2/analyzer/fail/useafterdeallocate.mod -O (test for warnings, line 21)
FAIL: gm2/analyzer/fail/useafterdeallocate.mod -O (test for excess errors)
FAIL: gm2/pim/fail/TestLong4.mod, -g
FAIL: gm2/pim/fail/TestLong4.mod, -O
FAIL: gm2/pim/fail/TestLong4.mod, -O -g
FAIL: gm2/pim/fail/TestLong4.mod, -Os
FAIL: gm2/pim/fail/TestLong4.mod, -O3 -fomit-frame-pointer
FAIL: gm2/pim/fail/TestLong4.mod, -O3 -fomit-frame-pointer -finline-functions
FAIL: gm2/pimcoroutines/run/pass/testtime.mod execution, -g
FAIL: gm2/pimcoroutines/run/pass/testtime.mod execution, -O
FAIL: gm2/pimcoroutines/run/pass/testtime.mod execution, -O -g
FAIL: gm2/pimcoroutines/run/pass/testtime.mod execution, -Os
FAIL: gm2/pimcoroutines/run/pass/testtime.mod execution, -O3 -fomit-frame-pointer
FAIL: gm2/pimcoroutines/run/pass/testtime.mod execution, -O3 -fomit-frame-pointer -finline-functions
=== gm2 Summary ===
# of expected passes 11508
# of unexpected failures 60
=== gnat tests ===
Running target unix
FAIL: gnat.dg/opt39.adb scan-tree-dump-not optimized "tmp"
FAIL: gnat.dg/opt86a.adb scan-tree-dump-times optimized ">>" 4
FAIL: gnat.dg/unroll4.adb scan-rtl-dump-times loop2_unroll "optimized: loop unrolled 7 times" 2
=== gnat Summary ===
# of expected passes 3310
# of unexpected failures 3
# of expected failures 23
# of unsupported tests 29
/build/gcc-11-GaWwVs/gcc-11-11.2.0/build/gcc/gnatmake version 11.2.1 20210815
=== go tests ===
Running target unix
=== go Summary ===
# of expected passes 596
# of untested testcases 1542
/build/gcc-11-GaWwVs/gcc-11-11.2.0/build/gcc/gccgo version 11.2.1 20210815 (Debian 11.2.0-2)
=== jit tests ===
Running target unix
WARNING: Timed out executing test case
WARNING: Timed out executing test case
WARNING: Timed out executing test case
WARNING: Timed out executing test case
WARNING: Timed out executing test case
WARNING: Timed out executing test case
WARNING: Timed out executing test case
WARNING: Timed out executing test case
WARNING: Timed out executing test case
WARNING: Timed out executing test case
WARNING: Timed out executing test case
WARNING: Timed out executing test case
WARNING: Timed out executing test case
WARNING: Timed out executing test case
WARNING: Timed out executing test case
WARNING: Timed out executing test case
WARNING: Timed out executing test case
WARNING: Timed out executing test case
WARNING: Timed out executing test case
UNRESOLVED: jit.dg/test-threads.c (test for excess errors)
UNRESOLVED: test-threads.c.exe: verify_code_expressions: result is non-null
UNRESOLVED: test-threads.c.exe: verify_code_pr66779: result is non-null
=== jit Summary ===
# of expected passes 9157
# of unresolved testcases 3
# of unsupported tests 2
=== obj-c++ tests ===
Running target unix
=== obj-c++ Summary ===
# of expected passes 1490
# of expected failures 2
# of unsupported tests 77
/build/gcc-11-GaWwVs/gcc-11-11.2.0/build/gcc/xg++ version 11.2.1 20210815 (Debian 11.2.0-2)
=== objc tests ===
Running target unix
=== objc Summary ===
# of expected passes 2826
# of unsupported tests 68
/build/gcc-11-GaWwVs/gcc-11-11.2.0/build/gcc/xgcc version 11.2.1 20210815 (Debian 11.2.0-2)
=== gotools tests ===
FAIL: TestAbort
FAIL: TestBreakpoint
FAIL: TestSelectStackAdjust
FAIL: go test runtime
FAIL: TestEarlySignalHandler
FAIL: go test misc/cgo/testcarchive
=== gotools Summary ===
# of expected passes 368
# of unexpected failures 6
# of untested testcases 147
/build/gcc-11-GaWwVs/gcc-11-11.2.0/build/./gcc/gccgo version 11.2.1 20210815 (Debian 11.2.0-2)
Compiler version: 11.2.1 20210815 (Debian 11.2.0-2)
Platform: arm-unknown-linux-gnueabi
configure flags: -v --with-pkgversion='Debian 11.2.0-2' --with-bugurl=file:///usr/share/doc/gcc-11/README.Bugs --enable-languages=c,ada,c++,go,d,fortran,objc,obj-c++,m2 --prefix=/usr --with-gcc-major-version-only --program-suffix=-11 --program-prefix=arm-linux-gnueabi- --enable-shared --enable-linker-build-id --libexecdir=/usr/lib --without-included-gettext --enable-threads=posix --libdir=/usr/lib --enable-nls --enable-clocale=gnu --enable-libstdcxx-debug --enable-libstdcxx-time=yes --with-default-libstdcxx-abi=new --enable-gnu-unique-object --disable-libitm --disable-libquadmath --disable-libquadmath-support --enable-plugin --enable-default-pie --with-system-zlib --enable-libphobos-checking=release --with-target-system-zlib=auto --enable-objc-gc=auto --enable-multiarch --disable-sjlj-exceptions --with-arch=armv5te --with-float=soft --disable-werror --enable-checking=release --build=arm-linux-gnueabi --host=arm-linux-gnueabi --target=arm-linux-gnueabi
BOOT_CFLAGS=
Build Dependencies:
Desired=Unknown/Install/Remove/Purge/Hold
| Status=Not/Inst/Conf-files/Unpacked/halF-conf/Half-inst/trig-aWait/Trig-pend
|/ Err?=(none)/Reinst-required (Status,Err: uppercase=bad)
||/ Name Version Architecture Description
+++-==========================-==============-============-===============================================================================
ii binutils 2.37-4 armel GNU assembler, linker and binary utilities
ii binutils-arm-linux-gnueabi 2.37-4 armel GNU binary utilities, for arm-linux-gnueabi target
ii binutils-common:armel 2.37-4 armel Common files for the GNU assembler, linker and binary utilities
ii g++-10 10.2.1-6 armel GNU C++ compiler
ii libc6:armel 2.31-13 armel GNU C Library: Shared libraries
ii libgmp-dev:armel 2:6.2.1+dfsg-1 armel Multiprecision arithmetic library developers tools
ii libisl-dev:armel 0.23-1 armel manipulating sets and relations of integer points bounded by linear constraints
ii libmpc-dev:armel 1.2.0-1 armel multiple precision complex floating-point library development package
ii libmpfr-dev:armel 4.1.0-3 armel multiple precision floating-point computation developers tools
git-updates:
updates from the 11 branch upto 20210815 (389e4929aee).
gcc-gfdl-build:
Build a dummy s-tm-texi without access to the texinfo sources
gcc-textdomain:
Set gettext's domain and textdomain to the versioned package name.
gcc-distro-specs:
Add empty distro and hardening specs
gcc-driver-extra-langs:
Add options and specs for languages that are not built from a source
(but built from separate sources).
gcc-hash-style-gnu:
Link using --hash-style=gnu (aarch64, alpha, amd64, armel, armhf, ia64,
i386, powerpc, ppc64, riscv64, s390, sparc)
libstdc++-pic:
Build and install libstdc++_pic.a library.
libstdc++-doclink:
adjust hrefs to point to the local documentation
libstdc++-man-3cxx:
Install libstdc++ man pages with suffix .3cxx instead of .3
libstdc++-test-installed:
Add support to run the libstdc++-v3 testsuite using the
installed shared libraries.
alpha-no-ev4-directive:
never emit .ev4 directive.
note-gnu-stack:
Add .note.GNU-stack sections for gcc's crt files, libffi and boehm-gc
Taken from FC.
libgomp-omp_h-multilib:
Fix up omp.h for multilibs.
libgo-testsuite:
Only run the libgo testsuite for flags configured in RUNTESTFLAGS
libgo-cleanfiles:
gcc-target-include-asm:
Search \$(builddir)/sys-include for the asm header files
libgo-revert-timeout-exp:
libgo-setcontext-config:
libgo: Overwrite the setcontext_clobbers_tls check on mips*
gcc-auto-build:
Fix cross building a native compiler.
libitm-no-fortify-source:
Build libitm with -U_FORTIFY_SOURCE on x86 and x86_64.
sparc64-biarch-long-double-128:
Fix --with-long-double-128 for sparc32 when defaulting to 64-bit.
pr66368:
PR go/66368, build libgo with -fno-stack-protector
pr67590:
Fix PR67590, setting objdump macro.
libffi-pax:
libffi-race-condition:
cuda-float128:
libffi-mipsen-r6:
libffi: mips/n32.S: disable .set mips4 on mips r6
t-libunwind-elf-Wl-z-defs:
strip -z,defs from linker options for internal libunwind.
gcc-force-cross-layout:
Add FORCE_CROSS_LAYOUT env var to force a cross directory layout.
gcc-search-prefixed-as-ld:
Search for the <triplet>-as / -ld before serching for as / ld.
kfreebsd-decimal-float:
Enable decimal float support on kfreebsd-amd64
pr87808:
Fix PR jit/87808.
pr94253:
gcc-arm-disable-guality-tests:
Don't run some tests from the guality test suite on armhf. These fail
on every target, but seem to hang on the buildds occasionally on armhf.
musl-ssp:
dwarf5-revert-default:
Don't turn on DWARF 5 by default, where GCC 11 is not the default.
gm2:
gm2-bootstrap-compare:
ignore gm2version.o stage diff on some archtectures (m68k, riscv64)
gm2-texinfo:
gm2.texi: Define our own gcctabopt macro, needed for dfsg builds.
ada-gcc-name:
ada-verbose:
ada-link-lib:
ada-gnattools-cross:
ada-lib-info-source-date-epoch:
ada-armel-libatomic:
ada-kfreebsd:
ada-749574:
ada-perl-shebang:
Fix perl shebang for the gnathtml binary.
gdc-texinfo:
Add macros for the gdc texinfo documentation.
disable-gdc-tests:
Disable D tests, hang on many buildds
sys-auxv-header:
Check for the sys/auxv.h header file.
gdc-dynamic-link-phobos:
Dynamically link the phobos library.
ia64-disable-selective-scheduling:
libstdc++-pythondir:
gm2-link:
format-diag:
gcc-verbose-lto-link:
Prefix LLINKER with /usr/bin/time -v
gcc-foffload-default:
Allow setting offload targets by OFFLOAD_TARGET_DEFAULT
gcc-ice-dump:
For ICEs, dump the preprocessed source file to stderr
when in a distro build environment.
gcc-ice-apport:
Report an ICE to apport (if apport is available
and the environment variable GCC_NOAPPORT is not set)
skip-bootstrap-multilib:
Skip non-default multilib and libstdc++-v3 debug builds in bootstrap builds
libffi-ro-eh_frame_sect:
PR libffi/47248, force a read only eh frame section.
libffi-mips:
Backport Mips go closure support, taken from libffi issue #197.
gcc-multiarch:
- Remaining multiarch patches, not yet submitted upstream.
- Add MULTIARCH_DIRNAME definitions for multilib configurations,
which are used for the non-multilib builds.
config-ml:
- Disable some biarch libraries for biarch builds.
- Fix multilib builds on kernels which don't support all multilibs.
g++-multiarch-incdir:
Use /usr/include/<multiarch>/c++/4.x as the include directory
for host dependent c++ header files.
canonical-cpppath:
Don't use any relative path names for the standard include paths.
gcc-multilib-multiarch:
Don't auto-detect multilib osdirnames.
gcc-as-needed:
On linux targets pass --as-needed by default to the linker, but always
link the sanitizer libraries with --no-as-needed.
gcc-as-needed-gold:
Use --push-state/--pop-state for gold as well when linking libtsan.
libgomp-kfreebsd-testsuite:
Disable lock-2.c test on kfreebsd-*
go-testsuite:
Skip Go testcase on AArch64 which hangs on the buildds.
Counting all warnings,
there are 0 warnings in stage3 of this bootstrap.
Number of warnings per file:
Number of warning types:
More information about the Gcc-testresults
mailing list