Results for 11.2.1 20210813 [releases/gcc-11 revision 7319c2c9e6fc37a77a96e737dc1f3ef18d439602] (GCC) testsuite on i386-pc-solaris2.11
Rainer Orth
ro@CeBiTec.Uni-Bielefeld.DE
Fri Aug 13 21:09:51 GMT 2021
LAST_UPDATED: Fri Aug 13 09:19:45 UTC 2021 (revision 7319c2c9e6fc37a77a96e737dc1f3ef18d439602)
=== acats tests ===
=== acats Summary ===
# of expected passes 2328
# of unexpected failures 0
Native configuration is i386-pc-solaris2.11
=== g++ tests ===
Running target unix
FAIL: c-c++-common/asan/swapcontext-test-1.c -O0 execution test
FAIL: c-c++-common/asan/swapcontext-test-1.c -O1 execution test
FAIL: c-c++-common/asan/swapcontext-test-1.c -O2 execution test
FAIL: c-c++-common/asan/swapcontext-test-1.c -O2 -flto execution test
FAIL: c-c++-common/asan/swapcontext-test-1.c -O2 -flto -flto-partition=none execution test
FAIL: c-c++-common/asan/swapcontext-test-1.c -O3 -fomit-frame-pointer -funroll-loops -fpeel-loops -ftracer -finline-functions execution test
FAIL: c-c++-common/asan/swapcontext-test-1.c -O3 -g execution test
FAIL: c-c++-common/asan/swapcontext-test-1.c -Os execution test
FAIL: g++.dg/asan/default-options-1.C -O0 execution test
FAIL: g++.dg/asan/default-options-1.C -O1 execution test
FAIL: g++.dg/asan/default-options-1.C -O2 execution test
FAIL: g++.dg/asan/default-options-1.C -O2 -flto execution test
FAIL: g++.dg/asan/default-options-1.C -O2 -flto -flto-partition=none execution test
FAIL: g++.dg/asan/default-options-1.C -O3 -g execution test
FAIL: g++.dg/asan/default-options-1.C -Os execution test
XPASS: g++.dg/warn/Warray-bounds-20.C -std=gnu++14 assign (test for warnings, line 30)
XPASS: g++.dg/warn/Warray-bounds-20.C -std=gnu++17 assign (test for warnings, line 30)
XPASS: g++.dg/warn/Warray-bounds-20.C -std=gnu++2a assign (test for warnings, line 30)
XPASS: g++.dg/warn/Warray-bounds-20.C -std=gnu++98 assign (test for warnings, line 30)
FAIL: g++.dg/gcov/pr16855-priority.C -std=gnu++14 gcov: 1 failures in line counts, 0 in branch percentages, 0 in return percentages, 0 in intermediate format
FAIL: g++.dg/gcov/pr16855-priority.C -std=gnu++14 line 22: is #####:should be 1
FAIL: g++.dg/gcov/pr16855-priority.C -std=gnu++17 gcov: 1 failures in line counts, 0 in branch percentages, 0 in return percentages, 0 in intermediate format
FAIL: g++.dg/gcov/pr16855-priority.C -std=gnu++17 line 22: is #####:should be 1
FAIL: g++.dg/gcov/pr16855-priority.C -std=gnu++2a gcov: 1 failures in line counts, 0 in branch percentages, 0 in return percentages, 0 in intermediate format
FAIL: g++.dg/gcov/pr16855-priority.C -std=gnu++2a line 22: is #####:should be 1
FAIL: g++.dg/gcov/pr16855-priority.C -std=gnu++98 gcov: 1 failures in line counts, 0 in branch percentages, 0 in return percentages, 0 in intermediate format
FAIL: g++.dg/gcov/pr16855-priority.C -std=gnu++98 line 22: is #####:should be 1
FAIL: g++.dg/gcov/pr16855.C -std=gnu++14 gcov: 1 failures in line counts, 0 in branch percentages, 0 in return percentages, 0 in intermediate format
FAIL: g++.dg/gcov/pr16855.C -std=gnu++14 line 24: is #####:should be 1
FAIL: g++.dg/gcov/pr16855.C -std=gnu++17 gcov: 1 failures in line counts, 0 in branch percentages, 0 in return percentages, 0 in intermediate format
FAIL: g++.dg/gcov/pr16855.C -std=gnu++17 line 24: is #####:should be 1
FAIL: g++.dg/gcov/pr16855.C -std=gnu++2a gcov: 1 failures in line counts, 0 in branch percentages, 0 in return percentages, 0 in intermediate format
FAIL: g++.dg/gcov/pr16855.C -std=gnu++2a line 24: is #####:should be 1
FAIL: g++.dg/gcov/pr16855.C -std=gnu++98 gcov: 1 failures in line counts, 0 in branch percentages, 0 in return percentages, 0 in intermediate format
FAIL: g++.dg/gcov/pr16855.C -std=gnu++98 line 24: is #####:should be 1
FAIL: g++.dg/modules/stdio-1_a.H -std=c++17 scan-lang-dump module "Depset:0 decl entity:[0-9]* function_decl:'::printf'"
FAIL: g++.dg/modules/stdio-1_a.H -std=c++2a scan-lang-dump module "Depset:0 decl entity:[0-9]* function_decl:'::printf'"
FAIL: g++.dg/modules/stdio-1_a.H -std=c++2b scan-lang-dump module "Depset:0 decl entity:[0-9]* function_decl:'::printf'"
=== g++ Summary for unix ===
# of expected passes 202896
# of unexpected failures 34
# of unexpected successes 4
# of expected failures 1068
# of unsupported tests 9313
Running target unix/-m64
FAIL: g++.dg/gcov/pr16855-priority.C -std=gnu++14 gcov: 1 failures in line counts, 0 in branch percentages, 0 in return percentages, 0 in intermediate format
FAIL: g++.dg/gcov/pr16855-priority.C -std=gnu++14 line 22: is #####:should be 1
FAIL: g++.dg/gcov/pr16855-priority.C -std=gnu++17 gcov: 1 failures in line counts, 0 in branch percentages, 0 in return percentages, 0 in intermediate format
FAIL: g++.dg/gcov/pr16855-priority.C -std=gnu++17 line 22: is #####:should be 1
FAIL: g++.dg/gcov/pr16855-priority.C -std=gnu++2a gcov: 1 failures in line counts, 0 in branch percentages, 0 in return percentages, 0 in intermediate format
FAIL: g++.dg/gcov/pr16855-priority.C -std=gnu++2a line 22: is #####:should be 1
FAIL: g++.dg/gcov/pr16855-priority.C -std=gnu++98 gcov: 1 failures in line counts, 0 in branch percentages, 0 in return percentages, 0 in intermediate format
FAIL: g++.dg/gcov/pr16855-priority.C -std=gnu++98 line 22: is #####:should be 1
FAIL: g++.dg/gcov/pr16855.C -std=gnu++14 gcov: 1 failures in line counts, 0 in branch percentages, 0 in return percentages, 0 in intermediate format
FAIL: g++.dg/gcov/pr16855.C -std=gnu++14 line 24: is #####:should be 1
FAIL: g++.dg/gcov/pr16855.C -std=gnu++17 gcov: 1 failures in line counts, 0 in branch percentages, 0 in return percentages, 0 in intermediate format
FAIL: g++.dg/gcov/pr16855.C -std=gnu++17 line 24: is #####:should be 1
FAIL: g++.dg/gcov/pr16855.C -std=gnu++2a gcov: 1 failures in line counts, 0 in branch percentages, 0 in return percentages, 0 in intermediate format
FAIL: g++.dg/gcov/pr16855.C -std=gnu++2a line 24: is #####:should be 1
FAIL: g++.dg/gcov/pr16855.C -std=gnu++98 gcov: 1 failures in line counts, 0 in branch percentages, 0 in return percentages, 0 in intermediate format
FAIL: g++.dg/gcov/pr16855.C -std=gnu++98 line 24: is #####:should be 1
FAIL: g++.dg/modules/stdio-1_a.H -std=c++17 scan-lang-dump module "Depset:0 decl entity:[0-9]* function_decl:'::printf'"
FAIL: g++.dg/modules/stdio-1_a.H -std=c++2a scan-lang-dump module "Depset:0 decl entity:[0-9]* function_decl:'::printf'"
FAIL: g++.dg/modules/stdio-1_a.H -std=c++2b scan-lang-dump module "Depset:0 decl entity:[0-9]* function_decl:'::printf'"
FAIL: g++.target/i386/pr97054.C -std=gnu++14 (test for excess errors)
UNRESOLVED: g++.target/i386/pr97054.C -std=gnu++14 compilation failed to produce executable
FAIL: g++.target/i386/pr97054.C -std=gnu++17 (test for excess errors)
UNRESOLVED: g++.target/i386/pr97054.C -std=gnu++17 compilation failed to produce executable
FAIL: g++.target/i386/pr97054.C -std=gnu++2a (test for excess errors)
UNRESOLVED: g++.target/i386/pr97054.C -std=gnu++2a compilation failed to produce executable
FAIL: g++.target/i386/pr97054.C -std=gnu++98 (test for excess errors)
UNRESOLVED: g++.target/i386/pr97054.C -std=gnu++98 compilation failed to produce executable
=== g++ Summary for unix/-m64 ===
# of expected passes 203222
# of unexpected failures 23
# of expected failures 1076
# of unresolved testcases 4
# of unsupported tests 9274
=== g++ Summary ===
# of expected passes 406118
# of unexpected failures 57
# of unexpected successes 4
# of expected failures 2144
# of unresolved testcases 4
# of unsupported tests 18587
/var/gcc/regression/gcc-11-branch/11.4-gcc-gas/build/gcc/xg++ version 11.2.1 20210813 [releases/gcc-11 revision 7319c2c9e6fc37a77a96e737dc1f3ef18d439602] (GCC)
=== gcc tests ===
Running target unix
FAIL: c-c++-common/asan/swapcontext-test-1.c -O0 execution test
FAIL: c-c++-common/asan/swapcontext-test-1.c -O1 execution test
FAIL: c-c++-common/asan/swapcontext-test-1.c -O2 execution test
FAIL: c-c++-common/asan/swapcontext-test-1.c -O2 -flto execution test
FAIL: c-c++-common/asan/swapcontext-test-1.c -O2 -flto -flto-partition=none execution test
FAIL: c-c++-common/asan/swapcontext-test-1.c -O3 -fomit-frame-pointer -funroll-loops -fpeel-loops -ftracer -finline-functions execution test
FAIL: c-c++-common/asan/swapcontext-test-1.c -O3 -g execution test
FAIL: c-c++-common/asan/swapcontext-test-1.c -Os execution test
FAIL: gcc.dg/ipa/iinline-attr.c scan-ipa-dump inline "hooray[^\\\\n]*inline copy in test"
FAIL: gcc.dg/ipa/ipa-icf-38.c scan-ltrans-tree-dump-not optimized "Function bar"
FAIL: gcc-dg-lto-modref-3-01.exe scan-wpa-ipa-dump modref "parm 1 flags: nodirectescape"
FAIL: gcc-dg-lto-modref-4-01.exe scan-wpa-ipa-dump modref "parm 1 flags: nodirectescape"
FAIL: gcc.dg/lto/modref-3 c_lto_modref-3_0.o-c_lto_modref-3_1.o execute -O2 -flto-partition=max -fdump-ipa-modref -fno-ipa-sra -fno-ipa-cp -flto
FAIL: gcc.dg/lto/modref-4 c_lto_modref-4_0.o-c_lto_modref-4_1.o execute -O2 -flto-partition=max -fdump-ipa-modref -fno-ipa-sra -flto
FAIL: gcc.dg/tree-ssa/scev-3.c scan-tree-dump-times ivopts "&a" 1
FAIL: gcc.dg/tree-ssa/scev-4.c scan-tree-dump-times ivopts "&a" 1
FAIL: gcc.dg/tree-ssa/scev-5.c scan-tree-dump-times ivopts "&a" 1
FAIL: gcc.target/i386/avx512f-pr96891-3.c scan-assembler-times (?n)vpcmp[bwdq][ \\\\t]*\\\\\$7 4
=== gcc Summary for unix ===
# of expected passes 155025
# of unexpected failures 18
# of expected failures 874
# of unsupported tests 3396
Running target unix/-m64
FAIL: gcc.dg/ipa/iinline-attr.c scan-ipa-dump inline "hooray[^\\\\n]*inline copy in test"
FAIL: gcc.dg/ipa/ipa-icf-38.c scan-ltrans-tree-dump-not optimized "Function bar"
FAIL: gcc-dg-lto-modref-3-01.exe scan-wpa-ipa-dump modref "parm 1 flags: nodirectescape"
FAIL: gcc-dg-lto-modref-4-01.exe scan-wpa-ipa-dump modref "parm 1 flags: nodirectescape"
FAIL: gcc.dg/lto/modref-3 c_lto_modref-3_0.o-c_lto_modref-3_1.o execute -O2 -flto-partition=max -fdump-ipa-modref -fno-ipa-sra -fno-ipa-cp -flto
FAIL: gcc.dg/lto/modref-4 c_lto_modref-4_0.o-c_lto_modref-4_1.o execute -O2 -flto-partition=max -fdump-ipa-modref -fno-ipa-sra -flto
XPASS: gcc.dg/tree-ssa/builtin-snprintf-6.c scan-tree-dump-times optimized "Function test_assign_aggregate" 1
=== gcc Summary for unix/-m64 ===
# of expected passes 155819
# of unexpected failures 6
# of unexpected successes 1
# of expected failures 862
# of unsupported tests 2689
=== gcc Summary ===
# of expected passes 310844
# of unexpected failures 24
# of unexpected successes 1
# of expected failures 1736
# of unsupported tests 6085
/var/gcc/regression/gcc-11-branch/11.4-gcc-gas/build/gcc/xgcc version 11.2.1 20210813 [releases/gcc-11 revision 7319c2c9e6fc37a77a96e737dc1f3ef18d439602] (GCC)
=== gdc tests ===
Running target unix
=== gdc Summary for unix ===
# of expected passes 10283
# of unsupported tests 333
Running target unix/-m64
=== gdc Summary for unix/-m64 ===
# of expected passes 10282
# of unsupported tests 333
=== gdc Summary ===
# of expected passes 20565
# of unsupported tests 666
/var/gcc/regression/gcc-11-branch/11.4-gcc-gas/build/gcc/gdc version 11.2.1 20210813 [releases/gcc-11 revision 7319c2c9e6fc37a77a96e737dc1f3ef18d439602] (GCC)
=== gfortran tests ===
Running target unix
FAIL: gfortran.dg/default_format_1.f90 -O0 execution test
FAIL: gfortran.dg/default_format_1.f90 -O1 execution test
FAIL: gfortran.dg/default_format_1.f90 -O2 execution test
FAIL: gfortran.dg/default_format_1.f90 -O3 -fomit-frame-pointer -funroll-loops -fpeel-loops -ftracer -finline-functions execution test
FAIL: gfortran.dg/default_format_1.f90 -O3 -g execution test
FAIL: gfortran.dg/default_format_1.f90 -Os execution test
FAIL: gfortran.dg/fmt_g0_1.f08 -O0 execution test
FAIL: gfortran.dg/fmt_g0_1.f08 -O1 execution test
FAIL: gfortran.dg/fmt_g0_1.f08 -O2 execution test
FAIL: gfortran.dg/fmt_g0_1.f08 -O3 -fomit-frame-pointer -funroll-loops -fpeel-loops -ftracer -finline-functions execution test
FAIL: gfortran.dg/fmt_g0_1.f08 -O3 -g execution test
FAIL: gfortran.dg/fmt_g0_1.f08 -Os execution test
FAIL: gfortran.dg/round_4.f90 -O0 execution test
FAIL: gfortran.dg/round_4.f90 -O1 execution test
FAIL: gfortran.dg/round_4.f90 -O2 execution test
FAIL: gfortran.dg/round_4.f90 -O3 -fomit-frame-pointer -funroll-loops -fpeel-loops -ftracer -finline-functions execution test
FAIL: gfortran.dg/round_4.f90 -O3 -g execution test
FAIL: gfortran.dg/round_4.f90 -Os execution test
=== gfortran Summary for unix ===
# of expected passes 56514
# of unexpected failures 18
# of expected failures 234
# of unsupported tests 213
Running target unix/-m64
=== gfortran Summary for unix/-m64 ===
# of expected passes 56769
# of expected failures 232
# of unsupported tests 98
=== gfortran Summary ===
# of expected passes 113283
# of unexpected failures 18
# of expected failures 466
# of unsupported tests 311
/var/gcc/regression/gcc-11-branch/11.4-gcc-gas/build/gcc/gfortran version 11.2.1 20210813 [releases/gcc-11 revision 7319c2c9e6fc37a77a96e737dc1f3ef18d439602] (GCC)
=== gnat tests ===
Running target unix
=== gnat Summary for unix ===
# of expected passes 3349
# of expected failures 23
# of unsupported tests 10
Running target unix/-m64
=== gnat Summary for unix/-m64 ===
# of expected passes 3348
# of expected failures 23
# of unsupported tests 9
=== gnat Summary ===
# of expected passes 6697
# of expected failures 46
# of unsupported tests 19
/var/gcc/regression/gcc-11-branch/11.4-gcc-gas/build/gcc/gnatmake version 11.2.1 20210813 [releases/gcc-11 revision 7319c2c9e6fc37a77a96e737dc1f3ef18d439602]
=== go tests ===
Running target unix
FAIL: ./index0-out.go execution, -O0 -g -fno-var-tracking-assignments
FAIL: go.test/test/fixedbugs/issue10441.go -O (test for excess errors)
FAIL: go.test/test/fixedbugs/issue27836.dir/Ãfoo.go -O -I. (test for excess errors)
FAIL: go.test/test/fixedbugs/issue27836.dir/Ãmain.go -O -I. (test for excess errors)
FAIL: issue4458.go -O (test for errors, line 19)
FAIL: issue4458.go -O (test for excess errors)
=== go Summary for unix ===
# of expected passes 8991
# of unexpected failures 6
# of untested testcases 10
# of unsupported tests 34
Running target unix/-m64
FAIL: ./index0-out.go execution, -O0 -g -fno-var-tracking-assignments
FAIL: go.test/test/fixedbugs/issue10441.go -O (test for excess errors)
FAIL: go.test/test/fixedbugs/issue23781.go -O (test for excess errors)
FAIL: go.test/test/fixedbugs/issue27836.dir/Ãfoo.go -O -I. (test for excess errors)
FAIL: go.test/test/fixedbugs/issue27836.dir/Ãmain.go -O -I. (test for excess errors)
FAIL: issue4458.go -O (test for errors, line 19)
FAIL: issue4458.go -O (test for excess errors)
=== go Summary for unix/-m64 ===
# of expected passes 8878
# of unexpected failures 7
# of untested testcases 10
# of unsupported tests 28
=== go Summary ===
# of expected passes 17869
# of unexpected failures 13
# of untested testcases 20
# of unsupported tests 62
=== obj-c++ tests ===
Running target unix
=== obj-c++ Summary for unix ===
# of expected passes 1490
# of expected failures 2
# of unsupported tests 77
Running target unix/-m64
=== obj-c++ Summary for unix/-m64 ===
# of expected passes 1482
# of expected failures 10
# of unsupported tests 77
=== obj-c++ Summary ===
# of expected passes 2972
# of expected failures 12
# of unsupported tests 154
/var/gcc/regression/gcc-11-branch/11.4-gcc-gas/build/gcc/xg++ version 11.2.1 20210813 [releases/gcc-11 revision 7319c2c9e6fc37a77a96e737dc1f3ef18d439602] (GCC)
=== objc tests ===
Running target unix
=== objc Summary for unix ===
# of expected passes 2820
# of expected failures 6
# of unsupported tests 68
Running target unix/-m64
=== objc Summary for unix/-m64 ===
# of expected passes 2820
# of expected failures 6
# of unsupported tests 68
=== objc Summary ===
# of expected passes 5640
# of expected failures 12
# of unsupported tests 136
/var/gcc/regression/gcc-11-branch/11.4-gcc-gas/build/gcc/xgcc version 11.2.1 20210813 [releases/gcc-11 revision 7319c2c9e6fc37a77a96e737dc1f3ef18d439602] (GCC)
=== gotools tests ===
FAIL: TestScript
FAIL: go test cmd/go
FAIL: TestAbort
FAIL: TestG0StackOverflow
FAIL: TestMemmoveAtomicity
FAIL: TestSelectStackAdjust
FAIL: go test runtime
=== gotools Summary ===
# of expected passes 387
# of unexpected failures 7
# of untested testcases 122
/var/gcc/regression/gcc-11-branch/11.4-gcc-gas/build/./gcc/gccgo version 11.2.1 20210813 [releases/gcc-11 revision 7319c2c9e6fc37a77a96e737dc1f3ef18d439602] (GCC)
=== libatomic tests ===
Running target unix
=== libatomic Summary for unix ===
# of expected passes 44
# of unsupported tests 5
Running target unix/-m64
=== libatomic Summary for unix/-m64 ===
# of expected passes 54
=== libatomic Summary ===
# of expected passes 98
# of unsupported tests 5
=== libffi tests ===
Running target unix
=== libffi Summary for unix ===
# of expected passes 2814
Running target unix/-m64
=== libffi Summary for unix/-m64 ===
# of expected passes 2229
=== libffi Summary ===
# of expected passes 5043
=== libgo tests ===
Running target unix
FAIL: runtime
FAIL: time
=== libgo Summary for unix ===
# of expected passes 182
# of unexpected failures 2
Running target unix/-m64
FAIL: runtime
=== libgo Summary for unix/-m64 ===
# of expected passes 183
# of unexpected failures 1
=== libgo Summary ===
# of expected passes 365
# of unexpected failures 3
/var/gcc/regression/gcc-11-branch/11.4-gcc-gas/build/./gcc/gccgo version 11.2.1 20210813 [releases/gcc-11 revision 7319c2c9e6fc37a77a96e737dc1f3ef18d439602] (GCC)
=== libgomp tests ===
Running target unix
WARNING: libgomp.c++/task-reduction-10.C execution test program timed out.
FAIL: libgomp.c++/task-reduction-10.C execution test
WARNING: libgomp.c++/task-reduction-13.C execution test program timed out.
FAIL: libgomp.c++/task-reduction-13.C execution test
WARNING: libgomp.c++/task-reduction-8.C execution test program timed out.
FAIL: libgomp.c++/task-reduction-8.C execution test
=== libgomp Summary for unix ===
# of expected passes 8446
# of unexpected failures 3
# of expected failures 6
# of unsupported tests 551
Running target unix/-m64
WARNING: libgomp.c++/task-reduction-10.C execution test program timed out.
FAIL: libgomp.c++/task-reduction-10.C execution test
WARNING: libgomp.c++/task-reduction-11.C execution test program timed out.
FAIL: libgomp.c++/task-reduction-11.C execution test
WARNING: libgomp.c++/task-reduction-13.C execution test program timed out.
FAIL: libgomp.c++/task-reduction-13.C execution test
=== libgomp Summary for unix/-m64 ===
# of expected passes 8447
# of unexpected failures 3
# of expected failures 6
# of unsupported tests 550
=== libgomp Summary ===
# of expected passes 16893
# of unexpected failures 6
# of expected failures 12
# of unsupported tests 1101
=== libitm tests ===
Running target unix
=== libitm Summary for unix ===
# of expected passes 44
# of expected failures 3
# of unsupported tests 1
Running target unix/-m64
=== libitm Summary for unix/-m64 ===
# of expected passes 44
# of expected failures 3
# of unsupported tests 1
=== libitm Summary ===
# of expected passes 88
# of expected failures 6
# of unsupported tests 2
=== libphobos tests ===
Running target unix
FAIL: libphobos.phobos/std/datetime/systime.d execution test
FAIL: libphobos.phobos/std/datetime/timezone.d execution test
FAIL: libphobos.phobos/std/format.d execution test
FAIL: libphobos.phobos/std/math.d execution test
FAIL: libphobos.phobos/std/parallelism.d execution test
FAIL: libphobos.phobos_shared/std/datetime/systime.d execution test
FAIL: libphobos.phobos_shared/std/datetime/timezone.d execution test
FAIL: libphobos.phobos_shared/std/format.d execution test
FAIL: libphobos.phobos_shared/std/math.d execution test
FAIL: libphobos.phobos_shared/std/parallelism.d execution test
FAIL: libphobos.shared/finalize.d -shared-libphobos -ldl execution test
FAIL: libphobos.shared/load.d -shared-libphobos -ldl execution test
FAIL: libphobos.shared/load_13414.d -shared-libphobos -ldl execution test
=== libphobos Summary for unix ===
# of expected passes 775
# of unexpected failures 13
Running target unix/-m64
FAIL: libphobos.phobos/std/datetime/systime.d execution test
FAIL: libphobos.phobos/std/datetime/timezone.d execution test
FAIL: libphobos.phobos/std/format.d execution test
FAIL: libphobos.phobos/std/math.d execution test
FAIL: libphobos.phobos/std/parallelism.d execution test
FAIL: libphobos.phobos_shared/std/datetime/systime.d execution test
FAIL: libphobos.phobos_shared/std/datetime/timezone.d execution test
FAIL: libphobos.phobos_shared/std/format.d execution test
FAIL: libphobos.phobos_shared/std/math.d execution test
FAIL: libphobos.phobos_shared/std/parallelism.d execution test
FAIL: libphobos.shared/finalize.d -shared-libphobos -ldl execution test
FAIL: libphobos.shared/load.d -shared-libphobos -ldl execution test
FAIL: libphobos.shared/load_13414.d -shared-libphobos -ldl execution test
=== libphobos Summary for unix/-m64 ===
# of expected passes 775
# of unexpected failures 13
=== libphobos Summary ===
# of expected passes 1550
# of unexpected failures 26
=== libstdc++ tests ===
Running target unix
WARNING: 29_atomics/atomic_float/wait_notify.cc execution test program timed out.
FAIL: 29_atomics/atomic_float/wait_notify.cc execution test
WARNING: 30_threads/barrier/arrive_and_wait.cc execution test program timed out.
FAIL: 30_threads/barrier/arrive_and_wait.cc execution test
FAIL: 30_threads/future/members/poll.cc execution test
FAIL: ext/random/k_distribution/operators/serialize.cc execution test
=== libstdc++ Summary for unix ===
# of expected passes 14710
# of unexpected failures 4
# of expected failures 105
# of unsupported tests 718
Running target unix/-m64
WARNING: 29_atomics/atomic_integral/wait_notify.cc execution test program timed out.
FAIL: 29_atomics/atomic_integral/wait_notify.cc execution test
WARNING: 30_threads/barrier/arrive_and_wait.cc execution test program timed out.
FAIL: 30_threads/barrier/arrive_and_wait.cc execution test
FAIL: 30_threads/future/members/poll.cc execution test
=== libstdc++ Summary for unix/-m64 ===
# of expected passes 14699
# of unexpected failures 3
# of expected failures 105
# of unsupported tests 724
=== libstdc++ Summary ===
# of expected passes 29409
# of unexpected failures 7
# of expected failures 210
# of unsupported tests 1442
Compiler version: 11.2.1 20210813 [releases/gcc-11 revision 7319c2c9e6fc37a77a96e737dc1f3ef18d439602] (GCC)
Platform: i386-pc-solaris2.11
configure flags: --prefix=/vol/gcc --target=i386-pc-solaris2.11 --enable-objc-gc --with-target-bdw-gc-include=/vol/gcc/include --with-target-bdw-gc-lib=/vol/gcc/lib,amd64=/vol/gcc/lib/amd64 --with-as=/vol/gcc/bin/gas-2.37 --with-gnu-as --with-gmp-include=/vol/gcc/include --with-gmp-lib=/vol/gcc/lib --with-mpfr-include=/vol/gcc/include --with-mpfr-lib=/vol/gcc/lib --with-mpc-include=/vol/gcc/include --with-mpc-lib=/vol/gcc/lib --enable-languages=all,ada,obj-c++,go --with-isl-include=/vol/gcc/include --with-isl-lib=/vol/gcc/lib --with-zstd-include=/vol/gcc/include --with-zstd-lib=/vol/gcc/lib --build=i386-pc-solaris2.11 --host=i386-pc-solaris2.11
BOOT_CFLAGS=-g -O2
More information about the Gcc-testresults
mailing list