Results for 10.3.1 (DEFMODE=default DEFCPU=default DEFFPU=default TESTFLAGS=) [r10-10034] (GCC) testsuite on aarch64_be-none-elf
Christophe LYON
christophe.lyon@foss.st.com
Fri Aug 13 04:21:38 GMT 2021
LAST_UPDATED: Fri Aug 13 03:14:27 UTC 2021 (revision r10-10034-gf434970a774db1ffb258c27fa70d00d650a83cf4) TARGET=aarch64_be-none-elf CPU=default FPU=default MODE=default
Target is aarch64_be-none-elf
Host is aarch64_be-none-elf
=== libstdc++ tests ===
Running target aarch64-none-elf-foundation
XPASS: 21_strings/basic_string/numeric_conversions/char/stod.cc execution test
XPASS: 21_strings/basic_string/numeric_conversions/wchar_t/stod.cc execution test
FAIL: 22_locale/money_get/get/char/5.cc execution test
FAIL: 22_locale/money_get/get/wchar_t/5.cc execution test
FAIL: 22_locale/num_get/get/char/39168.cc execution test
FAIL: 22_locale/num_get/get/char/4.cc execution test
FAIL: 22_locale/num_get/get/wchar_t/39168.cc execution test
FAIL: 22_locale/num_get/get/wchar_t/4.cc execution test
FAIL: 26_numerics/complex/inserters_extractors/char/1.cc execution test
FAIL: 26_numerics/complex/inserters_extractors/wchar_t/1.cc execution test
FAIL: 26_numerics/complex/proj.cc execution test
FAIL: 27_io/basic_istream/extractors_arithmetic/char/01.cc execution test
FAIL: 27_io/basic_istream/extractors_arithmetic/char/12.cc execution test
FAIL: 27_io/basic_istream/extractors_arithmetic/wchar_t/01.cc execution test
FAIL: 27_io/basic_istream/extractors_arithmetic/wchar_t/12.cc execution test
=== libstdc++ Summary ===
# of expected passes 12237
# of unexpected failures 13
# of unexpected successes 2
# of expected failures 98
# of unsupported tests 931
Host is x86_64-pc-linux-gnu
=== gcc tests ===
Running target aarch64-none-elf-foundation
FAIL: gcc.c-torture/execute/alias-2.c -O1 execution test
FAIL: gcc.c-torture/execute/alias-2.c -O2 execution test
FAIL: gcc.c-torture/execute/alias-2.c -O2 -flto -fno-use-linker-plugin -flto-partition=none execution test
FAIL: gcc.c-torture/execute/alias-2.c -O3 -g execution test
FAIL: gcc.c-torture/execute/alias-2.c -Os execution test
FAIL: gcc.dg/debug/dwarf2/pr97060.c scan-assembler-times DW_AT_declaration 2
FAIL: compiler driver --help=params option(s): "[^.]\$" absent from output: "e"
FAIL: gcc.target/aarch64/insv_2.c scan-assembler bfi\\tx[0-9]+, x[0-9]+, 43, 5
FAIL: gcc.target/aarch64/insv_2.c scan-assembler movk\\tx[0-9]+, 0x1d6b, lsl 16
=== gcc Summary ===
# of expected passes 235519
# of unexpected failures 9
# of expected failures 1820
# of unsupported tests 3912
/tmp/3030792_40.tmpdir/aci-gcc-fsf/builds/gcc-fsf-gccsrc/obj-aarch64_be-none-elf/gcc3/gcc/xgcc version 10.3.1 (DEFMODE=default DEFCPU=default DEFFPU=default TESTFLAGS=) [r10-10034] (GCC)
Host is x86_64-pc-linux-gnu
=== g++ tests ===
Running target aarch64-none-elf-foundation
FAIL: g++.dg/ipa/pr94856.C -std=gnu++14 (test for excess errors)
FAIL: g++.dg/ipa/pr94856.C -std=gnu++17 (test for excess errors)
FAIL: g++.dg/ipa/pr94856.C -std=gnu++2a (test for excess errors)
FAIL: g++.dg/ipa/pr94856.C -std=gnu++98 (test for excess errors)
FAIL: g++.dg/tree-ssa/pr90883.C scan-tree-dump dse1 "Deleted redundant store: .*.a = {}"
FAIL: g++.dg/lto/pr90990 cp_lto_pr90990_0.o-cp_lto_pr90990_0.o link, -O0 -flto -flto-partition=none -fuse-linker-plugin
FAIL: g++.dg/lto/pr90990 cp_lto_pr90990_0.o-cp_lto_pr90990_0.o link, -O0 -flto -fuse-linker-plugin -fno-fat-lto-objects
FAIL: g++.dg/lto/pr90990 cp_lto_pr90990_0.o-cp_lto_pr90990_0.o link, -O2 -flto -flto-partition=none -fuse-linker-plugin -fno-fat-lto-objects
FAIL: g++.dg/lto/pr90990 cp_lto_pr90990_0.o-cp_lto_pr90990_0.o link, -O2 -flto -fuse-linker-plugin
=== g++ Summary ===
# of expected passes 272845
# of unexpected failures 9
# of expected failures 1783
# of unsupported tests 8712
/tmp/3030792_40.tmpdir/aci-gcc-fsf/builds/gcc-fsf-gccsrc/obj-aarch64_be-none-elf/gcc3/gcc/xg++ version 10.3.1 (DEFMODE=default DEFCPU=default DEFFPU=default TESTFLAGS=) [r10-10034] (GCC)
Compiler version: 10.3.1 (DEFMODE=default DEFCPU=default DEFFPU=default TESTFLAGS=) [r10-10034] (GCC)
Platform: aarch64_be-none-elf
configure flags: --target=aarch64_be-none-elf --prefix=/tmp/3030792_40.tmpdir/aci-gcc-fsf/builds/gcc-fsf-gccsrc/tools --with-sysroot=/tmp/3030792_40.tmpdir/aci-gcc-fsf/builds/gcc-fsf-gccsrc/sysroot-aarch64_be-none-elf --disable-nls --disable-libgomp --disable-libmudflap --disable-libcilkrts --enable-checking --enable-languages=c,c++ --with-newlib --disable-tls
More information about the Gcc-testresults
mailing list