Results for 12.0.0 20210811 (experimental) (GCC) testsuite on hppa64-hp-hpux11.11
John David Anglin
dave.anglin@bell.net
Thu Aug 12 19:25:52 GMT 2021
Native configuration is hppa64-hp-hpux11.11
=== g++ tests ===
Running target unix
FAIL: g++.dg/cpp2a/nontype-float1.C -std=c++2a (test for excess errors)
FAIL: c-c++-common/Wattributes.c -std=gnu++98 (test for excess errors)
FAIL: c-c++-common/Wattributes.c -std=gnu++14 (test for excess errors)
FAIL: c-c++-common/Wattributes.c -std=gnu++17 (test for excess errors)
FAIL: c-c++-common/Wattributes.c -std=gnu++2a (test for excess errors)
WARNING: program timed out.
ERROR: tcl error sourcing /home/dave/gnu/gcc/gcc/gcc/testsuite/g++.dg/guality/guality.exp.
ERROR: tcl error code POSIX ETXTBSY {text file or pseudo-device busy}
ERROR: error deleting "guality_check29492.exe": text file or pseudo-device busy
UNRESOLVED: testcase '/home/dave/gnu/gcc/gcc/gcc/testsuite/g++.dg/guality/guality.exp' aborted due to Tcl error
FAIL: g++.dg/lto/alias-1 cp_lto_alias-1_0.o-cp_lto_alias-1_1.o execute -O3 -flto
FAIL: g++.dg/lto/alias-2 cp_lto_alias-2_0.o-cp_lto_alias-2_1.o execute -O3 -flto
FAIL: g++.dg/lto/alias-3 cp_lto_alias-3_0.o-cp_lto_alias-3_1.o execute -O3 -flto -fno-early-inlining
FAIL: g++.dg/lto/alias-5 cp_lto_alias-5_0.o-cp_lto_alias-5_2.o execute -O3 -flto
FAIL: g++-dg-lto-inline-crossmodule-1-01.exe scan-wpa-ipa-dump-times inline "Inlined key[^\\\\n]*\\\\(cross module\\\\)" 1
FAIL: g++-dg-lto-inline-crossmodule-1-01.exe scan-wpa-ipa-dump-times inline "\\\\(cross module\\\\)" 1
FAIL: g++.dg/lto/pr70929 cp_lto_pr70929_0.o-cp_lto_pr70929_1.o execute -O3 -flto
FAIL: g++.dg/modules/bad-mapper-1.C -std=c++17 (test for errors, line )
FAIL: g++.dg/modules/bad-mapper-1.C -std=c++17 (test for excess errors)
FAIL: g++.dg/modules/bad-mapper-1.C -std=c++2a (test for errors, line )
FAIL: g++.dg/modules/bad-mapper-1.C -std=c++2a (test for excess errors)
FAIL: g++.dg/modules/bad-mapper-1.C -std=c++2b (test for errors, line )
FAIL: g++.dg/modules/bad-mapper-1.C -std=c++2b (test for excess errors)
FAIL: g++.dg/modules/bad-mapper-3.C -std=c++17 (test for errors, line )
FAIL: g++.dg/modules/bad-mapper-3.C -std=c++17 (test for excess errors)
FAIL: g++.dg/modules/bad-mapper-3.C -std=c++2a (test for errors, line )
FAIL: g++.dg/modules/bad-mapper-3.C -std=c++2a (test for excess errors)
FAIL: g++.dg/modules/bad-mapper-3.C -std=c++2b (test for errors, line )
FAIL: g++.dg/modules/bad-mapper-3.C -std=c++2b (test for excess errors)
FAIL: g++.dg/modules/pr98531-1_a.H module-cmi (gcm.cache/\$srcdir/g++.dg/modules/pr98531-1_a.H.gcm)
FAIL: g++.dg/modules/pr98531-1_a.H module-cmi (gcm.cache/\$srcdir/g++.dg/modules/pr98531-1_a.H.gcm)
FAIL: g++.dg/modules/pr98531-1_a.H module-cmi (gcm.cache/\$srcdir/g++.dg/modules/pr98531-1_a.H.gcm)
FAIL: g++.dg/modules/pr99425-2_b.X -std=c++2a (test for excess errors)
FAIL: g++.dg/modules/pr99425-2_b.X -std=c++2b (test for excess errors)
ERROR: tcl error sourcing /home/dave/gnu/gcc/gcc/gcc/testsuite/g++.dg/simulate-thread/simulate-thread.exp.
ERROR: tcl error code NONE
ERROR: torture-init: torture_without_loops is not empty as expected
UNRESOLVED: testcase '/home/dave/gnu/gcc/gcc/gcc/testsuite/g++.dg/simulate-thread/simulate-thread.exp' aborted due to Tcl error
FAIL: c-c++-common/torture/asm-inline.c -Og scan-assembler-times x.x.x.x.x.x.x.x.x.x.x.x.x.x.x.x.x.x.x.x.x.x.x.x.x.x.x.x.x.x 8
FAIL: g++.dg/torture/pr31863.C -O2 -flto (test for excess errors)
ERROR: tcl error sourcing /home/dave/gnu/gcc/gcc/gcc/testsuite/g++.dg/torture/stackalign/stackalign.exp.
ERROR: tcl error code NONE
ERROR: torture-init: torture_without_loops is not empty as expected
UNRESOLVED: testcase '/home/dave/gnu/gcc/gcc/gcc/testsuite/g++.dg/torture/stackalign/stackalign.exp' aborted due to Tcl error
ERROR: tcl error sourcing /home/dave/gnu/gcc/gcc/gcc/testsuite/g++.dg/tsan/tsan.exp.
ERROR: tcl error code NONE
ERROR: torture-init: torture_without_loops is not empty as expected
UNRESOLVED: testcase '/home/dave/gnu/gcc/gcc/gcc/testsuite/g++.dg/tsan/tsan.exp' aborted due to Tcl error
=== g++ Summary ===
# of expected passes 201107
# of unexpected failures 31
# of expected failures 1336
# of unresolved testcases 4
# of unsupported tests 9832
/home/dave/gnu/gcc/objdir64/gcc/xg++ version 12.0.0 20210811 (experimental) (GCC)
ERROR: -------------------------------------------
ERROR: in testcase /home/dave/gnu/gcc/gcc/gcc/testsuite/g++.dg/guality/guality.exp
ERROR: error deleting "guality_check29492.exe": text file or pseudo-device busy
ERROR: tcl error code POSIX ETXTBSY {text file or pseudo-device busy}
ERROR: tcl error info:
ERROR: -------------------------------------------
ERROR: in testcase /home/dave/gnu/gcc/gcc/gcc/testsuite/g++.dg/simulate-thread/simulate-thread.exp
ERROR: torture-init: torture_without_loops is not empty as expected
ERROR: tcl error code NONE
ERROR: tcl error info:
ERROR: -------------------------------------------
ERROR: in testcase /home/dave/gnu/gcc/gcc/gcc/testsuite/g++.dg/torture/stackalign/stackalign.exp
ERROR: torture-init: torture_without_loops is not empty as expected
ERROR: tcl error code NONE
ERROR: tcl error info:
ERROR: -------------------------------------------
ERROR: in testcase /home/dave/gnu/gcc/gcc/gcc/testsuite/g++.dg/tsan/tsan.exp
ERROR: torture-init: torture_without_loops is not empty as expected
ERROR: tcl error code NONE
ERROR: tcl error info:
=== gcc tests ===
Running target unix
FAIL: gcc.c-torture/execute/ieee/cdivchkf.c compilation, -O0
UNRESOLVED: gcc.c-torture/execute/ieee/cdivchkf.c execution, -O0
FAIL: gcc.c-torture/execute/ieee/cdivchkf.c compilation, -O1
UNRESOLVED: gcc.c-torture/execute/ieee/cdivchkf.c execution, -O1
FAIL: gcc.c-torture/execute/ieee/cdivchkf.c compilation, -O2
UNRESOLVED: gcc.c-torture/execute/ieee/cdivchkf.c execution, -O2
FAIL: gcc.c-torture/execute/ieee/cdivchkf.c compilation, -O3 -fomit-frame-pointer -funroll-loops -fpeel-loops -ftracer -finline-functions
UNRESOLVED: gcc.c-torture/execute/ieee/cdivchkf.c execution, -O3 -fomit-frame-pointer -funroll-loops -fpeel-loops -ftracer -finline-functions
FAIL: gcc.c-torture/execute/ieee/cdivchkf.c compilation, -O3 -g
UNRESOLVED: gcc.c-torture/execute/ieee/cdivchkf.c execution, -O3 -g
FAIL: gcc.c-torture/execute/ieee/cdivchkf.c compilation, -Os
UNRESOLVED: gcc.c-torture/execute/ieee/cdivchkf.c execution, -Os
FAIL: gcc.c-torture/execute/ieee/cdivchkf.c compilation, -Og -g
UNRESOLVED: gcc.c-torture/execute/ieee/cdivchkf.c execution, -Og -g
FAIL: gcc.c-torture/execute/ieee/cdivchkf.c compilation, -O2 -flto -flto-partition=none
UNRESOLVED: gcc.c-torture/execute/ieee/cdivchkf.c execution, -O2 -flto -flto-partition=none
FAIL: gcc.c-torture/execute/ieee/cdivchkf.c compilation, -O2 -flto
UNRESOLVED: gcc.c-torture/execute/ieee/cdivchkf.c execution, -O2 -flto
FAIL: gcc.dg/analyzer/capacity-1.c (test for excess errors)
FAIL: gcc.dg/analyzer/capacity-3.c (test for excess errors)
FAIL: gcc.dg/analyzer/pr97029.c (test for excess errors)
FAIL: gcc.dg/analyzer/strndup-1.c (test for excess errors)
FAIL: gcc.dg/atomic/c11-atomic-exec-4.c -O0 (test for excess errors)
UNRESOLVED: gcc.dg/atomic/c11-atomic-exec-4.c -O0 compilation failed to produce executable
FAIL: gcc.dg/atomic/c11-atomic-exec-4.c -O1 (test for excess errors)
UNRESOLVED: gcc.dg/atomic/c11-atomic-exec-4.c -O1 compilation failed to produce executable
FAIL: gcc.dg/atomic/c11-atomic-exec-4.c -O2 (test for excess errors)
UNRESOLVED: gcc.dg/atomic/c11-atomic-exec-4.c -O2 compilation failed to produce executable
FAIL: gcc.dg/atomic/c11-atomic-exec-4.c -O3 -fomit-frame-pointer -funroll-loops -fpeel-loops -ftracer -finline-functions (test for excess errors)
UNRESOLVED: gcc.dg/atomic/c11-atomic-exec-4.c -O3 -fomit-frame-pointer -funroll-loops -fpeel-loops -ftracer -finline-functions compilation failed to produce executable
FAIL: gcc.dg/atomic/c11-atomic-exec-4.c -O3 -g (test for excess errors)
UNRESOLVED: gcc.dg/atomic/c11-atomic-exec-4.c -O3 -g compilation failed to produce executable
FAIL: gcc.dg/atomic/c11-atomic-exec-4.c -Os (test for excess errors)
UNRESOLVED: gcc.dg/atomic/c11-atomic-exec-4.c -Os compilation failed to produce executable
FAIL: gcc.dg/atomic/c11-atomic-exec-4.c -O2 -flto -flto-partition=none (test for excess errors)
UNRESOLVED: gcc.dg/atomic/c11-atomic-exec-4.c -O2 -flto -flto-partition=none compilation failed to produce executable
FAIL: gcc.dg/atomic/c11-atomic-exec-4.c -O2 -flto (test for excess errors)
UNRESOLVED: gcc.dg/atomic/c11-atomic-exec-4.c -O2 -flto compilation failed to produce executable
FAIL: gcc.dg/atomic/c11-atomic-exec-5.c -O0 (test for excess errors)
UNRESOLVED: gcc.dg/atomic/c11-atomic-exec-5.c -O0 compilation failed to produce executable
FAIL: gcc.dg/atomic/c11-atomic-exec-5.c -O1 (test for excess errors)
UNRESOLVED: gcc.dg/atomic/c11-atomic-exec-5.c -O1 compilation failed to produce executable
FAIL: gcc.dg/atomic/c11-atomic-exec-5.c -O2 (test for excess errors)
UNRESOLVED: gcc.dg/atomic/c11-atomic-exec-5.c -O2 compilation failed to produce executable
FAIL: gcc.dg/atomic/c11-atomic-exec-5.c -O3 -fomit-frame-pointer -funroll-loops -fpeel-loops -ftracer -finline-functions (test for excess errors)
UNRESOLVED: gcc.dg/atomic/c11-atomic-exec-5.c -O3 -fomit-frame-pointer -funroll-loops -fpeel-loops -ftracer -finline-functions compilation failed to produce executable
FAIL: gcc.dg/atomic/c11-atomic-exec-5.c -O3 -g (test for excess errors)
UNRESOLVED: gcc.dg/atomic/c11-atomic-exec-5.c -O3 -g compilation failed to produce executable
FAIL: gcc.dg/atomic/c11-atomic-exec-5.c -Os (test for excess errors)
UNRESOLVED: gcc.dg/atomic/c11-atomic-exec-5.c -Os compilation failed to produce executable
FAIL: gcc.dg/atomic/c11-atomic-exec-5.c -O2 -flto -flto-partition=none (test for excess errors)
UNRESOLVED: gcc.dg/atomic/c11-atomic-exec-5.c -O2 -flto -flto-partition=none compilation failed to produce executable
FAIL: gcc.dg/atomic/c11-atomic-exec-5.c -O2 -flto (test for excess errors)
UNRESOLVED: gcc.dg/atomic/c11-atomic-exec-5.c -O2 -flto compilation failed to produce executable
FAIL: gcc.dg/Wattributes-6.c (test for excess errors)
XPASS: gcc.dg/Wstringop-overflow-68.c pr101475 (test for warnings, line 63)
XPASS: gcc.dg/Wstringop-overflow-68.c pr101475 (test for warnings, line 64)
XPASS: gcc.dg/Wstringop-overflow-68.c pr101475 (test for warnings, line 65)
FAIL: gcc.dg/Wstringop-overflow-70.c (test for warnings, line 22)
FAIL: gcc.dg/Wstringop-overflow-70.c (test for excess errors)
FAIL: gcc.dg/array-quals-1.c scan-assembler-symbol-section symbol ^_?p\$ (found p) has section ^\\\\.(const|rodata|srodata|sdata)|\\\\[RW\\\\] (found .data.rel.ro.local)
FAIL: gcc.dg/array-quals-1.c scan-assembler-symbol-section symbol ^_?q\$ (found q) has section ^\\\\.(const|rodata|srodata|sdata)|\\\\[RW\\\\] (found .data.rel.ro.local)
FAIL: gcc.dg/array-quals-1.c scan-assembler-symbol-section symbol ^_?r\$ (found r) has section ^\\\\.(const|rodata|srodata|sdata)|\\\\[RW\\\\] (found .data.rel.ro.local)
FAIL: gcc.dg/array-quals-1.c scan-assembler-symbol-section symbol ^_?s\$ (found s) has section ^\\\\.(const|rodata|srodata|sdata)|\\\\[RW\\\\] (found .data.rel.ro.local)
FAIL: gcc.dg/array-quals-1.c scan-assembler-symbol-section symbol ^_?t\$ (found t) has section ^\\\\.(const|rodata|srodata|sdata)|\\\\[RW\\\\] (found .data.rel.ro.local)
FAIL: gcc.dg/array-quals-1.c scan-assembler-symbol-section symbol ^_?p1\$ (found p1) has section ^\\\\.(const|rodata|srodata|sdata)|\\\\[RW\\\\] (found .data.rel.ro.local)
FAIL: gcc.dg/array-quals-1.c scan-assembler-symbol-section symbol ^_?q1\$ (found q1) has section ^\\\\.(const|rodata|srodata|sdata)|\\\\[RW\\\\] (found .data.rel.ro.local)
FAIL: gcc.dg/array-quals-1.c scan-assembler-symbol-section symbol ^_?r1\$ (found r1) has section ^\\\\.(const|rodata|srodata|sdata)|\\\\[RW\\\\] (found .data.rel.ro.local)
FAIL: gcc.dg/array-quals-1.c scan-assembler-symbol-section symbol ^_?s1\$ (found s1) has section ^\\\\.(const|rodata|srodata|sdata)|\\\\[RW\\\\] (found .data.rel.ro.local)
FAIL: gcc.dg/array-quals-1.c scan-assembler-symbol-section symbol ^_?t1\$ (found t1) has section ^\\\\.(const|rodata|srodata|sdata)|\\\\[RW\\\\] (found .data.rel.ro.local)
FAIL: gcc.dg/gcov-info-to-gcda.c (test for excess errors)
FAIL: gcc.dg/gcov-info-to-gcda.c execution test
FAIL: gcc.dg/pr100590.c (test for excess errors)
FAIL: gcc.dg/pthread-init-2.c (test for excess errors)
XPASS: gcc.dg/sibcall-3.c execution test
XPASS: gcc.dg/sibcall-4.c execution test
FAIL: gcc.dg/uninit-pr93100.c (test for excess errors)
FAIL: c-c++-common/Wattributes.c -Wc++-compat (test for excess errors)
FAIL: gcc.dg/graphite/scop-19.c scan-tree-dump-times graphite "number of SCoPs: 0" 1
WARNING: program timed out.
ERROR: tcl error sourcing /home/dave/gnu/gcc/gcc/gcc/testsuite/gcc.dg/guality/guality.exp.
ERROR: tcl error code POSIX ETXTBSY {text file or pseudo-device busy}
ERROR: error deleting "guality_check29273.exe": text file or pseudo-device busy
UNRESOLVED: testcase '/home/dave/gnu/gcc/gcc/gcc/testsuite/gcc.dg/guality/guality.exp' aborted due to Tcl error
FAIL: gcc.dg/ipa/ipa-icf-38.c scan-ltrans-tree-dump-not optimized "Function bar"
FAIL: gcc.dg/lto/20081201-2 c_lto_20081201-2_0.o-c_lto_20081201-2_1.o execute -O3 -flto -flto-partition=1to1
FAIL: gcc.dg/lto/modref-2 c_lto_modref-2_0.o-c_lto_modref-2_0.o link, -O2 -flto-partition=max -flto -fno-ipa-sra
FAIL: gcc.dg/lto/modref-3 c_lto_modref-3_0.o-c_lto_modref-3_1.o execute -O2 -flto-partition=max -fdump-ipa-modref -fno-ipa-sra -fno-ipa-cp -flto
FAIL: gcc-dg-lto-modref-3-01.exe scan-wpa-ipa-dump modref "parm 1 flags: nodirectescape"
FAIL: gcc.dg/lto/modref-4 c_lto_modref-4_0.o-c_lto_modref-4_1.o execute -O2 -flto-partition=max -fdump-ipa-modref -fno-ipa-sra -flto
FAIL: gcc-dg-lto-modref-4-01.exe scan-wpa-ipa-dump modref "parm 1 flags: nodirectescape"
ERROR: tcl error sourcing /home/dave/gnu/gcc/gcc/gcc/testsuite/gcc.dg/pch/pch.exp.
ERROR: tcl error code NONE
ERROR: torture-init: torture_without_loops is not empty as expected
UNRESOLVED: testcase '/home/dave/gnu/gcc/gcc/gcc/testsuite/gcc.dg/pch/pch.exp' aborted due to Tcl error
FAIL: gcc.dg/plugin/must-tail-call-1.c -fplugin=./must_tail_call_plugin.so (test for excess errors)
ERROR: tcl error sourcing /home/dave/gnu/gcc/gcc/gcc/testsuite/gcc.dg/sancov/sancov.exp.
ERROR: tcl error code NONE
ERROR: torture-init: torture_without_loops is not empty as expected
UNRESOLVED: testcase '/home/dave/gnu/gcc/gcc/gcc/testsuite/gcc.dg/sancov/sancov.exp' aborted due to Tcl error
ERROR: tcl error sourcing /home/dave/gnu/gcc/gcc/gcc/testsuite/gcc.dg/simulate-thread/simulate-thread.exp.
ERROR: tcl error code NONE
ERROR: torture-init: torture_without_loops is not empty as expected
UNRESOLVED: testcase '/home/dave/gnu/gcc/gcc/gcc/testsuite/gcc.dg/simulate-thread/simulate-thread.exp' aborted due to Tcl error
ERROR: tcl error sourcing /home/dave/gnu/gcc/gcc/gcc/testsuite/gcc.dg/sso/sso.exp.
ERROR: tcl error code NONE
ERROR: torture-init: torture_without_loops is not empty as expected
UNRESOLVED: testcase '/home/dave/gnu/gcc/gcc/gcc/testsuite/gcc.dg/sso/sso.exp' aborted due to Tcl error
FAIL: c-c++-common/torture/asm-inline.c -Og -DPREVENT_OPTIMIZATION scan-assembler-times x.x.x.x.x.x.x.x.x.x.x.x.x.x.x.x.x.x.x.x.x.x.x.x.x.x.x.x.x.x 8
FAIL: gcc.dg/torture/pr100398.c -O0 (test for excess errors)
UNRESOLVED: gcc.dg/torture/pr23821.c -Og -DPREVENT_OPTIMIZATION scan-tree-dump ivcanon "Added canonical iv"
UNRESOLVED: gcc.dg/torture/pr39074-2.c -Og -DPREVENT_OPTIMIZATION scan-tree-dump alias "y.?.._. = { i }"
UNRESOLVED: gcc.dg/torture/pr39074-2.c -Og -DPREVENT_OPTIMIZATION scan-tree-dump alias "y.?.._., points-to NULL, points-to vars: { D..... }"
UNRESOLVED: gcc.dg/torture/pr39074.c -Og -DPREVENT_OPTIMIZATION scan-tree-dump alias "y.?.._. = { i }"
UNRESOLVED: gcc.dg/torture/pr39074.c -Og -DPREVENT_OPTIMIZATION scan-tree-dump alias "y.?.._., points-to NULL, points-to vars: { D..... }"
XPASS: gcc.dg/torture/pr47917.c -O1 -DPREVENT_OPTIMIZATION execution test
XPASS: gcc.dg/torture/pr47917.c -O2 -DPREVENT_OPTIMIZATION execution test
XPASS: gcc.dg/torture/pr47917.c -O3 -g -DPREVENT_OPTIMIZATION execution test
XPASS: gcc.dg/torture/pr47917.c -Os -DPREVENT_OPTIMIZATION execution test
XPASS: gcc.dg/torture/pr47917.c -Og -DPREVENT_OPTIMIZATION execution test
XPASS: gcc.dg/torture/pr47917.c -O2 -flto -flto-partition=none -DPREVENT_OPTIMIZATION execution test
XPASS: gcc.dg/torture/pr47917.c -O2 -flto -DPREVENT_OPTIMIZATION execution test
UNRESOLVED: gcc.dg/torture/pta-callused-1.c -Og -DPREVENT_OPTIMIZATION scan-tree-dump alias "p.?.._. = { i j }"
UNRESOLVED: gcc.dg/torture/pta-escape-1.c -Og -DPREVENT_OPTIMIZATION scan-tree-dump alias "ESCAPED = {[^\\n}]* i [^\\n}]*}"
UNRESOLVED: gcc.dg/torture/pta-ptrarith-1.c -Og -DPREVENT_OPTIMIZATION scan-tree-dump alias "ESCAPED = {[^\\n}]* i f [^\\n}]*}"
UNRESOLVED: gcc.dg/torture/pta-ptrarith-2.c -Og -DPREVENT_OPTIMIZATION scan-tree-dump alias "= { i j }"
UNRESOLVED: gcc.dg/torture/pta-ptrarith-3.c -Og -DPREVENT_OPTIMIZATION scan-tree-dump alias "q_[0-9]* = { i j k }"
UNRESOLVED: gcc.dg/torture/pta-structcopy-1.c -Og -DPREVENT_OPTIMIZATION scan-tree-dump ealias "y.* = { i }"
UNRESOLVED: gcc.dg/torture/pta-structcopy-1.c -Og -DPREVENT_OPTIMIZATION scan-tree-dump ealias "y.*, points-to vars: { D..... }"
FAIL: gcc.dg/torture/restrict-8.c -Og -DPREVENT_OPTIMIZATION scan-tree-dump fre1 "return 1;"
UNRESOLVED: gcc.dg/torture/ssa-pta-fn-1.c -Og -DPREVENT_OPTIMIZATION scan-tree-dump alias "q_const_. = { NONLOCAL i }"
UNRESOLVED: gcc.dg/torture/ssa-pta-fn-1.c -Og -DPREVENT_OPTIMIZATION scan-tree-dump alias "q_pure_. = { ESCAPED NONLOCAL i }"
UNRESOLVED: gcc.dg/torture/ssa-pta-fn-1.c -Og -DPREVENT_OPTIMIZATION scan-tree-dump alias "q_normal_. = { ESCAPED NONLOCAL }"
ERROR: tcl error sourcing /home/dave/gnu/gcc/gcc/gcc/testsuite/gcc.dg/torture/stackalign/stackalign.exp.
ERROR: tcl error code NONE
ERROR: torture-init: torture_without_loops is not empty as expected
UNRESOLVED: testcase '/home/dave/gnu/gcc/gcc/gcc/testsuite/gcc.dg/torture/stackalign/stackalign.exp' aborted due to Tcl error
ERROR: tcl error sourcing /home/dave/gnu/gcc/gcc/gcc/testsuite/gcc.dg/torture/tls/tls.exp.
ERROR: tcl error code NONE
ERROR: torture-init: torture_without_loops is not empty as expected
UNRESOLVED: testcase '/home/dave/gnu/gcc/gcc/gcc/testsuite/gcc.dg/torture/tls/tls.exp' aborted due to Tcl error
FAIL: gcc.dg/tree-ssa/builtin-sprintf.c execution test
FAIL: gcc.dg/tree-ssa/slsr-13.c scan-tree-dump-times optimized " \\\\* 4" 2
FAIL: gcc.dg/tree-ssa/slsr-13.c scan-tree-dump-times optimized " \\\\* 5" 0
FAIL: gcc.dg/tree-ssa/sra-17.c scan-tree-dump-times esra "Removing load: a = \\\\*.?L.?C.?.?.?0;" 1
FAIL: gcc.dg/tree-ssa/sra-17.c scan-tree-dump-times esra "SR[.\$][0-9_]+ = \\\\*.?L.?C.?.?.?0\\\\[" 4
FAIL: gcc.dg/tree-ssa/sra-18.c scan-tree-dump-times esra "Removing load: a = \\\\*.?L.?C.?.?.?0;" 1
FAIL: gcc.dg/tree-ssa/sra-18.c scan-tree-dump-times esra "SR[.\$][0-9_]+ = \\\\*.?L.?C.?.?.?0\\\\.b\\\\[0\\\\]\\\\.f\\\\[0\\\\]\\\\.x" 1
FAIL: gcc.dg/tree-ssa/sra-18.c scan-tree-dump-times esra "SR[.\$][0-9_]+ = \\\\*.?L.?C.?.?.?0\\\\.b\\\\[0\\\\]\\\\.f\\\\[1\\\\]\\\\.x" 1
FAIL: gcc.dg/tree-ssa/sra-18.c scan-tree-dump-times esra "SR[.\$][0-9_]+ = \\\\*.?L.?C.?.?.?0\\\\.b\\\\[1\\\\]\\\\.f\\\\[0\\\\]\\\\.x" 1
FAIL: gcc.dg/tree-ssa/sra-18.c scan-tree-dump-times esra "SR[.\$][0-9_]+ = \\\\*.?L.?C.?.?.?0\\\\.b\\\\[1\\\\]\\\\.f\\\\[1\\\\]\\\\.x" 1
FAIL: gcc.dg/tree-ssa/ssa-sink-18.c scan-tree-dump-times sink2 "Sunk statements: 4" 1
ERROR: tcl error sourcing /home/dave/gnu/gcc/gcc/gcc/testsuite/gcc.dg/tsan/tsan.exp.
ERROR: tcl error code NONE
ERROR: torture-init: torture_without_loops is not empty as expected
UNRESOLVED: testcase '/home/dave/gnu/gcc/gcc/gcc/testsuite/gcc.dg/tsan/tsan.exp' aborted due to Tcl error
ERROR: tcl error sourcing /home/dave/gnu/gcc/gcc/gcc/testsuite/gcc.misc-tests/i386-prefetch.exp.
ERROR: tcl error code NONE
ERROR: torture-init: torture_without_loops is not empty as expected
UNRESOLVED: testcase '/home/dave/gnu/gcc/gcc/gcc/testsuite/gcc.misc-tests/i386-prefetch.exp' aborted due to Tcl error
FAIL: gcc.target/hppa/shadd-2.c scan-assembler-times sh.add 4
FAIL: gcc.target/hppa/shadd-3.c scan-assembler-times sh.add 4
=== gcc Summary ===
# of expected passes 121143
# of unexpected failures 73
# of unexpected successes 12
# of expected failures 815
# of unresolved testcases 49
# of unsupported tests 2815
/home/dave/gnu/gcc/objdir64/gcc/xgcc version 12.0.0 20210811 (experimental) (GCC)
ERROR: -------------------------------------------
ERROR: in testcase /home/dave/gnu/gcc/gcc/gcc/testsuite/gcc.dg/guality/guality.exp
ERROR: error deleting "guality_check29273.exe": text file or pseudo-device busy
ERROR: tcl error code POSIX ETXTBSY {text file or pseudo-device busy}
ERROR: tcl error info:
ERROR: -------------------------------------------
ERROR: in testcase /home/dave/gnu/gcc/gcc/gcc/testsuite/gcc.dg/pch/pch.exp
ERROR: torture-init: torture_without_loops is not empty as expected
ERROR: tcl error code NONE
ERROR: tcl error info:
ERROR: -------------------------------------------
ERROR: in testcase /home/dave/gnu/gcc/gcc/gcc/testsuite/gcc.dg/sancov/sancov.exp
ERROR: torture-init: torture_without_loops is not empty as expected
ERROR: tcl error code NONE
ERROR: tcl error info:
ERROR: -------------------------------------------
ERROR: in testcase /home/dave/gnu/gcc/gcc/gcc/testsuite/gcc.dg/simulate-thread/simulate-thread.exp
ERROR: torture-init: torture_without_loops is not empty as expected
ERROR: tcl error code NONE
ERROR: tcl error info:
ERROR: -------------------------------------------
ERROR: in testcase /home/dave/gnu/gcc/gcc/gcc/testsuite/gcc.dg/sso/sso.exp
ERROR: torture-init: torture_without_loops is not empty as expected
ERROR: tcl error code NONE
ERROR: tcl error info:
ERROR: -------------------------------------------
ERROR: in testcase /home/dave/gnu/gcc/gcc/gcc/testsuite/gcc.dg/torture/stackalign/stackalign.exp
ERROR: torture-init: torture_without_loops is not empty as expected
ERROR: tcl error code NONE
ERROR: tcl error info:
ERROR: -------------------------------------------
ERROR: in testcase /home/dave/gnu/gcc/gcc/gcc/testsuite/gcc.dg/torture/tls/tls.exp
ERROR: torture-init: torture_without_loops is not empty as expected
ERROR: tcl error code NONE
ERROR: tcl error info:
ERROR: -------------------------------------------
ERROR: in testcase /home/dave/gnu/gcc/gcc/gcc/testsuite/gcc.dg/tsan/tsan.exp
ERROR: torture-init: torture_without_loops is not empty as expected
ERROR: tcl error code NONE
ERROR: tcl error info:
ERROR: -------------------------------------------
ERROR: in testcase /home/dave/gnu/gcc/gcc/gcc/testsuite/gcc.misc-tests/i386-prefetch.exp
ERROR: torture-init: torture_without_loops is not empty as expected
ERROR: tcl error code NONE
ERROR: tcl error info:
=== gdc tests ===
Running target unix
FAIL: gdc.dg/gdc43.d (test for excess errors)
FAIL: gdc.dg/extern-c++/pr101664.d (test for excess errors)
FAIL: gdc.test/compilable/art4769.d output-exists art4769.s
FAIL: gdc.test/compilable/betterCarray.d output-exists betterCarray.s
FAIL: gdc.test/compilable/betterCswitch.d output-exists betterCswitch.s
FAIL: gdc.test/compilable/compile1.d output-exists compile1.s
FAIL: gdc.test/compilable/cppmangle.d output-exists cppmangle.s
FAIL: gdc.test/compilable/ddocunittest.d output-exists ddocunittest.s
FAIL: gdc.test/compilable/ddocunittest.d (file exists ddocunittest.html)
FAIL: gdc.test/compilable/ddocunittest.d -funittest output-exists ddocunittest.s
FAIL: gdc.test/compilable/ddocunittest.d (file exists ddocunittest.html)
FAIL: gdc.test/compilable/depsOutput9948.d output-exists depsOutput9948.s
FAIL: gdc.test/compilable/line.d output-exists line.s
FAIL: gdc.test/compilable/riia_ctor.d output-exists riia_ctor.s
FAIL: gdc.test/compilable/test12009.d output-exists test12009.s
FAIL: gdc.test/compilable/test13512.d output-exists test13512.s
FAIL: gdc.test/compilable/test15019.d output-exists test15019.s
FAIL: gdc.test/compilable/test15056.d output-exists test15056.s
FAIL: gdc.test/compilable/test15780.d output-exists test15780.s
FAIL: gdc.test/compilable/test17057.d output-exists test17057.s
FAIL: gdc.test/compilable/test17143.d output-exists test17143.s
FAIL: gdc.test/compilable/test25.d output-exists test25.s
FAIL: gdc.test/compilable/test313a.d output-exists test313a.s
FAIL: gdc.test/compilable/test313b.d output-exists test313b.s
FAIL: gdc.test/compilable/testheader1.d output-exists testheader1.s
FAIL: gdc.test/compilable/testheader1.d -Wdeprecated output-exists testheader1.s
FAIL: gdc.test/compilable/testheader1.d -Wno-deprecated output-exists testheader1.s
FAIL: gdc.test/compilable/testheader1.d -Wdeprecated -Wno-deprecated output-exists testheader1.s
FAIL: gdc.test/compilable/testheader1.d -Wno-error output-exists testheader1.s
FAIL: gdc.test/compilable/testheader1.d -Wdeprecated -Wno-error output-exists testheader1.s
FAIL: gdc.test/compilable/testheader1.d -Wno-deprecated -Wno-error output-exists testheader1.s
FAIL: gdc.test/compilable/testheader1.d -Wdeprecated -Wno-deprecated -Wno-error output-exists testheader1.s
FAIL: gdc.test/compilable/testheader1i.d output-exists testheader1i.s
FAIL: gdc.test/compilable/testheader1i.d -Wdeprecated output-exists testheader1i.s
FAIL: gdc.test/compilable/testheader1i.d -Wno-deprecated output-exists testheader1i.s
FAIL: gdc.test/compilable/testheader1i.d -Wdeprecated -Wno-deprecated output-exists testheader1i.s
FAIL: gdc.test/compilable/testheader1i.d -Wno-error output-exists testheader1i.s
FAIL: gdc.test/compilable/testheader1i.d -Wdeprecated -Wno-error output-exists testheader1i.s
FAIL: gdc.test/compilable/testheader1i.d -Wno-deprecated -Wno-error output-exists testheader1i.s
FAIL: gdc.test/compilable/testheader1i.d -Wdeprecated -Wno-deprecated -Wno-error output-exists testheader1i.s
=== gdc Summary ===
# of expected passes 3958
# of unexpected failures 40
# of unsupported tests 1082
/home/dave/gnu/gcc/objdir64/gcc/gdc version 12.0.0 20210811 (experimental) (GCC)
=== obj-c++ tests ===
Running target unix
=== obj-c++ Summary ===
# of expected passes 1482
# of expected failures 10
# of unsupported tests 77
/home/dave/gnu/gcc/objdir64/gcc/xg++ version 12.0.0 20210811 (experimental) (GCC)
=== objc tests ===
Running target unix
=== objc Summary ===
# of expected passes 2824
# of unsupported tests 69
/home/dave/gnu/gcc/objdir64/gcc/xgcc version 12.0.0 20210811 (experimental) (GCC)
=== libatomic tests ===
Running target unix
=== libatomic Summary ===
# of expected passes 44
# of unsupported tests 5
=== libstdc++ tests ===
Running target unix
FAIL: 20_util/to_chars/long_double.cc (test for excess errors)
UNRESOLVED: 20_util/to_chars/long_double.cc compilation failed to produce executable
FAIL: 26_numerics/complex/proj.cc execution test
FAIL: 30_threads/jthread/95989.cc (test for excess errors)
FAIL: 30_threads/jthread/95989.cc execution test
FAIL: experimental/memory_resource/resource_adaptor.cc execution test
FAIL: std/ranges/adaptors/split.cc (test for excess errors)
UNRESOLVED: std/ranges/adaptors/split.cc compilation failed to produce executable
=== libstdc++ Summary ===
# of expected passes 13321
# of unexpected failures 6
# of expected failures 95
# of unresolved testcases 2
# of unsupported tests 1012
Compiler version: 12.0.0 20210811 (experimental) (GCC)
Platform: hppa64-hp-hpux11.11
configure flags: --without-zstd --with-gnu-as --with-as=/opt/gnu64/bin/as --with-ld=/usr/ccs/bin/ld --enable-shared --with-local-prefix=/opt/gnu64 --prefix=/opt/gnu64/gcc/gcc-12 --enable-threads=posix --with-gmp=/opt/gnu64/gcc/gmp --enable-checking=release --disable-libgomp --enable-languages=c,c++,d,objc,obj-c++
More information about the Gcc-testresults
mailing list