Results for 10.3.1 20210809 [native/releases/gcc-10 revision fc290af4093:97b499b6620:0898b343cbf2cfc27dc9a894a08d4289fc6b8e50] (GCC) testsuite on x86_64-pc-linux-gnu
H. J. Lu
hjl@sc.intel.com
Mon Aug 9 06:11:35 GMT 2021
LAST_UPDATED: Mon Aug 9 04:40:04 UTC 2021 (revision fc290af4093:97b499b6620:0898b343cbf2cfc27dc9a894a08d4289fc6b8e50)
Native configuration is x86_64-pc-linux-gnu
=== gcc tests ===
Running target unix
FAIL: gcc.dg/debug/dwarf2/pr97060.c scan-assembler-times DW_AT_declaration 2
FAIL: gcc.dg/ira-loop-pressure.c scan-rtl-dump loop2_invariant "Decided to move invariant"
FAIL: gcc.dg/pr68766.c (internal compiler error)
FAIL: gcc.dg/pr68766.c (test for excess errors)
FAIL: gcc.dg/vect/bb-slp-43.c -flto -ffat-lto-objects scan-tree-dump-not slp2 "vector operands from scalars"
FAIL: gcc.dg/vect/bb-slp-43.c scan-tree-dump-not slp2 "vector operands from scalars"
FAIL: gcc.dg/vect/bb-slp-cond-1.c -flto -ffat-lto-objects scan-tree-dump-times vect "loop vectorized" 1
FAIL: gcc.dg/vect/bb-slp-cond-1.c scan-tree-dump-times vect "loop vectorized" 1
FAIL: gcc.dg/vect/bb-slp-pattern-1.c -flto -ffat-lto-objects scan-tree-dump-times slp2 "pattern recognized" 8
FAIL: gcc.dg/vect/bb-slp-pattern-1.c -flto -ffat-lto-objects scan-tree-dump-times slp2 "vect_recog_widen_mult_pattern: detected" 8
FAIL: gcc.dg/vect/bb-slp-pattern-1.c scan-tree-dump-times slp2 "pattern recognized" 8
FAIL: gcc.dg/vect/bb-slp-pattern-1.c scan-tree-dump-times slp2 "vect_recog_widen_mult_pattern: detected" 8
FAIL: gcc.dg/vect/no-section-anchors-vect-31.c scan-tree-dump-times vect "Alignment of access forced using peeling" 2
FAIL: gcc.dg/vect/no-section-anchors-vect-31.c scan-tree-dump-times vect "Vectorizing an unaligned access" 0
FAIL: gcc.dg/vect/no-section-anchors-vect-64.c scan-tree-dump-times vect "Alignment of access forced using peeling" 2
FAIL: gcc.dg/vect/no-section-anchors-vect-64.c scan-tree-dump-times vect "Vectorizing an unaligned access" 0
FAIL: gcc.dg/vect/pr25413a.c -flto -ffat-lto-objects scan-tree-dump-times vect "vectorized 1 loops" 1
FAIL: gcc.dg/vect/pr25413a.c scan-tree-dump-times vect "vectorized 1 loops" 1
FAIL: gcc.dg/vect/slp-3-big-array.c -flto -ffat-lto-objects scan-tree-dump-times vect "vectorizing stmts using SLP" 4
FAIL: gcc.dg/vect/slp-3-big-array.c scan-tree-dump-times vect "vectorizing stmts using SLP" 4
FAIL: gcc.dg/vect/slp-46.c -flto -ffat-lto-objects scan-tree-dump-times vect "vectorizing stmts using SLP" 2
FAIL: gcc.dg/vect/slp-46.c scan-tree-dump-times vect "vectorizing stmts using SLP" 2
FAIL: gcc.dg/vect/slp-cond-5.c -flto -ffat-lto-objects scan-tree-dump-times vect "vectorizing stmts using SLP" 1
FAIL: gcc.dg/vect/slp-cond-5.c scan-tree-dump-times vect "vectorizing stmts using SLP" 1
FAIL: gcc.dg/vect/slp-multitypes-11-big-array.c -flto -ffat-lto-objects scan-tree-dump-times vect "vectorizing stmts using SLP" 1
FAIL: gcc.dg/vect/slp-multitypes-11-big-array.c scan-tree-dump-times vect "vectorizing stmts using SLP" 1
FAIL: gcc.dg/vect/slp-perm-9.c -flto -ffat-lto-objects scan-tree-dump-not vect "permutation requires at least three vectors"
FAIL: gcc.dg/vect/slp-perm-9.c scan-tree-dump-not vect "permutation requires at least three vectors"
FAIL: gcc.dg/vect/slp-reduc-1.c -flto -ffat-lto-objects scan-tree-dump-times vect "vectorizing stmts using SLP" 1
FAIL: gcc.dg/vect/slp-reduc-1.c scan-tree-dump-times vect "vectorizing stmts using SLP" 1
FAIL: gcc.dg/vect/vect-92.c -flto -ffat-lto-objects scan-tree-dump-times vect "Alignment of access forced using peeling" 3
FAIL: gcc.dg/vect/vect-92.c -flto -ffat-lto-objects scan-tree-dump-times vect "Vectorizing an unaligned access" 0
FAIL: gcc.dg/vect/vect-92.c scan-tree-dump-times vect "Alignment of access forced using peeling" 3
FAIL: gcc.dg/vect/vect-92.c scan-tree-dump-times vect "Vectorizing an unaligned access" 0
FAIL: gcc.dg/vect/vect-bool-cmp.c -flto -ffat-lto-objects scan-tree-dump-times vect "VECTORIZED" 18
FAIL: gcc.dg/vect/vect-bool-cmp.c scan-tree-dump-times vect "VECTORIZED" 18
FAIL: gcc.dg/vect/vect-cselim-1.c -flto -ffat-lto-objects scan-tree-dump-times vect "vectorized 1 loops" 1
FAIL: gcc.dg/vect/vect-cselim-1.c scan-tree-dump-times vect "vectorized 1 loops" 1
FAIL: gcc.dg/vect/vect-multitypes-1.c -flto -ffat-lto-objects scan-tree-dump-times vect "Alignment of access forced using peeling" 2
FAIL: gcc.dg/vect/vect-multitypes-1.c scan-tree-dump-times vect "Alignment of access forced using peeling" 2
FAIL: gcc.dg/vect/vect-nb-iter-ub-3.c -flto -ffat-lto-objects scan-tree-dump-not cunroll "loop turned into non-loop; it never loops"
FAIL: gcc.dg/vect/vect-nb-iter-ub-3.c scan-tree-dump-not cunroll "loop turned into non-loop; it never loops"
FAIL: gcc.dg/vect/vect-peel-3.c -flto -ffat-lto-objects scan-tree-dump-times vect "Alignment of access forced using peeling" 1
FAIL: gcc.dg/vect/vect-peel-3.c -flto -ffat-lto-objects scan-tree-dump-times vect "Vectorizing an unaligned access" 1
FAIL: gcc.dg/vect/vect-peel-3.c scan-tree-dump-times vect "Alignment of access forced using peeling" 1
FAIL: gcc.dg/vect/vect-peel-3.c scan-tree-dump-times vect "Vectorizing an unaligned access" 1
FAIL: gcc.target/i386/avx-loadu2-m128-1.c scan-assembler \\tvinsertf128\\t
FAIL: gcc.target/i386/avx-loadu2-m128d-1.c scan-assembler \\tvinsertf128\\t
FAIL: gcc.target/i386/avx-loadu2-m128i-1.c scan-assembler \\tvinsert[fi]128\\t
FAIL: gcc.target/i386/avx-storeu2-m128d-1.c scan-assembler \\tvextractf128\\t
FAIL: gcc.target/i386/avx2-vbroadcastss_ps256-1.c scan-assembler vbroadcastss[ \\\\t]+[^\\n]*%xmm[0-9]
FAIL: gcc.target/i386/avx2-vextracti128-1.c scan-assembler vextracti128[ \\\\t]+[^\\n]*%ymm[0-9]
FAIL: gcc.target/i386/avx2-vinserti128-1.c scan-assembler vinserti128[ \\\\t]+[^\\n]
FAIL: gcc.target/i386/avx2-vpcmpeqb-1.c scan-assembler vpcmpeqb[ \\\\t]+[^\\n]*%ymm[0-9]
FAIL: gcc.target/i386/avx2-vpcmpeqd-1.c scan-assembler vpcmpeqd[ \\\\t]+[^\\n]*%ymm[0-9]
FAIL: gcc.target/i386/avx2-vpcmpeqq-1.c scan-assembler vpcmpeqq[ \\\\t]+[^\\n]*%ymm[0-9]
FAIL: gcc.target/i386/avx2-vpcmpeqw-1.c scan-assembler vpcmpeqw[ \\\\t]+[^\\n]*%ymm[0-9]
FAIL: gcc.target/i386/avx2-vpcmpgtb-1.c scan-assembler vpcmpgtb[ \\\\t]+[^\\n]*%ymm[0-9]
FAIL: gcc.target/i386/avx2-vpcmpgtd-1.c scan-assembler vpcmpgtd[ \\\\t]+[^\\n]*%ymm[0-9]
FAIL: gcc.target/i386/avx2-vpcmpgtq-1.c scan-assembler vpcmpgtq[ \\\\t]+[^\\n]*%ymm[0-9]
FAIL: gcc.target/i386/avx2-vpcmpgtw-1.c scan-assembler vpcmpgtw[ \\\\t]+[^\\n]*%ymm[0-9]
FAIL: gcc.target/i386/avx256-unaligned-load-2.c scan-assembler (sse2_loaddqu|(vmovdqu|vmovups)[^\\n\\r]*movv16qi_internal)
FAIL: gcc.target/i386/avx256-unaligned-load-2.c scan-assembler vinsert.128
FAIL: gcc.target/i386/avx256-unaligned-load-3.c scan-assembler (sse2_loadupd|vmovupd[^\\n\\r]*movv2df_internal)
FAIL: gcc.target/i386/avx256-unaligned-load-3.c scan-assembler vinsertf128
FAIL: gcc.target/i386/avx256-unaligned-load-4.c scan-assembler-not (sse_loadups|vmovups[^\\n\\r]*movv4sf_internal)
FAIL: gcc.target/i386/avx256-unaligned-store-3.c scan-assembler vextractf128
FAIL: gcc.target/i386/avx256-unaligned-store-3.c scan-assembler vmovupd.*movv2df_internal/3
FAIL: gcc.target/i386/avx512er-vrcp28ps-4.c scan-assembler-times vrcp28ps[^\\n\\r]*zmm[0-9]+(?:\\n|[ \\\\t]+#) 1
FAIL: gcc.target/i386/avx512er-vrsqrt28ps-4.c scan-assembler-times vrsqrt28ps[^\\n\\r]*zmm[0-9]+(?:\\n|[ \\\\t]+#) 1
FAIL: gcc.target/i386/avx512er-vrsqrt28ps-6.c scan-assembler-times vrcp28ps[^\\n\\r]*zmm[0-9]+(?:\\n|[ \\\\t]+#) 1
FAIL: gcc.target/i386/avx512er-vrsqrt28ps-6.c scan-assembler-times vrsqrt28ps[^\\n\\r]*zmm[0-9]+(?:\\n|[ \\\\t]+#) 1
FAIL: gcc.target/i386/avx512f-ceil-sfix-vec-2.c scan-assembler-times vcvttpd2dq[^\\n]*zmm[0-9].{7}(?:\\n|[ \\\\t]+#) 2
FAIL: gcc.target/i386/avx512f-ceil-sfix-vec-2.c scan-assembler-times vrndscalepd[^\\n]*zmm[0-9](?:\\n|[ \\\\t]+#) 2
FAIL: gcc.target/i386/avx512f-ceil-vec-2.c scan-assembler-times vrndscalepd[^\\n]+zmm[0-9](?:\\n|[ \\\\t]+#) 1
FAIL: gcc.target/i386/avx512f-ceilf-sfix-vec-2.c scan-assembler-times vcvttps2dq[^\\n]+zmm[0-9].{7}(?:\\n|[ \\\\t]+#) 1
FAIL: gcc.target/i386/avx512f-ceilf-sfix-vec-2.c scan-assembler-times vrndscaleps[^\\n]+zmm[0-9](?:\\n|[ \\\\t]+#) 1
FAIL: gcc.target/i386/avx512f-ceilf-vec-2.c scan-assembler-times vrndscaleps[^\\n]+zmm[0-9](?:\\n|[ \\\\t]+#) 1
FAIL: gcc.target/i386/avx512f-floor-sfix-vec-2.c scan-assembler-times vcvttpd2dq[^\\n]*zmm[0-9].{7}(?:\\n|[ \\\\t]+#) 2
FAIL: gcc.target/i386/avx512f-floor-sfix-vec-2.c scan-assembler-times vrndscalepd[^\\n]*zmm[0-9](?:\\n|[ \\\\t]+#) 2
FAIL: gcc.target/i386/avx512f-floor-vec-2.c scan-assembler-times vrndscalepd[^\\n]+zmm[0-9](?:\\n|[ \\\\t]+#) 1
FAIL: gcc.target/i386/avx512f-floorf-sfix-vec-2.c scan-assembler-times vcvttps2dq[^\\n]+zmm[0-9].{7}(?:\\n|[ \\\\t]+#) 1
FAIL: gcc.target/i386/avx512f-floorf-sfix-vec-2.c scan-assembler-times vrndscaleps[^\\n]+zmm[0-9](?:\\n|[ \\\\t]+#) 1
FAIL: gcc.target/i386/avx512f-floorf-vec-2.c scan-assembler-times vrndscaleps[^\\n]+zmm[0-9](?:\\n|[ \\\\t]+#) 1
FAIL: gcc.target/i386/avx512f-rint-sfix-vec-2.c scan-assembler-times vcvtpd2dq[^\\n]+ymm[0-9](?:\\n|[ \\\\t]+#) 2
FAIL: gcc.target/i386/avx512f-rint-sfix-vec-2.c scan-assembler-times vinserti64x4[^\\n]+zmm[0-9](?:\\n|[ \\\\t]+#) 1
FAIL: gcc.target/i386/avx512f-rintf-sfix-vec-2.c scan-assembler-times vcvtps2dq[^\\n]+zmm[0-9](?:\\n|[ \\\\t]+#) 1
FAIL: gcc.target/i386/avx512f-round-sfix-vec-2.c scan-assembler-times vcvttpd2dq[^\\n]+zmm[0-9].{7}(?:\\n|[ \\\\t]+#) 2
FAIL: gcc.target/i386/avx512f-round-sfix-vec-2.c scan-assembler-times vrndscalepd[^\\n]+zmm[0-9](?:\\n|[ \\\\t]+#) 2
FAIL: gcc.target/i386/avx512f-roundf-sfix-vec-2.c scan-assembler-times vcvttps2dq[^\\n]+zmm[0-9].{7}(?:\\n|[ \\\\t]+#) 1
FAIL: gcc.target/i386/avx512f-roundf-sfix-vec-2.c scan-assembler-times vrndscaleps[^\\n]+zmm[0-9](?:\\n|[ \\\\t]+#) 1
FAIL: gcc.target/i386/avx512f-trunc-vec-2.c scan-assembler-times vrndscalepd[^\\n]+zmm[0-9](?:\\n|[ \\\\t]+#) 1
FAIL: gcc.target/i386/avx512f-truncf-vec-2.c scan-assembler-times vrndscaleps[^\\n]+zmm[0-9](?:\\n|[ \\\\t]+#) 1
FAIL: gcc.target/i386/avx512f-vec-init.c scan-assembler-times vpbroadcastb[ \\\\t]+[^{\\n]*%ymm[0-9]+(?:\\n|[ \\\\t]+#) 2
FAIL: gcc.target/i386/avx512f-vec-init.c scan-assembler-times vpbroadcastw[ \\\\t]+[^{\\n]*%ymm[0-9]+(?:\\n|[ \\\\t]+#) 2
FAIL: gcc.target/i386/avx512f_cond_move.c scan-assembler-times (?:vpblendmd|vmovdqa32)[ \\\\t]+[^{\\n]*%zmm[0-9]+{%k[1-7]}{z}(?:\\n|[ \\\\t]+#) 8
FAIL: gcc.target/i386/fma4-256-vector.c scan-assembler vfmaddpd
FAIL: gcc.target/i386/fma4-256-vector.c scan-assembler vfmaddps
FAIL: gcc.target/i386/fma4-256-vector.c scan-assembler vfmsubpd
FAIL: gcc.target/i386/fma4-256-vector.c scan-assembler vfmsubps
FAIL: gcc.target/i386/fma4-256-vector.c scan-assembler vfnmaddpd
FAIL: gcc.target/i386/fma4-256-vector.c scan-assembler vfnmaddps
FAIL: gcc.target/i386/fma4-builtin-2.c scan-assembler-times vfmaddpd 1
FAIL: gcc.target/i386/fma4-builtin-2.c scan-assembler-times vfmaddps 1
FAIL: gcc.target/i386/fma4-builtin-2.c scan-assembler-times vfmsubpd 1
FAIL: gcc.target/i386/fma4-builtin-2.c scan-assembler-times vfmsubps 1
FAIL: gcc.target/i386/fma4-builtin-2.c scan-assembler-times vfnmaddpd 1
FAIL: gcc.target/i386/fma4-builtin-2.c scan-assembler-times vfnmaddps 1
FAIL: gcc.target/i386/fma4-builtin-2.c scan-assembler-times vfnmsubpd 1
FAIL: gcc.target/i386/fma4-builtin-2.c scan-assembler-times vfnmsubps 1
FAIL: gcc.target/i386/fma4-vector-2.c scan-assembler vfmaddps
FAIL: gcc.target/i386/fma4-vector-2.c scan-assembler vfmsubps
FAIL: gcc.target/i386/fma4-vector.c scan-assembler vfmaddpd
FAIL: gcc.target/i386/fma4-vector.c scan-assembler vfmaddps
FAIL: gcc.target/i386/fma4-vector.c scan-assembler vfmsubpd
FAIL: gcc.target/i386/fma4-vector.c scan-assembler vfmsubps
FAIL: gcc.target/i386/fma4-vector.c scan-assembler vfnmaddpd
FAIL: gcc.target/i386/fma4-vector.c scan-assembler vfnmaddps
FAIL: gcc.target/i386/l_fma_double_1.c scan-assembler-times vfmadd[123]+sd 32
FAIL: gcc.target/i386/l_fma_double_1.c scan-assembler-times vfmsub[123]+sd 32
FAIL: gcc.target/i386/l_fma_double_1.c scan-assembler-times vfnmadd[123]+sd 32
FAIL: gcc.target/i386/l_fma_double_1.c scan-assembler-times vfnmsub[123]+sd 32
FAIL: gcc.target/i386/l_fma_double_2.c scan-assembler-times vfmadd[123]+sd 32
FAIL: gcc.target/i386/l_fma_double_2.c scan-assembler-times vfmsub[123]+sd 32
FAIL: gcc.target/i386/l_fma_double_2.c scan-assembler-times vfnmadd[123]+sd 32
FAIL: gcc.target/i386/l_fma_double_2.c scan-assembler-times vfnmsub[123]+sd 32
FAIL: gcc.target/i386/l_fma_double_3.c scan-assembler-times vfmadd[123]+sd 32
FAIL: gcc.target/i386/l_fma_double_3.c scan-assembler-times vfmsub[123]+sd 32
FAIL: gcc.target/i386/l_fma_double_3.c scan-assembler-times vfnmadd[123]+sd 32
FAIL: gcc.target/i386/l_fma_double_3.c scan-assembler-times vfnmsub[123]+sd 32
FAIL: gcc.target/i386/l_fma_double_4.c scan-assembler-times vfmadd[123]+sd 32
FAIL: gcc.target/i386/l_fma_double_4.c scan-assembler-times vfmsub[123]+sd 32
FAIL: gcc.target/i386/l_fma_double_4.c scan-assembler-times vfnmadd[123]+sd 32
FAIL: gcc.target/i386/l_fma_double_4.c scan-assembler-times vfnmsub[123]+sd 32
FAIL: gcc.target/i386/l_fma_double_5.c scan-assembler-times vfmadd[123]+sd 32
FAIL: gcc.target/i386/l_fma_double_5.c scan-assembler-times vfmsub[123]+sd 32
FAIL: gcc.target/i386/l_fma_double_5.c scan-assembler-times vfnmadd[123]+sd 32
FAIL: gcc.target/i386/l_fma_double_5.c scan-assembler-times vfnmsub[123]+sd 32
FAIL: gcc.target/i386/l_fma_double_6.c scan-assembler-times vfmadd[123]+sd 32
FAIL: gcc.target/i386/l_fma_double_6.c scan-assembler-times vfmsub[123]+sd 32
FAIL: gcc.target/i386/l_fma_double_6.c scan-assembler-times vfnmadd[123]+sd 32
FAIL: gcc.target/i386/l_fma_double_6.c scan-assembler-times vfnmsub[123]+sd 32
FAIL: gcc.target/i386/l_fma_float_1.c scan-assembler-times vfmadd[123]+ss 64
FAIL: gcc.target/i386/l_fma_float_1.c scan-assembler-times vfmsub[123]+ss 64
FAIL: gcc.target/i386/l_fma_float_1.c scan-assembler-times vfnmadd[123]+ss 64
FAIL: gcc.target/i386/l_fma_float_1.c scan-assembler-times vfnmsub[123]+ss 64
FAIL: gcc.target/i386/l_fma_float_2.c scan-assembler-times vfmadd[123]+ss 64
FAIL: gcc.target/i386/l_fma_float_2.c scan-assembler-times vfmsub[123]+ss 64
FAIL: gcc.target/i386/l_fma_float_2.c scan-assembler-times vfnmadd[123]+ss 64
FAIL: gcc.target/i386/l_fma_float_2.c scan-assembler-times vfnmsub[123]+ss 64
FAIL: gcc.target/i386/l_fma_float_3.c scan-assembler-times vfmadd[123]+ss 64
FAIL: gcc.target/i386/l_fma_float_3.c scan-assembler-times vfmsub[123]+ss 64
FAIL: gcc.target/i386/l_fma_float_3.c scan-assembler-times vfnmadd[123]+ss 64
FAIL: gcc.target/i386/l_fma_float_3.c scan-assembler-times vfnmsub[123]+ss 64
FAIL: gcc.target/i386/l_fma_float_4.c scan-assembler-times vfmadd[123]+ss 64
FAIL: gcc.target/i386/l_fma_float_4.c scan-assembler-times vfmsub[123]+ss 64
FAIL: gcc.target/i386/l_fma_float_4.c scan-assembler-times vfnmadd[123]+ss 64
FAIL: gcc.target/i386/l_fma_float_4.c scan-assembler-times vfnmsub[123]+ss 64
FAIL: gcc.target/i386/l_fma_float_5.c scan-assembler-times vfmadd[123]+ss 64
FAIL: gcc.target/i386/l_fma_float_5.c scan-assembler-times vfmsub[123]+ss 64
FAIL: gcc.target/i386/l_fma_float_5.c scan-assembler-times vfnmadd[123]+ss 64
FAIL: gcc.target/i386/l_fma_float_5.c scan-assembler-times vfnmsub[123]+ss 64
FAIL: gcc.target/i386/l_fma_float_6.c scan-assembler-times vfmadd[123]+ss 64
FAIL: gcc.target/i386/l_fma_float_6.c scan-assembler-times vfmsub[123]+ss 64
FAIL: gcc.target/i386/l_fma_float_6.c scan-assembler-times vfnmadd[123]+ss 64
FAIL: gcc.target/i386/l_fma_float_6.c scan-assembler-times vfnmsub[123]+ss 64
FAIL: gcc.target/i386/mask-pack.c scan-tree-dump-times vect "vectorized 1 loops" 10
FAIL: gcc.target/i386/mask-unpack.c scan-tree-dump-times vect "vectorized 1 loops" 10
FAIL: gcc.target/i386/pr42542-5a.c scan-assembler pcmpgtq
FAIL: gcc.target/i386/pr49168-1.c scan-assembler movups[\\t ]*%xmm[0-9]+,[^,]*
FAIL: gcc.target/i386/pr57233.c scan-assembler vpslld[^\\n\\r]*2
FAIL: gcc.target/i386/pr57233.c scan-assembler vpsrld[^\\n\\r]*30
FAIL: gcc.target/i386/pr59390.c scan-assembler-not vfmadd
FAIL: gcc.target/i386/pr70325.c (test for warnings, line 11)
FAIL: gcc.target/i386/pr70325.c (test for excess errors)
FAIL: gcc.target/i386/pr80846-1.c scan-assembler-times vextracti 2
FAIL: gcc.target/i386/pr84876.c (test for errors, line 6)
FAIL: gcc.target/i386/pr85950.c scan-assembler-times roundsd 4
FAIL: gcc.target/i386/pr91333.c scan-assembler-times vmovapd|vmovsd 3
FAIL: gcc.target/i386/pr91704.c scan-assembler-times \\tvpcmpgtb\\t%ymm 1
FAIL: gcc.target/i386/pr91897.c scan-assembler-times movapd 8
FAIL: gcc.target/i386/pr92645.c scan-tree-dump-times optimized "vec_unpack_" 4
FAIL: gcc.target/i386/recip-vec-divf-avx.c scan-assembler vrcpps[ \\\\t]+[^\\n]*%ymm
FAIL: gcc.target/i386/recip-vec-sqrtf-avx.c scan-assembler-times vrsqrtps[ \\\\t]+[^\\n]*%ymm 3
FAIL: gcc.target/i386/sse2-mmx-21.c scan-assembler-times movd 1
FAIL: gcc.target/i386/sse2-mmx-21.c scan-assembler-times pshufd 1
FAIL: gcc.target/i386/sse4_1-round-roundeven-1.c scan-assembler-times roundsd[^\\n\\r]*xmm 1
FAIL: gcc.target/i386/sse4_1-round-roundeven-1.c scan-assembler-times roundss[^\\n\\r]*xmm 1
FAIL: gcc.target/i386/vect-pack-trunc-1.c scan-assembler-times vpmovwb[ \\\\t]+[^\\n]*%zmm 2
FAIL: gcc.target/i386/vect-pack-trunc-2.c scan-assembler-times vperm[it]2w[ \\\\t]+[^\\n]*%zmm 1
FAIL: gcc.target/i386/vect-perm-even-1.c scan-assembler-times vpmovwb[ \\\\t]+[^\\n]*%zmm 2
FAIL: gcc.target/i386/vect-perm-odd-1.c scan-assembler-times vpmovwb[ \\\\t]+[^\\n]*%zmm 4
FAIL: gcc.target/i386/vect-rebuild.c scan-assembler-times \\tv?extractf128[ \\t] 1
FAIL: gcc.target/i386/vect-unpack-1.c scan-assembler-times vpmovzxbw[ \\\\t]+[^\\n]*%zmm 2
FAIL: gcc.target/i386/vect-unpack-2.c scan-assembler-times vpmovsxbw[ \\\\t]+[^\\n]*%zmm 2
FAIL: gcc.target/i386/vectorize4-avx.c scan-assembler vsqrtpd[ \\\\t]+[^\\n]*%ymm
FAIL: gcc.target/i386/vectorize7.c scan-assembler cvtdq2ps
=== gcc Summary for unix ===
# of expected passes 150582
# of unexpected failures 197
# of expected failures 745
# of unsupported tests 2278
Running target unix/-m32
FAIL: gcc.dg/debug/dwarf2/pr97060.c scan-assembler-times DW_AT_declaration 2
FAIL: gcc.dg/pr68766.c (internal compiler error)
FAIL: gcc.dg/pr68766.c (test for excess errors)
FAIL: gcc.dg/tree-ssa/popcount4ll.c scan-tree-dump-times optimized ".POPCOUNT" 1
FAIL: gcc.dg/tree-ssa/pr64910-2.c scan-assembler-times and|test 20
FAIL: gcc.dg/vect/bb-slp-cond-1.c -flto -ffat-lto-objects scan-tree-dump-times vect "loop vectorized" 1
FAIL: gcc.dg/vect/bb-slp-cond-1.c scan-tree-dump-times vect "loop vectorized" 1
FAIL: gcc.dg/vect/bb-slp-pattern-1.c -flto -ffat-lto-objects scan-tree-dump-times slp2 "pattern recognized" 8
FAIL: gcc.dg/vect/bb-slp-pattern-1.c -flto -ffat-lto-objects scan-tree-dump-times slp2 "vect_recog_widen_mult_pattern: detected" 8
FAIL: gcc.dg/vect/bb-slp-pattern-1.c scan-tree-dump-times slp2 "pattern recognized" 8
FAIL: gcc.dg/vect/bb-slp-pattern-1.c scan-tree-dump-times slp2 "vect_recog_widen_mult_pattern: detected" 8
FAIL: gcc.dg/vect/fast-math-vect-call-2.c scan-tree-dump-times vect "vectorizing stmts using SLP" 4
FAIL: gcc.dg/vect/no-section-anchors-vect-31.c scan-tree-dump-times vect "Alignment of access forced using peeling" 2
FAIL: gcc.dg/vect/no-section-anchors-vect-31.c scan-tree-dump-times vect "Vectorizing an unaligned access" 0
FAIL: gcc.dg/vect/no-section-anchors-vect-64.c scan-tree-dump-times vect "Alignment of access forced using peeling" 2
FAIL: gcc.dg/vect/no-section-anchors-vect-64.c scan-tree-dump-times vect "Vectorizing an unaligned access" 0
FAIL: gcc.dg/vect/pr25413a.c -flto -ffat-lto-objects scan-tree-dump-times vect "vectorized 1 loops" 1
FAIL: gcc.dg/vect/pr25413a.c scan-tree-dump-times vect "vectorized 1 loops" 1
FAIL: gcc.dg/vect/slp-3-big-array.c -flto -ffat-lto-objects scan-tree-dump-times vect "vectorizing stmts using SLP" 4
FAIL: gcc.dg/vect/slp-3-big-array.c scan-tree-dump-times vect "vectorizing stmts using SLP" 4
FAIL: gcc.dg/vect/slp-46.c -flto -ffat-lto-objects scan-tree-dump-times vect "vectorizing stmts using SLP" 2
FAIL: gcc.dg/vect/slp-46.c scan-tree-dump-times vect "vectorizing stmts using SLP" 2
FAIL: gcc.dg/vect/slp-cond-5.c -flto -ffat-lto-objects scan-tree-dump-times vect "vectorizing stmts using SLP" 1
FAIL: gcc.dg/vect/slp-cond-5.c scan-tree-dump-times vect "vectorizing stmts using SLP" 1
FAIL: gcc.dg/vect/slp-multitypes-11-big-array.c -flto -ffat-lto-objects scan-tree-dump-times vect "vectorizing stmts using SLP" 1
FAIL: gcc.dg/vect/slp-multitypes-11-big-array.c scan-tree-dump-times vect "vectorizing stmts using SLP" 1
FAIL: gcc.dg/vect/slp-perm-9.c -flto -ffat-lto-objects scan-tree-dump-not vect "permutation requires at least three vectors"
FAIL: gcc.dg/vect/slp-perm-9.c scan-tree-dump-not vect "permutation requires at least three vectors"
FAIL: gcc.dg/vect/slp-reduc-1.c -flto -ffat-lto-objects scan-tree-dump-times vect "vectorizing stmts using SLP" 1
FAIL: gcc.dg/vect/slp-reduc-1.c scan-tree-dump-times vect "vectorizing stmts using SLP" 1
XPASS: gcc.dg/vect/vect-71.c -flto -ffat-lto-objects scan-tree-dump-times vect "vectorized 1 loops" 1
XPASS: gcc.dg/vect/vect-71.c scan-tree-dump-times vect "vectorized 1 loops" 1
FAIL: gcc.dg/vect/vect-92.c -flto -ffat-lto-objects scan-tree-dump-times vect "Alignment of access forced using peeling" 3
FAIL: gcc.dg/vect/vect-92.c -flto -ffat-lto-objects scan-tree-dump-times vect "Vectorizing an unaligned access" 0
FAIL: gcc.dg/vect/vect-92.c scan-tree-dump-times vect "Alignment of access forced using peeling" 3
FAIL: gcc.dg/vect/vect-92.c scan-tree-dump-times vect "Vectorizing an unaligned access" 0
FAIL: gcc.dg/vect/vect-bool-cmp.c -flto -ffat-lto-objects scan-tree-dump-times vect "VECTORIZED" 18
FAIL: gcc.dg/vect/vect-bool-cmp.c scan-tree-dump-times vect "VECTORIZED" 18
FAIL: gcc.dg/vect/vect-cselim-1.c -flto -ffat-lto-objects scan-tree-dump-times vect "vectorized 1 loops" 1
FAIL: gcc.dg/vect/vect-cselim-1.c scan-tree-dump-times vect "vectorized 1 loops" 1
FAIL: gcc.dg/vect/vect-nb-iter-ub-3.c -flto -ffat-lto-objects scan-tree-dump-not cunroll "loop turned into non-loop; it never loops"
FAIL: gcc.dg/vect/vect-nb-iter-ub-3.c scan-tree-dump-not cunroll "loop turned into non-loop; it never loops"
XPASS: gcc.dg/vect/vect-reduc-in-order-1.c -flto -ffat-lto-objects execution test
XPASS: gcc.dg/vect/vect-reduc-in-order-1.c execution test
XPASS: gcc.dg/vect/vect-reduc-in-order-2.c -flto -ffat-lto-objects execution test
XPASS: gcc.dg/vect/vect-reduc-in-order-2.c execution test
XPASS: gcc.dg/vect/vect-reduc-in-order-3.c -flto -ffat-lto-objects execution test
XPASS: gcc.dg/vect/vect-reduc-in-order-3.c execution test
XPASS: gcc.dg/vect/vect-reduc-in-order-4.c -flto -ffat-lto-objects execution test
XPASS: gcc.dg/vect/vect-reduc-in-order-4.c execution test
FAIL: gcc.target/i386/avx-loadu2-m128-1.c scan-assembler \\tvinsertf128\\t
FAIL: gcc.target/i386/avx-loadu2-m128d-1.c scan-assembler \\tvinsertf128\\t
FAIL: gcc.target/i386/avx-loadu2-m128i-1.c scan-assembler \\tvinsert[fi]128\\t
FAIL: gcc.target/i386/avx-storeu2-m128d-1.c scan-assembler \\tvextractf128\\t
FAIL: gcc.target/i386/avx2-vbroadcastss_ps256-1.c scan-assembler vbroadcastss[ \\\\t]+[^\\n]*%xmm[0-9]
FAIL: gcc.target/i386/avx2-vextracti128-1.c scan-assembler vextracti128[ \\\\t]+[^\\n]*%ymm[0-9]
FAIL: gcc.target/i386/avx2-vinserti128-1.c scan-assembler vinserti128[ \\\\t]+[^\\n]
FAIL: gcc.target/i386/avx2-vpcmpeqb-1.c scan-assembler vpcmpeqb[ \\\\t]+[^\\n]*%ymm[0-9]
FAIL: gcc.target/i386/avx2-vpcmpeqd-1.c scan-assembler vpcmpeqd[ \\\\t]+[^\\n]*%ymm[0-9]
FAIL: gcc.target/i386/avx2-vpcmpeqq-1.c scan-assembler vpcmpeqq[ \\\\t]+[^\\n]*%ymm[0-9]
FAIL: gcc.target/i386/avx2-vpcmpeqw-1.c scan-assembler vpcmpeqw[ \\\\t]+[^\\n]*%ymm[0-9]
FAIL: gcc.target/i386/avx2-vpcmpgtb-1.c scan-assembler vpcmpgtb[ \\\\t]+[^\\n]*%ymm[0-9]
FAIL: gcc.target/i386/avx2-vpcmpgtd-1.c scan-assembler vpcmpgtd[ \\\\t]+[^\\n]*%ymm[0-9]
FAIL: gcc.target/i386/avx2-vpcmpgtq-1.c scan-assembler vpcmpgtq[ \\\\t]+[^\\n]*%ymm[0-9]
FAIL: gcc.target/i386/avx2-vpcmpgtw-1.c scan-assembler vpcmpgtw[ \\\\t]+[^\\n]*%ymm[0-9]
FAIL: gcc.target/i386/avx256-unaligned-load-3.c scan-assembler (sse2_loadupd|vmovupd[^\\n\\r]*movv2df_internal)
FAIL: gcc.target/i386/avx256-unaligned-load-3.c scan-assembler vinsertf128
FAIL: gcc.target/i386/avx256-unaligned-load-4.c scan-assembler-not (sse_loadups|vmovups[^\\n\\r]*movv4sf_internal)
FAIL: gcc.target/i386/avx256-unaligned-store-3.c scan-assembler vextractf128
FAIL: gcc.target/i386/avx256-unaligned-store-3.c scan-assembler vmovupd.*movv2df_internal/3
FAIL: gcc.target/i386/avx512er-vrcp28ps-4.c scan-assembler-times vrcp28ps[^\\n\\r]*zmm[0-9]+(?:\\n|[ \\\\t]+#) 1
FAIL: gcc.target/i386/avx512er-vrsqrt28ps-4.c scan-assembler-times vrsqrt28ps[^\\n\\r]*zmm[0-9]+(?:\\n|[ \\\\t]+#) 1
FAIL: gcc.target/i386/avx512er-vrsqrt28ps-6.c scan-assembler-times vrcp28ps[^\\n\\r]*zmm[0-9]+(?:\\n|[ \\\\t]+#) 1
FAIL: gcc.target/i386/avx512er-vrsqrt28ps-6.c scan-assembler-times vrsqrt28ps[^\\n\\r]*zmm[0-9]+(?:\\n|[ \\\\t]+#) 1
FAIL: gcc.target/i386/avx512f-ceil-sfix-vec-2.c scan-assembler-times vcvttpd2dq[^\\n]*zmm[0-9].{7}(?:\\n|[ \\\\t]+#) 2
FAIL: gcc.target/i386/avx512f-ceil-sfix-vec-2.c scan-assembler-times vrndscalepd[^\\n]*zmm[0-9](?:\\n|[ \\\\t]+#) 2
FAIL: gcc.target/i386/avx512f-ceil-vec-2.c scan-assembler-times vrndscalepd[^\\n]+zmm[0-9](?:\\n|[ \\\\t]+#) 1
FAIL: gcc.target/i386/avx512f-ceilf-sfix-vec-2.c scan-assembler-times vcvttps2dq[^\\n]+zmm[0-9].{7}(?:\\n|[ \\\\t]+#) 1
FAIL: gcc.target/i386/avx512f-ceilf-sfix-vec-2.c scan-assembler-times vrndscaleps[^\\n]+zmm[0-9](?:\\n|[ \\\\t]+#) 1
FAIL: gcc.target/i386/avx512f-ceilf-vec-2.c scan-assembler-times vrndscaleps[^\\n]+zmm[0-9](?:\\n|[ \\\\t]+#) 1
FAIL: gcc.target/i386/avx512f-floor-sfix-vec-2.c scan-assembler-times vcvttpd2dq[^\\n]*zmm[0-9].{7}(?:\\n|[ \\\\t]+#) 2
FAIL: gcc.target/i386/avx512f-floor-sfix-vec-2.c scan-assembler-times vrndscalepd[^\\n]*zmm[0-9](?:\\n|[ \\\\t]+#) 2
FAIL: gcc.target/i386/avx512f-floor-vec-2.c scan-assembler-times vrndscalepd[^\\n]+zmm[0-9](?:\\n|[ \\\\t]+#) 1
FAIL: gcc.target/i386/avx512f-floorf-sfix-vec-2.c scan-assembler-times vcvttps2dq[^\\n]+zmm[0-9].{7}(?:\\n|[ \\\\t]+#) 1
FAIL: gcc.target/i386/avx512f-floorf-sfix-vec-2.c scan-assembler-times vrndscaleps[^\\n]+zmm[0-9](?:\\n|[ \\\\t]+#) 1
FAIL: gcc.target/i386/avx512f-floorf-vec-2.c scan-assembler-times vrndscaleps[^\\n]+zmm[0-9](?:\\n|[ \\\\t]+#) 1
FAIL: gcc.target/i386/avx512f-rint-sfix-vec-2.c scan-assembler-times vcvtpd2dq[^\\n]+ymm[0-9](?:\\n|[ \\\\t]+#) 2
FAIL: gcc.target/i386/avx512f-rint-sfix-vec-2.c scan-assembler-times vinserti64x4[^\\n]+zmm[0-9](?:\\n|[ \\\\t]+#) 1
FAIL: gcc.target/i386/avx512f-rintf-sfix-vec-2.c scan-assembler-times vcvtps2dq[^\\n]+zmm[0-9](?:\\n|[ \\\\t]+#) 1
FAIL: gcc.target/i386/avx512f-round-sfix-vec-2.c scan-assembler-times vcvttpd2dq[^\\n]+zmm[0-9].{7}(?:\\n|[ \\\\t]+#) 2
FAIL: gcc.target/i386/avx512f-round-sfix-vec-2.c scan-assembler-times vrndscalepd[^\\n]+zmm[0-9](?:\\n|[ \\\\t]+#) 2
FAIL: gcc.target/i386/avx512f-roundf-sfix-vec-2.c scan-assembler-times vcvttps2dq[^\\n]+zmm[0-9].{7}(?:\\n|[ \\\\t]+#) 1
FAIL: gcc.target/i386/avx512f-roundf-sfix-vec-2.c scan-assembler-times vrndscaleps[^\\n]+zmm[0-9](?:\\n|[ \\\\t]+#) 1
FAIL: gcc.target/i386/avx512f-trunc-vec-2.c scan-assembler-times vrndscalepd[^\\n]+zmm[0-9](?:\\n|[ \\\\t]+#) 1
FAIL: gcc.target/i386/avx512f-truncf-vec-2.c scan-assembler-times vrndscaleps[^\\n]+zmm[0-9](?:\\n|[ \\\\t]+#) 1
FAIL: gcc.target/i386/avx512f-vec-init.c scan-assembler-times vpbroadcastb[ \\\\t]+[^{\\n]*%ymm[0-9]+(?:\\n|[ \\\\t]+#) 2
FAIL: gcc.target/i386/avx512f-vec-init.c scan-assembler-times vpbroadcastw[ \\\\t]+[^{\\n]*%ymm[0-9]+(?:\\n|[ \\\\t]+#) 2
FAIL: gcc.target/i386/avx512f_cond_move.c scan-assembler-times (?:vpblendmd|vmovdqa32)[ \\\\t]+[^{\\n]*%zmm[0-9]+{%k[1-7]}{z}(?:\\n|[ \\\\t]+#) 8
FAIL: gcc.target/i386/fma4-builtin-2.c scan-assembler-times vfmaddpd 1
FAIL: gcc.target/i386/fma4-builtin-2.c scan-assembler-times vfmaddps 1
FAIL: gcc.target/i386/fma4-builtin-2.c scan-assembler-times vfmsubpd 1
FAIL: gcc.target/i386/fma4-builtin-2.c scan-assembler-times vfmsubps 1
FAIL: gcc.target/i386/fma4-builtin-2.c scan-assembler-times vfnmaddpd 1
FAIL: gcc.target/i386/fma4-builtin-2.c scan-assembler-times vfnmaddps 1
FAIL: gcc.target/i386/fma4-builtin-2.c scan-assembler-times vfnmsubpd 1
FAIL: gcc.target/i386/fma4-builtin-2.c scan-assembler-times vfnmsubps 1
FAIL: gcc.target/i386/l_fma_double_1.c scan-assembler-times vfmadd[123]+sd 32
FAIL: gcc.target/i386/l_fma_double_1.c scan-assembler-times vfmsub[123]+sd 32
FAIL: gcc.target/i386/l_fma_double_1.c scan-assembler-times vfnmadd[123]+sd 32
FAIL: gcc.target/i386/l_fma_double_1.c scan-assembler-times vfnmsub[123]+sd 32
FAIL: gcc.target/i386/l_fma_double_2.c scan-assembler-times vfmadd[123]+sd 32
FAIL: gcc.target/i386/l_fma_double_2.c scan-assembler-times vfmsub[123]+sd 32
FAIL: gcc.target/i386/l_fma_double_2.c scan-assembler-times vfnmadd[123]+sd 32
FAIL: gcc.target/i386/l_fma_double_2.c scan-assembler-times vfnmsub[123]+sd 32
FAIL: gcc.target/i386/l_fma_double_3.c scan-assembler-times vfmadd[123]+sd 32
FAIL: gcc.target/i386/l_fma_double_3.c scan-assembler-times vfmsub[123]+sd 32
FAIL: gcc.target/i386/l_fma_double_3.c scan-assembler-times vfnmadd[123]+sd 32
FAIL: gcc.target/i386/l_fma_double_3.c scan-assembler-times vfnmsub[123]+sd 32
FAIL: gcc.target/i386/l_fma_double_4.c scan-assembler-times vfmadd[123]+sd 32
FAIL: gcc.target/i386/l_fma_double_4.c scan-assembler-times vfmsub[123]+sd 32
FAIL: gcc.target/i386/l_fma_double_4.c scan-assembler-times vfnmadd[123]+sd 32
FAIL: gcc.target/i386/l_fma_double_4.c scan-assembler-times vfnmsub[123]+sd 32
FAIL: gcc.target/i386/l_fma_double_5.c scan-assembler-times vfmadd[123]+sd 32
FAIL: gcc.target/i386/l_fma_double_5.c scan-assembler-times vfmsub[123]+sd 32
FAIL: gcc.target/i386/l_fma_double_5.c scan-assembler-times vfnmadd[123]+sd 32
FAIL: gcc.target/i386/l_fma_double_5.c scan-assembler-times vfnmsub[123]+sd 32
FAIL: gcc.target/i386/l_fma_double_6.c scan-assembler-times vfmadd[123]+sd 32
FAIL: gcc.target/i386/l_fma_double_6.c scan-assembler-times vfmsub[123]+sd 32
FAIL: gcc.target/i386/l_fma_double_6.c scan-assembler-times vfnmadd[123]+sd 32
FAIL: gcc.target/i386/l_fma_double_6.c scan-assembler-times vfnmsub[123]+sd 32
FAIL: gcc.target/i386/l_fma_float_1.c scan-assembler-times vfmadd[123]+ss 64
FAIL: gcc.target/i386/l_fma_float_1.c scan-assembler-times vfmsub[123]+ss 64
FAIL: gcc.target/i386/l_fma_float_1.c scan-assembler-times vfnmadd[123]+ss 64
FAIL: gcc.target/i386/l_fma_float_1.c scan-assembler-times vfnmsub[123]+ss 64
FAIL: gcc.target/i386/l_fma_float_2.c scan-assembler-times vfmadd[123]+ss 64
FAIL: gcc.target/i386/l_fma_float_2.c scan-assembler-times vfmsub[123]+ss 64
FAIL: gcc.target/i386/l_fma_float_2.c scan-assembler-times vfnmadd[123]+ss 64
FAIL: gcc.target/i386/l_fma_float_2.c scan-assembler-times vfnmsub[123]+ss 64
FAIL: gcc.target/i386/l_fma_float_3.c scan-assembler-times vfmadd[123]+ss 64
FAIL: gcc.target/i386/l_fma_float_3.c scan-assembler-times vfmsub[123]+ss 64
FAIL: gcc.target/i386/l_fma_float_3.c scan-assembler-times vfnmadd[123]+ss 64
FAIL: gcc.target/i386/l_fma_float_3.c scan-assembler-times vfnmsub[123]+ss 64
FAIL: gcc.target/i386/l_fma_float_4.c scan-assembler-times vfmadd[123]+ss 64
FAIL: gcc.target/i386/l_fma_float_4.c scan-assembler-times vfmsub[123]+ss 64
FAIL: gcc.target/i386/l_fma_float_4.c scan-assembler-times vfnmadd[123]+ss 64
FAIL: gcc.target/i386/l_fma_float_4.c scan-assembler-times vfnmsub[123]+ss 64
FAIL: gcc.target/i386/l_fma_float_5.c scan-assembler-times vfmadd[123]+ss 64
FAIL: gcc.target/i386/l_fma_float_5.c scan-assembler-times vfmsub[123]+ss 64
FAIL: gcc.target/i386/l_fma_float_5.c scan-assembler-times vfnmadd[123]+ss 64
FAIL: gcc.target/i386/l_fma_float_5.c scan-assembler-times vfnmsub[123]+ss 64
FAIL: gcc.target/i386/l_fma_float_6.c scan-assembler-times vfmadd[123]+ss 64
FAIL: gcc.target/i386/l_fma_float_6.c scan-assembler-times vfmsub[123]+ss 64
FAIL: gcc.target/i386/l_fma_float_6.c scan-assembler-times vfnmadd[123]+ss 64
FAIL: gcc.target/i386/l_fma_float_6.c scan-assembler-times vfnmsub[123]+ss 64
FAIL: gcc.target/i386/mask-pack.c scan-tree-dump-times vect "vectorized 1 loops" 10
FAIL: gcc.target/i386/mask-unpack.c scan-tree-dump-times vect "vectorized 1 loops" 10
FAIL: gcc.target/i386/pr42542-5a.c scan-assembler pcmpgtq
FAIL: gcc.target/i386/pr49168-1.c scan-assembler movups[\\t ]*%xmm[0-9]+,[^,]*
FAIL: gcc.target/i386/pr57233.c scan-assembler vpslld[^\\n\\r]*2
FAIL: gcc.target/i386/pr57233.c scan-assembler vpsrld[^\\n\\r]*30
FAIL: gcc.target/i386/pr59390.c scan-assembler-not vfmadd
FAIL: gcc.target/i386/pr70322-3.c scan-assembler pxor
FAIL: gcc.target/i386/pr70325.c (test for warnings, line 11)
FAIL: gcc.target/i386/pr70325.c (test for excess errors)
FAIL: gcc.target/i386/pr78904-4.c scan-assembler [ \\t]movb[\\t ]+%.h, t
FAIL: gcc.target/i386/pr80846-1.c scan-assembler-times vextracti 2
FAIL: gcc.target/i386/pr85950.c scan-assembler-times roundsd 2
FAIL: gcc.target/i386/pr91704.c scan-assembler-times \\tvpcmpgtb\\t%ymm 1
FAIL: gcc.target/i386/pr91897.c scan-assembler-times movapd 8
FAIL: gcc.target/i386/pr92645.c scan-tree-dump-times optimized "vec_unpack_" 4
FAIL: gcc.target/i386/recip-vec-divf-avx.c scan-assembler vrcpps[ \\\\t]+[^\\n]*%ymm
FAIL: gcc.target/i386/recip-vec-sqrtf-avx.c scan-assembler-times vrsqrtps[ \\\\t]+[^\\n]*%ymm 3
FAIL: gcc.target/i386/sse4_1-round-roundeven-1.c scan-assembler-times roundsd[^\\n\\r]*xmm 1
FAIL: gcc.target/i386/sse4_1-round-roundeven-1.c scan-assembler-times roundss[^\\n\\r]*xmm 1
FAIL: gcc.target/i386/vect-pack-trunc-1.c scan-assembler-times vpmovwb[ \\\\t]+[^\\n]*%zmm 2
FAIL: gcc.target/i386/vect-pack-trunc-2.c scan-assembler-times vperm[it]2w[ \\\\t]+[^\\n]*%zmm 1
FAIL: gcc.target/i386/vect-perm-even-1.c scan-assembler-times vpmovwb[ \\\\t]+[^\\n]*%zmm 2
FAIL: gcc.target/i386/vect-perm-odd-1.c scan-assembler-times vpmovwb[ \\\\t]+[^\\n]*%zmm 4
FAIL: gcc.target/i386/vect-rebuild.c scan-assembler-times \\tv?extractf128[ \\t] 1
FAIL: gcc.target/i386/vect-unpack-1.c scan-assembler-times vpmovzxbw[ \\\\t]+[^\\n]*%zmm 2
FAIL: gcc.target/i386/vect-unpack-2.c scan-assembler-times vpmovsxbw[ \\\\t]+[^\\n]*%zmm 2
FAIL: gcc.target/i386/vectorize4-avx.c scan-assembler vsqrtpd[ \\\\t]+[^\\n]*%ymm
FAIL: gcc.target/i386/vectorize7.c scan-assembler cvtdq2ps
FAIL: gcc.target/i386/xchg-2.c scan-assembler xchgb
=== gcc Summary for unix/-m32 ===
# of expected passes 148068
# of unexpected failures 174
# of unexpected successes 10
# of expected failures 752
# of unsupported tests 2736
Running target unix/-mx32
FAIL: gcc.dg/debug/dwarf2/pr97060.c scan-assembler-times DW_AT_declaration 2
FAIL: gcc.dg/pr68766.c (internal compiler error)
FAIL: gcc.dg/pr68766.c (test for excess errors)
FAIL: gcc.dg/store_merging_5.c scan-tree-dump-times store-merging "MEM <unsigned int> \\\\[.*\\\\]" 1
XPASS: gcc.dg/tree-ssa/builtin-snprintf-6.c scan-tree-dump-times optimized "Function test_assign_aggregate" 1
FAIL: gcc.dg/tree-ssa/dump-6.c scan-tree-dump store-merging "MEM <unsigned int> \\\\[\\\\(char \\\\*\\\\)\\\\&a8] = "
FAIL: gcc.dg/vect/bb-slp-43.c -flto -ffat-lto-objects scan-tree-dump-not slp2 "vector operands from scalars"
FAIL: gcc.dg/vect/bb-slp-43.c scan-tree-dump-not slp2 "vector operands from scalars"
FAIL: gcc.dg/vect/bb-slp-cond-1.c -flto -ffat-lto-objects scan-tree-dump-times vect "loop vectorized" 1
FAIL: gcc.dg/vect/bb-slp-cond-1.c scan-tree-dump-times vect "loop vectorized" 1
FAIL: gcc.dg/vect/bb-slp-pattern-1.c -flto -ffat-lto-objects scan-tree-dump-times slp2 "pattern recognized" 8
FAIL: gcc.dg/vect/bb-slp-pattern-1.c -flto -ffat-lto-objects scan-tree-dump-times slp2 "vect_recog_widen_mult_pattern: detected" 8
FAIL: gcc.dg/vect/bb-slp-pattern-1.c scan-tree-dump-times slp2 "pattern recognized" 8
FAIL: gcc.dg/vect/bb-slp-pattern-1.c scan-tree-dump-times slp2 "vect_recog_widen_mult_pattern: detected" 8
FAIL: gcc.dg/vect/fast-math-vect-call-2.c scan-tree-dump-times vect "vectorizing stmts using SLP" 4
FAIL: gcc.dg/vect/no-section-anchors-vect-31.c scan-tree-dump-times vect "Alignment of access forced using peeling" 2
FAIL: gcc.dg/vect/no-section-anchors-vect-31.c scan-tree-dump-times vect "Vectorizing an unaligned access" 0
FAIL: gcc.dg/vect/no-section-anchors-vect-64.c scan-tree-dump-times vect "Alignment of access forced using peeling" 2
FAIL: gcc.dg/vect/no-section-anchors-vect-64.c scan-tree-dump-times vect "Vectorizing an unaligned access" 0
FAIL: gcc.dg/vect/pr25413a.c -flto -ffat-lto-objects scan-tree-dump-times vect "vectorized 1 loops" 1
FAIL: gcc.dg/vect/pr25413a.c scan-tree-dump-times vect "vectorized 1 loops" 1
FAIL: gcc.dg/vect/slp-3-big-array.c -flto -ffat-lto-objects scan-tree-dump-times vect "vectorizing stmts using SLP" 4
FAIL: gcc.dg/vect/slp-3-big-array.c scan-tree-dump-times vect "vectorizing stmts using SLP" 4
FAIL: gcc.dg/vect/slp-46.c -flto -ffat-lto-objects scan-tree-dump-times vect "vectorizing stmts using SLP" 2
FAIL: gcc.dg/vect/slp-46.c scan-tree-dump-times vect "vectorizing stmts using SLP" 2
FAIL: gcc.dg/vect/slp-cond-5.c -flto -ffat-lto-objects scan-tree-dump-times vect "vectorizing stmts using SLP" 1
FAIL: gcc.dg/vect/slp-cond-5.c scan-tree-dump-times vect "vectorizing stmts using SLP" 1
FAIL: gcc.dg/vect/slp-multitypes-11-big-array.c -flto -ffat-lto-objects scan-tree-dump-times vect "vectorizing stmts using SLP" 1
FAIL: gcc.dg/vect/slp-multitypes-11-big-array.c scan-tree-dump-times vect "vectorizing stmts using SLP" 1
FAIL: gcc.dg/vect/slp-perm-9.c -flto -ffat-lto-objects scan-tree-dump-not vect "permutation requires at least three vectors"
FAIL: gcc.dg/vect/slp-perm-9.c scan-tree-dump-not vect "permutation requires at least three vectors"
FAIL: gcc.dg/vect/slp-reduc-1.c -flto -ffat-lto-objects scan-tree-dump-times vect "vectorizing stmts using SLP" 1
FAIL: gcc.dg/vect/slp-reduc-1.c scan-tree-dump-times vect "vectorizing stmts using SLP" 1
XPASS: gcc.dg/vect/vect-71.c -flto -ffat-lto-objects scan-tree-dump-times vect "vectorized 1 loops" 1
XPASS: gcc.dg/vect/vect-71.c scan-tree-dump-times vect "vectorized 1 loops" 1
FAIL: gcc.dg/vect/vect-92.c -flto -ffat-lto-objects scan-tree-dump-times vect "Alignment of access forced using peeling" 3
FAIL: gcc.dg/vect/vect-92.c -flto -ffat-lto-objects scan-tree-dump-times vect "Vectorizing an unaligned access" 0
FAIL: gcc.dg/vect/vect-92.c scan-tree-dump-times vect "Alignment of access forced using peeling" 3
FAIL: gcc.dg/vect/vect-92.c scan-tree-dump-times vect "Vectorizing an unaligned access" 0
FAIL: gcc.dg/vect/vect-bool-cmp.c -flto -ffat-lto-objects scan-tree-dump-times vect "VECTORIZED" 18
FAIL: gcc.dg/vect/vect-bool-cmp.c scan-tree-dump-times vect "VECTORIZED" 18
FAIL: gcc.dg/vect/vect-cselim-1.c -flto -ffat-lto-objects scan-tree-dump-times vect "vectorized 1 loops" 1
FAIL: gcc.dg/vect/vect-cselim-1.c scan-tree-dump-times vect "vectorized 1 loops" 1
FAIL: gcc.dg/vect/vect-multitypes-1.c -flto -ffat-lto-objects scan-tree-dump-times vect "Alignment of access forced using peeling" 2
FAIL: gcc.dg/vect/vect-multitypes-1.c scan-tree-dump-times vect "Alignment of access forced using peeling" 2
FAIL: gcc.dg/vect/vect-nb-iter-ub-3.c -flto -ffat-lto-objects scan-tree-dump-not cunroll "loop turned into non-loop; it never loops"
FAIL: gcc.dg/vect/vect-nb-iter-ub-3.c scan-tree-dump-not cunroll "loop turned into non-loop; it never loops"
FAIL: gcc.dg/vect/vect-peel-3.c -flto -ffat-lto-objects scan-tree-dump-times vect "Alignment of access forced using peeling" 1
FAIL: gcc.dg/vect/vect-peel-3.c -flto -ffat-lto-objects scan-tree-dump-times vect "Vectorizing an unaligned access" 1
FAIL: gcc.dg/vect/vect-peel-3.c scan-tree-dump-times vect "Alignment of access forced using peeling" 1
FAIL: gcc.dg/vect/vect-peel-3.c scan-tree-dump-times vect "Vectorizing an unaligned access" 1
FAIL: gcc.target/i386/avx-loadu2-m128-1.c scan-assembler \\tvinsertf128\\t
FAIL: gcc.target/i386/avx-loadu2-m128d-1.c scan-assembler \\tvinsertf128\\t
FAIL: gcc.target/i386/avx-loadu2-m128i-1.c scan-assembler \\tvinsert[fi]128\\t
FAIL: gcc.target/i386/avx-storeu2-m128d-1.c scan-assembler \\tvextractf128\\t
FAIL: gcc.target/i386/avx2-vbroadcastss_ps256-1.c scan-assembler vbroadcastss[ \\\\t]+[^\\n]*%xmm[0-9]
FAIL: gcc.target/i386/avx2-vextracti128-1.c scan-assembler vextracti128[ \\\\t]+[^\\n]*%ymm[0-9]
FAIL: gcc.target/i386/avx2-vinserti128-1.c scan-assembler vinserti128[ \\\\t]+[^\\n]
FAIL: gcc.target/i386/avx2-vpcmpeqb-1.c scan-assembler vpcmpeqb[ \\\\t]+[^\\n]*%ymm[0-9]
FAIL: gcc.target/i386/avx2-vpcmpeqd-1.c scan-assembler vpcmpeqd[ \\\\t]+[^\\n]*%ymm[0-9]
FAIL: gcc.target/i386/avx2-vpcmpeqq-1.c scan-assembler vpcmpeqq[ \\\\t]+[^\\n]*%ymm[0-9]
FAIL: gcc.target/i386/avx2-vpcmpeqw-1.c scan-assembler vpcmpeqw[ \\\\t]+[^\\n]*%ymm[0-9]
FAIL: gcc.target/i386/avx2-vpcmpgtb-1.c scan-assembler vpcmpgtb[ \\\\t]+[^\\n]*%ymm[0-9]
FAIL: gcc.target/i386/avx2-vpcmpgtd-1.c scan-assembler vpcmpgtd[ \\\\t]+[^\\n]*%ymm[0-9]
FAIL: gcc.target/i386/avx2-vpcmpgtq-1.c scan-assembler vpcmpgtq[ \\\\t]+[^\\n]*%ymm[0-9]
FAIL: gcc.target/i386/avx2-vpcmpgtw-1.c scan-assembler vpcmpgtw[ \\\\t]+[^\\n]*%ymm[0-9]
FAIL: gcc.target/i386/avx256-unaligned-load-2.c scan-assembler (sse2_loaddqu|(vmovdqu|vmovups)[^\\n\\r]*movv16qi_internal)
FAIL: gcc.target/i386/avx256-unaligned-load-2.c scan-assembler vinsert.128
FAIL: gcc.target/i386/avx256-unaligned-load-3.c scan-assembler (sse2_loadupd|vmovupd[^\\n\\r]*movv2df_internal)
FAIL: gcc.target/i386/avx256-unaligned-load-3.c scan-assembler vinsertf128
FAIL: gcc.target/i386/avx256-unaligned-load-4.c scan-assembler-not (sse_loadups|vmovups[^\\n\\r]*movv4sf_internal)
FAIL: gcc.target/i386/avx256-unaligned-store-3.c scan-assembler vextractf128
FAIL: gcc.target/i386/avx256-unaligned-store-3.c scan-assembler vmovupd.*movv2df_internal/3
FAIL: gcc.target/i386/avx512er-vrcp28ps-4.c scan-assembler-times vrcp28ps[^\\n\\r]*zmm[0-9]+(?:\\n|[ \\\\t]+#) 1
FAIL: gcc.target/i386/avx512er-vrsqrt28ps-4.c scan-assembler-times vrsqrt28ps[^\\n\\r]*zmm[0-9]+(?:\\n|[ \\\\t]+#) 1
FAIL: gcc.target/i386/avx512er-vrsqrt28ps-6.c scan-assembler-times vrcp28ps[^\\n\\r]*zmm[0-9]+(?:\\n|[ \\\\t]+#) 1
FAIL: gcc.target/i386/avx512er-vrsqrt28ps-6.c scan-assembler-times vrsqrt28ps[^\\n\\r]*zmm[0-9]+(?:\\n|[ \\\\t]+#) 1
FAIL: gcc.target/i386/avx512f-ceil-sfix-vec-2.c scan-assembler-times vcvttpd2dq[^\\n]*zmm[0-9].{7}(?:\\n|[ \\\\t]+#) 2
FAIL: gcc.target/i386/avx512f-ceil-sfix-vec-2.c scan-assembler-times vrndscalepd[^\\n]*zmm[0-9](?:\\n|[ \\\\t]+#) 2
FAIL: gcc.target/i386/avx512f-ceil-vec-2.c scan-assembler-times vrndscalepd[^\\n]+zmm[0-9](?:\\n|[ \\\\t]+#) 1
FAIL: gcc.target/i386/avx512f-ceilf-sfix-vec-2.c scan-assembler-times vcvttps2dq[^\\n]+zmm[0-9].{7}(?:\\n|[ \\\\t]+#) 1
FAIL: gcc.target/i386/avx512f-ceilf-sfix-vec-2.c scan-assembler-times vrndscaleps[^\\n]+zmm[0-9](?:\\n|[ \\\\t]+#) 1
FAIL: gcc.target/i386/avx512f-ceilf-vec-2.c scan-assembler-times vrndscaleps[^\\n]+zmm[0-9](?:\\n|[ \\\\t]+#) 1
FAIL: gcc.target/i386/avx512f-floor-sfix-vec-2.c scan-assembler-times vcvttpd2dq[^\\n]*zmm[0-9].{7}(?:\\n|[ \\\\t]+#) 2
FAIL: gcc.target/i386/avx512f-floor-sfix-vec-2.c scan-assembler-times vrndscalepd[^\\n]*zmm[0-9](?:\\n|[ \\\\t]+#) 2
FAIL: gcc.target/i386/avx512f-floor-vec-2.c scan-assembler-times vrndscalepd[^\\n]+zmm[0-9](?:\\n|[ \\\\t]+#) 1
FAIL: gcc.target/i386/avx512f-floorf-sfix-vec-2.c scan-assembler-times vcvttps2dq[^\\n]+zmm[0-9].{7}(?:\\n|[ \\\\t]+#) 1
FAIL: gcc.target/i386/avx512f-floorf-sfix-vec-2.c scan-assembler-times vrndscaleps[^\\n]+zmm[0-9](?:\\n|[ \\\\t]+#) 1
FAIL: gcc.target/i386/avx512f-floorf-vec-2.c scan-assembler-times vrndscaleps[^\\n]+zmm[0-9](?:\\n|[ \\\\t]+#) 1
FAIL: gcc.target/i386/avx512f-rint-sfix-vec-2.c scan-assembler-times vcvtpd2dq[^\\n]+ymm[0-9](?:\\n|[ \\\\t]+#) 2
FAIL: gcc.target/i386/avx512f-rint-sfix-vec-2.c scan-assembler-times vinserti64x4[^\\n]+zmm[0-9](?:\\n|[ \\\\t]+#) 1
FAIL: gcc.target/i386/avx512f-rintf-sfix-vec-2.c scan-assembler-times vcvtps2dq[^\\n]+zmm[0-9](?:\\n|[ \\\\t]+#) 1
FAIL: gcc.target/i386/avx512f-round-sfix-vec-2.c scan-assembler-times vcvttpd2dq[^\\n]+zmm[0-9].{7}(?:\\n|[ \\\\t]+#) 2
FAIL: gcc.target/i386/avx512f-round-sfix-vec-2.c scan-assembler-times vrndscalepd[^\\n]+zmm[0-9](?:\\n|[ \\\\t]+#) 2
FAIL: gcc.target/i386/avx512f-roundf-sfix-vec-2.c scan-assembler-times vcvttps2dq[^\\n]+zmm[0-9].{7}(?:\\n|[ \\\\t]+#) 1
FAIL: gcc.target/i386/avx512f-roundf-sfix-vec-2.c scan-assembler-times vrndscaleps[^\\n]+zmm[0-9](?:\\n|[ \\\\t]+#) 1
FAIL: gcc.target/i386/avx512f-trunc-vec-2.c scan-assembler-times vrndscalepd[^\\n]+zmm[0-9](?:\\n|[ \\\\t]+#) 1
FAIL: gcc.target/i386/avx512f-truncf-vec-2.c scan-assembler-times vrndscaleps[^\\n]+zmm[0-9](?:\\n|[ \\\\t]+#) 1
FAIL: gcc.target/i386/avx512f-vec-init.c scan-assembler-times vpbroadcastb[ \\\\t]+[^{\\n]*%ymm[0-9]+(?:\\n|[ \\\\t]+#) 2
FAIL: gcc.target/i386/avx512f-vec-init.c scan-assembler-times vpbroadcastw[ \\\\t]+[^{\\n]*%ymm[0-9]+(?:\\n|[ \\\\t]+#) 2
FAIL: gcc.target/i386/avx512f_cond_move.c scan-assembler-times (?:vpblendmd|vmovdqa32)[ \\\\t]+[^{\\n]*%zmm[0-9]+{%k[1-7]}{z}(?:\\n|[ \\\\t]+#) 8
FAIL: gcc.target/i386/fma4-256-vector.c scan-assembler vfmaddpd
FAIL: gcc.target/i386/fma4-256-vector.c scan-assembler vfmaddps
FAIL: gcc.target/i386/fma4-256-vector.c scan-assembler vfmsubpd
FAIL: gcc.target/i386/fma4-256-vector.c scan-assembler vfmsubps
FAIL: gcc.target/i386/fma4-256-vector.c scan-assembler vfnmaddpd
FAIL: gcc.target/i386/fma4-256-vector.c scan-assembler vfnmaddps
FAIL: gcc.target/i386/fma4-builtin-2.c scan-assembler-times vfmaddpd 1
FAIL: gcc.target/i386/fma4-builtin-2.c scan-assembler-times vfmaddps 1
FAIL: gcc.target/i386/fma4-builtin-2.c scan-assembler-times vfmsubpd 1
FAIL: gcc.target/i386/fma4-builtin-2.c scan-assembler-times vfmsubps 1
FAIL: gcc.target/i386/fma4-builtin-2.c scan-assembler-times vfnmaddpd 1
FAIL: gcc.target/i386/fma4-builtin-2.c scan-assembler-times vfnmaddps 1
FAIL: gcc.target/i386/fma4-builtin-2.c scan-assembler-times vfnmsubpd 1
FAIL: gcc.target/i386/fma4-builtin-2.c scan-assembler-times vfnmsubps 1
FAIL: gcc.target/i386/fma4-vector-2.c scan-assembler vfmaddps
FAIL: gcc.target/i386/fma4-vector-2.c scan-assembler vfmsubps
FAIL: gcc.target/i386/fma4-vector.c scan-assembler vfmaddpd
FAIL: gcc.target/i386/fma4-vector.c scan-assembler vfmaddps
FAIL: gcc.target/i386/fma4-vector.c scan-assembler vfmsubpd
FAIL: gcc.target/i386/fma4-vector.c scan-assembler vfmsubps
FAIL: gcc.target/i386/fma4-vector.c scan-assembler vfnmaddpd
FAIL: gcc.target/i386/fma4-vector.c scan-assembler vfnmaddps
FAIL: gcc.target/i386/l_fma_double_1.c scan-assembler-times vfmadd[123]+sd 32
FAIL: gcc.target/i386/l_fma_double_1.c scan-assembler-times vfmsub[123]+sd 32
FAIL: gcc.target/i386/l_fma_double_1.c scan-assembler-times vfnmadd[123]+sd 32
FAIL: gcc.target/i386/l_fma_double_1.c scan-assembler-times vfnmsub[123]+sd 32
FAIL: gcc.target/i386/l_fma_double_2.c scan-assembler-times vfmadd[123]+sd 32
FAIL: gcc.target/i386/l_fma_double_2.c scan-assembler-times vfmsub[123]+sd 32
FAIL: gcc.target/i386/l_fma_double_2.c scan-assembler-times vfnmadd[123]+sd 32
FAIL: gcc.target/i386/l_fma_double_2.c scan-assembler-times vfnmsub[123]+sd 32
FAIL: gcc.target/i386/l_fma_double_3.c scan-assembler-times vfmadd[123]+sd 32
FAIL: gcc.target/i386/l_fma_double_3.c scan-assembler-times vfmsub[123]+sd 32
FAIL: gcc.target/i386/l_fma_double_3.c scan-assembler-times vfnmadd[123]+sd 32
FAIL: gcc.target/i386/l_fma_double_3.c scan-assembler-times vfnmsub[123]+sd 32
FAIL: gcc.target/i386/l_fma_double_4.c scan-assembler-times vfmadd[123]+sd 32
FAIL: gcc.target/i386/l_fma_double_4.c scan-assembler-times vfmsub[123]+sd 32
FAIL: gcc.target/i386/l_fma_double_4.c scan-assembler-times vfnmadd[123]+sd 32
FAIL: gcc.target/i386/l_fma_double_4.c scan-assembler-times vfnmsub[123]+sd 32
FAIL: gcc.target/i386/l_fma_double_5.c scan-assembler-times vfmadd[123]+sd 32
FAIL: gcc.target/i386/l_fma_double_5.c scan-assembler-times vfmsub[123]+sd 32
FAIL: gcc.target/i386/l_fma_double_5.c scan-assembler-times vfnmadd[123]+sd 32
FAIL: gcc.target/i386/l_fma_double_5.c scan-assembler-times vfnmsub[123]+sd 32
FAIL: gcc.target/i386/l_fma_double_6.c scan-assembler-times vfmadd[123]+sd 32
FAIL: gcc.target/i386/l_fma_double_6.c scan-assembler-times vfmsub[123]+sd 32
FAIL: gcc.target/i386/l_fma_double_6.c scan-assembler-times vfnmadd[123]+sd 32
FAIL: gcc.target/i386/l_fma_double_6.c scan-assembler-times vfnmsub[123]+sd 32
FAIL: gcc.target/i386/l_fma_float_1.c scan-assembler-times vfmadd[123]+ss 64
FAIL: gcc.target/i386/l_fma_float_1.c scan-assembler-times vfmsub[123]+ss 64
FAIL: gcc.target/i386/l_fma_float_1.c scan-assembler-times vfnmadd[123]+ss 64
FAIL: gcc.target/i386/l_fma_float_1.c scan-assembler-times vfnmsub[123]+ss 64
FAIL: gcc.target/i386/l_fma_float_2.c scan-assembler-times vfmadd[123]+ss 64
FAIL: gcc.target/i386/l_fma_float_2.c scan-assembler-times vfmsub[123]+ss 64
FAIL: gcc.target/i386/l_fma_float_2.c scan-assembler-times vfnmadd[123]+ss 64
FAIL: gcc.target/i386/l_fma_float_2.c scan-assembler-times vfnmsub[123]+ss 64
FAIL: gcc.target/i386/l_fma_float_3.c scan-assembler-times vfmadd[123]+ss 64
FAIL: gcc.target/i386/l_fma_float_3.c scan-assembler-times vfmsub[123]+ss 64
FAIL: gcc.target/i386/l_fma_float_3.c scan-assembler-times vfnmadd[123]+ss 64
FAIL: gcc.target/i386/l_fma_float_3.c scan-assembler-times vfnmsub[123]+ss 64
FAIL: gcc.target/i386/l_fma_float_4.c scan-assembler-times vfmadd[123]+ss 64
FAIL: gcc.target/i386/l_fma_float_4.c scan-assembler-times vfmsub[123]+ss 64
FAIL: gcc.target/i386/l_fma_float_4.c scan-assembler-times vfnmadd[123]+ss 64
FAIL: gcc.target/i386/l_fma_float_4.c scan-assembler-times vfnmsub[123]+ss 64
FAIL: gcc.target/i386/l_fma_float_5.c scan-assembler-times vfmadd[123]+ss 64
FAIL: gcc.target/i386/l_fma_float_5.c scan-assembler-times vfmsub[123]+ss 64
FAIL: gcc.target/i386/l_fma_float_5.c scan-assembler-times vfnmadd[123]+ss 64
FAIL: gcc.target/i386/l_fma_float_5.c scan-assembler-times vfnmsub[123]+ss 64
FAIL: gcc.target/i386/l_fma_float_6.c scan-assembler-times vfmadd[123]+ss 64
FAIL: gcc.target/i386/l_fma_float_6.c scan-assembler-times vfmsub[123]+ss 64
FAIL: gcc.target/i386/l_fma_float_6.c scan-assembler-times vfnmadd[123]+ss 64
FAIL: gcc.target/i386/l_fma_float_6.c scan-assembler-times vfnmsub[123]+ss 64
FAIL: gcc.target/i386/mask-pack.c scan-tree-dump-times vect "vectorized 1 loops" 10
FAIL: gcc.target/i386/mask-unpack.c scan-tree-dump-times vect "vectorized 1 loops" 10
FAIL: gcc.target/i386/pr42542-5a.c scan-assembler pcmpgtq
FAIL: gcc.target/i386/pr49168-1.c scan-assembler movups[\\t ]*%xmm[0-9]+,[^,]*
FAIL: gcc.target/i386/pr57233.c scan-assembler vpslld[^\\n\\r]*2
FAIL: gcc.target/i386/pr57233.c scan-assembler vpsrld[^\\n\\r]*30
FAIL: gcc.target/i386/pr59390.c scan-assembler-not vfmadd
FAIL: gcc.target/i386/pr70325.c (test for warnings, line 11)
FAIL: gcc.target/i386/pr70325.c (test for excess errors)
FAIL: gcc.target/i386/pr80846-1.c scan-assembler-times vextracti 2
XPASS: gcc.target/i386/pr84101.c scan-tree-dump-not slp2 "basic block vectorized"
FAIL: gcc.target/i386/pr84876.c (test for errors, line 6)
FAIL: gcc.target/i386/pr85950.c scan-assembler-times roundsd 4
FAIL: gcc.target/i386/pr91333.c scan-assembler-times vmovapd|vmovsd 3
FAIL: gcc.target/i386/pr91704.c scan-assembler-times \\tvpcmpgtb\\t%ymm 1
FAIL: gcc.target/i386/pr91897.c scan-assembler-times movapd 8
FAIL: gcc.target/i386/pr92645.c scan-tree-dump-times optimized "vec_unpack_" 4
FAIL: gcc.target/i386/pr97971.c (test for errors, line 10)
FAIL: gcc.target/i386/recip-vec-divf-avx.c scan-assembler vrcpps[ \\\\t]+[^\\n]*%ymm
FAIL: gcc.target/i386/recip-vec-sqrtf-avx.c scan-assembler-times vrsqrtps[ \\\\t]+[^\\n]*%ymm 3
FAIL: gcc.target/i386/shrink_wrap_1.c scan-rtl-dump pro_and_epilogue "Performing shrink-wrapping"
FAIL: gcc.target/i386/sse2-mmx-21.c scan-assembler-times movd 1
FAIL: gcc.target/i386/sse2-mmx-21.c scan-assembler-times pshufd 1
FAIL: gcc.target/i386/sse4_1-round-roundeven-1.c scan-assembler-times roundsd[^\\n\\r]*xmm 1
FAIL: gcc.target/i386/sse4_1-round-roundeven-1.c scan-assembler-times roundss[^\\n\\r]*xmm 1
FAIL: gcc.target/i386/vect-pack-trunc-1.c scan-assembler-times vpmovwb[ \\\\t]+[^\\n]*%zmm 2
FAIL: gcc.target/i386/vect-pack-trunc-2.c scan-assembler-times vperm[it]2w[ \\\\t]+[^\\n]*%zmm 1
FAIL: gcc.target/i386/vect-perm-even-1.c scan-assembler-times vpmovwb[ \\\\t]+[^\\n]*%zmm 2
FAIL: gcc.target/i386/vect-perm-odd-1.c scan-assembler-times vpmovwb[ \\\\t]+[^\\n]*%zmm 4
FAIL: gcc.target/i386/vect-rebuild.c scan-assembler-times \\tv?extractf128[ \\t] 1
FAIL: gcc.target/i386/vect-unpack-1.c scan-assembler-times vpmovzxbw[ \\\\t]+[^\\n]*%zmm 2
FAIL: gcc.target/i386/vect-unpack-2.c scan-assembler-times vpmovsxbw[ \\\\t]+[^\\n]*%zmm 2
FAIL: gcc.target/i386/vectorize4-avx.c scan-assembler vsqrtpd[ \\\\t]+[^\\n]*%ymm
FAIL: gcc.target/i386/vectorize7.c scan-assembler cvtdq2ps
=== gcc Summary for unix/-mx32 ===
# of expected passes 149256
# of unexpected failures 201
# of unexpected successes 4
# of expected failures 740
# of unsupported tests 2488
=== gcc Summary ===
# of expected passes 447906
# of unexpected failures 572
# of unexpected successes 14
# of expected failures 2237
# of unsupported tests 7502
/export/gnu/import/git/gcc-test-release-2-intel64-native/bld/gcc/xgcc version 10.3.1 20210809 [native/releases/gcc-10 revision fc290af4093:97b499b6620:0898b343cbf2cfc27dc9a894a08d4289fc6b8e50] (GCC)
=== gfortran tests ===
Running target unix
FAIL: gfortran.dg/analyzer/pr93993.f90 -O (test for excess errors)
FAIL: gfortran.dg/vect/pr83232.f90 -O scan-tree-dump-times slp1 "vectorizing stmts using SLP" 3
FAIL: gfortran.dg/vect/vect-8.f90 -O scan-tree-dump-times vect "vectorized 2[23] loops" 1
=== gfortran Summary for unix ===
# of expected passes 54828
# of unexpected failures 3
# of expected failures 230
# of unsupported tests 96
Running target unix/-m32
FAIL: gfortran.dg/analyzer/pr93993.f90 -O (test for excess errors)
FAIL: gfortran.dg/vect/pr83232.f90 -O scan-tree-dump-times slp1 "vectorizing stmts using SLP" 3
=== gfortran Summary for unix/-m32 ===
# of expected passes 54598
# of unexpected failures 2
# of expected failures 232
# of unsupported tests 205
Running target unix/-mx32
FAIL: gfortran.dg/analyzer/pr93993.f90 -O (test for excess errors)
FAIL: gfortran.dg/vect/pr83232.f90 -O scan-tree-dump-times slp1 "vectorizing stmts using SLP" 3
FAIL: gfortran.dg/vect/vect-8.f90 -O scan-tree-dump-times vect "vectorized 2[23] loops" 1
=== gfortran Summary for unix/-mx32 ===
# of expected passes 54841
# of unexpected failures 3
# of expected failures 232
# of unsupported tests 85
=== gfortran Summary ===
# of expected passes 164267
# of unexpected failures 8
# of expected failures 694
# of unsupported tests 386
/export/gnu/import/git/gcc-test-release-2-intel64-native/bld/gcc/gfortran version 10.3.1 20210809 [native/releases/gcc-10 revision fc290af4093:97b499b6620:0898b343cbf2cfc27dc9a894a08d4289fc6b8e50] (GCC)
=== g++ tests ===
Running target unix
FAIL: g++.dg/vect/simd-bool-comparison-1.cc -std=c++14 scan-tree-dump-times vect "vectorized 1 loops" 1
FAIL: g++.dg/vect/simd-bool-comparison-1.cc -std=c++17 scan-tree-dump-times vect "vectorized 1 loops" 1
FAIL: g++.dg/vect/simd-bool-comparison-1.cc -std=c++2a scan-tree-dump-times vect "vectorized 1 loops" 1
FAIL: g++.dg/vect/simd-bool-comparison-1.cc -std=c++98 scan-tree-dump-times vect "vectorized 1 loops" 1
FAIL: g++.target/i386/mv28.C -std=c++14 (test for errors, line 10)
FAIL: g++.target/i386/mv28.C -std=c++14 (test for errors, line 11)
FAIL: g++.target/i386/mv28.C -std=c++14 (test for errors, line 12)
FAIL: g++.target/i386/mv28.C -std=c++14 (test for errors, line 13)
FAIL: g++.target/i386/mv28.C -std=c++14 (test for errors, line 14)
FAIL: g++.target/i386/mv28.C -std=c++14 (test for errors, line 15)
FAIL: g++.target/i386/mv28.C -std=c++14 (test for errors, line 16)
FAIL: g++.target/i386/mv28.C -std=c++14 (test for errors, line 17)
FAIL: g++.target/i386/mv28.C -std=c++14 (test for errors, line 18)
FAIL: g++.target/i386/mv28.C -std=c++14 (test for errors, line 19)
FAIL: g++.target/i386/mv28.C -std=c++14 (test for errors, line 4)
FAIL: g++.target/i386/mv28.C -std=c++14 (test for errors, line 5)
FAIL: g++.target/i386/mv28.C -std=c++14 (test for errors, line 6)
FAIL: g++.target/i386/mv28.C -std=c++14 (test for errors, line 7)
FAIL: g++.target/i386/mv28.C -std=c++14 (test for errors, line 8)
FAIL: g++.target/i386/mv28.C -std=c++14 (test for errors, line 9)
FAIL: g++.target/i386/mv28.C -std=c++17 (test for errors, line 10)
FAIL: g++.target/i386/mv28.C -std=c++17 (test for errors, line 11)
FAIL: g++.target/i386/mv28.C -std=c++17 (test for errors, line 12)
FAIL: g++.target/i386/mv28.C -std=c++17 (test for errors, line 13)
FAIL: g++.target/i386/mv28.C -std=c++17 (test for errors, line 14)
FAIL: g++.target/i386/mv28.C -std=c++17 (test for errors, line 15)
FAIL: g++.target/i386/mv28.C -std=c++17 (test for errors, line 16)
FAIL: g++.target/i386/mv28.C -std=c++17 (test for errors, line 17)
FAIL: g++.target/i386/mv28.C -std=c++17 (test for errors, line 18)
FAIL: g++.target/i386/mv28.C -std=c++17 (test for errors, line 19)
FAIL: g++.target/i386/mv28.C -std=c++17 (test for errors, line 4)
FAIL: g++.target/i386/mv28.C -std=c++17 (test for errors, line 5)
FAIL: g++.target/i386/mv28.C -std=c++17 (test for errors, line 6)
FAIL: g++.target/i386/mv28.C -std=c++17 (test for errors, line 7)
FAIL: g++.target/i386/mv28.C -std=c++17 (test for errors, line 8)
FAIL: g++.target/i386/mv28.C -std=c++17 (test for errors, line 9)
FAIL: g++.target/i386/mv28.C -std=c++2a (test for errors, line 10)
FAIL: g++.target/i386/mv28.C -std=c++2a (test for errors, line 11)
FAIL: g++.target/i386/mv28.C -std=c++2a (test for errors, line 12)
FAIL: g++.target/i386/mv28.C -std=c++2a (test for errors, line 13)
FAIL: g++.target/i386/mv28.C -std=c++2a (test for errors, line 14)
FAIL: g++.target/i386/mv28.C -std=c++2a (test for errors, line 15)
FAIL: g++.target/i386/mv28.C -std=c++2a (test for errors, line 16)
FAIL: g++.target/i386/mv28.C -std=c++2a (test for errors, line 17)
FAIL: g++.target/i386/mv28.C -std=c++2a (test for errors, line 18)
FAIL: g++.target/i386/mv28.C -std=c++2a (test for errors, line 19)
FAIL: g++.target/i386/mv28.C -std=c++2a (test for errors, line 4)
FAIL: g++.target/i386/mv28.C -std=c++2a (test for errors, line 5)
FAIL: g++.target/i386/mv28.C -std=c++2a (test for errors, line 6)
FAIL: g++.target/i386/mv28.C -std=c++2a (test for errors, line 7)
FAIL: g++.target/i386/mv28.C -std=c++2a (test for errors, line 8)
FAIL: g++.target/i386/mv28.C -std=c++2a (test for errors, line 9)
FAIL: g++.target/i386/mv28.C -std=c++98 (test for errors, line 10)
FAIL: g++.target/i386/mv28.C -std=c++98 (test for errors, line 11)
FAIL: g++.target/i386/mv28.C -std=c++98 (test for errors, line 12)
FAIL: g++.target/i386/mv28.C -std=c++98 (test for errors, line 13)
FAIL: g++.target/i386/mv28.C -std=c++98 (test for errors, line 14)
FAIL: g++.target/i386/mv28.C -std=c++98 (test for errors, line 15)
FAIL: g++.target/i386/mv28.C -std=c++98 (test for errors, line 16)
FAIL: g++.target/i386/mv28.C -std=c++98 (test for errors, line 17)
FAIL: g++.target/i386/mv28.C -std=c++98 (test for errors, line 18)
FAIL: g++.target/i386/mv28.C -std=c++98 (test for errors, line 19)
FAIL: g++.target/i386/mv28.C -std=c++98 (test for errors, line 4)
FAIL: g++.target/i386/mv28.C -std=c++98 (test for errors, line 5)
FAIL: g++.target/i386/mv28.C -std=c++98 (test for errors, line 6)
FAIL: g++.target/i386/mv28.C -std=c++98 (test for errors, line 7)
FAIL: g++.target/i386/mv28.C -std=c++98 (test for errors, line 8)
FAIL: g++.target/i386/mv28.C -std=c++98 (test for errors, line 9)
FAIL: g++.target/i386/pr82625.C -std=gnu++14 scan-tree-dump-times optimized "return 4096;" 1
FAIL: g++.target/i386/pr82625.C -std=gnu++14 scan-tree-dump-times optimized "return 8192;" 1
FAIL: g++.target/i386/pr82625.C -std=gnu++17 scan-tree-dump-times optimized "return 4096;" 1
FAIL: g++.target/i386/pr82625.C -std=gnu++17 scan-tree-dump-times optimized "return 8192;" 1
FAIL: g++.target/i386/pr82625.C -std=gnu++2a scan-tree-dump-times optimized "return 4096;" 1
FAIL: g++.target/i386/pr82625.C -std=gnu++2a scan-tree-dump-times optimized "return 8192;" 1
FAIL: g++.target/i386/pr82625.C -std=gnu++98 scan-tree-dump-times optimized "return 4096;" 1
FAIL: g++.target/i386/pr82625.C -std=gnu++98 scan-tree-dump-times optimized "return 8192;" 1
=== g++ Summary for unix ===
# of expected passes 195057
# of unexpected failures 76
# of expected failures 898
# of unsupported tests 8280
Running target unix/-m32
FAIL: g++.dg/vect/simd-bool-comparison-1.cc -std=c++14 scan-tree-dump-times vect "vectorized 1 loops" 1
FAIL: g++.dg/vect/simd-bool-comparison-1.cc -std=c++17 scan-tree-dump-times vect "vectorized 1 loops" 1
FAIL: g++.dg/vect/simd-bool-comparison-1.cc -std=c++2a scan-tree-dump-times vect "vectorized 1 loops" 1
FAIL: g++.dg/vect/simd-bool-comparison-1.cc -std=c++98 scan-tree-dump-times vect "vectorized 1 loops" 1
FAIL: g++.target/i386/mv28.C -std=c++14 (test for errors, line 10)
FAIL: g++.target/i386/mv28.C -std=c++14 (test for errors, line 11)
FAIL: g++.target/i386/mv28.C -std=c++14 (test for errors, line 12)
FAIL: g++.target/i386/mv28.C -std=c++14 (test for errors, line 13)
FAIL: g++.target/i386/mv28.C -std=c++14 (test for errors, line 14)
FAIL: g++.target/i386/mv28.C -std=c++14 (test for errors, line 15)
FAIL: g++.target/i386/mv28.C -std=c++14 (test for errors, line 16)
FAIL: g++.target/i386/mv28.C -std=c++14 (test for errors, line 17)
FAIL: g++.target/i386/mv28.C -std=c++14 (test for errors, line 18)
FAIL: g++.target/i386/mv28.C -std=c++14 (test for errors, line 19)
FAIL: g++.target/i386/mv28.C -std=c++14 (test for errors, line 4)
FAIL: g++.target/i386/mv28.C -std=c++14 (test for errors, line 5)
FAIL: g++.target/i386/mv28.C -std=c++14 (test for errors, line 6)
FAIL: g++.target/i386/mv28.C -std=c++14 (test for errors, line 7)
FAIL: g++.target/i386/mv28.C -std=c++14 (test for errors, line 8)
FAIL: g++.target/i386/mv28.C -std=c++14 (test for errors, line 9)
FAIL: g++.target/i386/mv28.C -std=c++17 (test for errors, line 10)
FAIL: g++.target/i386/mv28.C -std=c++17 (test for errors, line 11)
FAIL: g++.target/i386/mv28.C -std=c++17 (test for errors, line 12)
FAIL: g++.target/i386/mv28.C -std=c++17 (test for errors, line 13)
FAIL: g++.target/i386/mv28.C -std=c++17 (test for errors, line 14)
FAIL: g++.target/i386/mv28.C -std=c++17 (test for errors, line 15)
FAIL: g++.target/i386/mv28.C -std=c++17 (test for errors, line 16)
FAIL: g++.target/i386/mv28.C -std=c++17 (test for errors, line 17)
FAIL: g++.target/i386/mv28.C -std=c++17 (test for errors, line 18)
FAIL: g++.target/i386/mv28.C -std=c++17 (test for errors, line 19)
FAIL: g++.target/i386/mv28.C -std=c++17 (test for errors, line 4)
FAIL: g++.target/i386/mv28.C -std=c++17 (test for errors, line 5)
FAIL: g++.target/i386/mv28.C -std=c++17 (test for errors, line 6)
FAIL: g++.target/i386/mv28.C -std=c++17 (test for errors, line 7)
FAIL: g++.target/i386/mv28.C -std=c++17 (test for errors, line 8)
FAIL: g++.target/i386/mv28.C -std=c++17 (test for errors, line 9)
FAIL: g++.target/i386/mv28.C -std=c++2a (test for errors, line 10)
FAIL: g++.target/i386/mv28.C -std=c++2a (test for errors, line 11)
FAIL: g++.target/i386/mv28.C -std=c++2a (test for errors, line 12)
FAIL: g++.target/i386/mv28.C -std=c++2a (test for errors, line 13)
FAIL: g++.target/i386/mv28.C -std=c++2a (test for errors, line 14)
FAIL: g++.target/i386/mv28.C -std=c++2a (test for errors, line 15)
FAIL: g++.target/i386/mv28.C -std=c++2a (test for errors, line 16)
FAIL: g++.target/i386/mv28.C -std=c++2a (test for errors, line 17)
FAIL: g++.target/i386/mv28.C -std=c++2a (test for errors, line 18)
FAIL: g++.target/i386/mv28.C -std=c++2a (test for errors, line 19)
FAIL: g++.target/i386/mv28.C -std=c++2a (test for errors, line 4)
FAIL: g++.target/i386/mv28.C -std=c++2a (test for errors, line 5)
FAIL: g++.target/i386/mv28.C -std=c++2a (test for errors, line 6)
FAIL: g++.target/i386/mv28.C -std=c++2a (test for errors, line 7)
FAIL: g++.target/i386/mv28.C -std=c++2a (test for errors, line 8)
FAIL: g++.target/i386/mv28.C -std=c++2a (test for errors, line 9)
FAIL: g++.target/i386/mv28.C -std=c++98 (test for errors, line 10)
FAIL: g++.target/i386/mv28.C -std=c++98 (test for errors, line 11)
FAIL: g++.target/i386/mv28.C -std=c++98 (test for errors, line 12)
FAIL: g++.target/i386/mv28.C -std=c++98 (test for errors, line 13)
FAIL: g++.target/i386/mv28.C -std=c++98 (test for errors, line 14)
FAIL: g++.target/i386/mv28.C -std=c++98 (test for errors, line 15)
FAIL: g++.target/i386/mv28.C -std=c++98 (test for errors, line 16)
FAIL: g++.target/i386/mv28.C -std=c++98 (test for errors, line 17)
FAIL: g++.target/i386/mv28.C -std=c++98 (test for errors, line 18)
FAIL: g++.target/i386/mv28.C -std=c++98 (test for errors, line 19)
FAIL: g++.target/i386/mv28.C -std=c++98 (test for errors, line 4)
FAIL: g++.target/i386/mv28.C -std=c++98 (test for errors, line 5)
FAIL: g++.target/i386/mv28.C -std=c++98 (test for errors, line 6)
FAIL: g++.target/i386/mv28.C -std=c++98 (test for errors, line 7)
FAIL: g++.target/i386/mv28.C -std=c++98 (test for errors, line 8)
FAIL: g++.target/i386/mv28.C -std=c++98 (test for errors, line 9)
FAIL: g++.target/i386/pr82625.C -std=gnu++14 scan-tree-dump-times optimized "return 4096;" 1
FAIL: g++.target/i386/pr82625.C -std=gnu++14 scan-tree-dump-times optimized "return 8192;" 1
FAIL: g++.target/i386/pr82625.C -std=gnu++17 scan-tree-dump-times optimized "return 4096;" 1
FAIL: g++.target/i386/pr82625.C -std=gnu++17 scan-tree-dump-times optimized "return 8192;" 1
FAIL: g++.target/i386/pr82625.C -std=gnu++2a scan-tree-dump-times optimized "return 4096;" 1
FAIL: g++.target/i386/pr82625.C -std=gnu++2a scan-tree-dump-times optimized "return 8192;" 1
FAIL: g++.target/i386/pr82625.C -std=gnu++98 scan-tree-dump-times optimized "return 4096;" 1
FAIL: g++.target/i386/pr82625.C -std=gnu++98 scan-tree-dump-times optimized "return 8192;" 1
=== g++ Summary for unix/-m32 ===
# of expected passes 192594
# of unexpected failures 76
# of expected failures 894
# of unsupported tests 8109
Running target unix/-mx32
FAIL: g++.dg/vect/simd-bool-comparison-1.cc -std=c++14 scan-tree-dump-times vect "vectorized 1 loops" 1
FAIL: g++.dg/vect/simd-bool-comparison-1.cc -std=c++17 scan-tree-dump-times vect "vectorized 1 loops" 1
FAIL: g++.dg/vect/simd-bool-comparison-1.cc -std=c++2a scan-tree-dump-times vect "vectorized 1 loops" 1
FAIL: g++.dg/vect/simd-bool-comparison-1.cc -std=c++98 scan-tree-dump-times vect "vectorized 1 loops" 1
FAIL: g++.target/i386/mv28.C -std=c++14 (test for errors, line 10)
FAIL: g++.target/i386/mv28.C -std=c++14 (test for errors, line 11)
FAIL: g++.target/i386/mv28.C -std=c++14 (test for errors, line 12)
FAIL: g++.target/i386/mv28.C -std=c++14 (test for errors, line 13)
FAIL: g++.target/i386/mv28.C -std=c++14 (test for errors, line 14)
FAIL: g++.target/i386/mv28.C -std=c++14 (test for errors, line 15)
FAIL: g++.target/i386/mv28.C -std=c++14 (test for errors, line 16)
FAIL: g++.target/i386/mv28.C -std=c++14 (test for errors, line 17)
FAIL: g++.target/i386/mv28.C -std=c++14 (test for errors, line 18)
FAIL: g++.target/i386/mv28.C -std=c++14 (test for errors, line 19)
FAIL: g++.target/i386/mv28.C -std=c++14 (test for errors, line 4)
FAIL: g++.target/i386/mv28.C -std=c++14 (test for errors, line 5)
FAIL: g++.target/i386/mv28.C -std=c++14 (test for errors, line 6)
FAIL: g++.target/i386/mv28.C -std=c++14 (test for errors, line 7)
FAIL: g++.target/i386/mv28.C -std=c++14 (test for errors, line 8)
FAIL: g++.target/i386/mv28.C -std=c++14 (test for errors, line 9)
FAIL: g++.target/i386/mv28.C -std=c++17 (test for errors, line 10)
FAIL: g++.target/i386/mv28.C -std=c++17 (test for errors, line 11)
FAIL: g++.target/i386/mv28.C -std=c++17 (test for errors, line 12)
FAIL: g++.target/i386/mv28.C -std=c++17 (test for errors, line 13)
FAIL: g++.target/i386/mv28.C -std=c++17 (test for errors, line 14)
FAIL: g++.target/i386/mv28.C -std=c++17 (test for errors, line 15)
FAIL: g++.target/i386/mv28.C -std=c++17 (test for errors, line 16)
FAIL: g++.target/i386/mv28.C -std=c++17 (test for errors, line 17)
FAIL: g++.target/i386/mv28.C -std=c++17 (test for errors, line 18)
FAIL: g++.target/i386/mv28.C -std=c++17 (test for errors, line 19)
FAIL: g++.target/i386/mv28.C -std=c++17 (test for errors, line 4)
FAIL: g++.target/i386/mv28.C -std=c++17 (test for errors, line 5)
FAIL: g++.target/i386/mv28.C -std=c++17 (test for errors, line 6)
FAIL: g++.target/i386/mv28.C -std=c++17 (test for errors, line 7)
FAIL: g++.target/i386/mv28.C -std=c++17 (test for errors, line 8)
FAIL: g++.target/i386/mv28.C -std=c++17 (test for errors, line 9)
FAIL: g++.target/i386/mv28.C -std=c++2a (test for errors, line 10)
FAIL: g++.target/i386/mv28.C -std=c++2a (test for errors, line 11)
FAIL: g++.target/i386/mv28.C -std=c++2a (test for errors, line 12)
FAIL: g++.target/i386/mv28.C -std=c++2a (test for errors, line 13)
FAIL: g++.target/i386/mv28.C -std=c++2a (test for errors, line 14)
FAIL: g++.target/i386/mv28.C -std=c++2a (test for errors, line 15)
FAIL: g++.target/i386/mv28.C -std=c++2a (test for errors, line 16)
FAIL: g++.target/i386/mv28.C -std=c++2a (test for errors, line 17)
FAIL: g++.target/i386/mv28.C -std=c++2a (test for errors, line 18)
FAIL: g++.target/i386/mv28.C -std=c++2a (test for errors, line 19)
FAIL: g++.target/i386/mv28.C -std=c++2a (test for errors, line 4)
FAIL: g++.target/i386/mv28.C -std=c++2a (test for errors, line 5)
FAIL: g++.target/i386/mv28.C -std=c++2a (test for errors, line 6)
FAIL: g++.target/i386/mv28.C -std=c++2a (test for errors, line 7)
FAIL: g++.target/i386/mv28.C -std=c++2a (test for errors, line 8)
FAIL: g++.target/i386/mv28.C -std=c++2a (test for errors, line 9)
FAIL: g++.target/i386/mv28.C -std=c++98 (test for errors, line 10)
FAIL: g++.target/i386/mv28.C -std=c++98 (test for errors, line 11)
FAIL: g++.target/i386/mv28.C -std=c++98 (test for errors, line 12)
FAIL: g++.target/i386/mv28.C -std=c++98 (test for errors, line 13)
FAIL: g++.target/i386/mv28.C -std=c++98 (test for errors, line 14)
FAIL: g++.target/i386/mv28.C -std=c++98 (test for errors, line 15)
FAIL: g++.target/i386/mv28.C -std=c++98 (test for errors, line 16)
FAIL: g++.target/i386/mv28.C -std=c++98 (test for errors, line 17)
FAIL: g++.target/i386/mv28.C -std=c++98 (test for errors, line 18)
FAIL: g++.target/i386/mv28.C -std=c++98 (test for errors, line 19)
FAIL: g++.target/i386/mv28.C -std=c++98 (test for errors, line 4)
FAIL: g++.target/i386/mv28.C -std=c++98 (test for errors, line 5)
FAIL: g++.target/i386/mv28.C -std=c++98 (test for errors, line 6)
FAIL: g++.target/i386/mv28.C -std=c++98 (test for errors, line 7)
FAIL: g++.target/i386/mv28.C -std=c++98 (test for errors, line 8)
FAIL: g++.target/i386/mv28.C -std=c++98 (test for errors, line 9)
FAIL: g++.target/i386/pr82625.C -std=gnu++14 scan-tree-dump-times optimized "return 4096;" 1
FAIL: g++.target/i386/pr82625.C -std=gnu++14 scan-tree-dump-times optimized "return 8192;" 1
FAIL: g++.target/i386/pr82625.C -std=gnu++17 scan-tree-dump-times optimized "return 4096;" 1
FAIL: g++.target/i386/pr82625.C -std=gnu++17 scan-tree-dump-times optimized "return 8192;" 1
FAIL: g++.target/i386/pr82625.C -std=gnu++2a scan-tree-dump-times optimized "return 4096;" 1
FAIL: g++.target/i386/pr82625.C -std=gnu++2a scan-tree-dump-times optimized "return 8192;" 1
FAIL: g++.target/i386/pr82625.C -std=gnu++98 scan-tree-dump-times optimized "return 4096;" 1
FAIL: g++.target/i386/pr82625.C -std=gnu++98 scan-tree-dump-times optimized "return 8192;" 1
=== g++ Summary for unix/-mx32 ===
# of expected passes 195021
# of unexpected failures 76
# of expected failures 894
# of unsupported tests 8231
=== g++ Summary ===
# of expected passes 582672
# of unexpected failures 228
# of expected failures 2686
# of unsupported tests 24620
/export/gnu/import/git/gcc-test-release-2-intel64-native/bld/gcc/xg++ version 10.3.1 20210809 [native/releases/gcc-10 revision fc290af4093:97b499b6620:0898b343cbf2cfc27dc9a894a08d4289fc6b8e50] (GCC)
=== objc tests ===
Running target unix
=== objc Summary for unix ===
# of expected passes 2786
# of expected failures 6
# of unsupported tests 68
Running target unix/-m32
=== objc Summary for unix/-m32 ===
# of expected passes 2786
# of expected failures 6
# of unsupported tests 68
Running target unix/-mx32
=== objc Summary for unix/-mx32 ===
# of expected passes 2786
# of expected failures 6
# of unsupported tests 68
=== objc Summary ===
# of expected passes 8358
# of expected failures 18
# of unsupported tests 204
/export/gnu/import/git/gcc-test-release-2-intel64-native/bld/gcc/xgcc version 10.3.1 20210809 [native/releases/gcc-10 revision fc290af4093:97b499b6620:0898b343cbf2cfc27dc9a894a08d4289fc6b8e50] (GCC)
=== libatomic tests ===
Running target unix/-m32
=== libatomic Summary for unix/-m32 ===
# of expected passes 44
# of unsupported tests 5
Running target unix/-mx32
=== libatomic Summary for unix/-mx32 ===
# of expected passes 54
Running target unix
=== libatomic Summary for unix ===
# of expected passes 54
=== libatomic Summary ===
# of expected passes 152
# of unsupported tests 5
=== libgomp tests ===
Running target unix/-m32
=== libgomp Summary for unix/-m32 ===
# of expected passes 7848
# of expected failures 4
# of unsupported tests 525
Running target unix/-mx32
=== libgomp Summary for unix/-mx32 ===
# of expected passes 7848
# of expected failures 4
# of unsupported tests 525
Running target unix
=== libgomp Summary for unix ===
# of expected passes 7848
# of expected failures 4
# of unsupported tests 525
=== libgomp Summary ===
# of expected passes 23544
# of expected failures 12
# of unsupported tests 1575
=== libitm tests ===
Running target unix/-m32
=== libitm Summary for unix/-m32 ===
# of expected passes 44
# of expected failures 3
# of unsupported tests 1
Running target unix/-mx32
=== libitm Summary for unix/-mx32 ===
# of expected passes 44
# of expected failures 3
# of unsupported tests 1
Running target unix
=== libitm Summary for unix ===
# of expected passes 44
# of expected failures 3
# of unsupported tests 1
=== libitm Summary ===
# of expected passes 132
# of expected failures 9
# of unsupported tests 3
=== libstdc++ tests ===
Running target unix
FAIL: 22_locale/numpunct/members/char/3.cc execution test
FAIL: 22_locale/time_get/get_time/char/2.cc execution test
FAIL: 22_locale/time_get/get_time/char/wrapped_env.cc execution test
FAIL: 22_locale/time_get/get_time/char/wrapped_locale.cc execution test
FAIL: 22_locale/time_get/get_time/wchar_t/2.cc execution test
FAIL: 22_locale/time_get/get_time/wchar_t/wrapped_env.cc execution test
FAIL: 22_locale/time_get/get_time/wchar_t/wrapped_locale.cc execution test
=== libstdc++ Summary for unix ===
# of expected passes 14335
# of unexpected failures 7
# of expected failures 95
# of unsupported tests 350
Running target unix/-m32
FAIL: 22_locale/numpunct/members/char/3.cc execution test
FAIL: 22_locale/time_get/get_time/char/2.cc execution test
FAIL: 22_locale/time_get/get_time/char/wrapped_env.cc execution test
FAIL: 22_locale/time_get/get_time/char/wrapped_locale.cc execution test
FAIL: 22_locale/time_get/get_time/wchar_t/2.cc execution test
FAIL: 22_locale/time_get/get_time/wchar_t/wrapped_env.cc execution test
FAIL: 22_locale/time_get/get_time/wchar_t/wrapped_locale.cc execution test
=== libstdc++ Summary for unix/-m32 ===
# of expected passes 14343
# of unexpected failures 7
# of expected failures 95
# of unsupported tests 346
Running target unix/-mx32
FAIL: 22_locale/numpunct/members/char/3.cc execution test
FAIL: 22_locale/time_get/get_time/char/2.cc execution test
FAIL: 22_locale/time_get/get_time/char/wrapped_env.cc execution test
FAIL: 22_locale/time_get/get_time/char/wrapped_locale.cc execution test
FAIL: 22_locale/time_get/get_time/wchar_t/2.cc execution test
FAIL: 22_locale/time_get/get_time/wchar_t/wrapped_env.cc execution test
FAIL: 22_locale/time_get/get_time/wchar_t/wrapped_locale.cc execution test
FAIL: 30_threads/future/members/poll.cc execution test
=== libstdc++ Summary for unix/-mx32 ===
# of expected passes 14330
# of unexpected failures 8
# of expected failures 95
# of unsupported tests 354
=== libstdc++ Summary ===
# of expected passes 43008
# of unexpected failures 22
# of expected failures 285
# of unsupported tests 1050
Compiler version: 10.3.1 20210809 [native/releases/gcc-10 revision fc290af4093:97b499b6620:0898b343cbf2cfc27dc9a894a08d4289fc6b8e50] (GCC)
Platform: x86_64-pc-linux-gnu
configure flags: --with-arch=native --with-cpu=native --prefix=/usr/10.3.1 --enable-clocale=gnu --with-system-zlib --enable-shared --enable-cet --with-demangler-in-ld --enable-libmpx --with-multilib-list=m32,m64,mx32 --with-fpmath=sse
More information about the Gcc-testresults
mailing list