Results for 12.0.0 20210806 (experimental) [master revision fd351c76c23187fdc74d9af6874a54e2e84c4d25] (GCC) testsuite on sparc-sun-solaris2.11
Rainer Orth
ro@CeBiTec.Uni-Bielefeld.DE
Fri Aug 6 12:11:41 GMT 2021
LAST_UPDATED: Fri Aug 6 08:57:27 UTC 2021 (revision fd351c76c23187fdc74d9af6874a54e2e84c4d25)
=== acats tests ===
=== acats Summary ===
# of expected passes 2328
# of unexpected failures 0
Native configuration is sparc-sun-solaris2.11
=== g++ tests ===
Running target unix
FAIL: g++.dg/asan/default-options-1.C -O0 execution test
FAIL: g++.dg/asan/default-options-1.C -O1 execution test
FAIL: g++.dg/asan/default-options-1.C -O2 execution test
FAIL: g++.dg/asan/default-options-1.C -O2 -flto execution test
FAIL: g++.dg/asan/default-options-1.C -O2 -flto -flto-partition=none execution test
FAIL: g++.dg/asan/default-options-1.C -O3 -g execution test
FAIL: g++.dg/asan/default-options-1.C -Os execution test
FAIL: g++.dg/warn/Wstringop-overflow-6.C -std=gnu++2a (test for excess errors)
FAIL: g++.dg/gcov/pr16855-priority.C -std=gnu++14 gcov: 1 failures in line counts, 0 in branch percentages, 0 in return percentages, 0 in intermediate format
FAIL: g++.dg/gcov/pr16855-priority.C -std=gnu++14 line 22: is #####:should be 1
FAIL: g++.dg/gcov/pr16855-priority.C -std=gnu++17 gcov: 1 failures in line counts, 0 in branch percentages, 0 in return percentages, 0 in intermediate format
FAIL: g++.dg/gcov/pr16855-priority.C -std=gnu++17 line 22: is #####:should be 1
FAIL: g++.dg/gcov/pr16855-priority.C -std=gnu++2a gcov: 1 failures in line counts, 0 in branch percentages, 0 in return percentages, 0 in intermediate format
FAIL: g++.dg/gcov/pr16855-priority.C -std=gnu++2a line 22: is #####:should be 1
FAIL: g++.dg/gcov/pr16855-priority.C -std=gnu++98 gcov: 1 failures in line counts, 0 in branch percentages, 0 in return percentages, 0 in intermediate format
FAIL: g++.dg/gcov/pr16855-priority.C -std=gnu++98 line 22: is #####:should be 1
FAIL: g++.dg/gcov/pr16855.C -std=gnu++14 gcov: 1 failures in line counts, 0 in branch percentages, 0 in return percentages, 0 in intermediate format
FAIL: g++.dg/gcov/pr16855.C -std=gnu++14 line 24: is #####:should be 1
FAIL: g++.dg/gcov/pr16855.C -std=gnu++17 gcov: 1 failures in line counts, 0 in branch percentages, 0 in return percentages, 0 in intermediate format
FAIL: g++.dg/gcov/pr16855.C -std=gnu++17 line 24: is #####:should be 1
FAIL: g++.dg/gcov/pr16855.C -std=gnu++2a gcov: 1 failures in line counts, 0 in branch percentages, 0 in return percentages, 0 in intermediate format
FAIL: g++.dg/gcov/pr16855.C -std=gnu++2a line 24: is #####:should be 1
FAIL: g++.dg/gcov/pr16855.C -std=gnu++98 gcov: 1 failures in line counts, 0 in branch percentages, 0 in return percentages, 0 in intermediate format
FAIL: g++.dg/gcov/pr16855.C -std=gnu++98 line 24: is #####:should be 1
FAIL: g++.dg/modules/pr99023_b.X -std=c++2a 1 blank line(s) in output
FAIL: g++.dg/modules/pr99023_b.X -std=c++2a (test for excess errors)
FAIL: g++.dg/modules/stdio-1_a.H -std=c++17 scan-lang-dump module "Depset:0 decl entity:[0-9]* function_decl:'::printf'"
FAIL: g++.dg/modules/stdio-1_a.H -std=c++2a scan-lang-dump module "Depset:0 decl entity:[0-9]* function_decl:'::printf'"
FAIL: g++.dg/modules/stdio-1_a.H -std=c++2b scan-lang-dump module "Depset:0 decl entity:[0-9]* function_decl:'::printf'"
=== g++ Summary for unix ===
# of expected passes 207718
# of unexpected failures 29
# of expected failures 1336
# of unsupported tests 10136
Running target unix/-m64
FAIL: g++.dg/warn/Wstringop-overflow-6.C -std=gnu++2a (test for excess errors)
FAIL: g++.dg/gcov/pr16855-priority.C -std=gnu++14 gcov: 1 failures in line counts, 0 in branch percentages, 0 in return percentages, 0 in intermediate format
FAIL: g++.dg/gcov/pr16855-priority.C -std=gnu++14 line 22: is #####:should be 1
FAIL: g++.dg/gcov/pr16855-priority.C -std=gnu++17 gcov: 1 failures in line counts, 0 in branch percentages, 0 in return percentages, 0 in intermediate format
FAIL: g++.dg/gcov/pr16855-priority.C -std=gnu++17 line 22: is #####:should be 1
FAIL: g++.dg/gcov/pr16855-priority.C -std=gnu++2a gcov: 1 failures in line counts, 0 in branch percentages, 0 in return percentages, 0 in intermediate format
FAIL: g++.dg/gcov/pr16855-priority.C -std=gnu++2a line 22: is #####:should be 1
FAIL: g++.dg/gcov/pr16855-priority.C -std=gnu++98 gcov: 1 failures in line counts, 0 in branch percentages, 0 in return percentages, 0 in intermediate format
FAIL: g++.dg/gcov/pr16855-priority.C -std=gnu++98 line 22: is #####:should be 1
FAIL: g++.dg/gcov/pr16855.C -std=gnu++14 gcov: 1 failures in line counts, 0 in branch percentages, 0 in return percentages, 0 in intermediate format
FAIL: g++.dg/gcov/pr16855.C -std=gnu++14 line 24: is #####:should be 1
FAIL: g++.dg/gcov/pr16855.C -std=gnu++17 gcov: 1 failures in line counts, 0 in branch percentages, 0 in return percentages, 0 in intermediate format
FAIL: g++.dg/gcov/pr16855.C -std=gnu++17 line 24: is #####:should be 1
FAIL: g++.dg/gcov/pr16855.C -std=gnu++2a gcov: 1 failures in line counts, 0 in branch percentages, 0 in return percentages, 0 in intermediate format
FAIL: g++.dg/gcov/pr16855.C -std=gnu++2a line 24: is #####:should be 1
FAIL: g++.dg/gcov/pr16855.C -std=gnu++98 gcov: 1 failures in line counts, 0 in branch percentages, 0 in return percentages, 0 in intermediate format
FAIL: g++.dg/gcov/pr16855.C -std=gnu++98 line 24: is #####:should be 1
FAIL: g++.dg/modules/pr99023_b.X -std=c++2a 1 blank line(s) in output
FAIL: g++.dg/modules/pr99023_b.X -std=c++2a (test for excess errors)
FAIL: g++.dg/modules/pr99023_b.X -std=c++2b 1 blank line(s) in output
FAIL: g++.dg/modules/pr99023_b.X -std=c++2b (test for excess errors)
FAIL: g++.dg/modules/stdio-1_a.H -std=c++17 scan-lang-dump module "Depset:0 decl entity:[0-9]* function_decl:'::printf'"
FAIL: g++.dg/modules/stdio-1_a.H -std=c++2a scan-lang-dump module "Depset:0 decl entity:[0-9]* function_decl:'::printf'"
FAIL: g++.dg/modules/stdio-1_a.H -std=c++2b scan-lang-dump module "Depset:0 decl entity:[0-9]* function_decl:'::printf'"
=== g++ Summary for unix/-m64 ===
# of expected passes 208442
# of unexpected failures 24
# of expected failures 1344
# of unsupported tests 9824
=== g++ Summary ===
# of expected passes 416160
# of unexpected failures 53
# of expected failures 2680
# of unsupported tests 19960
/var/gcc/regression/master/11.4-gcc/build/gcc/xg++ version 12.0.0 20210806 (experimental) [master revision fd351c76c23187fdc74d9af6874a54e2e84c4d25] (GCC)
=== gcc tests ===
Running target unix
FAIL: gcc.dg/analyzer/capacity-1.c (test for excess errors)
FAIL: gcc.dg/analyzer/capacity-3.c (test for excess errors)
XPASS: gcc.dg/debug/dwarf2/inline5.c scan-assembler-not \\\\(DIE \\\\(0x([0-9a-f]*)\\\\) DW_TAG_lexical_block\\\\)[^#/!@;\\\\|]*[#/!@;\\\\|]+ +DW_AT.*DW_TAG_lexical_block\\\\)[^#/!@;\\\\|x]*x\\\\1[^#/!@;\\\\|]*[#/!@;\\\\|] +DW_AT_abstract_origin
XPASS: gcc.dg/Wstringop-overflow-68.c pr101475 (test for warnings, line 63)
XPASS: gcc.dg/Wstringop-overflow-68.c pr101475 (test for warnings, line 64)
XPASS: gcc.dg/Wstringop-overflow-68.c pr101475 (test for warnings, line 65)
FAIL: gcc.dg/gcov-info-to-gcda.c (test for excess errors)
UNRESOLVED: gcc.dg/gcov-info-to-gcda.c compilation failed to produce executable
XPASS: gcc.dg/pr84877.c execution test
FAIL: gcc.dg/ipa/iinline-attr.c scan-ipa-dump inline "hooray[^\\\\n]*inline copy in test"
FAIL: gcc.dg/ipa/ipa-icf-38.c scan-ltrans-tree-dump-not optimized "Function bar"
UNRESOLVED: gcc.dg/ipa/remref-6.c scan-ipa-dump inline "Removed a reference"
UNRESOLVED: gcc.dg/ipa/remref-6.c scan-ipa-dump inline "replaced it with LOAD"
FAIL: gcc-dg-lto-modref-3-01.exe scan-wpa-ipa-dump modref "parm 1 flags: nodirectescape"
FAIL: gcc-dg-lto-modref-4-01.exe scan-wpa-ipa-dump modref "parm 1 flags: nodirectescape"
FAIL: gcc.dg/lto/modref-3 c_lto_modref-3_0.o-c_lto_modref-3_1.o execute -O2 -flto-partition=max -fdump-ipa-modref -fno-ipa-sra -fno-ipa-cp -flto
FAIL: gcc.dg/lto/modref-4 c_lto_modref-4_0.o-c_lto_modref-4_1.o execute -O2 -flto-partition=max -fdump-ipa-modref -fno-ipa-sra -flto
FAIL: gcc.dg/simulate-thread/atomic-other-int.c -O2 -g thread simulation test
FAIL: gcc.dg/simulate-thread/atomic-other-int.c -O3 -g thread simulation test
FAIL: gcc.dg/simulate-thread/speculative-store-4.c -O0 -g thread simulation test
FAIL: gcc.dg/simulate-thread/speculative-store-4.c -O2 -g thread simulation test
FAIL: gcc.dg/simulate-thread/speculative-store-4.c -O3 -g thread simulation test
FAIL: gcc.dg/simulate-thread/speculative-store.c -O0 -g thread simulation test
FAIL: gcc.dg/tree-prof/20050826-2.c scan-tree-dump-not dom2 "Invalid sum"
FAIL: gcc.dg/vect/bb-slp-21.c -flto -ffat-lto-objects scan-tree-dump-times slp2 "optimized: basic block" 1
FAIL: gcc.dg/vect/bb-slp-21.c scan-tree-dump-times slp2 "optimized: basic block" 1
FAIL: gcc.dg/vect/bb-slp-22.c -flto -ffat-lto-objects scan-tree-dump-times slp2 "optimized: basic block" 1
FAIL: gcc.dg/vect/bb-slp-22.c scan-tree-dump-times slp2 "optimized: basic block" 1
XPASS: gcc.dg/vect/bb-slp-32.c -flto -ffat-lto-objects scan-tree-dump slp2 "vectorization is not profitable"
XPASS: gcc.dg/vect/bb-slp-32.c scan-tree-dump slp2 "vectorization is not profitable"
FAIL: gcc.dg/vect/pr97428.c -flto -ffat-lto-objects scan-tree-dump vect "Detected interleaving load of size 8"
FAIL: gcc.dg/vect/pr97428.c -flto -ffat-lto-objects scan-tree-dump vect "Detected interleaving store of size 16"
FAIL: gcc.dg/vect/pr97428.c scan-tree-dump vect "Detected interleaving load of size 8"
FAIL: gcc.dg/vect/pr97428.c scan-tree-dump vect "Detected interleaving store of size 16"
FAIL: gcc.dg/vect/slp-47.c -flto -ffat-lto-objects scan-tree-dump-times vect "vectorizing stmts using SLP" 2
FAIL: gcc.dg/vect/slp-47.c scan-tree-dump-times vect "vectorizing stmts using SLP" 2
FAIL: gcc.dg/vect/slp-48.c -flto -ffat-lto-objects scan-tree-dump-times vect "vectorizing stmts using SLP" 2
FAIL: gcc.dg/vect/slp-48.c scan-tree-dump-times vect "vectorizing stmts using SLP" 2
XPASS: gcc.dg/vect/vect-alias-check-1.c -flto -ffat-lto-objects scan-tree-dump vect "using an address-based overlap test"
XPASS: gcc.dg/vect/vect-alias-check-1.c scan-tree-dump vect "using an address-based overlap test"
FAIL: gcc.dg/vect/vect-cost-model-1.c -flto -ffat-lto-objects scan-tree-dump vect "LOOP VECTORIZED"
FAIL: gcc.dg/vect/vect-cost-model-1.c scan-tree-dump vect "LOOP VECTORIZED"
FAIL: gcc.dg/vect/vect-cost-model-3.c -flto -ffat-lto-objects scan-tree-dump vect "LOOP VECTORIZED"
FAIL: gcc.dg/vect/vect-cost-model-3.c scan-tree-dump vect "LOOP VECTORIZED"
FAIL: gcc.dg/vect/vect-cost-model-5.c -flto -ffat-lto-objects scan-tree-dump vect "LOOP VECTORIZED"
FAIL: gcc.dg/vect/vect-cost-model-5.c scan-tree-dump vect "LOOP VECTORIZED"
=== gcc Summary for unix ===
# of expected passes 134858
# of unexpected failures 34
# of unexpected successes 9
# of expected failures 988
# of unresolved testcases 3
# of unsupported tests 4018
Running target unix/-m64
FAIL: gcc.dg/analyzer/capacity-1.c (test for excess errors)
FAIL: gcc.dg/analyzer/capacity-3.c (test for excess errors)
XPASS: gcc.dg/debug/dwarf2/inline5.c scan-assembler-not \\\\(DIE \\\\(0x([0-9a-f]*)\\\\) DW_TAG_lexical_block\\\\)[^#/!@;\\\\|]*[#/!@;\\\\|]+ +DW_AT.*DW_TAG_lexical_block\\\\)[^#/!@;\\\\|x]*x\\\\1[^#/!@;\\\\|]*[#/!@;\\\\|] +DW_AT_abstract_origin
XPASS: gcc.dg/Wstringop-overflow-68.c pr101475 (test for warnings, line 63)
XPASS: gcc.dg/Wstringop-overflow-68.c pr101475 (test for warnings, line 64)
XPASS: gcc.dg/Wstringop-overflow-68.c pr101475 (test for warnings, line 65)
FAIL: gcc.dg/Wstringop-overflow-70.c (test for warnings, line 22)
FAIL: gcc.dg/Wstringop-overflow-70.c (test for excess errors)
FAIL: gcc.dg/gcov-info-to-gcda.c (test for excess errors)
UNRESOLVED: gcc.dg/gcov-info-to-gcda.c compilation failed to produce executable
XPASS: gcc.dg/pr84877.c execution test
FAIL: gcc.dg/ipa/ipa-icf-38.c scan-ltrans-tree-dump-not optimized "Function bar"
UNRESOLVED: gcc.dg/ipa/remref-6.c scan-ipa-dump inline "Removed a reference"
UNRESOLVED: gcc.dg/ipa/remref-6.c scan-ipa-dump inline "replaced it with LOAD"
FAIL: gcc-dg-lto-modref-3-01.exe scan-wpa-ipa-dump modref "parm 1 flags: nodirectescape"
FAIL: gcc-dg-lto-modref-4-01.exe scan-wpa-ipa-dump modref "parm 1 flags: nodirectescape"
FAIL: gcc.dg/lto/modref-3 c_lto_modref-3_0.o-c_lto_modref-3_1.o execute -O2 -flto-partition=max -fdump-ipa-modref -fno-ipa-sra -fno-ipa-cp -flto
FAIL: gcc.dg/lto/modref-4 c_lto_modref-4_0.o-c_lto_modref-4_1.o execute -O2 -flto-partition=max -fdump-ipa-modref -fno-ipa-sra -flto
FAIL: gcc.dg/tree-prof/20050826-2.c scan-tree-dump-not dom2 "Invalid sum"
FAIL: gcc.dg/vect/bb-slp-21.c -flto -ffat-lto-objects scan-tree-dump-times slp2 "optimized: basic block" 1
FAIL: gcc.dg/vect/bb-slp-21.c scan-tree-dump-times slp2 "optimized: basic block" 1
FAIL: gcc.dg/vect/bb-slp-22.c -flto -ffat-lto-objects scan-tree-dump-times slp2 "optimized: basic block" 1
FAIL: gcc.dg/vect/bb-slp-22.c scan-tree-dump-times slp2 "optimized: basic block" 1
XPASS: gcc.dg/vect/bb-slp-32.c -flto -ffat-lto-objects scan-tree-dump slp2 "vectorization is not profitable"
XPASS: gcc.dg/vect/bb-slp-32.c scan-tree-dump slp2 "vectorization is not profitable"
FAIL: gcc.dg/vect/pr97428.c -flto -ffat-lto-objects scan-tree-dump vect "Detected interleaving load of size 8"
FAIL: gcc.dg/vect/pr97428.c -flto -ffat-lto-objects scan-tree-dump vect "Detected interleaving store of size 16"
FAIL: gcc.dg/vect/pr97428.c scan-tree-dump vect "Detected interleaving load of size 8"
FAIL: gcc.dg/vect/pr97428.c scan-tree-dump vect "Detected interleaving store of size 16"
FAIL: gcc.dg/vect/slp-47.c -flto -ffat-lto-objects scan-tree-dump-times vect "vectorizing stmts using SLP" 2
FAIL: gcc.dg/vect/slp-47.c scan-tree-dump-times vect "vectorizing stmts using SLP" 2
FAIL: gcc.dg/vect/slp-48.c -flto -ffat-lto-objects scan-tree-dump-times vect "vectorizing stmts using SLP" 2
FAIL: gcc.dg/vect/slp-48.c scan-tree-dump-times vect "vectorizing stmts using SLP" 2
XPASS: gcc.dg/vect/vect-alias-check-1.c -flto -ffat-lto-objects scan-tree-dump vect "using an address-based overlap test"
XPASS: gcc.dg/vect/vect-alias-check-1.c scan-tree-dump vect "using an address-based overlap test"
FAIL: gcc.dg/vect/vect-cost-model-1.c -flto -ffat-lto-objects scan-tree-dump vect "LOOP VECTORIZED"
FAIL: gcc.dg/vect/vect-cost-model-1.c scan-tree-dump vect "LOOP VECTORIZED"
FAIL: gcc.dg/vect/vect-cost-model-3.c -flto -ffat-lto-objects scan-tree-dump vect "LOOP VECTORIZED"
FAIL: gcc.dg/vect/vect-cost-model-3.c scan-tree-dump vect "LOOP VECTORIZED"
FAIL: gcc.dg/vect/vect-cost-model-5.c -flto -ffat-lto-objects scan-tree-dump vect "LOOP VECTORIZED"
FAIL: gcc.dg/vect/vect-cost-model-5.c scan-tree-dump vect "LOOP VECTORIZED"
=== gcc Summary for unix/-m64 ===
# of expected passes 134448
# of unexpected failures 29
# of unexpected successes 9
# of expected failures 979
# of unresolved testcases 3
# of unsupported tests 3329
=== gcc Summary ===
# of expected passes 269306
# of unexpected failures 63
# of unexpected successes 18
# of expected failures 1967
# of unresolved testcases 6
# of unsupported tests 7347
/var/gcc/regression/master/11.4-gcc/build/gcc/xgcc version 12.0.0 20210806 (experimental) [master revision fd351c76c23187fdc74d9af6874a54e2e84c4d25] (GCC)
=== gdc tests ===
Running target unix
FAIL: gdc.dg/attr_optimize1.d (test for warnings, line 39)
FAIL: gdc.dg/attr_optimize1.d (test for excess errors)
FAIL: gdc.dg/extern-c++/pr101664.d (test for excess errors)
=== gdc Summary for unix ===
# of expected passes 4013
# of unexpected failures 3
# of unsupported tests 1082
Running target unix/-m64
FAIL: gdc.dg/attr_optimize1.d (test for warnings, line 39)
FAIL: gdc.dg/attr_optimize1.d (test for excess errors)
FAIL: gdc.dg/extern-c++/pr101664.d (test for excess errors)
=== gdc Summary for unix/-m64 ===
# of expected passes 4013
# of unexpected failures 3
# of unsupported tests 1082
=== gdc Summary ===
# of expected passes 8026
# of unexpected failures 6
# of unsupported tests 2164
/var/gcc/regression/master/11.4-gcc/build/gcc/gdc version 12.0.0 20210806 (experimental) [master revision fd351c76c23187fdc74d9af6874a54e2e84c4d25] (GCC)
=== gfortran tests ===
Running target unix
FAIL: gfortran.dg/ISO_Fortran_binding_1.f90 -O0 (test for excess errors)
UNRESOLVED: gfortran.dg/ISO_Fortran_binding_1.f90 -O0 compilation failed to produce executable
FAIL: gfortran.dg/ISO_Fortran_binding_1.f90 -O1 (test for excess errors)
UNRESOLVED: gfortran.dg/ISO_Fortran_binding_1.f90 -O1 compilation failed to produce executable
FAIL: gfortran.dg/ISO_Fortran_binding_1.f90 -O2 (test for excess errors)
UNRESOLVED: gfortran.dg/ISO_Fortran_binding_1.f90 -O2 compilation failed to produce executable
FAIL: gfortran.dg/ISO_Fortran_binding_1.f90 -O3 -fomit-frame-pointer -funroll-loops -fpeel-loops -ftracer -finline-functions (test for excess errors)
UNRESOLVED: gfortran.dg/ISO_Fortran_binding_1.f90 -O3 -fomit-frame-pointer -funroll-loops -fpeel-loops -ftracer -finline-functions compilation failed to produce executable
FAIL: gfortran.dg/ISO_Fortran_binding_1.f90 -O3 -g (test for excess errors)
UNRESOLVED: gfortran.dg/ISO_Fortran_binding_1.f90 -O3 -g compilation failed to produce executable
FAIL: gfortran.dg/ISO_Fortran_binding_1.f90 -Os (test for excess errors)
UNRESOLVED: gfortran.dg/ISO_Fortran_binding_1.f90 -Os compilation failed to produce executable
FAIL: gfortran.dg/ISO_Fortran_binding_10.f90 -O0 (test for excess errors)
UNRESOLVED: gfortran.dg/ISO_Fortran_binding_10.f90 -O0 compilation failed to produce executable
FAIL: gfortran.dg/ISO_Fortran_binding_10.f90 -O1 (test for excess errors)
UNRESOLVED: gfortran.dg/ISO_Fortran_binding_10.f90 -O1 compilation failed to produce executable
FAIL: gfortran.dg/ISO_Fortran_binding_10.f90 -O2 (test for excess errors)
UNRESOLVED: gfortran.dg/ISO_Fortran_binding_10.f90 -O2 compilation failed to produce executable
FAIL: gfortran.dg/ISO_Fortran_binding_10.f90 -O3 -fomit-frame-pointer -funroll-loops -fpeel-loops -ftracer -finline-functions (test for excess errors)
UNRESOLVED: gfortran.dg/ISO_Fortran_binding_10.f90 -O3 -fomit-frame-pointer -funroll-loops -fpeel-loops -ftracer -finline-functions compilation failed to produce executable
FAIL: gfortran.dg/ISO_Fortran_binding_10.f90 -O3 -g (test for excess errors)
UNRESOLVED: gfortran.dg/ISO_Fortran_binding_10.f90 -O3 -g compilation failed to produce executable
FAIL: gfortran.dg/ISO_Fortran_binding_10.f90 -Os (test for excess errors)
UNRESOLVED: gfortran.dg/ISO_Fortran_binding_10.f90 -Os compilation failed to produce executable
FAIL: gfortran.dg/ISO_Fortran_binding_11.f90 -O0 (test for excess errors)
UNRESOLVED: gfortran.dg/ISO_Fortran_binding_11.f90 -O0 compilation failed to produce executable
FAIL: gfortran.dg/ISO_Fortran_binding_11.f90 -O1 (test for excess errors)
UNRESOLVED: gfortran.dg/ISO_Fortran_binding_11.f90 -O1 compilation failed to produce executable
FAIL: gfortran.dg/ISO_Fortran_binding_11.f90 -O2 (test for excess errors)
UNRESOLVED: gfortran.dg/ISO_Fortran_binding_11.f90 -O2 compilation failed to produce executable
FAIL: gfortran.dg/ISO_Fortran_binding_11.f90 -O3 -fomit-frame-pointer -funroll-loops -fpeel-loops -ftracer -finline-functions (test for excess errors)
UNRESOLVED: gfortran.dg/ISO_Fortran_binding_11.f90 -O3 -fomit-frame-pointer -funroll-loops -fpeel-loops -ftracer -finline-functions compilation failed to produce executable
FAIL: gfortran.dg/ISO_Fortran_binding_11.f90 -O3 -g (test for excess errors)
UNRESOLVED: gfortran.dg/ISO_Fortran_binding_11.f90 -O3 -g compilation failed to produce executable
FAIL: gfortran.dg/ISO_Fortran_binding_11.f90 -Os (test for excess errors)
UNRESOLVED: gfortran.dg/ISO_Fortran_binding_11.f90 -Os compilation failed to produce executable
FAIL: gfortran.dg/ISO_Fortran_binding_12.f90 -O0 (test for excess errors)
UNRESOLVED: gfortran.dg/ISO_Fortran_binding_12.f90 -O0 compilation failed to produce executable
FAIL: gfortran.dg/ISO_Fortran_binding_12.f90 -O1 (test for excess errors)
UNRESOLVED: gfortran.dg/ISO_Fortran_binding_12.f90 -O1 compilation failed to produce executable
FAIL: gfortran.dg/ISO_Fortran_binding_12.f90 -O2 (test for excess errors)
UNRESOLVED: gfortran.dg/ISO_Fortran_binding_12.f90 -O2 compilation failed to produce executable
FAIL: gfortran.dg/ISO_Fortran_binding_12.f90 -O3 -fomit-frame-pointer -funroll-loops -fpeel-loops -ftracer -finline-functions (test for excess errors)
UNRESOLVED: gfortran.dg/ISO_Fortran_binding_12.f90 -O3 -fomit-frame-pointer -funroll-loops -fpeel-loops -ftracer -finline-functions compilation failed to produce executable
FAIL: gfortran.dg/ISO_Fortran_binding_12.f90 -O3 -g (test for excess errors)
UNRESOLVED: gfortran.dg/ISO_Fortran_binding_12.f90 -O3 -g compilation failed to produce executable
FAIL: gfortran.dg/ISO_Fortran_binding_12.f90 -Os (test for excess errors)
UNRESOLVED: gfortran.dg/ISO_Fortran_binding_12.f90 -Os compilation failed to produce executable
FAIL: gfortran.dg/ISO_Fortran_binding_15.f90 -O0 (test for excess errors)
UNRESOLVED: gfortran.dg/ISO_Fortran_binding_15.f90 -O0 compilation failed to produce executable
FAIL: gfortran.dg/ISO_Fortran_binding_15.f90 -O1 (test for excess errors)
UNRESOLVED: gfortran.dg/ISO_Fortran_binding_15.f90 -O1 compilation failed to produce executable
FAIL: gfortran.dg/ISO_Fortran_binding_15.f90 -O2 (test for excess errors)
UNRESOLVED: gfortran.dg/ISO_Fortran_binding_15.f90 -O2 compilation failed to produce executable
FAIL: gfortran.dg/ISO_Fortran_binding_15.f90 -O3 -fomit-frame-pointer -funroll-loops -fpeel-loops -ftracer -finline-functions (test for excess errors)
UNRESOLVED: gfortran.dg/ISO_Fortran_binding_15.f90 -O3 -fomit-frame-pointer -funroll-loops -fpeel-loops -ftracer -finline-functions compilation failed to produce executable
FAIL: gfortran.dg/ISO_Fortran_binding_15.f90 -O3 -g (test for excess errors)
UNRESOLVED: gfortran.dg/ISO_Fortran_binding_15.f90 -O3 -g compilation failed to produce executable
FAIL: gfortran.dg/ISO_Fortran_binding_15.f90 -Os (test for excess errors)
UNRESOLVED: gfortran.dg/ISO_Fortran_binding_15.f90 -Os compilation failed to produce executable
FAIL: gfortran.dg/ISO_Fortran_binding_16.f90 -O0 (test for excess errors)
UNRESOLVED: gfortran.dg/ISO_Fortran_binding_16.f90 -O0 compilation failed to produce executable
FAIL: gfortran.dg/ISO_Fortran_binding_16.f90 -O1 (test for excess errors)
UNRESOLVED: gfortran.dg/ISO_Fortran_binding_16.f90 -O1 compilation failed to produce executable
FAIL: gfortran.dg/ISO_Fortran_binding_16.f90 -O2 (test for excess errors)
UNRESOLVED: gfortran.dg/ISO_Fortran_binding_16.f90 -O2 compilation failed to produce executable
FAIL: gfortran.dg/ISO_Fortran_binding_16.f90 -O3 -fomit-frame-pointer -funroll-loops -fpeel-loops -ftracer -finline-functions (test for excess errors)
UNRESOLVED: gfortran.dg/ISO_Fortran_binding_16.f90 -O3 -fomit-frame-pointer -funroll-loops -fpeel-loops -ftracer -finline-functions compilation failed to produce executable
FAIL: gfortran.dg/ISO_Fortran_binding_16.f90 -O3 -g (test for excess errors)
UNRESOLVED: gfortran.dg/ISO_Fortran_binding_16.f90 -O3 -g compilation failed to produce executable
FAIL: gfortran.dg/ISO_Fortran_binding_16.f90 -Os (test for excess errors)
UNRESOLVED: gfortran.dg/ISO_Fortran_binding_16.f90 -Os compilation failed to produce executable
FAIL: gfortran.dg/ISO_Fortran_binding_17.f90 -O0 (test for excess errors)
UNRESOLVED: gfortran.dg/ISO_Fortran_binding_17.f90 -O0 compilation failed to produce executable
FAIL: gfortran.dg/ISO_Fortran_binding_17.f90 -O1 (test for excess errors)
UNRESOLVED: gfortran.dg/ISO_Fortran_binding_17.f90 -O1 compilation failed to produce executable
FAIL: gfortran.dg/ISO_Fortran_binding_17.f90 -O2 (test for excess errors)
UNRESOLVED: gfortran.dg/ISO_Fortran_binding_17.f90 -O2 compilation failed to produce executable
FAIL: gfortran.dg/ISO_Fortran_binding_17.f90 -O3 -fomit-frame-pointer -funroll-loops -fpeel-loops -ftracer -finline-functions (test for excess errors)
UNRESOLVED: gfortran.dg/ISO_Fortran_binding_17.f90 -O3 -fomit-frame-pointer -funroll-loops -fpeel-loops -ftracer -finline-functions compilation failed to produce executable
FAIL: gfortran.dg/ISO_Fortran_binding_17.f90 -O3 -g (test for excess errors)
UNRESOLVED: gfortran.dg/ISO_Fortran_binding_17.f90 -O3 -g compilation failed to produce executable
FAIL: gfortran.dg/ISO_Fortran_binding_17.f90 -Os (test for excess errors)
UNRESOLVED: gfortran.dg/ISO_Fortran_binding_17.f90 -Os compilation failed to produce executable
FAIL: gfortran.dg/ISO_Fortran_binding_18.f90 -O0 (test for excess errors)
UNRESOLVED: gfortran.dg/ISO_Fortran_binding_18.f90 -O0 compilation failed to produce executable
FAIL: gfortran.dg/ISO_Fortran_binding_18.f90 -O1 (test for excess errors)
UNRESOLVED: gfortran.dg/ISO_Fortran_binding_18.f90 -O1 compilation failed to produce executable
FAIL: gfortran.dg/ISO_Fortran_binding_18.f90 -O2 (test for excess errors)
UNRESOLVED: gfortran.dg/ISO_Fortran_binding_18.f90 -O2 compilation failed to produce executable
FAIL: gfortran.dg/ISO_Fortran_binding_18.f90 -O3 -fomit-frame-pointer -funroll-loops -fpeel-loops -ftracer -finline-functions (test for excess errors)
UNRESOLVED: gfortran.dg/ISO_Fortran_binding_18.f90 -O3 -fomit-frame-pointer -funroll-loops -fpeel-loops -ftracer -finline-functions compilation failed to produce executable
FAIL: gfortran.dg/ISO_Fortran_binding_18.f90 -O3 -g (test for excess errors)
UNRESOLVED: gfortran.dg/ISO_Fortran_binding_18.f90 -O3 -g compilation failed to produce executable
FAIL: gfortran.dg/ISO_Fortran_binding_18.f90 -Os (test for excess errors)
UNRESOLVED: gfortran.dg/ISO_Fortran_binding_18.f90 -Os compilation failed to produce executable
FAIL: gfortran.dg/ISO_Fortran_binding_3.f90 -O0 (test for excess errors)
UNRESOLVED: gfortran.dg/ISO_Fortran_binding_3.f90 -O0 compilation failed to produce executable
FAIL: gfortran.dg/ISO_Fortran_binding_3.f90 -O1 (test for excess errors)
UNRESOLVED: gfortran.dg/ISO_Fortran_binding_3.f90 -O1 compilation failed to produce executable
FAIL: gfortran.dg/ISO_Fortran_binding_3.f90 -O2 (test for excess errors)
UNRESOLVED: gfortran.dg/ISO_Fortran_binding_3.f90 -O2 compilation failed to produce executable
FAIL: gfortran.dg/ISO_Fortran_binding_3.f90 -O3 -fomit-frame-pointer -funroll-loops -fpeel-loops -ftracer -finline-functions (test for excess errors)
UNRESOLVED: gfortran.dg/ISO_Fortran_binding_3.f90 -O3 -fomit-frame-pointer -funroll-loops -fpeel-loops -ftracer -finline-functions compilation failed to produce executable
FAIL: gfortran.dg/ISO_Fortran_binding_3.f90 -O3 -g (test for excess errors)
UNRESOLVED: gfortran.dg/ISO_Fortran_binding_3.f90 -O3 -g compilation failed to produce executable
FAIL: gfortran.dg/ISO_Fortran_binding_3.f90 -Os (test for excess errors)
UNRESOLVED: gfortran.dg/ISO_Fortran_binding_3.f90 -Os compilation failed to produce executable
FAIL: gfortran.dg/ISO_Fortran_binding_5.f90 -O0 (test for excess errors)
UNRESOLVED: gfortran.dg/ISO_Fortran_binding_5.f90 -O0 compilation failed to produce executable
FAIL: gfortran.dg/ISO_Fortran_binding_5.f90 -O1 (test for excess errors)
UNRESOLVED: gfortran.dg/ISO_Fortran_binding_5.f90 -O1 compilation failed to produce executable
FAIL: gfortran.dg/ISO_Fortran_binding_5.f90 -O2 (test for excess errors)
UNRESOLVED: gfortran.dg/ISO_Fortran_binding_5.f90 -O2 compilation failed to produce executable
FAIL: gfortran.dg/ISO_Fortran_binding_5.f90 -O3 -fomit-frame-pointer -funroll-loops -fpeel-loops -ftracer -finline-functions (test for excess errors)
UNRESOLVED: gfortran.dg/ISO_Fortran_binding_5.f90 -O3 -fomit-frame-pointer -funroll-loops -fpeel-loops -ftracer -finline-functions compilation failed to produce executable
FAIL: gfortran.dg/ISO_Fortran_binding_5.f90 -O3 -g (test for excess errors)
UNRESOLVED: gfortran.dg/ISO_Fortran_binding_5.f90 -O3 -g compilation failed to produce executable
FAIL: gfortran.dg/ISO_Fortran_binding_5.f90 -Os (test for excess errors)
UNRESOLVED: gfortran.dg/ISO_Fortran_binding_5.f90 -Os compilation failed to produce executable
FAIL: gfortran.dg/ISO_Fortran_binding_6.f90 -O0 (test for excess errors)
UNRESOLVED: gfortran.dg/ISO_Fortran_binding_6.f90 -O0 compilation failed to produce executable
FAIL: gfortran.dg/ISO_Fortran_binding_6.f90 -O1 (test for excess errors)
UNRESOLVED: gfortran.dg/ISO_Fortran_binding_6.f90 -O1 compilation failed to produce executable
FAIL: gfortran.dg/ISO_Fortran_binding_6.f90 -O2 (test for excess errors)
UNRESOLVED: gfortran.dg/ISO_Fortran_binding_6.f90 -O2 compilation failed to produce executable
FAIL: gfortran.dg/ISO_Fortran_binding_6.f90 -O3 -fomit-frame-pointer -funroll-loops -fpeel-loops -ftracer -finline-functions (test for excess errors)
UNRESOLVED: gfortran.dg/ISO_Fortran_binding_6.f90 -O3 -fomit-frame-pointer -funroll-loops -fpeel-loops -ftracer -finline-functions compilation failed to produce executable
FAIL: gfortran.dg/ISO_Fortran_binding_6.f90 -O3 -g (test for excess errors)
UNRESOLVED: gfortran.dg/ISO_Fortran_binding_6.f90 -O3 -g compilation failed to produce executable
FAIL: gfortran.dg/ISO_Fortran_binding_6.f90 -Os (test for excess errors)
UNRESOLVED: gfortran.dg/ISO_Fortran_binding_6.f90 -Os compilation failed to produce executable
FAIL: gfortran.dg/ISO_Fortran_binding_7.f90 -O0 (test for excess errors)
UNRESOLVED: gfortran.dg/ISO_Fortran_binding_7.f90 -O0 compilation failed to produce executable
FAIL: gfortran.dg/ISO_Fortran_binding_7.f90 -O1 (test for excess errors)
UNRESOLVED: gfortran.dg/ISO_Fortran_binding_7.f90 -O1 compilation failed to produce executable
FAIL: gfortran.dg/ISO_Fortran_binding_7.f90 -O2 (test for excess errors)
UNRESOLVED: gfortran.dg/ISO_Fortran_binding_7.f90 -O2 compilation failed to produce executable
FAIL: gfortran.dg/ISO_Fortran_binding_7.f90 -O3 -fomit-frame-pointer -funroll-loops -fpeel-loops -ftracer -finline-functions (test for excess errors)
UNRESOLVED: gfortran.dg/ISO_Fortran_binding_7.f90 -O3 -fomit-frame-pointer -funroll-loops -fpeel-loops -ftracer -finline-functions compilation failed to produce executable
FAIL: gfortran.dg/ISO_Fortran_binding_7.f90 -O3 -g (test for excess errors)
UNRESOLVED: gfortran.dg/ISO_Fortran_binding_7.f90 -O3 -g compilation failed to produce executable
FAIL: gfortran.dg/ISO_Fortran_binding_7.f90 -Os (test for excess errors)
UNRESOLVED: gfortran.dg/ISO_Fortran_binding_7.f90 -Os compilation failed to produce executable
FAIL: gfortran.dg/ISO_Fortran_binding_8.f90 -O0 (test for excess errors)
UNRESOLVED: gfortran.dg/ISO_Fortran_binding_8.f90 -O0 compilation failed to produce executable
FAIL: gfortran.dg/ISO_Fortran_binding_8.f90 -O1 (test for excess errors)
UNRESOLVED: gfortran.dg/ISO_Fortran_binding_8.f90 -O1 compilation failed to produce executable
FAIL: gfortran.dg/ISO_Fortran_binding_8.f90 -O2 (test for excess errors)
UNRESOLVED: gfortran.dg/ISO_Fortran_binding_8.f90 -O2 compilation failed to produce executable
FAIL: gfortran.dg/ISO_Fortran_binding_8.f90 -O3 -fomit-frame-pointer -funroll-loops -fpeel-loops -ftracer -finline-functions (test for excess errors)
UNRESOLVED: gfortran.dg/ISO_Fortran_binding_8.f90 -O3 -fomit-frame-pointer -funroll-loops -fpeel-loops -ftracer -finline-functions compilation failed to produce executable
FAIL: gfortran.dg/ISO_Fortran_binding_8.f90 -O3 -g (test for excess errors)
UNRESOLVED: gfortran.dg/ISO_Fortran_binding_8.f90 -O3 -g compilation failed to produce executable
FAIL: gfortran.dg/ISO_Fortran_binding_8.f90 -Os (test for excess errors)
UNRESOLVED: gfortran.dg/ISO_Fortran_binding_8.f90 -Os compilation failed to produce executable
FAIL: gfortran.dg/ISO_Fortran_binding_9.f90 -O0 (test for excess errors)
UNRESOLVED: gfortran.dg/ISO_Fortran_binding_9.f90 -O0 compilation failed to produce executable
FAIL: gfortran.dg/ISO_Fortran_binding_9.f90 -O1 (test for excess errors)
UNRESOLVED: gfortran.dg/ISO_Fortran_binding_9.f90 -O1 compilation failed to produce executable
FAIL: gfortran.dg/ISO_Fortran_binding_9.f90 -O2 (test for excess errors)
UNRESOLVED: gfortran.dg/ISO_Fortran_binding_9.f90 -O2 compilation failed to produce executable
FAIL: gfortran.dg/ISO_Fortran_binding_9.f90 -O3 -fomit-frame-pointer -funroll-loops -fpeel-loops -ftracer -finline-functions (test for excess errors)
UNRESOLVED: gfortran.dg/ISO_Fortran_binding_9.f90 -O3 -fomit-frame-pointer -funroll-loops -fpeel-loops -ftracer -finline-functions compilation failed to produce executable
FAIL: gfortran.dg/ISO_Fortran_binding_9.f90 -O3 -g (test for excess errors)
UNRESOLVED: gfortran.dg/ISO_Fortran_binding_9.f90 -O3 -g compilation failed to produce executable
FAIL: gfortran.dg/ISO_Fortran_binding_9.f90 -Os (test for excess errors)
UNRESOLVED: gfortran.dg/ISO_Fortran_binding_9.f90 -Os compilation failed to produce executable
FAIL: gfortran.dg/PR94327.f90 -O0 (test for excess errors)
UNRESOLVED: gfortran.dg/PR94327.f90 -O0 compilation failed to produce executable
FAIL: gfortran.dg/PR94327.f90 -O1 (test for excess errors)
UNRESOLVED: gfortran.dg/PR94327.f90 -O1 compilation failed to produce executable
FAIL: gfortran.dg/PR94327.f90 -O2 (test for excess errors)
UNRESOLVED: gfortran.dg/PR94327.f90 -O2 compilation failed to produce executable
FAIL: gfortran.dg/PR94327.f90 -O3 -fomit-frame-pointer -funroll-loops -fpeel-loops -ftracer -finline-functions (test for excess errors)
UNRESOLVED: gfortran.dg/PR94327.f90 -O3 -fomit-frame-pointer -funroll-loops -fpeel-loops -ftracer -finline-functions compilation failed to produce executable
FAIL: gfortran.dg/PR94327.f90 -O3 -g (test for excess errors)
UNRESOLVED: gfortran.dg/PR94327.f90 -O3 -g compilation failed to produce executable
FAIL: gfortran.dg/PR94327.f90 -Os (test for excess errors)
UNRESOLVED: gfortran.dg/PR94327.f90 -Os compilation failed to produce executable
FAIL: gfortran.dg/PR94331.f90 -O0 (test for excess errors)
UNRESOLVED: gfortran.dg/PR94331.f90 -O0 compilation failed to produce executable
FAIL: gfortran.dg/PR94331.f90 -O1 (test for excess errors)
UNRESOLVED: gfortran.dg/PR94331.f90 -O1 compilation failed to produce executable
FAIL: gfortran.dg/PR94331.f90 -O2 (test for excess errors)
UNRESOLVED: gfortran.dg/PR94331.f90 -O2 compilation failed to produce executable
FAIL: gfortran.dg/PR94331.f90 -O3 -fomit-frame-pointer -funroll-loops -fpeel-loops -ftracer -finline-functions (test for excess errors)
UNRESOLVED: gfortran.dg/PR94331.f90 -O3 -fomit-frame-pointer -funroll-loops -fpeel-loops -ftracer -finline-functions compilation failed to produce executable
FAIL: gfortran.dg/PR94331.f90 -O3 -g (test for excess errors)
UNRESOLVED: gfortran.dg/PR94331.f90 -O3 -g compilation failed to produce executable
FAIL: gfortran.dg/PR94331.f90 -Os (test for excess errors)
UNRESOLVED: gfortran.dg/PR94331.f90 -Os compilation failed to produce executable
FAIL: gfortran.dg/bind_c_array_params_3.f90 -O0 (test for excess errors)
UNRESOLVED: gfortran.dg/bind_c_array_params_3.f90 -O0 compilation failed to produce executable
FAIL: gfortran.dg/bind_c_array_params_3.f90 -O1 (test for excess errors)
UNRESOLVED: gfortran.dg/bind_c_array_params_3.f90 -O1 compilation failed to produce executable
FAIL: gfortran.dg/bind_c_array_params_3.f90 -O2 (test for excess errors)
UNRESOLVED: gfortran.dg/bind_c_array_params_3.f90 -O2 compilation failed to produce executable
FAIL: gfortran.dg/bind_c_array_params_3.f90 -O3 -fomit-frame-pointer -funroll-loops -fpeel-loops -ftracer -finline-functions (test for excess errors)
UNRESOLVED: gfortran.dg/bind_c_array_params_3.f90 -O3 -fomit-frame-pointer -funroll-loops -fpeel-loops -ftracer -finline-functions compilation failed to produce executable
FAIL: gfortran.dg/bind_c_array_params_3.f90 -O3 -g (test for excess errors)
UNRESOLVED: gfortran.dg/bind_c_array_params_3.f90 -O3 -g compilation failed to produce executable
FAIL: gfortran.dg/bind_c_array_params_3.f90 -Os (test for excess errors)
UNRESOLVED: gfortran.dg/bind_c_array_params_3.f90 -Os compilation failed to produce executable
FAIL: gfortran.dg/iso_fortran_binding_uint8_array.f90 -O0 (test for excess errors)
UNRESOLVED: gfortran.dg/iso_fortran_binding_uint8_array.f90 -O0 compilation failed to produce executable
FAIL: gfortran.dg/iso_fortran_binding_uint8_array.f90 -O1 (test for excess errors)
UNRESOLVED: gfortran.dg/iso_fortran_binding_uint8_array.f90 -O1 compilation failed to produce executable
FAIL: gfortran.dg/iso_fortran_binding_uint8_array.f90 -O2 (test for excess errors)
UNRESOLVED: gfortran.dg/iso_fortran_binding_uint8_array.f90 -O2 compilation failed to produce executable
FAIL: gfortran.dg/iso_fortran_binding_uint8_array.f90 -O3 -fomit-frame-pointer -funroll-loops -fpeel-loops -ftracer -finline-functions (test for excess errors)
UNRESOLVED: gfortran.dg/iso_fortran_binding_uint8_array.f90 -O3 -fomit-frame-pointer -funroll-loops -fpeel-loops -ftracer -finline-functions compilation failed to produce executable
FAIL: gfortran.dg/iso_fortran_binding_uint8_array.f90 -O3 -g (test for excess errors)
UNRESOLVED: gfortran.dg/iso_fortran_binding_uint8_array.f90 -O3 -g compilation failed to produce executable
FAIL: gfortran.dg/iso_fortran_binding_uint8_array.f90 -Os (test for excess errors)
UNRESOLVED: gfortran.dg/iso_fortran_binding_uint8_array.f90 -Os compilation failed to produce executable
FAIL: gfortran.dg/pr93524.f90 -O0 (test for excess errors)
UNRESOLVED: gfortran.dg/pr93524.f90 -O0 compilation failed to produce executable
FAIL: gfortran.dg/pr93524.f90 -O1 (test for excess errors)
UNRESOLVED: gfortran.dg/pr93524.f90 -O1 compilation failed to produce executable
FAIL: gfortran.dg/pr93524.f90 -O2 (test for excess errors)
UNRESOLVED: gfortran.dg/pr93524.f90 -O2 compilation failed to produce executable
FAIL: gfortran.dg/pr93524.f90 -O3 -fomit-frame-pointer -funroll-loops -fpeel-loops -ftracer -finline-functions (test for excess errors)
UNRESOLVED: gfortran.dg/pr93524.f90 -O3 -fomit-frame-pointer -funroll-loops -fpeel-loops -ftracer -finline-functions compilation failed to produce executable
FAIL: gfortran.dg/pr93524.f90 -O3 -g (test for excess errors)
UNRESOLVED: gfortran.dg/pr93524.f90 -O3 -g compilation failed to produce executable
FAIL: gfortran.dg/pr93524.f90 -Os (test for excess errors)
UNRESOLVED: gfortran.dg/pr93524.f90 -Os compilation failed to produce executable
=== gfortran Summary for unix ===
# of expected passes 57832
# of unexpected failures 114
# of expected failures 255
# of unresolved testcases 114
# of unsupported tests 332
Running target unix/-m64
FAIL: gfortran.dg/ISO_Fortran_binding_1.f90 -O0 (test for excess errors)
UNRESOLVED: gfortran.dg/ISO_Fortran_binding_1.f90 -O0 compilation failed to produce executable
FAIL: gfortran.dg/ISO_Fortran_binding_1.f90 -O1 (test for excess errors)
UNRESOLVED: gfortran.dg/ISO_Fortran_binding_1.f90 -O1 compilation failed to produce executable
FAIL: gfortran.dg/ISO_Fortran_binding_1.f90 -O2 (test for excess errors)
UNRESOLVED: gfortran.dg/ISO_Fortran_binding_1.f90 -O2 compilation failed to produce executable
FAIL: gfortran.dg/ISO_Fortran_binding_1.f90 -O3 -fomit-frame-pointer -funroll-loops -fpeel-loops -ftracer -finline-functions (test for excess errors)
UNRESOLVED: gfortran.dg/ISO_Fortran_binding_1.f90 -O3 -fomit-frame-pointer -funroll-loops -fpeel-loops -ftracer -finline-functions compilation failed to produce executable
FAIL: gfortran.dg/ISO_Fortran_binding_1.f90 -O3 -g (test for excess errors)
UNRESOLVED: gfortran.dg/ISO_Fortran_binding_1.f90 -O3 -g compilation failed to produce executable
FAIL: gfortran.dg/ISO_Fortran_binding_1.f90 -Os (test for excess errors)
UNRESOLVED: gfortran.dg/ISO_Fortran_binding_1.f90 -Os compilation failed to produce executable
FAIL: gfortran.dg/ISO_Fortran_binding_10.f90 -O0 (test for excess errors)
UNRESOLVED: gfortran.dg/ISO_Fortran_binding_10.f90 -O0 compilation failed to produce executable
FAIL: gfortran.dg/ISO_Fortran_binding_10.f90 -O1 (test for excess errors)
UNRESOLVED: gfortran.dg/ISO_Fortran_binding_10.f90 -O1 compilation failed to produce executable
FAIL: gfortran.dg/ISO_Fortran_binding_10.f90 -O2 (test for excess errors)
UNRESOLVED: gfortran.dg/ISO_Fortran_binding_10.f90 -O2 compilation failed to produce executable
FAIL: gfortran.dg/ISO_Fortran_binding_10.f90 -O3 -fomit-frame-pointer -funroll-loops -fpeel-loops -ftracer -finline-functions (test for excess errors)
UNRESOLVED: gfortran.dg/ISO_Fortran_binding_10.f90 -O3 -fomit-frame-pointer -funroll-loops -fpeel-loops -ftracer -finline-functions compilation failed to produce executable
FAIL: gfortran.dg/ISO_Fortran_binding_10.f90 -O3 -g (test for excess errors)
UNRESOLVED: gfortran.dg/ISO_Fortran_binding_10.f90 -O3 -g compilation failed to produce executable
FAIL: gfortran.dg/ISO_Fortran_binding_10.f90 -Os (test for excess errors)
UNRESOLVED: gfortran.dg/ISO_Fortran_binding_10.f90 -Os compilation failed to produce executable
FAIL: gfortran.dg/ISO_Fortran_binding_11.f90 -O0 (test for excess errors)
UNRESOLVED: gfortran.dg/ISO_Fortran_binding_11.f90 -O0 compilation failed to produce executable
FAIL: gfortran.dg/ISO_Fortran_binding_11.f90 -O1 (test for excess errors)
UNRESOLVED: gfortran.dg/ISO_Fortran_binding_11.f90 -O1 compilation failed to produce executable
FAIL: gfortran.dg/ISO_Fortran_binding_11.f90 -O2 (test for excess errors)
UNRESOLVED: gfortran.dg/ISO_Fortran_binding_11.f90 -O2 compilation failed to produce executable
FAIL: gfortran.dg/ISO_Fortran_binding_11.f90 -O3 -fomit-frame-pointer -funroll-loops -fpeel-loops -ftracer -finline-functions (test for excess errors)
UNRESOLVED: gfortran.dg/ISO_Fortran_binding_11.f90 -O3 -fomit-frame-pointer -funroll-loops -fpeel-loops -ftracer -finline-functions compilation failed to produce executable
FAIL: gfortran.dg/ISO_Fortran_binding_11.f90 -O3 -g (test for excess errors)
UNRESOLVED: gfortran.dg/ISO_Fortran_binding_11.f90 -O3 -g compilation failed to produce executable
FAIL: gfortran.dg/ISO_Fortran_binding_11.f90 -Os (test for excess errors)
UNRESOLVED: gfortran.dg/ISO_Fortran_binding_11.f90 -Os compilation failed to produce executable
FAIL: gfortran.dg/ISO_Fortran_binding_12.f90 -O0 (test for excess errors)
UNRESOLVED: gfortran.dg/ISO_Fortran_binding_12.f90 -O0 compilation failed to produce executable
FAIL: gfortran.dg/ISO_Fortran_binding_12.f90 -O1 (test for excess errors)
UNRESOLVED: gfortran.dg/ISO_Fortran_binding_12.f90 -O1 compilation failed to produce executable
FAIL: gfortran.dg/ISO_Fortran_binding_12.f90 -O2 (test for excess errors)
UNRESOLVED: gfortran.dg/ISO_Fortran_binding_12.f90 -O2 compilation failed to produce executable
FAIL: gfortran.dg/ISO_Fortran_binding_12.f90 -O3 -fomit-frame-pointer -funroll-loops -fpeel-loops -ftracer -finline-functions (test for excess errors)
UNRESOLVED: gfortran.dg/ISO_Fortran_binding_12.f90 -O3 -fomit-frame-pointer -funroll-loops -fpeel-loops -ftracer -finline-functions compilation failed to produce executable
FAIL: gfortran.dg/ISO_Fortran_binding_12.f90 -O3 -g (test for excess errors)
UNRESOLVED: gfortran.dg/ISO_Fortran_binding_12.f90 -O3 -g compilation failed to produce executable
FAIL: gfortran.dg/ISO_Fortran_binding_12.f90 -Os (test for excess errors)
UNRESOLVED: gfortran.dg/ISO_Fortran_binding_12.f90 -Os compilation failed to produce executable
FAIL: gfortran.dg/ISO_Fortran_binding_15.f90 -O0 (test for excess errors)
UNRESOLVED: gfortran.dg/ISO_Fortran_binding_15.f90 -O0 compilation failed to produce executable
FAIL: gfortran.dg/ISO_Fortran_binding_15.f90 -O1 (test for excess errors)
UNRESOLVED: gfortran.dg/ISO_Fortran_binding_15.f90 -O1 compilation failed to produce executable
FAIL: gfortran.dg/ISO_Fortran_binding_15.f90 -O2 (test for excess errors)
UNRESOLVED: gfortran.dg/ISO_Fortran_binding_15.f90 -O2 compilation failed to produce executable
FAIL: gfortran.dg/ISO_Fortran_binding_15.f90 -O3 -fomit-frame-pointer -funroll-loops -fpeel-loops -ftracer -finline-functions (test for excess errors)
UNRESOLVED: gfortran.dg/ISO_Fortran_binding_15.f90 -O3 -fomit-frame-pointer -funroll-loops -fpeel-loops -ftracer -finline-functions compilation failed to produce executable
FAIL: gfortran.dg/ISO_Fortran_binding_15.f90 -O3 -g (test for excess errors)
UNRESOLVED: gfortran.dg/ISO_Fortran_binding_15.f90 -O3 -g compilation failed to produce executable
FAIL: gfortran.dg/ISO_Fortran_binding_15.f90 -Os (test for excess errors)
UNRESOLVED: gfortran.dg/ISO_Fortran_binding_15.f90 -Os compilation failed to produce executable
FAIL: gfortran.dg/ISO_Fortran_binding_16.f90 -O0 (test for excess errors)
UNRESOLVED: gfortran.dg/ISO_Fortran_binding_16.f90 -O0 compilation failed to produce executable
FAIL: gfortran.dg/ISO_Fortran_binding_16.f90 -O1 (test for excess errors)
UNRESOLVED: gfortran.dg/ISO_Fortran_binding_16.f90 -O1 compilation failed to produce executable
FAIL: gfortran.dg/ISO_Fortran_binding_16.f90 -O2 (test for excess errors)
UNRESOLVED: gfortran.dg/ISO_Fortran_binding_16.f90 -O2 compilation failed to produce executable
FAIL: gfortran.dg/ISO_Fortran_binding_16.f90 -O3 -fomit-frame-pointer -funroll-loops -fpeel-loops -ftracer -finline-functions (test for excess errors)
UNRESOLVED: gfortran.dg/ISO_Fortran_binding_16.f90 -O3 -fomit-frame-pointer -funroll-loops -fpeel-loops -ftracer -finline-functions compilation failed to produce executable
FAIL: gfortran.dg/ISO_Fortran_binding_16.f90 -O3 -g (test for excess errors)
UNRESOLVED: gfortran.dg/ISO_Fortran_binding_16.f90 -O3 -g compilation failed to produce executable
FAIL: gfortran.dg/ISO_Fortran_binding_16.f90 -Os (test for excess errors)
UNRESOLVED: gfortran.dg/ISO_Fortran_binding_16.f90 -Os compilation failed to produce executable
FAIL: gfortran.dg/ISO_Fortran_binding_17.f90 -O0 (test for excess errors)
UNRESOLVED: gfortran.dg/ISO_Fortran_binding_17.f90 -O0 compilation failed to produce executable
FAIL: gfortran.dg/ISO_Fortran_binding_17.f90 -O1 (test for excess errors)
UNRESOLVED: gfortran.dg/ISO_Fortran_binding_17.f90 -O1 compilation failed to produce executable
FAIL: gfortran.dg/ISO_Fortran_binding_17.f90 -O2 (test for excess errors)
UNRESOLVED: gfortran.dg/ISO_Fortran_binding_17.f90 -O2 compilation failed to produce executable
FAIL: gfortran.dg/ISO_Fortran_binding_17.f90 -O3 -fomit-frame-pointer -funroll-loops -fpeel-loops -ftracer -finline-functions (test for excess errors)
UNRESOLVED: gfortran.dg/ISO_Fortran_binding_17.f90 -O3 -fomit-frame-pointer -funroll-loops -fpeel-loops -ftracer -finline-functions compilation failed to produce executable
FAIL: gfortran.dg/ISO_Fortran_binding_17.f90 -O3 -g (test for excess errors)
UNRESOLVED: gfortran.dg/ISO_Fortran_binding_17.f90 -O3 -g compilation failed to produce executable
FAIL: gfortran.dg/ISO_Fortran_binding_17.f90 -Os (test for excess errors)
UNRESOLVED: gfortran.dg/ISO_Fortran_binding_17.f90 -Os compilation failed to produce executable
FAIL: gfortran.dg/ISO_Fortran_binding_18.f90 -O0 (test for excess errors)
UNRESOLVED: gfortran.dg/ISO_Fortran_binding_18.f90 -O0 compilation failed to produce executable
FAIL: gfortran.dg/ISO_Fortran_binding_18.f90 -O1 (test for excess errors)
UNRESOLVED: gfortran.dg/ISO_Fortran_binding_18.f90 -O1 compilation failed to produce executable
FAIL: gfortran.dg/ISO_Fortran_binding_18.f90 -O2 (test for excess errors)
UNRESOLVED: gfortran.dg/ISO_Fortran_binding_18.f90 -O2 compilation failed to produce executable
FAIL: gfortran.dg/ISO_Fortran_binding_18.f90 -O3 -fomit-frame-pointer -funroll-loops -fpeel-loops -ftracer -finline-functions (test for excess errors)
UNRESOLVED: gfortran.dg/ISO_Fortran_binding_18.f90 -O3 -fomit-frame-pointer -funroll-loops -fpeel-loops -ftracer -finline-functions compilation failed to produce executable
FAIL: gfortran.dg/ISO_Fortran_binding_18.f90 -O3 -g (test for excess errors)
UNRESOLVED: gfortran.dg/ISO_Fortran_binding_18.f90 -O3 -g compilation failed to produce executable
FAIL: gfortran.dg/ISO_Fortran_binding_18.f90 -Os (test for excess errors)
UNRESOLVED: gfortran.dg/ISO_Fortran_binding_18.f90 -Os compilation failed to produce executable
FAIL: gfortran.dg/ISO_Fortran_binding_3.f90 -O0 (test for excess errors)
UNRESOLVED: gfortran.dg/ISO_Fortran_binding_3.f90 -O0 compilation failed to produce executable
FAIL: gfortran.dg/ISO_Fortran_binding_3.f90 -O1 (test for excess errors)
UNRESOLVED: gfortran.dg/ISO_Fortran_binding_3.f90 -O1 compilation failed to produce executable
FAIL: gfortran.dg/ISO_Fortran_binding_3.f90 -O2 (test for excess errors)
UNRESOLVED: gfortran.dg/ISO_Fortran_binding_3.f90 -O2 compilation failed to produce executable
FAIL: gfortran.dg/ISO_Fortran_binding_3.f90 -O3 -fomit-frame-pointer -funroll-loops -fpeel-loops -ftracer -finline-functions (test for excess errors)
UNRESOLVED: gfortran.dg/ISO_Fortran_binding_3.f90 -O3 -fomit-frame-pointer -funroll-loops -fpeel-loops -ftracer -finline-functions compilation failed to produce executable
FAIL: gfortran.dg/ISO_Fortran_binding_3.f90 -O3 -g (test for excess errors)
UNRESOLVED: gfortran.dg/ISO_Fortran_binding_3.f90 -O3 -g compilation failed to produce executable
FAIL: gfortran.dg/ISO_Fortran_binding_3.f90 -Os (test for excess errors)
UNRESOLVED: gfortran.dg/ISO_Fortran_binding_3.f90 -Os compilation failed to produce executable
FAIL: gfortran.dg/ISO_Fortran_binding_5.f90 -O0 (test for excess errors)
UNRESOLVED: gfortran.dg/ISO_Fortran_binding_5.f90 -O0 compilation failed to produce executable
FAIL: gfortran.dg/ISO_Fortran_binding_5.f90 -O1 (test for excess errors)
UNRESOLVED: gfortran.dg/ISO_Fortran_binding_5.f90 -O1 compilation failed to produce executable
FAIL: gfortran.dg/ISO_Fortran_binding_5.f90 -O2 (test for excess errors)
UNRESOLVED: gfortran.dg/ISO_Fortran_binding_5.f90 -O2 compilation failed to produce executable
FAIL: gfortran.dg/ISO_Fortran_binding_5.f90 -O3 -fomit-frame-pointer -funroll-loops -fpeel-loops -ftracer -finline-functions (test for excess errors)
UNRESOLVED: gfortran.dg/ISO_Fortran_binding_5.f90 -O3 -fomit-frame-pointer -funroll-loops -fpeel-loops -ftracer -finline-functions compilation failed to produce executable
FAIL: gfortran.dg/ISO_Fortran_binding_5.f90 -O3 -g (test for excess errors)
UNRESOLVED: gfortran.dg/ISO_Fortran_binding_5.f90 -O3 -g compilation failed to produce executable
FAIL: gfortran.dg/ISO_Fortran_binding_5.f90 -Os (test for excess errors)
UNRESOLVED: gfortran.dg/ISO_Fortran_binding_5.f90 -Os compilation failed to produce executable
FAIL: gfortran.dg/ISO_Fortran_binding_6.f90 -O0 (test for excess errors)
UNRESOLVED: gfortran.dg/ISO_Fortran_binding_6.f90 -O0 compilation failed to produce executable
FAIL: gfortran.dg/ISO_Fortran_binding_6.f90 -O1 (test for excess errors)
UNRESOLVED: gfortran.dg/ISO_Fortran_binding_6.f90 -O1 compilation failed to produce executable
FAIL: gfortran.dg/ISO_Fortran_binding_6.f90 -O2 (test for excess errors)
UNRESOLVED: gfortran.dg/ISO_Fortran_binding_6.f90 -O2 compilation failed to produce executable
FAIL: gfortran.dg/ISO_Fortran_binding_6.f90 -O3 -fomit-frame-pointer -funroll-loops -fpeel-loops -ftracer -finline-functions (test for excess errors)
UNRESOLVED: gfortran.dg/ISO_Fortran_binding_6.f90 -O3 -fomit-frame-pointer -funroll-loops -fpeel-loops -ftracer -finline-functions compilation failed to produce executable
FAIL: gfortran.dg/ISO_Fortran_binding_6.f90 -O3 -g (test for excess errors)
UNRESOLVED: gfortran.dg/ISO_Fortran_binding_6.f90 -O3 -g compilation failed to produce executable
FAIL: gfortran.dg/ISO_Fortran_binding_6.f90 -Os (test for excess errors)
UNRESOLVED: gfortran.dg/ISO_Fortran_binding_6.f90 -Os compilation failed to produce executable
FAIL: gfortran.dg/ISO_Fortran_binding_7.f90 -O0 (test for excess errors)
UNRESOLVED: gfortran.dg/ISO_Fortran_binding_7.f90 -O0 compilation failed to produce executable
FAIL: gfortran.dg/ISO_Fortran_binding_7.f90 -O1 (test for excess errors)
UNRESOLVED: gfortran.dg/ISO_Fortran_binding_7.f90 -O1 compilation failed to produce executable
FAIL: gfortran.dg/ISO_Fortran_binding_7.f90 -O2 (test for excess errors)
UNRESOLVED: gfortran.dg/ISO_Fortran_binding_7.f90 -O2 compilation failed to produce executable
FAIL: gfortran.dg/ISO_Fortran_binding_7.f90 -O3 -fomit-frame-pointer -funroll-loops -fpeel-loops -ftracer -finline-functions (test for excess errors)
UNRESOLVED: gfortran.dg/ISO_Fortran_binding_7.f90 -O3 -fomit-frame-pointer -funroll-loops -fpeel-loops -ftracer -finline-functions compilation failed to produce executable
FAIL: gfortran.dg/ISO_Fortran_binding_7.f90 -O3 -g (test for excess errors)
UNRESOLVED: gfortran.dg/ISO_Fortran_binding_7.f90 -O3 -g compilation failed to produce executable
FAIL: gfortran.dg/ISO_Fortran_binding_7.f90 -Os (test for excess errors)
UNRESOLVED: gfortran.dg/ISO_Fortran_binding_7.f90 -Os compilation failed to produce executable
FAIL: gfortran.dg/ISO_Fortran_binding_8.f90 -O0 (test for excess errors)
UNRESOLVED: gfortran.dg/ISO_Fortran_binding_8.f90 -O0 compilation failed to produce executable
FAIL: gfortran.dg/ISO_Fortran_binding_8.f90 -O1 (test for excess errors)
UNRESOLVED: gfortran.dg/ISO_Fortran_binding_8.f90 -O1 compilation failed to produce executable
FAIL: gfortran.dg/ISO_Fortran_binding_8.f90 -O2 (test for excess errors)
UNRESOLVED: gfortran.dg/ISO_Fortran_binding_8.f90 -O2 compilation failed to produce executable
FAIL: gfortran.dg/ISO_Fortran_binding_8.f90 -O3 -fomit-frame-pointer -funroll-loops -fpeel-loops -ftracer -finline-functions (test for excess errors)
UNRESOLVED: gfortran.dg/ISO_Fortran_binding_8.f90 -O3 -fomit-frame-pointer -funroll-loops -fpeel-loops -ftracer -finline-functions compilation failed to produce executable
FAIL: gfortran.dg/ISO_Fortran_binding_8.f90 -O3 -g (test for excess errors)
UNRESOLVED: gfortran.dg/ISO_Fortran_binding_8.f90 -O3 -g compilation failed to produce executable
FAIL: gfortran.dg/ISO_Fortran_binding_8.f90 -Os (test for excess errors)
UNRESOLVED: gfortran.dg/ISO_Fortran_binding_8.f90 -Os compilation failed to produce executable
FAIL: gfortran.dg/ISO_Fortran_binding_9.f90 -O0 (test for excess errors)
UNRESOLVED: gfortran.dg/ISO_Fortran_binding_9.f90 -O0 compilation failed to produce executable
FAIL: gfortran.dg/ISO_Fortran_binding_9.f90 -O1 (test for excess errors)
UNRESOLVED: gfortran.dg/ISO_Fortran_binding_9.f90 -O1 compilation failed to produce executable
FAIL: gfortran.dg/ISO_Fortran_binding_9.f90 -O2 (test for excess errors)
UNRESOLVED: gfortran.dg/ISO_Fortran_binding_9.f90 -O2 compilation failed to produce executable
FAIL: gfortran.dg/ISO_Fortran_binding_9.f90 -O3 -fomit-frame-pointer -funroll-loops -fpeel-loops -ftracer -finline-functions (test for excess errors)
UNRESOLVED: gfortran.dg/ISO_Fortran_binding_9.f90 -O3 -fomit-frame-pointer -funroll-loops -fpeel-loops -ftracer -finline-functions compilation failed to produce executable
FAIL: gfortran.dg/ISO_Fortran_binding_9.f90 -O3 -g (test for excess errors)
UNRESOLVED: gfortran.dg/ISO_Fortran_binding_9.f90 -O3 -g compilation failed to produce executable
FAIL: gfortran.dg/ISO_Fortran_binding_9.f90 -Os (test for excess errors)
UNRESOLVED: gfortran.dg/ISO_Fortran_binding_9.f90 -Os compilation failed to produce executable
FAIL: gfortran.dg/PR94327.f90 -O0 (test for excess errors)
UNRESOLVED: gfortran.dg/PR94327.f90 -O0 compilation failed to produce executable
FAIL: gfortran.dg/PR94327.f90 -O1 (test for excess errors)
UNRESOLVED: gfortran.dg/PR94327.f90 -O1 compilation failed to produce executable
FAIL: gfortran.dg/PR94327.f90 -O2 (test for excess errors)
UNRESOLVED: gfortran.dg/PR94327.f90 -O2 compilation failed to produce executable
FAIL: gfortran.dg/PR94327.f90 -O3 -fomit-frame-pointer -funroll-loops -fpeel-loops -ftracer -finline-functions (test for excess errors)
UNRESOLVED: gfortran.dg/PR94327.f90 -O3 -fomit-frame-pointer -funroll-loops -fpeel-loops -ftracer -finline-functions compilation failed to produce executable
FAIL: gfortran.dg/PR94327.f90 -O3 -g (test for excess errors)
UNRESOLVED: gfortran.dg/PR94327.f90 -O3 -g compilation failed to produce executable
FAIL: gfortran.dg/PR94327.f90 -Os (test for excess errors)
UNRESOLVED: gfortran.dg/PR94327.f90 -Os compilation failed to produce executable
FAIL: gfortran.dg/PR94331.f90 -O0 (test for excess errors)
UNRESOLVED: gfortran.dg/PR94331.f90 -O0 compilation failed to produce executable
FAIL: gfortran.dg/PR94331.f90 -O1 (test for excess errors)
UNRESOLVED: gfortran.dg/PR94331.f90 -O1 compilation failed to produce executable
FAIL: gfortran.dg/PR94331.f90 -O2 (test for excess errors)
UNRESOLVED: gfortran.dg/PR94331.f90 -O2 compilation failed to produce executable
FAIL: gfortran.dg/PR94331.f90 -O3 -fomit-frame-pointer -funroll-loops -fpeel-loops -ftracer -finline-functions (test for excess errors)
UNRESOLVED: gfortran.dg/PR94331.f90 -O3 -fomit-frame-pointer -funroll-loops -fpeel-loops -ftracer -finline-functions compilation failed to produce executable
FAIL: gfortran.dg/PR94331.f90 -O3 -g (test for excess errors)
UNRESOLVED: gfortran.dg/PR94331.f90 -O3 -g compilation failed to produce executable
FAIL: gfortran.dg/PR94331.f90 -Os (test for excess errors)
UNRESOLVED: gfortran.dg/PR94331.f90 -Os compilation failed to produce executable
FAIL: gfortran.dg/bind_c_array_params_3.f90 -O0 (test for excess errors)
UNRESOLVED: gfortran.dg/bind_c_array_params_3.f90 -O0 compilation failed to produce executable
FAIL: gfortran.dg/bind_c_array_params_3.f90 -O1 (test for excess errors)
UNRESOLVED: gfortran.dg/bind_c_array_params_3.f90 -O1 compilation failed to produce executable
FAIL: gfortran.dg/bind_c_array_params_3.f90 -O2 (test for excess errors)
UNRESOLVED: gfortran.dg/bind_c_array_params_3.f90 -O2 compilation failed to produce executable
FAIL: gfortran.dg/bind_c_array_params_3.f90 -O3 -fomit-frame-pointer -funroll-loops -fpeel-loops -ftracer -finline-functions (test for excess errors)
UNRESOLVED: gfortran.dg/bind_c_array_params_3.f90 -O3 -fomit-frame-pointer -funroll-loops -fpeel-loops -ftracer -finline-functions compilation failed to produce executable
FAIL: gfortran.dg/bind_c_array_params_3.f90 -O3 -g (test for excess errors)
UNRESOLVED: gfortran.dg/bind_c_array_params_3.f90 -O3 -g compilation failed to produce executable
FAIL: gfortran.dg/bind_c_array_params_3.f90 -Os (test for excess errors)
UNRESOLVED: gfortran.dg/bind_c_array_params_3.f90 -Os compilation failed to produce executable
FAIL: gfortran.dg/iso_fortran_binding_uint8_array.f90 -O0 (test for excess errors)
UNRESOLVED: gfortran.dg/iso_fortran_binding_uint8_array.f90 -O0 compilation failed to produce executable
FAIL: gfortran.dg/iso_fortran_binding_uint8_array.f90 -O1 (test for excess errors)
UNRESOLVED: gfortran.dg/iso_fortran_binding_uint8_array.f90 -O1 compilation failed to produce executable
FAIL: gfortran.dg/iso_fortran_binding_uint8_array.f90 -O2 (test for excess errors)
UNRESOLVED: gfortran.dg/iso_fortran_binding_uint8_array.f90 -O2 compilation failed to produce executable
FAIL: gfortran.dg/iso_fortran_binding_uint8_array.f90 -O3 -fomit-frame-pointer -funroll-loops -fpeel-loops -ftracer -finline-functions (test for excess errors)
UNRESOLVED: gfortran.dg/iso_fortran_binding_uint8_array.f90 -O3 -fomit-frame-pointer -funroll-loops -fpeel-loops -ftracer -finline-functions compilation failed to produce executable
FAIL: gfortran.dg/iso_fortran_binding_uint8_array.f90 -O3 -g (test for excess errors)
UNRESOLVED: gfortran.dg/iso_fortran_binding_uint8_array.f90 -O3 -g compilation failed to produce executable
FAIL: gfortran.dg/iso_fortran_binding_uint8_array.f90 -Os (test for excess errors)
UNRESOLVED: gfortran.dg/iso_fortran_binding_uint8_array.f90 -Os compilation failed to produce executable
FAIL: gfortran.dg/pr93524.f90 -O0 (test for excess errors)
UNRESOLVED: gfortran.dg/pr93524.f90 -O0 compilation failed to produce executable
FAIL: gfortran.dg/pr93524.f90 -O1 (test for excess errors)
UNRESOLVED: gfortran.dg/pr93524.f90 -O1 compilation failed to produce executable
FAIL: gfortran.dg/pr93524.f90 -O2 (test for excess errors)
UNRESOLVED: gfortran.dg/pr93524.f90 -O2 compilation failed to produce executable
FAIL: gfortran.dg/pr93524.f90 -O3 -fomit-frame-pointer -funroll-loops -fpeel-loops -ftracer -finline-functions (test for excess errors)
UNRESOLVED: gfortran.dg/pr93524.f90 -O3 -fomit-frame-pointer -funroll-loops -fpeel-loops -ftracer -finline-functions compilation failed to produce executable
FAIL: gfortran.dg/pr93524.f90 -O3 -g (test for excess errors)
UNRESOLVED: gfortran.dg/pr93524.f90 -O3 -g compilation failed to produce executable
FAIL: gfortran.dg/pr93524.f90 -Os (test for excess errors)
UNRESOLVED: gfortran.dg/pr93524.f90 -Os compilation failed to produce executable
=== gfortran Summary for unix/-m64 ===
# of expected passes 58099
# of unexpected failures 114
# of expected failures 253
# of unresolved testcases 114
# of unsupported tests 199
=== gfortran Summary ===
# of expected passes 115931
# of unexpected failures 228
# of expected failures 508
# of unresolved testcases 228
# of unsupported tests 531
/var/gcc/regression/master/11.4-gcc/build/gcc/gfortran version 12.0.0 20210806 (experimental) [master revision fd351c76c23187fdc74d9af6874a54e2e84c4d25] (GCC)
=== gnat tests ===
Running target unix
=== gnat Summary for unix ===
# of expected passes 3313
# of expected failures 23
# of unsupported tests 35
Running target unix/-m64
=== gnat Summary for unix/-m64 ===
# of expected passes 3314
# of expected failures 23
# of unsupported tests 33
=== gnat Summary ===
# of expected passes 6627
# of expected failures 46
# of unsupported tests 68
/var/gcc/regression/master/11.4-gcc/build/gcc/gnatmake version 12.0.0 20210806 (experimental) [master revision fd351c76c23187fdc74d9af6874a54e2e84c4d25]
=== go tests ===
Running target unix
FAIL: ./index0-out.go execution, -O0 -g -fno-var-tracking-assignments
WARNING: go.test/test/cmplxdivide.go program timed out.
FAIL: go.test/test/cmplxdivide.go
FAIL: go.test/test/fixedbugs/issue10441.go -O (test for excess errors)
FAIL: go.test/test/fixedbugs/issue22881.go execution, -O2 -g
FAIL: go.test/test/fixedbugs/issue27836.dir/Ãfoo.go -O -I. (test for excess errors)
FAIL: go.test/test/fixedbugs/issue27836.dir/Ãmain.go -O -I. (test for excess errors)
FAIL: go.test/test/fixedbugs/issue32288.go execution, -O2 -g
FAIL: go.test/test/fixedbugs/issue34123.go execution, -O2 -g
FAIL: go.test/test/fixedbugs/issue4562.go execution, -O2 -g
FAIL: go.test/test/nil.go execution, -O2 -g
=== go Summary for unix ===
# of expected passes 8990
# of unexpected failures 10
# of untested testcases 11
# of unsupported tests 34
Running target unix/-m64
FAIL: ./index0-out.go execution, -O0 -g -fno-var-tracking-assignments
WARNING: go.test/test/cmplxdivide.go program timed out.
FAIL: go.test/test/cmplxdivide.go
FAIL: go.test/test/fixedbugs/issue10441.go -O (test for excess errors)
FAIL: go.test/test/fixedbugs/issue13160.go execution, -O2 -g
FAIL: go.test/test/fixedbugs/issue27836.dir/Ãfoo.go -O -I. (test for excess errors)
FAIL: go.test/test/fixedbugs/issue27836.dir/Ãmain.go -O -I. (test for excess errors)
=== go Summary for unix/-m64 ===
# of expected passes 8876
# of unexpected failures 6
# of untested testcases 11
# of unsupported tests 32
=== go Summary ===
# of expected passes 17866
# of unexpected failures 16
# of untested testcases 22
# of unsupported tests 66
=== obj-c++ tests ===
Running target unix
=== obj-c++ Summary for unix ===
# of expected passes 1490
# of expected failures 2
# of unsupported tests 77
Running target unix/-m64
=== obj-c++ Summary for unix/-m64 ===
# of expected passes 1482
# of expected failures 10
# of unsupported tests 77
=== obj-c++ Summary ===
# of expected passes 2972
# of expected failures 12
# of unsupported tests 154
/var/gcc/regression/master/11.4-gcc/build/gcc/xg++ version 12.0.0 20210806 (experimental) [master revision fd351c76c23187fdc74d9af6874a54e2e84c4d25] (GCC)
=== objc tests ===
Running target unix
=== objc Summary for unix ===
# of expected passes 2826
# of unsupported tests 68
Running target unix/-m64
=== objc Summary for unix/-m64 ===
# of expected passes 2826
# of unsupported tests 68
=== objc Summary ===
# of expected passes 5652
# of unsupported tests 136
/var/gcc/regression/master/11.4-gcc/build/gcc/xgcc version 12.0.0 20210806 (experimental) [master revision fd351c76c23187fdc74d9af6874a54e2e84c4d25] (GCC)
=== gotools tests ===
FAIL: go test cmd/go
FAIL: TestAbort
FAIL: TestBreakpoint
FAIL: TestCgoSignalDeadlock
FAIL: TestGccgoCrashTracebackNodebug
FAIL: TestNeedmDeadlock
FAIL: TestPanicInlined
FAIL: TestSegv
FAIL: TestSelectStackAdjust
FAIL: go test runtime
FAIL: go test misc/cgo/test
FAIL: TestCompileWithoutShared
FAIL: TestEarlySignalHandler
FAIL: TestOsSignal
FAIL: TestSigaltstack
FAIL: TestSignalForwarding
FAIL: TestSignalForwardingExternal
FAIL: go test misc/cgo/testcarchive
FAIL: TestVet
FAIL: go test cmd/vet
=== gotools Summary ===
# of expected passes 209
# of unexpected failures 20
# of untested testcases 57
/var/gcc/regression/master/11.4-gcc/build/./gcc/gccgo version 12.0.0 20210806 (experimental) [master revision fd351c76c23187fdc74d9af6874a54e2e84c4d25] (GCC)
=== libatomic tests ===
Running target unix
=== libatomic Summary for unix ===
# of expected passes 44
# of unsupported tests 5
Running target unix/-m64
=== libatomic Summary for unix/-m64 ===
# of expected passes 54
=== libatomic Summary ===
# of expected passes 98
# of unsupported tests 5
=== libffi tests ===
Running target unix
=== libffi Summary for unix ===
# of expected passes 2229
Running target unix/-m64
=== libffi Summary for unix/-m64 ===
# of expected passes 2229
=== libffi Summary ===
# of expected passes 4458
=== libgo tests ===
Running target unix
FAIL: cmd/go/internal/load
FAIL: encoding/json
FAIL: math/big
FAIL: net/http/pprof
FAIL: os/signal
FAIL: runtime
FAIL: runtime/pprof
FAIL: sync/atomic
=== libgo Summary for unix ===
# of expected passes 176
# of unexpected failures 8
Running target unix/-m64
FAIL: cmd/go/internal/load
FAIL: encoding/json
FAIL: math/big
FAIL: runtime
FAIL: sync/atomic
=== libgo Summary for unix/-m64 ===
# of expected passes 179
# of unexpected failures 5
=== libgo Summary ===
# of expected passes 355
# of unexpected failures 13
/var/gcc/regression/master/11.4-gcc/build/./gcc/gccgo version 12.0.0 20210806 (experimental) [master revision fd351c76c23187fdc74d9af6874a54e2e84c4d25] (GCC)
=== libgomp tests ===
Running target unix
WARNING: libgomp.c++/task-reduction-13.C execution test program timed out.
FAIL: libgomp.c++/task-reduction-13.C execution test
FAIL: libgomp.oacc-c++/../libgomp.oacc-c-c++-common/host_data-7.c -DACC_DEVICE_TYPE_host=1 -DACC_MEM_SHARED=1 -foffload=disable -O2 (test for excess errors)
FAIL: libgomp.oacc-c/../libgomp.oacc-c-c++-common/host_data-7.c -DACC_DEVICE_TYPE_host=1 -DACC_MEM_SHARED=1 -foffload=disable -O2 (test for excess errors)
=== libgomp Summary for unix ===
# of expected passes 11443
# of unexpected failures 3
# of expected failures 104
# of unsupported tests 614
Running target unix/-m64
WARNING: libgomp.c++/task-reduction-11.C execution test program timed out.
FAIL: libgomp.c++/task-reduction-11.C execution test
WARNING: libgomp.c++/task-reduction-13.C execution test program timed out.
FAIL: libgomp.c++/task-reduction-13.C execution test
WARNING: libgomp.c++/task-reduction-8.C execution test program timed out.
FAIL: libgomp.c++/task-reduction-8.C execution test
FAIL: libgomp.oacc-c++/../libgomp.oacc-c-c++-common/host_data-7.c -DACC_DEVICE_TYPE_host=1 -DACC_MEM_SHARED=1 -foffload=disable -O2 (test for excess errors)
FAIL: libgomp.oacc-c/../libgomp.oacc-c-c++-common/host_data-7.c -DACC_DEVICE_TYPE_host=1 -DACC_MEM_SHARED=1 -foffload=disable -O2 (test for excess errors)
=== libgomp Summary for unix/-m64 ===
# of expected passes 11441
# of unexpected failures 5
# of expected failures 104
# of unsupported tests 614
=== libgomp Summary ===
# of expected passes 22884
# of unexpected failures 8
# of expected failures 208
# of unsupported tests 1228
=== libitm tests ===
Running target unix
=== libitm Summary for unix ===
# of expected passes 44
# of expected failures 3
# of unsupported tests 1
Running target unix/-m64
=== libitm Summary for unix/-m64 ===
# of expected passes 44
# of expected failures 3
# of unsupported tests 1
=== libitm Summary ===
# of expected passes 88
# of expected failures 6
# of unsupported tests 2
=== libstdc++ tests ===
Running target unix
FAIL: 17_intro/names.cc (test for excess errors)
FAIL: experimental/names.cc (test for excess errors)
=== libstdc++ Summary for unix ===
# of expected passes 14770
# of unexpected failures 2
# of expected failures 96
# of unsupported tests 736
Running target unix/-m64
FAIL: 17_intro/names.cc (test for excess errors)
FAIL: experimental/names.cc (test for excess errors)
=== libstdc++ Summary for unix/-m64 ===
# of expected passes 14766
# of unexpected failures 2
# of expected failures 96
# of unsupported tests 738
=== libstdc++ Summary ===
# of expected passes 29536
# of unexpected failures 4
# of expected failures 192
# of unsupported tests 1474
Compiler version: 12.0.0 20210806 (experimental) [master revision fd351c76c23187fdc74d9af6874a54e2e84c4d25] (GCC)
Platform: sparc-sun-solaris2.11
configure flags: --prefix=/vol/gcc --target=sparc-sun-solaris2.11 --enable-objc-gc --with-target-bdw-gc-include=/vol/gcc/include --with-target-bdw-gc-lib=/vol/gcc/lib,sparcv9=/vol/gcc/lib/sparcv9 --with-as=/usr/ccs/bin/as --without-gnu-as --with-gmp-include=/vol/gcc/include --with-gmp-lib=/vol/gcc/lib --with-mpfr-include=/vol/gcc/include --with-mpfr-lib=/vol/gcc/lib --with-mpc-include=/vol/gcc/include --with-mpc-lib=/vol/gcc/lib --enable-languages=all,ada,obj-c++,go --with-isl-include=/vol/gcc/include --with-isl-lib=/vol/gcc/lib --with-zstd-include=/vol/gcc/include --with-zstd-lib=/vol/gcc/lib --build=sparc-sun-solaris2.11 --host=sparc-sun-solaris2.11
BOOT_CFLAGS=-g -O2
More information about the Gcc-testresults
mailing list