Results for 12.0.0 20210806 (experimental) [master revision 8ebf4fb54ac:fd9f723b32b:a3d3e8c362c2d850543eb2e2631128e1efc368f0] (GCC) testsuite on i686-pc-linux-gnu

H.J. Lu hjl@sc.intel.com
Fri Aug 6 08:56:11 GMT 2021


LAST_UPDATED: Fri Aug  6 04:30:15 UTC 2021 (revision 8ebf4fb54ac:fd9f723b32b:a3d3e8c362c2d850543eb2e2631128e1efc368f0)

Native configuration is i686-pc-linux-gnu

		=== gcc tests ===


Running target unix
FAIL: gcc.dg/guality/drap.c   -Os  -DPREVENT_OPTIMIZATION  line 21 a == 5
FAIL: gcc.dg/guality/drap.c   -Os  -DPREVENT_OPTIMIZATION  line 22 b == 6
XPASS: gcc.dg/guality/example.c   -O0  execution test
XPASS: gcc.dg/guality/example.c   -O1  -DPREVENT_OPTIMIZATION  execution test
XPASS: gcc.dg/guality/example.c  -Og -DPREVENT_OPTIMIZATION  execution test
XPASS: gcc.dg/guality/guality.c   -O0  execution test
XPASS: gcc.dg/guality/guality.c   -O1  -DPREVENT_OPTIMIZATION  execution test
XPASS: gcc.dg/guality/guality.c   -O2  -DPREVENT_OPTIMIZATION  execution test
XPASS: gcc.dg/guality/guality.c   -O2 -flto -fno-use-linker-plugin -flto-partition=none  -DPREVENT_OPTIMIZATION execution test
XPASS: gcc.dg/guality/guality.c   -O2 -flto -fuse-linker-plugin -fno-fat-lto-objects  -DPREVENT_OPTIMIZATION execution test
XPASS: gcc.dg/guality/guality.c   -O3 -g  -DPREVENT_OPTIMIZATION  execution test
XPASS: gcc.dg/guality/guality.c  -Og -DPREVENT_OPTIMIZATION  execution test
XPASS: gcc.dg/guality/inline-params.c   -O2  -DPREVENT_OPTIMIZATION  execution test
XPASS: gcc.dg/guality/inline-params.c   -O2 -flto -fno-use-linker-plugin -flto-partition=none  -DPREVENT_OPTIMIZATION execution test
XPASS: gcc.dg/guality/inline-params.c   -O2 -flto -fuse-linker-plugin -fno-fat-lto-objects  -DPREVENT_OPTIMIZATION execution test
XPASS: gcc.dg/guality/inline-params.c   -O3 -g  -DPREVENT_OPTIMIZATION  execution test
XPASS: gcc.dg/guality/inline-params.c   -Os  -DPREVENT_OPTIMIZATION  execution test
FAIL: gcc.dg/guality/loop-1.c   -O3 -fomit-frame-pointer -funroll-loops -fpeel-loops -ftracer -finline-functions  -DPREVENT_OPTIMIZATION  line 20 i == 1
FAIL: gcc.dg/guality/pr36728-4.c   -O2 -flto -fuse-linker-plugin -fno-fat-lto-objects  -DPREVENT_OPTIMIZATION line 14 y == 2
FAIL: gcc.dg/guality/pr36728-4.c   -O2 -flto -fuse-linker-plugin -fno-fat-lto-objects  -DPREVENT_OPTIMIZATION line 16 y == 2
FAIL: gcc.dg/guality/pr36728-4.c   -O3 -g  -DPREVENT_OPTIMIZATION  line 14 y == 2
FAIL: gcc.dg/guality/pr36728-4.c   -O3 -g  -DPREVENT_OPTIMIZATION  line 16 y == 2
XPASS: gcc.dg/guality/pr41353-1.c   -Os  -DPREVENT_OPTIMIZATION  line 28 j == 28 + 37
XPASS: gcc.dg/guality/pr41353-1.c  -Og -DPREVENT_OPTIMIZATION  line 28 j == 28 + 37
FAIL: gcc.dg/guality/pr41447-1.c   -O2  -DPREVENT_OPTIMIZATION  execution test
FAIL: gcc.dg/guality/pr41447-1.c   -O2 -flto -fno-use-linker-plugin -flto-partition=none  -DPREVENT_OPTIMIZATION execution test
FAIL: gcc.dg/guality/pr41447-1.c   -O3 -g  -DPREVENT_OPTIMIZATION  execution test
FAIL: gcc.dg/guality/pr43051-1.c   -Os  -DPREVENT_OPTIMIZATION  line 35 v == 1
FAIL: gcc.dg/guality/pr43051-1.c   -Os  -DPREVENT_OPTIMIZATION  line 36 e == &a[1]
FAIL: gcc.dg/guality/pr43051-1.c   -Os  -DPREVENT_OPTIMIZATION  line 40 v == 1
FAIL: gcc.dg/guality/pr43051-1.c   -Os  -DPREVENT_OPTIMIZATION  line 41 e == &a[1]
FAIL: gcc.dg/guality/pr43177.c   -Os  -DPREVENT_OPTIMIZATION  line 15 x == 7
FAIL: gcc.dg/guality/pr54519-1.c   -O2 -flto -fno-use-linker-plugin -flto-partition=none  -DPREVENT_OPTIMIZATION line 20 y == 25
FAIL: gcc.dg/guality/pr54519-1.c   -O2 -flto -fno-use-linker-plugin -flto-partition=none  -DPREVENT_OPTIMIZATION line 20 z == 6
FAIL: gcc.dg/guality/pr54519-1.c   -O2 -flto -fno-use-linker-plugin -flto-partition=none  -DPREVENT_OPTIMIZATION line 23 y == 117
FAIL: gcc.dg/guality/pr54519-1.c   -O2 -flto -fno-use-linker-plugin -flto-partition=none  -DPREVENT_OPTIMIZATION line 23 z == 8
FAIL: gcc.dg/guality/pr54519-1.c   -O2 -flto -fuse-linker-plugin -fno-fat-lto-objects  -DPREVENT_OPTIMIZATION line 20 y == 25
FAIL: gcc.dg/guality/pr54519-1.c   -O2 -flto -fuse-linker-plugin -fno-fat-lto-objects  -DPREVENT_OPTIMIZATION line 20 z == 6
FAIL: gcc.dg/guality/pr54519-1.c   -O2 -flto -fuse-linker-plugin -fno-fat-lto-objects  -DPREVENT_OPTIMIZATION line 23 y == 117
FAIL: gcc.dg/guality/pr54519-1.c   -O2 -flto -fuse-linker-plugin -fno-fat-lto-objects  -DPREVENT_OPTIMIZATION line 23 z == 8
FAIL: gcc.dg/guality/pr54519-2.c   -O2 -flto -fno-use-linker-plugin -flto-partition=none  -DPREVENT_OPTIMIZATION line 17 y == 25
FAIL: gcc.dg/guality/pr54519-2.c   -O2 -flto -fuse-linker-plugin -fno-fat-lto-objects  -DPREVENT_OPTIMIZATION line 17 y == 25
FAIL: gcc.dg/guality/pr54519-3.c   -O2 -flto -fno-use-linker-plugin -flto-partition=none  -DPREVENT_OPTIMIZATION line 20 y == 25
FAIL: gcc.dg/guality/pr54519-3.c   -O2 -flto -fno-use-linker-plugin -flto-partition=none  -DPREVENT_OPTIMIZATION line 20 z == 6
FAIL: gcc.dg/guality/pr54519-3.c   -O2 -flto -fno-use-linker-plugin -flto-partition=none  -DPREVENT_OPTIMIZATION line 23 y == 117
FAIL: gcc.dg/guality/pr54519-3.c   -O2 -flto -fno-use-linker-plugin -flto-partition=none  -DPREVENT_OPTIMIZATION line 23 z == 8
FAIL: gcc.dg/guality/pr54519-3.c   -O2 -flto -fuse-linker-plugin -fno-fat-lto-objects  -DPREVENT_OPTIMIZATION line 20 y == 25
FAIL: gcc.dg/guality/pr54519-3.c   -O2 -flto -fuse-linker-plugin -fno-fat-lto-objects  -DPREVENT_OPTIMIZATION line 20 z == 6
FAIL: gcc.dg/guality/pr54519-3.c   -O2 -flto -fuse-linker-plugin -fno-fat-lto-objects  -DPREVENT_OPTIMIZATION line 23 y == 117
FAIL: gcc.dg/guality/pr54519-3.c   -O2 -flto -fuse-linker-plugin -fno-fat-lto-objects  -DPREVENT_OPTIMIZATION line 23 z == 8
FAIL: gcc.dg/guality/pr54519-3.c   -Os  -DPREVENT_OPTIMIZATION  line 20 y == 25
FAIL: gcc.dg/guality/pr54519-3.c   -Os  -DPREVENT_OPTIMIZATION  line 20 z == 6
FAIL: gcc.dg/guality/pr54519-3.c   -Os  -DPREVENT_OPTIMIZATION  line 23 y == 117
FAIL: gcc.dg/guality/pr54519-3.c   -Os  -DPREVENT_OPTIMIZATION  line 23 z == 8
FAIL: gcc.dg/guality/pr54519-4.c   -O2 -flto -fno-use-linker-plugin -flto-partition=none  -DPREVENT_OPTIMIZATION line 17 y == 25
FAIL: gcc.dg/guality/pr54519-4.c   -O2 -flto -fuse-linker-plugin -fno-fat-lto-objects  -DPREVENT_OPTIMIZATION line 17 y == 25
FAIL: gcc.dg/guality/pr54519-4.c   -Os  -DPREVENT_OPTIMIZATION  line 17 y == 25
FAIL: gcc.dg/guality/pr54519-5.c   -O2 -flto -fno-use-linker-plugin -flto-partition=none  -DPREVENT_OPTIMIZATION line 17 y == 25
FAIL: gcc.dg/guality/pr54519-5.c   -O2 -flto -fuse-linker-plugin -fno-fat-lto-objects  -DPREVENT_OPTIMIZATION line 17 y == 25
FAIL: gcc.dg/guality/pr54519-6.c   -Os  -DPREVENT_OPTIMIZATION  line 11 x == 2
FAIL: gcc.dg/guality/pr54796.c   -O1  -DPREVENT_OPTIMIZATION  line 17 a == 5
FAIL: gcc.dg/guality/pr54796.c   -O1  -DPREVENT_OPTIMIZATION  line 17 b == 6
FAIL: gcc.dg/guality/pr54796.c   -O1  -DPREVENT_OPTIMIZATION  line 17 c == 5
FAIL: gcc.dg/guality/pr54796.c   -O2  -DPREVENT_OPTIMIZATION  line 17 a == 5
FAIL: gcc.dg/guality/pr54796.c   -O2  -DPREVENT_OPTIMIZATION  line 17 b == 6
FAIL: gcc.dg/guality/pr54796.c   -O2  -DPREVENT_OPTIMIZATION  line 17 c == 5
FAIL: gcc.dg/guality/pr54796.c   -O2 -flto -fno-use-linker-plugin -flto-partition=none  -DPREVENT_OPTIMIZATION line 17 a == 5
FAIL: gcc.dg/guality/pr54796.c   -O2 -flto -fno-use-linker-plugin -flto-partition=none  -DPREVENT_OPTIMIZATION line 17 b == 6
FAIL: gcc.dg/guality/pr54796.c   -O2 -flto -fno-use-linker-plugin -flto-partition=none  -DPREVENT_OPTIMIZATION line 17 c == 5
FAIL: gcc.dg/guality/pr54796.c   -O3 -g  -DPREVENT_OPTIMIZATION  line 17 a == 5
FAIL: gcc.dg/guality/pr54796.c   -O3 -g  -DPREVENT_OPTIMIZATION  line 17 b == 6
FAIL: gcc.dg/guality/pr54796.c   -O3 -g  -DPREVENT_OPTIMIZATION  line 17 c == 5
FAIL: gcc.dg/guality/pr54796.c   -Os  -DPREVENT_OPTIMIZATION  line 17 a == 5
FAIL: gcc.dg/guality/pr54796.c   -Os  -DPREVENT_OPTIMIZATION  line 17 b == 6
FAIL: gcc.dg/guality/pr54796.c   -Os  -DPREVENT_OPTIMIZATION  line 17 c == 5
FAIL: gcc.dg/guality/pr56154-1.c  -Og -DPREVENT_OPTIMIZATION  line pr56154-1.c:20 x.a == 6
FAIL: gcc.dg/guality/pr59776.c  -Og -DPREVENT_OPTIMIZATION  line pr59776.c:17 s1.f == 5.0
FAIL: gcc.dg/guality/pr59776.c  -Og -DPREVENT_OPTIMIZATION  line pr59776.c:17 s1.g == 6.0
FAIL: gcc.dg/guality/pr59776.c  -Og -DPREVENT_OPTIMIZATION  line pr59776.c:17 s2.f == 0.0
FAIL: gcc.dg/guality/pr59776.c  -Og -DPREVENT_OPTIMIZATION  line pr59776.c:20 s1.f == 5.0
FAIL: gcc.dg/guality/pr59776.c  -Og -DPREVENT_OPTIMIZATION  line pr59776.c:20 s1.g == 6.0
FAIL: gcc.dg/guality/pr59776.c  -Og -DPREVENT_OPTIMIZATION  line pr59776.c:20 s2.f == 5.0
FAIL: gcc.dg/guality/pr90074.c   -O2 -flto -fuse-linker-plugin -fno-fat-lto-objects  -DPREVENT_OPTIMIZATION line 28 c + 1 == 2
FAIL: gcc.dg/guality/pr90074.c   -O2 -flto -fuse-linker-plugin -fno-fat-lto-objects  -DPREVENT_OPTIMIZATION line 28 i + 1 == 8
FAIL: gcc.dg/guality/pr90716.c   -O2 -flto -fuse-linker-plugin -fno-fat-lto-objects  -DPREVENT_OPTIMIZATION line 23 j + 1 == 9
FAIL: gcc.dg/guality/sra-1.c   -O2 -flto -fuse-linker-plugin -fno-fat-lto-objects  -DPREVENT_OPTIMIZATION line 21 a.i == 4
FAIL: gcc.dg/guality/sra-1.c   -O2 -flto -fuse-linker-plugin -fno-fat-lto-objects  -DPREVENT_OPTIMIZATION line 21 a.j == 14
FAIL: gcc.dg/guality/sra-1.c   -O2 -flto -fuse-linker-plugin -fno-fat-lto-objects  -DPREVENT_OPTIMIZATION line 32 a[0] == 4
FAIL: gcc.dg/guality/sra-1.c   -O2 -flto -fuse-linker-plugin -fno-fat-lto-objects  -DPREVENT_OPTIMIZATION line 32 a[1] == 14
FAIL: gcc.dg/guality/sra-1.c   -O2 -flto -fuse-linker-plugin -fno-fat-lto-objects  -DPREVENT_OPTIMIZATION line 43 a.i == 4
FAIL: gcc.dg/guality/sra-1.c   -O2 -flto -fuse-linker-plugin -fno-fat-lto-objects  -DPREVENT_OPTIMIZATION line 43 a.j == 14
FAIL: gcc.dg/guality/sra-1.c   -Os  -DPREVENT_OPTIMIZATION  line 43 a.j == 14
FAIL: gcc.dg/guality/sra-1.c  -Og -DPREVENT_OPTIMIZATION  line 21 a.i == 4
FAIL: gcc.dg/guality/sra-1.c  -Og -DPREVENT_OPTIMIZATION  line 21 a.j == 14
FAIL: gcc.dg/guality/sra-1.c  -Og -DPREVENT_OPTIMIZATION  line 32 a[0] == 4
FAIL: gcc.dg/guality/sra-1.c  -Og -DPREVENT_OPTIMIZATION  line 32 a[1] == 14
FAIL: gcc.dg/guality/sra-1.c  -Og -DPREVENT_OPTIMIZATION  line 43 a.i == 4
FAIL: gcc.dg/guality/sra-1.c  -Og -DPREVENT_OPTIMIZATION  line 43 a.j == 14
FAIL: gcc.dg/guality/vla-1.c   -O1  -DPREVENT_OPTIMIZATION  line 24 i == 5
FAIL: gcc.dg/guality/vla-1.c   -O2  -DPREVENT_OPTIMIZATION  line 24 i == 5
FAIL: gcc.dg/guality/vla-1.c   -O2 -flto -fno-use-linker-plugin -flto-partition=none  -DPREVENT_OPTIMIZATION line 24 i == 5
FAIL: gcc.dg/guality/vla-1.c   -O2 -flto -fuse-linker-plugin -fno-fat-lto-objects  -DPREVENT_OPTIMIZATION line 24 i == 5
FAIL: gcc.dg/guality/vla-1.c   -O2 -flto -fuse-linker-plugin -fno-fat-lto-objects  -DPREVENT_OPTIMIZATION line 24 sizeof (a) == 17 * sizeof (short)
FAIL: gcc.dg/guality/vla-1.c   -O3 -g  -DPREVENT_OPTIMIZATION  line 24 i == 5
FAIL: gcc.dg/guality/vla-1.c   -Os  -DPREVENT_OPTIMIZATION  line 24 i == 5
UNRESOLVED: gcc.dg/ipa/remref-6.c scan-ipa-dump inline "Removed a reference"
UNRESOLVED: gcc.dg/ipa/remref-6.c scan-ipa-dump inline "replaced it with LOAD"
FAIL: gcc.dg/tree-prof/20050826-2.c scan-tree-dump-not dom2 "Invalid sum"
FAIL: gcc.dg/tree-ssa/scev-3.c scan-tree-dump-times ivopts "&a" 1
FAIL: gcc.dg/tree-ssa/scev-4.c scan-tree-dump-times ivopts "&a" 1
FAIL: gcc.dg/tree-ssa/scev-5.c scan-tree-dump-times ivopts "&a" 1
XPASS: gcc.dg/vect/vect-reduc-in-order-1.c -flto -ffat-lto-objects execution test
XPASS: gcc.dg/vect/vect-reduc-in-order-1.c execution test
XPASS: gcc.dg/vect/vect-reduc-in-order-2.c -flto -ffat-lto-objects execution test
XPASS: gcc.dg/vect/vect-reduc-in-order-2.c execution test
XPASS: gcc.dg/vect/vect-reduc-in-order-3.c -flto -ffat-lto-objects execution test
XPASS: gcc.dg/vect/vect-reduc-in-order-3.c execution test
XPASS: gcc.dg/vect/vect-reduc-in-order-4.c -flto -ffat-lto-objects execution test
XPASS: gcc.dg/vect/vect-reduc-in-order-4.c execution test
FAIL: gcc.target/i386/vect-gather-1.c scan-tree-dump vect "loop vectorized"

		=== gcc Summary ===

# of expected passes		166197
# of unexpected failures	93
# of unexpected successes	25
# of expected failures		996
# of unresolved testcases	2
# of unsupported tests		3267
/export/gnu/import/git/gcc-test-master-ia32/bld/gcc/xgcc  version 12.0.0 20210806 (experimental) [master revision 8ebf4fb54ac:fd9f723b32b:a3d3e8c362c2d850543eb2e2631128e1efc368f0] (GCC) 

		=== gfortran tests ===


Running target unix
FAIL: gfortran.dg/ISO_Fortran_binding_1.f90   -O0  (test for excess errors)
UNRESOLVED: gfortran.dg/ISO_Fortran_binding_1.f90   -O0  compilation failed to produce executable
FAIL: gfortran.dg/ISO_Fortran_binding_1.f90   -O1  (test for excess errors)
UNRESOLVED: gfortran.dg/ISO_Fortran_binding_1.f90   -O1  compilation failed to produce executable
FAIL: gfortran.dg/ISO_Fortran_binding_1.f90   -O2  (test for excess errors)
UNRESOLVED: gfortran.dg/ISO_Fortran_binding_1.f90   -O2  compilation failed to produce executable
FAIL: gfortran.dg/ISO_Fortran_binding_1.f90   -O3 -fomit-frame-pointer -funroll-loops -fpeel-loops -ftracer -finline-functions  (test for excess errors)
UNRESOLVED: gfortran.dg/ISO_Fortran_binding_1.f90   -O3 -fomit-frame-pointer -funroll-loops -fpeel-loops -ftracer -finline-functions  compilation failed to produce executable
FAIL: gfortran.dg/ISO_Fortran_binding_1.f90   -O3 -g  (test for excess errors)
UNRESOLVED: gfortran.dg/ISO_Fortran_binding_1.f90   -O3 -g  compilation failed to produce executable
FAIL: gfortran.dg/ISO_Fortran_binding_1.f90   -Os  (test for excess errors)
UNRESOLVED: gfortran.dg/ISO_Fortran_binding_1.f90   -Os  compilation failed to produce executable
FAIL: gfortran.dg/ISO_Fortran_binding_10.f90   -O0  (test for excess errors)
UNRESOLVED: gfortran.dg/ISO_Fortran_binding_10.f90   -O0  compilation failed to produce executable
FAIL: gfortran.dg/ISO_Fortran_binding_10.f90   -O1  (test for excess errors)
UNRESOLVED: gfortran.dg/ISO_Fortran_binding_10.f90   -O1  compilation failed to produce executable
FAIL: gfortran.dg/ISO_Fortran_binding_10.f90   -O2  (test for excess errors)
UNRESOLVED: gfortran.dg/ISO_Fortran_binding_10.f90   -O2  compilation failed to produce executable
FAIL: gfortran.dg/ISO_Fortran_binding_10.f90   -O3 -fomit-frame-pointer -funroll-loops -fpeel-loops -ftracer -finline-functions  (test for excess errors)
UNRESOLVED: gfortran.dg/ISO_Fortran_binding_10.f90   -O3 -fomit-frame-pointer -funroll-loops -fpeel-loops -ftracer -finline-functions  compilation failed to produce executable
FAIL: gfortran.dg/ISO_Fortran_binding_10.f90   -O3 -g  (test for excess errors)
UNRESOLVED: gfortran.dg/ISO_Fortran_binding_10.f90   -O3 -g  compilation failed to produce executable
FAIL: gfortran.dg/ISO_Fortran_binding_10.f90   -Os  (test for excess errors)
UNRESOLVED: gfortran.dg/ISO_Fortran_binding_10.f90   -Os  compilation failed to produce executable
FAIL: gfortran.dg/ISO_Fortran_binding_11.f90   -O0  (test for excess errors)
UNRESOLVED: gfortran.dg/ISO_Fortran_binding_11.f90   -O0  compilation failed to produce executable
FAIL: gfortran.dg/ISO_Fortran_binding_11.f90   -O1  (test for excess errors)
UNRESOLVED: gfortran.dg/ISO_Fortran_binding_11.f90   -O1  compilation failed to produce executable
FAIL: gfortran.dg/ISO_Fortran_binding_11.f90   -O2  (test for excess errors)
UNRESOLVED: gfortran.dg/ISO_Fortran_binding_11.f90   -O2  compilation failed to produce executable
FAIL: gfortran.dg/ISO_Fortran_binding_11.f90   -O3 -fomit-frame-pointer -funroll-loops -fpeel-loops -ftracer -finline-functions  (test for excess errors)
UNRESOLVED: gfortran.dg/ISO_Fortran_binding_11.f90   -O3 -fomit-frame-pointer -funroll-loops -fpeel-loops -ftracer -finline-functions  compilation failed to produce executable
FAIL: gfortran.dg/ISO_Fortran_binding_11.f90   -O3 -g  (test for excess errors)
UNRESOLVED: gfortran.dg/ISO_Fortran_binding_11.f90   -O3 -g  compilation failed to produce executable
FAIL: gfortran.dg/ISO_Fortran_binding_11.f90   -Os  (test for excess errors)
UNRESOLVED: gfortran.dg/ISO_Fortran_binding_11.f90   -Os  compilation failed to produce executable
FAIL: gfortran.dg/ISO_Fortran_binding_12.f90   -O0  (test for excess errors)
UNRESOLVED: gfortran.dg/ISO_Fortran_binding_12.f90   -O0  compilation failed to produce executable
FAIL: gfortran.dg/ISO_Fortran_binding_12.f90   -O1  (test for excess errors)
UNRESOLVED: gfortran.dg/ISO_Fortran_binding_12.f90   -O1  compilation failed to produce executable
FAIL: gfortran.dg/ISO_Fortran_binding_12.f90   -O2  (test for excess errors)
UNRESOLVED: gfortran.dg/ISO_Fortran_binding_12.f90   -O2  compilation failed to produce executable
FAIL: gfortran.dg/ISO_Fortran_binding_12.f90   -O3 -fomit-frame-pointer -funroll-loops -fpeel-loops -ftracer -finline-functions  (test for excess errors)
UNRESOLVED: gfortran.dg/ISO_Fortran_binding_12.f90   -O3 -fomit-frame-pointer -funroll-loops -fpeel-loops -ftracer -finline-functions  compilation failed to produce executable
FAIL: gfortran.dg/ISO_Fortran_binding_12.f90   -O3 -g  (test for excess errors)
UNRESOLVED: gfortran.dg/ISO_Fortran_binding_12.f90   -O3 -g  compilation failed to produce executable
FAIL: gfortran.dg/ISO_Fortran_binding_12.f90   -Os  (test for excess errors)
UNRESOLVED: gfortran.dg/ISO_Fortran_binding_12.f90   -Os  compilation failed to produce executable
FAIL: gfortran.dg/ISO_Fortran_binding_15.f90   -O0  (test for excess errors)
UNRESOLVED: gfortran.dg/ISO_Fortran_binding_15.f90   -O0  compilation failed to produce executable
FAIL: gfortran.dg/ISO_Fortran_binding_15.f90   -O1  (test for excess errors)
UNRESOLVED: gfortran.dg/ISO_Fortran_binding_15.f90   -O1  compilation failed to produce executable
FAIL: gfortran.dg/ISO_Fortran_binding_15.f90   -O2  (test for excess errors)
UNRESOLVED: gfortran.dg/ISO_Fortran_binding_15.f90   -O2  compilation failed to produce executable
FAIL: gfortran.dg/ISO_Fortran_binding_15.f90   -O3 -fomit-frame-pointer -funroll-loops -fpeel-loops -ftracer -finline-functions  (test for excess errors)
UNRESOLVED: gfortran.dg/ISO_Fortran_binding_15.f90   -O3 -fomit-frame-pointer -funroll-loops -fpeel-loops -ftracer -finline-functions  compilation failed to produce executable
FAIL: gfortran.dg/ISO_Fortran_binding_15.f90   -O3 -g  (test for excess errors)
UNRESOLVED: gfortran.dg/ISO_Fortran_binding_15.f90   -O3 -g  compilation failed to produce executable
FAIL: gfortran.dg/ISO_Fortran_binding_15.f90   -Os  (test for excess errors)
UNRESOLVED: gfortran.dg/ISO_Fortran_binding_15.f90   -Os  compilation failed to produce executable
FAIL: gfortran.dg/ISO_Fortran_binding_16.f90   -O0  (test for excess errors)
UNRESOLVED: gfortran.dg/ISO_Fortran_binding_16.f90   -O0  compilation failed to produce executable
FAIL: gfortran.dg/ISO_Fortran_binding_16.f90   -O1  (test for excess errors)
UNRESOLVED: gfortran.dg/ISO_Fortran_binding_16.f90   -O1  compilation failed to produce executable
FAIL: gfortran.dg/ISO_Fortran_binding_16.f90   -O2  (test for excess errors)
UNRESOLVED: gfortran.dg/ISO_Fortran_binding_16.f90   -O2  compilation failed to produce executable
FAIL: gfortran.dg/ISO_Fortran_binding_16.f90   -O3 -fomit-frame-pointer -funroll-loops -fpeel-loops -ftracer -finline-functions  (test for excess errors)
UNRESOLVED: gfortran.dg/ISO_Fortran_binding_16.f90   -O3 -fomit-frame-pointer -funroll-loops -fpeel-loops -ftracer -finline-functions  compilation failed to produce executable
FAIL: gfortran.dg/ISO_Fortran_binding_16.f90   -O3 -g  (test for excess errors)
UNRESOLVED: gfortran.dg/ISO_Fortran_binding_16.f90   -O3 -g  compilation failed to produce executable
FAIL: gfortran.dg/ISO_Fortran_binding_16.f90   -Os  (test for excess errors)
UNRESOLVED: gfortran.dg/ISO_Fortran_binding_16.f90   -Os  compilation failed to produce executable
FAIL: gfortran.dg/ISO_Fortran_binding_17.f90   -O0  (test for excess errors)
UNRESOLVED: gfortran.dg/ISO_Fortran_binding_17.f90   -O0  compilation failed to produce executable
FAIL: gfortran.dg/ISO_Fortran_binding_17.f90   -O1  (test for excess errors)
UNRESOLVED: gfortran.dg/ISO_Fortran_binding_17.f90   -O1  compilation failed to produce executable
FAIL: gfortran.dg/ISO_Fortran_binding_17.f90   -O2  (test for excess errors)
UNRESOLVED: gfortran.dg/ISO_Fortran_binding_17.f90   -O2  compilation failed to produce executable
FAIL: gfortran.dg/ISO_Fortran_binding_17.f90   -O3 -fomit-frame-pointer -funroll-loops -fpeel-loops -ftracer -finline-functions  (test for excess errors)
UNRESOLVED: gfortran.dg/ISO_Fortran_binding_17.f90   -O3 -fomit-frame-pointer -funroll-loops -fpeel-loops -ftracer -finline-functions  compilation failed to produce executable
FAIL: gfortran.dg/ISO_Fortran_binding_17.f90   -O3 -g  (test for excess errors)
UNRESOLVED: gfortran.dg/ISO_Fortran_binding_17.f90   -O3 -g  compilation failed to produce executable
FAIL: gfortran.dg/ISO_Fortran_binding_17.f90   -Os  (test for excess errors)
UNRESOLVED: gfortran.dg/ISO_Fortran_binding_17.f90   -Os  compilation failed to produce executable
FAIL: gfortran.dg/ISO_Fortran_binding_18.f90   -O0  (test for excess errors)
UNRESOLVED: gfortran.dg/ISO_Fortran_binding_18.f90   -O0  compilation failed to produce executable
FAIL: gfortran.dg/ISO_Fortran_binding_18.f90   -O1  (test for excess errors)
UNRESOLVED: gfortran.dg/ISO_Fortran_binding_18.f90   -O1  compilation failed to produce executable
FAIL: gfortran.dg/ISO_Fortran_binding_18.f90   -O2  (test for excess errors)
UNRESOLVED: gfortran.dg/ISO_Fortran_binding_18.f90   -O2  compilation failed to produce executable
FAIL: gfortran.dg/ISO_Fortran_binding_18.f90   -O3 -fomit-frame-pointer -funroll-loops -fpeel-loops -ftracer -finline-functions  (test for excess errors)
UNRESOLVED: gfortran.dg/ISO_Fortran_binding_18.f90   -O3 -fomit-frame-pointer -funroll-loops -fpeel-loops -ftracer -finline-functions  compilation failed to produce executable
FAIL: gfortran.dg/ISO_Fortran_binding_18.f90   -O3 -g  (test for excess errors)
UNRESOLVED: gfortran.dg/ISO_Fortran_binding_18.f90   -O3 -g  compilation failed to produce executable
FAIL: gfortran.dg/ISO_Fortran_binding_18.f90   -Os  (test for excess errors)
UNRESOLVED: gfortran.dg/ISO_Fortran_binding_18.f90   -Os  compilation failed to produce executable
FAIL: gfortran.dg/ISO_Fortran_binding_3.f90   -O0  (test for excess errors)
UNRESOLVED: gfortran.dg/ISO_Fortran_binding_3.f90   -O0  compilation failed to produce executable
FAIL: gfortran.dg/ISO_Fortran_binding_3.f90   -O1  (test for excess errors)
UNRESOLVED: gfortran.dg/ISO_Fortran_binding_3.f90   -O1  compilation failed to produce executable
FAIL: gfortran.dg/ISO_Fortran_binding_3.f90   -O2  (test for excess errors)
UNRESOLVED: gfortran.dg/ISO_Fortran_binding_3.f90   -O2  compilation failed to produce executable
FAIL: gfortran.dg/ISO_Fortran_binding_3.f90   -O3 -fomit-frame-pointer -funroll-loops -fpeel-loops -ftracer -finline-functions  (test for excess errors)
UNRESOLVED: gfortran.dg/ISO_Fortran_binding_3.f90   -O3 -fomit-frame-pointer -funroll-loops -fpeel-loops -ftracer -finline-functions  compilation failed to produce executable
FAIL: gfortran.dg/ISO_Fortran_binding_3.f90   -O3 -g  (test for excess errors)
UNRESOLVED: gfortran.dg/ISO_Fortran_binding_3.f90   -O3 -g  compilation failed to produce executable
FAIL: gfortran.dg/ISO_Fortran_binding_3.f90   -Os  (test for excess errors)
UNRESOLVED: gfortran.dg/ISO_Fortran_binding_3.f90   -Os  compilation failed to produce executable
FAIL: gfortran.dg/ISO_Fortran_binding_5.f90   -O0  (test for excess errors)
UNRESOLVED: gfortran.dg/ISO_Fortran_binding_5.f90   -O0  compilation failed to produce executable
FAIL: gfortran.dg/ISO_Fortran_binding_5.f90   -O1  (test for excess errors)
UNRESOLVED: gfortran.dg/ISO_Fortran_binding_5.f90   -O1  compilation failed to produce executable
FAIL: gfortran.dg/ISO_Fortran_binding_5.f90   -O2  (test for excess errors)
UNRESOLVED: gfortran.dg/ISO_Fortran_binding_5.f90   -O2  compilation failed to produce executable
FAIL: gfortran.dg/ISO_Fortran_binding_5.f90   -O3 -fomit-frame-pointer -funroll-loops -fpeel-loops -ftracer -finline-functions  (test for excess errors)
UNRESOLVED: gfortran.dg/ISO_Fortran_binding_5.f90   -O3 -fomit-frame-pointer -funroll-loops -fpeel-loops -ftracer -finline-functions  compilation failed to produce executable
FAIL: gfortran.dg/ISO_Fortran_binding_5.f90   -O3 -g  (test for excess errors)
UNRESOLVED: gfortran.dg/ISO_Fortran_binding_5.f90   -O3 -g  compilation failed to produce executable
FAIL: gfortran.dg/ISO_Fortran_binding_5.f90   -Os  (test for excess errors)
UNRESOLVED: gfortran.dg/ISO_Fortran_binding_5.f90   -Os  compilation failed to produce executable
FAIL: gfortran.dg/ISO_Fortran_binding_6.f90   -O0  (test for excess errors)
UNRESOLVED: gfortran.dg/ISO_Fortran_binding_6.f90   -O0  compilation failed to produce executable
FAIL: gfortran.dg/ISO_Fortran_binding_6.f90   -O1  (test for excess errors)
UNRESOLVED: gfortran.dg/ISO_Fortran_binding_6.f90   -O1  compilation failed to produce executable
FAIL: gfortran.dg/ISO_Fortran_binding_6.f90   -O2  (test for excess errors)
UNRESOLVED: gfortran.dg/ISO_Fortran_binding_6.f90   -O2  compilation failed to produce executable
FAIL: gfortran.dg/ISO_Fortran_binding_6.f90   -O3 -fomit-frame-pointer -funroll-loops -fpeel-loops -ftracer -finline-functions  (test for excess errors)
UNRESOLVED: gfortran.dg/ISO_Fortran_binding_6.f90   -O3 -fomit-frame-pointer -funroll-loops -fpeel-loops -ftracer -finline-functions  compilation failed to produce executable
FAIL: gfortran.dg/ISO_Fortran_binding_6.f90   -O3 -g  (test for excess errors)
UNRESOLVED: gfortran.dg/ISO_Fortran_binding_6.f90   -O3 -g  compilation failed to produce executable
FAIL: gfortran.dg/ISO_Fortran_binding_6.f90   -Os  (test for excess errors)
UNRESOLVED: gfortran.dg/ISO_Fortran_binding_6.f90   -Os  compilation failed to produce executable
FAIL: gfortran.dg/ISO_Fortran_binding_7.f90   -O0  (test for excess errors)
UNRESOLVED: gfortran.dg/ISO_Fortran_binding_7.f90   -O0  compilation failed to produce executable
FAIL: gfortran.dg/ISO_Fortran_binding_7.f90   -O1  (test for excess errors)
UNRESOLVED: gfortran.dg/ISO_Fortran_binding_7.f90   -O1  compilation failed to produce executable
FAIL: gfortran.dg/ISO_Fortran_binding_7.f90   -O2  (test for excess errors)
UNRESOLVED: gfortran.dg/ISO_Fortran_binding_7.f90   -O2  compilation failed to produce executable
FAIL: gfortran.dg/ISO_Fortran_binding_7.f90   -O3 -fomit-frame-pointer -funroll-loops -fpeel-loops -ftracer -finline-functions  (test for excess errors)
UNRESOLVED: gfortran.dg/ISO_Fortran_binding_7.f90   -O3 -fomit-frame-pointer -funroll-loops -fpeel-loops -ftracer -finline-functions  compilation failed to produce executable
FAIL: gfortran.dg/ISO_Fortran_binding_7.f90   -O3 -g  (test for excess errors)
UNRESOLVED: gfortran.dg/ISO_Fortran_binding_7.f90   -O3 -g  compilation failed to produce executable
FAIL: gfortran.dg/ISO_Fortran_binding_7.f90   -Os  (test for excess errors)
UNRESOLVED: gfortran.dg/ISO_Fortran_binding_7.f90   -Os  compilation failed to produce executable
FAIL: gfortran.dg/ISO_Fortran_binding_8.f90   -O0  (test for excess errors)
UNRESOLVED: gfortran.dg/ISO_Fortran_binding_8.f90   -O0  compilation failed to produce executable
FAIL: gfortran.dg/ISO_Fortran_binding_8.f90   -O1  (test for excess errors)
UNRESOLVED: gfortran.dg/ISO_Fortran_binding_8.f90   -O1  compilation failed to produce executable
FAIL: gfortran.dg/ISO_Fortran_binding_8.f90   -O2  (test for excess errors)
UNRESOLVED: gfortran.dg/ISO_Fortran_binding_8.f90   -O2  compilation failed to produce executable
FAIL: gfortran.dg/ISO_Fortran_binding_8.f90   -O3 -fomit-frame-pointer -funroll-loops -fpeel-loops -ftracer -finline-functions  (test for excess errors)
UNRESOLVED: gfortran.dg/ISO_Fortran_binding_8.f90   -O3 -fomit-frame-pointer -funroll-loops -fpeel-loops -ftracer -finline-functions  compilation failed to produce executable
FAIL: gfortran.dg/ISO_Fortran_binding_8.f90   -O3 -g  (test for excess errors)
UNRESOLVED: gfortran.dg/ISO_Fortran_binding_8.f90   -O3 -g  compilation failed to produce executable
FAIL: gfortran.dg/ISO_Fortran_binding_8.f90   -Os  (test for excess errors)
UNRESOLVED: gfortran.dg/ISO_Fortran_binding_8.f90   -Os  compilation failed to produce executable
FAIL: gfortran.dg/ISO_Fortran_binding_9.f90   -O0  (test for excess errors)
UNRESOLVED: gfortran.dg/ISO_Fortran_binding_9.f90   -O0  compilation failed to produce executable
FAIL: gfortran.dg/ISO_Fortran_binding_9.f90   -O1  (test for excess errors)
UNRESOLVED: gfortran.dg/ISO_Fortran_binding_9.f90   -O1  compilation failed to produce executable
FAIL: gfortran.dg/ISO_Fortran_binding_9.f90   -O2  (test for excess errors)
UNRESOLVED: gfortran.dg/ISO_Fortran_binding_9.f90   -O2  compilation failed to produce executable
FAIL: gfortran.dg/ISO_Fortran_binding_9.f90   -O3 -fomit-frame-pointer -funroll-loops -fpeel-loops -ftracer -finline-functions  (test for excess errors)
UNRESOLVED: gfortran.dg/ISO_Fortran_binding_9.f90   -O3 -fomit-frame-pointer -funroll-loops -fpeel-loops -ftracer -finline-functions  compilation failed to produce executable
FAIL: gfortran.dg/ISO_Fortran_binding_9.f90   -O3 -g  (test for excess errors)
UNRESOLVED: gfortran.dg/ISO_Fortran_binding_9.f90   -O3 -g  compilation failed to produce executable
FAIL: gfortran.dg/ISO_Fortran_binding_9.f90   -Os  (test for excess errors)
UNRESOLVED: gfortran.dg/ISO_Fortran_binding_9.f90   -Os  compilation failed to produce executable
FAIL: gfortran.dg/PR93963.f90   -O2  execution test
FAIL: gfortran.dg/PR93963.f90   -O3 -fomit-frame-pointer -funroll-loops -fpeel-loops -ftracer -finline-functions  execution test
FAIL: gfortran.dg/PR93963.f90   -O3 -g  execution test
FAIL: gfortran.dg/PR93963.f90   -Os  execution test
FAIL: gfortran.dg/PR94327.f90   -O0  (test for excess errors)
UNRESOLVED: gfortran.dg/PR94327.f90   -O0  compilation failed to produce executable
FAIL: gfortran.dg/PR94327.f90   -O1  (test for excess errors)
UNRESOLVED: gfortran.dg/PR94327.f90   -O1  compilation failed to produce executable
FAIL: gfortran.dg/PR94327.f90   -O2  (test for excess errors)
UNRESOLVED: gfortran.dg/PR94327.f90   -O2  compilation failed to produce executable
FAIL: gfortran.dg/PR94327.f90   -O3 -fomit-frame-pointer -funroll-loops -fpeel-loops -ftracer -finline-functions  (test for excess errors)
UNRESOLVED: gfortran.dg/PR94327.f90   -O3 -fomit-frame-pointer -funroll-loops -fpeel-loops -ftracer -finline-functions  compilation failed to produce executable
FAIL: gfortran.dg/PR94327.f90   -O3 -g  (test for excess errors)
UNRESOLVED: gfortran.dg/PR94327.f90   -O3 -g  compilation failed to produce executable
FAIL: gfortran.dg/PR94327.f90   -Os  (test for excess errors)
UNRESOLVED: gfortran.dg/PR94327.f90   -Os  compilation failed to produce executable
FAIL: gfortran.dg/PR94331.f90   -O0  (test for excess errors)
UNRESOLVED: gfortran.dg/PR94331.f90   -O0  compilation failed to produce executable
FAIL: gfortran.dg/PR94331.f90   -O1  (test for excess errors)
UNRESOLVED: gfortran.dg/PR94331.f90   -O1  compilation failed to produce executable
FAIL: gfortran.dg/PR94331.f90   -O2  (test for excess errors)
UNRESOLVED: gfortran.dg/PR94331.f90   -O2  compilation failed to produce executable
FAIL: gfortran.dg/PR94331.f90   -O3 -fomit-frame-pointer -funroll-loops -fpeel-loops -ftracer -finline-functions  (test for excess errors)
UNRESOLVED: gfortran.dg/PR94331.f90   -O3 -fomit-frame-pointer -funroll-loops -fpeel-loops -ftracer -finline-functions  compilation failed to produce executable
FAIL: gfortran.dg/PR94331.f90   -O3 -g  (test for excess errors)
UNRESOLVED: gfortran.dg/PR94331.f90   -O3 -g  compilation failed to produce executable
FAIL: gfortran.dg/PR94331.f90   -Os  (test for excess errors)
UNRESOLVED: gfortran.dg/PR94331.f90   -Os  compilation failed to produce executable
FAIL: gfortran.dg/bind_c_array_params_3.f90   -O0  (test for excess errors)
UNRESOLVED: gfortran.dg/bind_c_array_params_3.f90   -O0  compilation failed to produce executable
FAIL: gfortran.dg/bind_c_array_params_3.f90   -O1  (test for excess errors)
UNRESOLVED: gfortran.dg/bind_c_array_params_3.f90   -O1  compilation failed to produce executable
FAIL: gfortran.dg/bind_c_array_params_3.f90   -O2  (test for excess errors)
UNRESOLVED: gfortran.dg/bind_c_array_params_3.f90   -O2  compilation failed to produce executable
FAIL: gfortran.dg/bind_c_array_params_3.f90   -O3 -fomit-frame-pointer -funroll-loops -fpeel-loops -ftracer -finline-functions  (test for excess errors)
UNRESOLVED: gfortran.dg/bind_c_array_params_3.f90   -O3 -fomit-frame-pointer -funroll-loops -fpeel-loops -ftracer -finline-functions  compilation failed to produce executable
FAIL: gfortran.dg/bind_c_array_params_3.f90   -O3 -g  (test for excess errors)
UNRESOLVED: gfortran.dg/bind_c_array_params_3.f90   -O3 -g  compilation failed to produce executable
FAIL: gfortran.dg/bind_c_array_params_3.f90   -Os  (test for excess errors)
UNRESOLVED: gfortran.dg/bind_c_array_params_3.f90   -Os  compilation failed to produce executable
FAIL: gfortran.dg/iso_fortran_binding_uint8_array.f90   -O0  (test for excess errors)
UNRESOLVED: gfortran.dg/iso_fortran_binding_uint8_array.f90   -O0  compilation failed to produce executable
FAIL: gfortran.dg/iso_fortran_binding_uint8_array.f90   -O1  (test for excess errors)
UNRESOLVED: gfortran.dg/iso_fortran_binding_uint8_array.f90   -O1  compilation failed to produce executable
FAIL: gfortran.dg/iso_fortran_binding_uint8_array.f90   -O2  (test for excess errors)
UNRESOLVED: gfortran.dg/iso_fortran_binding_uint8_array.f90   -O2  compilation failed to produce executable
FAIL: gfortran.dg/iso_fortran_binding_uint8_array.f90   -O3 -fomit-frame-pointer -funroll-loops -fpeel-loops -ftracer -finline-functions  (test for excess errors)
UNRESOLVED: gfortran.dg/iso_fortran_binding_uint8_array.f90   -O3 -fomit-frame-pointer -funroll-loops -fpeel-loops -ftracer -finline-functions  compilation failed to produce executable
FAIL: gfortran.dg/iso_fortran_binding_uint8_array.f90   -O3 -g  (test for excess errors)
UNRESOLVED: gfortran.dg/iso_fortran_binding_uint8_array.f90   -O3 -g  compilation failed to produce executable
FAIL: gfortran.dg/iso_fortran_binding_uint8_array.f90   -Os  (test for excess errors)
UNRESOLVED: gfortran.dg/iso_fortran_binding_uint8_array.f90   -Os  compilation failed to produce executable
FAIL: gfortran.dg/pr93524.f90   -O0  (test for excess errors)
UNRESOLVED: gfortran.dg/pr93524.f90   -O0  compilation failed to produce executable
FAIL: gfortran.dg/pr93524.f90   -O1  (test for excess errors)
UNRESOLVED: gfortran.dg/pr93524.f90   -O1  compilation failed to produce executable
FAIL: gfortran.dg/pr93524.f90   -O2  (test for excess errors)
UNRESOLVED: gfortran.dg/pr93524.f90   -O2  compilation failed to produce executable
FAIL: gfortran.dg/pr93524.f90   -O3 -fomit-frame-pointer -funroll-loops -fpeel-loops -ftracer -finline-functions  (test for excess errors)
UNRESOLVED: gfortran.dg/pr93524.f90   -O3 -fomit-frame-pointer -funroll-loops -fpeel-loops -ftracer -finline-functions  compilation failed to produce executable
FAIL: gfortran.dg/pr93524.f90   -O3 -g  (test for excess errors)
UNRESOLVED: gfortran.dg/pr93524.f90   -O3 -g  compilation failed to produce executable
FAIL: gfortran.dg/pr93524.f90   -Os  (test for excess errors)
UNRESOLVED: gfortran.dg/pr93524.f90   -Os  compilation failed to produce executable
FAIL: gfortran.dg/guality/pr41558.f90   -Os  line 7 s == 'foo'

		=== gfortran Summary ===

# of expected passes		58155
# of unexpected failures	119
# of expected failures		255
# of unresolved testcases	114
# of unsupported tests		198
/export/gnu/import/git/gcc-test-master-ia32/bld/gcc/gfortran  version 12.0.0 20210806 (experimental) [master revision 8ebf4fb54ac:fd9f723b32b:a3d3e8c362c2d850543eb2e2631128e1efc368f0] (GCC) 

		=== g++ tests ===


Running target unix
FAIL: g++.dg/warn/Wstringop-overflow-6.C  -std=gnu++2a (test for excess errors)
FAIL: g++.dg/guality/pr55665.C   -O2 -flto -fno-use-linker-plugin -flto-partition=none  line 23 p == 40

		=== g++ Summary ===

# of expected passes		213718
# of unexpected failures	2
# of expected failures		1341
# of unsupported tests		9112
/export/gnu/import/git/gcc-test-master-ia32/bld/gcc/xg++  version 12.0.0 20210806 (experimental) [master revision 8ebf4fb54ac:fd9f723b32b:a3d3e8c362c2d850543eb2e2631128e1efc368f0] (GCC) 

		=== objc tests ===


Running target unix

		=== objc Summary ===

# of expected passes		2820
# of expected failures		6
# of unsupported tests		68
/export/gnu/import/git/gcc-test-master-ia32/bld/gcc/xgcc  version 12.0.0 20210806 (experimental) [master revision 8ebf4fb54ac:fd9f723b32b:a3d3e8c362c2d850543eb2e2631128e1efc368f0] (GCC) 

		=== libatomic tests ===


Running target unix

		=== libatomic Summary ===

# of expected passes		44
# of unsupported tests		5
		=== libgomp tests ===


Running target unix

		=== libgomp Summary ===

# of expected passes		11634
# of expected failures		104
# of unsupported tests		533
		=== libitm tests ===


Running target unix

		=== libitm Summary ===

# of expected passes		44
# of expected failures		3
# of unsupported tests		1
		=== libstdc++ tests ===


Running target unix
FAIL: 22_locale/numpunct/members/char/3.cc execution test
FAIL: 22_locale/time_get/get_time/char/2.cc execution test
FAIL: 22_locale/time_get/get_time/char/wrapped_env.cc execution test
FAIL: 22_locale/time_get/get_time/char/wrapped_locale.cc execution test
FAIL: 22_locale/time_get/get_time/wchar_t/2.cc execution test
FAIL: 22_locale/time_get/get_time/wchar_t/wrapped_env.cc execution test
FAIL: 22_locale/time_get/get_time/wchar_t/wrapped_locale.cc execution test

		=== libstdc++ Summary ===

# of expected passes		15748
# of unexpected failures	7
# of expected failures		95
# of unsupported tests		342

Compiler version: 12.0.0 20210806 (experimental) [master revision 8ebf4fb54ac:fd9f723b32b:a3d3e8c362c2d850543eb2e2631128e1efc368f0] (GCC) 
Platform: i686-pc-linux-gnu
configure flags: --prefix=/usr/12.0.0 --enable-clocale=gnu --with-system-zlib --enable-shared --enable-cet --with-demangler-in-ld --enable-libmpx i686-linux --with-fpmath=sse


More information about the Gcc-testresults mailing list