Results for 12.0.0 (DEFMODE=default DEFCPU=default DEFFPU=default TESTFLAGS=) [r12-2775] (GCC) testsuite on aarch64-none-linux-gnu
Christophe LYON
christophe.lyon@foss.st.com
Fri Aug 6 06:48:17 GMT 2021
LAST_UPDATED: Fri Aug 6 04:38:23 UTC 2021 (revision r12-2775-g8ebf4fb54ace6532b53f66405cd44fbbf8572508) TARGET=aarch64-none-linux-gnu CPU=default FPU=default MODE=default
Target is aarch64-none-linux-gnu
Host is aarch64-none-linux-gnu
=== libatomic tests ===
Running target qemu
=== libatomic Summary ===
# of expected passes 54
Host is aarch64-none-linux-gnu
=== libitm tests ===
Running target qemu
=== libitm Summary ===
# of expected passes 44
# of expected failures 3
# of unsupported tests 1
Host is aarch64-none-linux-gnu
=== libstdc++ tests ===
Running target qemu
FAIL: 30_threads/jthread/95989.cc execution test
=== libstdc++ Summary ===
# of expected passes 14009
# of unexpected failures 1
# of expected failures 95
# of unsupported tests 731
Host is x86_64-pc-linux-gnu
=== gcc tests ===
Running target qemu
WARNING: skipping asan tests due to ulimit -v
WARNING: skipping asan tests due to ulimit -v
WARNING: skipping asan tests due to ulimit -v
WARNING: skipping asan tests due to ulimit -v
WARNING: skipping asan tests due to ulimit -v
WARNING: skipping asan tests due to ulimit -v
WARNING: skipping asan tests due to ulimit -v
FAIL: c-c++-common/hwasan/alloca-gets-different-tag.c -O2 -flto -fuse-linker-plugin -fno-fat-lto-objects execution test
FAIL: c-c++-common/hwasan/alloca-outside-caught.c -O0 output pattern test
FAIL: c-c++-common/hwasan/alloca-outside-caught.c -O1 output pattern test
FAIL: c-c++-common/hwasan/alloca-outside-caught.c -O2 output pattern test
FAIL: c-c++-common/hwasan/alloca-outside-caught.c -O2 -flto -fno-use-linker-plugin -flto-partition=none output pattern test
FAIL: c-c++-common/hwasan/alloca-outside-caught.c -O2 -flto -fuse-linker-plugin -fno-fat-lto-objects output pattern test
FAIL: c-c++-common/hwasan/alloca-outside-caught.c -O3 -g output pattern test
FAIL: c-c++-common/hwasan/alloca-outside-caught.c -Os output pattern test
FAIL: c-c++-common/hwasan/asan-pr70541.c -O0 output pattern test
FAIL: c-c++-common/hwasan/bitfield-2.c -O0 output pattern test
FAIL: c-c++-common/hwasan/bitfield-2.c -O1 output pattern test
FAIL: c-c++-common/hwasan/bitfield-2.c -O2 output pattern test
FAIL: c-c++-common/hwasan/bitfield-2.c -O2 -flto -fno-use-linker-plugin -flto-partition=none output pattern test
FAIL: c-c++-common/hwasan/bitfield-2.c -O2 -flto -fuse-linker-plugin -fno-fat-lto-objects output pattern test
FAIL: c-c++-common/hwasan/bitfield-2.c -O3 -g output pattern test
FAIL: c-c++-common/hwasan/bitfield-2.c -Os output pattern test
FAIL: c-c++-common/hwasan/halt_on_error-1.c -O0 output pattern test
FAIL: c-c++-common/hwasan/halt_on_error-1.c -O1 output pattern test
FAIL: c-c++-common/hwasan/halt_on_error-1.c -O2 output pattern test
FAIL: c-c++-common/hwasan/halt_on_error-1.c -O2 -flto -fno-use-linker-plugin -flto-partition=none output pattern test
FAIL: c-c++-common/hwasan/halt_on_error-1.c -O2 -flto -fuse-linker-plugin -fno-fat-lto-objects output pattern test
FAIL: c-c++-common/hwasan/halt_on_error-1.c -O3 -g output pattern test
FAIL: c-c++-common/hwasan/halt_on_error-1.c -Os output pattern test
FAIL: c-c++-common/hwasan/heap-overflow.c -O0 output pattern test
FAIL: c-c++-common/hwasan/heap-overflow.c -O1 output pattern test
FAIL: c-c++-common/hwasan/heap-overflow.c -O2 output pattern test
FAIL: c-c++-common/hwasan/heap-overflow.c -O2 -flto -fno-use-linker-plugin -flto-partition=none output pattern test
FAIL: c-c++-common/hwasan/heap-overflow.c -O2 -flto -fuse-linker-plugin -fno-fat-lto-objects output pattern test
FAIL: c-c++-common/hwasan/heap-overflow.c -O3 -g output pattern test
FAIL: c-c++-common/hwasan/heap-overflow.c -Os output pattern test
FAIL: c-c++-common/hwasan/hwasan-thread-access-parent.c -O0 output pattern test
FAIL: c-c++-common/hwasan/hwasan-thread-access-parent.c -O1 output pattern test
FAIL: c-c++-common/hwasan/hwasan-thread-access-parent.c -O2 output pattern test
FAIL: c-c++-common/hwasan/hwasan-thread-access-parent.c -O2 -flto -fno-use-linker-plugin -flto-partition=none output pattern test
FAIL: c-c++-common/hwasan/hwasan-thread-access-parent.c -O2 -flto -fuse-linker-plugin -fno-fat-lto-objects output pattern test
FAIL: c-c++-common/hwasan/hwasan-thread-access-parent.c -O3 -g output pattern test
FAIL: c-c++-common/hwasan/hwasan-thread-access-parent.c -Os output pattern test
FAIL: c-c++-common/hwasan/hwasan-thread-basic-failure.c -O0 output pattern test
FAIL: c-c++-common/hwasan/hwasan-thread-basic-failure.c -O1 output pattern test
FAIL: c-c++-common/hwasan/hwasan-thread-basic-failure.c -O2 output pattern test
FAIL: c-c++-common/hwasan/hwasan-thread-basic-failure.c -O2 -flto -fno-use-linker-plugin -flto-partition=none output pattern test
FAIL: c-c++-common/hwasan/hwasan-thread-basic-failure.c -O2 -flto -fuse-linker-plugin -fno-fat-lto-objects output pattern test
FAIL: c-c++-common/hwasan/hwasan-thread-basic-failure.c -O3 -g output pattern test
FAIL: c-c++-common/hwasan/hwasan-thread-basic-failure.c -Os output pattern test
FAIL: c-c++-common/hwasan/hwasan-thread-clears-stack.c -O0 output pattern test
FAIL: c-c++-common/hwasan/hwasan-thread-clears-stack.c -O1 output pattern test
FAIL: c-c++-common/hwasan/hwasan-thread-clears-stack.c -O2 output pattern test
FAIL: c-c++-common/hwasan/hwasan-thread-clears-stack.c -O2 -flto -fno-use-linker-plugin -flto-partition=none output pattern test
FAIL: c-c++-common/hwasan/hwasan-thread-clears-stack.c -O2 -flto -fuse-linker-plugin -fno-fat-lto-objects output pattern test
FAIL: c-c++-common/hwasan/hwasan-thread-clears-stack.c -O3 -g output pattern test
FAIL: c-c++-common/hwasan/hwasan-thread-clears-stack.c -Os output pattern test
FAIL: c-c++-common/hwasan/large-aligned-1.c -O0 output pattern test
FAIL: c-c++-common/hwasan/large-aligned-1.c -O1 output pattern test
FAIL: c-c++-common/hwasan/large-aligned-1.c -O2 output pattern test
FAIL: c-c++-common/hwasan/large-aligned-1.c -O2 -flto -fno-use-linker-plugin -flto-partition=none output pattern test
FAIL: c-c++-common/hwasan/large-aligned-1.c -O2 -flto -fuse-linker-plugin -fno-fat-lto-objects output pattern test
FAIL: c-c++-common/hwasan/large-aligned-1.c -O3 -g output pattern test
FAIL: c-c++-common/hwasan/large-aligned-1.c -Os output pattern test
FAIL: c-c++-common/hwasan/large-aligned-untagging-0.c -O0 output pattern test
FAIL: c-c++-common/hwasan/large-aligned-untagging-0.c -O1 output pattern test
FAIL: c-c++-common/hwasan/large-aligned-untagging-0.c -O2 output pattern test
FAIL: c-c++-common/hwasan/large-aligned-untagging-0.c -O2 -flto -fno-use-linker-plugin -flto-partition=none output pattern test
FAIL: c-c++-common/hwasan/large-aligned-untagging-0.c -O2 -flto -fuse-linker-plugin -fno-fat-lto-objects output pattern test
FAIL: c-c++-common/hwasan/large-aligned-untagging-0.c -O3 -g output pattern test
FAIL: c-c++-common/hwasan/large-aligned-untagging-0.c -Os output pattern test
FAIL: c-c++-common/hwasan/large-aligned-untagging-1.c -O0 output pattern test
FAIL: c-c++-common/hwasan/large-aligned-untagging-1.c -O1 output pattern test
FAIL: c-c++-common/hwasan/large-aligned-untagging-1.c -O2 output pattern test
FAIL: c-c++-common/hwasan/large-aligned-untagging-1.c -O2 -flto -fno-use-linker-plugin -flto-partition=none output pattern test
FAIL: c-c++-common/hwasan/large-aligned-untagging-1.c -O2 -flto -fuse-linker-plugin -fno-fat-lto-objects output pattern test
FAIL: c-c++-common/hwasan/large-aligned-untagging-1.c -O3 -g output pattern test
FAIL: c-c++-common/hwasan/large-aligned-untagging-1.c -Os output pattern test
FAIL: c-c++-common/hwasan/large-aligned-untagging-2.c -O0 output pattern test
FAIL: c-c++-common/hwasan/large-aligned-untagging-2.c -O1 output pattern test
FAIL: c-c++-common/hwasan/large-aligned-untagging-2.c -O2 output pattern test
FAIL: c-c++-common/hwasan/large-aligned-untagging-2.c -O2 -flto -fno-use-linker-plugin -flto-partition=none output pattern test
FAIL: c-c++-common/hwasan/large-aligned-untagging-2.c -O2 -flto -fuse-linker-plugin -fno-fat-lto-objects output pattern test
FAIL: c-c++-common/hwasan/large-aligned-untagging-2.c -O3 -g output pattern test
FAIL: c-c++-common/hwasan/large-aligned-untagging-2.c -Os output pattern test
FAIL: c-c++-common/hwasan/large-aligned-untagging-3.c -O0 output pattern test
FAIL: c-c++-common/hwasan/large-aligned-untagging-3.c -O1 output pattern test
FAIL: c-c++-common/hwasan/large-aligned-untagging-3.c -O2 output pattern test
FAIL: c-c++-common/hwasan/large-aligned-untagging-3.c -O2 -flto -fno-use-linker-plugin -flto-partition=none output pattern test
FAIL: c-c++-common/hwasan/large-aligned-untagging-3.c -O2 -flto -fuse-linker-plugin -fno-fat-lto-objects output pattern test
FAIL: c-c++-common/hwasan/large-aligned-untagging-3.c -O3 -g output pattern test
FAIL: c-c++-common/hwasan/large-aligned-untagging-3.c -Os output pattern test
FAIL: c-c++-common/hwasan/large-aligned-untagging-4.c -O0 output pattern test
FAIL: c-c++-common/hwasan/large-aligned-untagging-4.c -O1 output pattern test
FAIL: c-c++-common/hwasan/large-aligned-untagging-4.c -O2 output pattern test
FAIL: c-c++-common/hwasan/large-aligned-untagging-4.c -O2 -flto -fno-use-linker-plugin -flto-partition=none output pattern test
FAIL: c-c++-common/hwasan/large-aligned-untagging-4.c -O2 -flto -fuse-linker-plugin -fno-fat-lto-objects output pattern test
FAIL: c-c++-common/hwasan/large-aligned-untagging-4.c -O3 -g output pattern test
FAIL: c-c++-common/hwasan/large-aligned-untagging-4.c -Os output pattern test
FAIL: c-c++-common/hwasan/large-aligned-untagging-5.c -O0 output pattern test
FAIL: c-c++-common/hwasan/large-aligned-untagging-5.c -O1 output pattern test
FAIL: c-c++-common/hwasan/large-aligned-untagging-5.c -O2 output pattern test
FAIL: c-c++-common/hwasan/large-aligned-untagging-5.c -O2 -flto -fno-use-linker-plugin -flto-partition=none output pattern test
FAIL: c-c++-common/hwasan/large-aligned-untagging-5.c -O2 -flto -fuse-linker-plugin -fno-fat-lto-objects output pattern test
FAIL: c-c++-common/hwasan/large-aligned-untagging-5.c -O3 -g output pattern test
FAIL: c-c++-common/hwasan/large-aligned-untagging-5.c -Os output pattern test
FAIL: c-c++-common/hwasan/large-aligned-untagging-6.c -O0 output pattern test
FAIL: c-c++-common/hwasan/large-aligned-untagging-6.c -O1 output pattern test
FAIL: c-c++-common/hwasan/large-aligned-untagging-6.c -O2 output pattern test
FAIL: c-c++-common/hwasan/large-aligned-untagging-6.c -O2 -flto -fno-use-linker-plugin -flto-partition=none output pattern test
FAIL: c-c++-common/hwasan/large-aligned-untagging-6.c -O2 -flto -fuse-linker-plugin -fno-fat-lto-objects output pattern test
FAIL: c-c++-common/hwasan/large-aligned-untagging-6.c -O3 -g output pattern test
FAIL: c-c++-common/hwasan/large-aligned-untagging-6.c -Os output pattern test
FAIL: c-c++-common/hwasan/large-aligned-untagging-7.c -O0 output pattern test
FAIL: c-c++-common/hwasan/large-aligned-untagging-7.c -O1 output pattern test
FAIL: c-c++-common/hwasan/large-aligned-untagging-7.c -O2 output pattern test
FAIL: c-c++-common/hwasan/large-aligned-untagging-7.c -O2 -flto -fno-use-linker-plugin -flto-partition=none output pattern test
FAIL: c-c++-common/hwasan/large-aligned-untagging-7.c -O2 -flto -fuse-linker-plugin -fno-fat-lto-objects output pattern test
FAIL: c-c++-common/hwasan/large-aligned-untagging-7.c -O3 -g output pattern test
FAIL: c-c++-common/hwasan/large-aligned-untagging-7.c -Os output pattern test
FAIL: c-c++-common/hwasan/sanity-check-pure-c.c -O0 output pattern test
FAIL: c-c++-common/hwasan/sanity-check-pure-c.c -O1 output pattern test
FAIL: c-c++-common/hwasan/sanity-check-pure-c.c -O2 output pattern test
FAIL: c-c++-common/hwasan/sanity-check-pure-c.c -O2 -flto -fno-use-linker-plugin -flto-partition=none output pattern test
FAIL: c-c++-common/hwasan/sanity-check-pure-c.c -O2 -flto -fuse-linker-plugin -fno-fat-lto-objects output pattern test
FAIL: c-c++-common/hwasan/sanity-check-pure-c.c -O3 -g output pattern test
FAIL: c-c++-common/hwasan/sanity-check-pure-c.c -Os output pattern test
FAIL: c-c++-common/hwasan/setjmp-longjmp-1.c -O0 output pattern test
FAIL: c-c++-common/hwasan/setjmp-longjmp-1.c -O1 output pattern test
FAIL: c-c++-common/hwasan/setjmp-longjmp-1.c -O2 output pattern test
FAIL: c-c++-common/hwasan/setjmp-longjmp-1.c -O2 -flto -fno-use-linker-plugin -flto-partition=none output pattern test
FAIL: c-c++-common/hwasan/setjmp-longjmp-1.c -O2 -flto -fuse-linker-plugin -fno-fat-lto-objects output pattern test
FAIL: c-c++-common/hwasan/setjmp-longjmp-1.c -O3 -g output pattern test
FAIL: c-c++-common/hwasan/setjmp-longjmp-1.c -Os output pattern test
FAIL: c-c++-common/hwasan/stack-tagging-basic-1.c -O0 output pattern test
FAIL: c-c++-common/hwasan/stack-tagging-basic-1.c -O1 output pattern test
FAIL: c-c++-common/hwasan/stack-tagging-basic-1.c -O2 output pattern test
FAIL: c-c++-common/hwasan/stack-tagging-basic-1.c -O2 -flto -fno-use-linker-plugin -flto-partition=none output pattern test
FAIL: c-c++-common/hwasan/stack-tagging-basic-1.c -O2 -flto -fuse-linker-plugin -fno-fat-lto-objects output pattern test
FAIL: c-c++-common/hwasan/stack-tagging-basic-1.c -O3 -g output pattern test
FAIL: c-c++-common/hwasan/stack-tagging-basic-1.c -Os output pattern test
FAIL: c-c++-common/hwasan/use-after-free.c -O0 output pattern test
FAIL: c-c++-common/hwasan/use-after-free.c -O1 output pattern test
FAIL: c-c++-common/hwasan/use-after-free.c -O2 output pattern test
FAIL: c-c++-common/hwasan/use-after-free.c -O2 -flto -fno-use-linker-plugin -flto-partition=none output pattern test
FAIL: c-c++-common/hwasan/use-after-free.c -O2 -flto -fuse-linker-plugin -fno-fat-lto-objects output pattern test
FAIL: c-c++-common/hwasan/use-after-free.c -O3 -g output pattern test
FAIL: c-c++-common/hwasan/use-after-free.c -Os output pattern test
FAIL: c-c++-common/hwasan/vararray-outside-caught.c -O0 output pattern test
FAIL: c-c++-common/hwasan/vararray-outside-caught.c -O1 output pattern test
FAIL: c-c++-common/hwasan/vararray-outside-caught.c -O2 output pattern test
FAIL: c-c++-common/hwasan/vararray-outside-caught.c -O2 -flto -fno-use-linker-plugin -flto-partition=none output pattern test
FAIL: c-c++-common/hwasan/vararray-outside-caught.c -O2 -flto -fuse-linker-plugin -fno-fat-lto-objects output pattern test
FAIL: c-c++-common/hwasan/vararray-outside-caught.c -O3 -g output pattern test
FAIL: c-c++-common/hwasan/vararray-outside-caught.c -Os output pattern test
FAIL: gcc.dg/hwasan/nested-functions-1.c -O0 output pattern test
FAIL: gcc.dg/hwasan/nested-functions-1.c -O1 output pattern test
FAIL: gcc.dg/hwasan/nested-functions-1.c -O2 output pattern test
FAIL: gcc.dg/hwasan/nested-functions-1.c -O2 -flto -fno-use-linker-plugin -flto-partition=none output pattern test
FAIL: gcc.dg/hwasan/nested-functions-1.c -O2 -flto -fuse-linker-plugin -fno-fat-lto-objects output pattern test
FAIL: gcc.dg/hwasan/nested-functions-1.c -O3 -g output pattern test
FAIL: gcc.dg/hwasan/nested-functions-1.c -Os output pattern test
FAIL: gcc.dg/hwasan/nested-functions-2.c -O0 output pattern test
FAIL: gcc.dg/hwasan/nested-functions-2.c -O1 output pattern test
FAIL: gcc.dg/hwasan/nested-functions-2.c -O2 output pattern test
FAIL: gcc.dg/hwasan/nested-functions-2.c -O2 -flto -fno-use-linker-plugin -flto-partition=none output pattern test
FAIL: gcc.dg/hwasan/nested-functions-2.c -O2 -flto -fuse-linker-plugin -fno-fat-lto-objects output pattern test
FAIL: gcc.dg/hwasan/nested-functions-2.c -O3 -g output pattern test
FAIL: gcc.dg/hwasan/nested-functions-2.c -Os output pattern test
UNRESOLVED: gcc.dg/ipa/remref-6.c scan-ipa-dump inline "Removed a reference"
UNRESOLVED: gcc.dg/ipa/remref-6.c scan-ipa-dump inline "replaced it with LOAD"
FAIL: gcc.dg/tree-prof/20050826-2.c scan-tree-dump-not dom2 "Invalid sum"
FAIL: c-c++-common/ubsan/null-1.c -O0 execution test
FAIL: c-c++-common/ubsan/null-1.c -O2 execution test
FAIL: c-c++-common/ubsan/null-1.c -O2 -flto -fno-use-linker-plugin -flto-partition=none execution test
FAIL: c-c++-common/ubsan/null-1.c -O2 -flto -fuse-linker-plugin -fno-fat-lto-objects execution test
FAIL: c-c++-common/ubsan/null-1.c -Os execution test
FAIL: c-c++-common/ubsan/null-10.c -O0 execution test
FAIL: c-c++-common/ubsan/null-10.c -O1 execution test
FAIL: c-c++-common/ubsan/null-10.c -O2 execution test
FAIL: c-c++-common/ubsan/null-10.c -O2 -flto -fuse-linker-plugin -fno-fat-lto-objects execution test
FAIL: c-c++-common/ubsan/null-11.c -O0 execution test
FAIL: c-c++-common/ubsan/null-11.c -O2 execution test
FAIL: c-c++-common/ubsan/null-11.c -O2 -flto -fno-use-linker-plugin -flto-partition=none execution test
FAIL: c-c++-common/ubsan/null-11.c -O2 -flto -fuse-linker-plugin -fno-fat-lto-objects execution test
FAIL: c-c++-common/ubsan/null-11.c -O3 -g execution test
FAIL: c-c++-common/ubsan/null-2.c -O0 execution test
FAIL: c-c++-common/ubsan/null-2.c -O1 execution test
FAIL: c-c++-common/ubsan/null-2.c -O2 execution test
FAIL: c-c++-common/ubsan/null-2.c -O2 -flto -fno-use-linker-plugin -flto-partition=none execution test
FAIL: c-c++-common/ubsan/null-2.c -O2 -flto -fuse-linker-plugin -fno-fat-lto-objects execution test
FAIL: c-c++-common/ubsan/null-3.c -O1 execution test
FAIL: c-c++-common/ubsan/null-3.c -O2 execution test
FAIL: c-c++-common/ubsan/null-3.c -O2 -flto -fno-use-linker-plugin -flto-partition=none execution test
FAIL: c-c++-common/ubsan/null-3.c -O2 -flto -fuse-linker-plugin -fno-fat-lto-objects execution test
FAIL: c-c++-common/ubsan/null-3.c -O3 -g execution test
FAIL: c-c++-common/ubsan/null-3.c -Os execution test
FAIL: c-c++-common/ubsan/null-4.c -O0 execution test
FAIL: c-c++-common/ubsan/null-4.c -O1 execution test
FAIL: c-c++-common/ubsan/null-4.c -O2 execution test
FAIL: c-c++-common/ubsan/null-4.c -O2 -flto -fno-use-linker-plugin -flto-partition=none execution test
FAIL: c-c++-common/ubsan/null-4.c -O3 -g execution test
FAIL: c-c++-common/ubsan/null-4.c -Os execution test
FAIL: c-c++-common/ubsan/null-5.c -O0 execution test
FAIL: c-c++-common/ubsan/null-5.c -O2 execution test
FAIL: c-c++-common/ubsan/null-5.c -O2 -flto -fno-use-linker-plugin -flto-partition=none execution test
FAIL: c-c++-common/ubsan/null-5.c -Os execution test
FAIL: c-c++-common/ubsan/null-7.c -O0 execution test
FAIL: c-c++-common/ubsan/null-7.c -O1 execution test
FAIL: c-c++-common/ubsan/null-7.c -O2 -flto -fno-use-linker-plugin -flto-partition=none execution test
FAIL: c-c++-common/ubsan/null-7.c -O2 -flto -fuse-linker-plugin -fno-fat-lto-objects execution test
FAIL: c-c++-common/ubsan/null-7.c -O3 -g execution test
FAIL: c-c++-common/ubsan/null-8.c -O0 execution test
FAIL: c-c++-common/ubsan/null-8.c -O2 execution test
FAIL: c-c++-common/ubsan/null-8.c -O2 -flto -fno-use-linker-plugin -flto-partition=none execution test
FAIL: c-c++-common/ubsan/null-8.c -O2 -flto -fuse-linker-plugin -fno-fat-lto-objects execution test
FAIL: c-c++-common/ubsan/null-8.c -O3 -g execution test
FAIL: c-c++-common/ubsan/null-8.c -Os execution test
FAIL: c-c++-common/ubsan/null-9.c -O0 execution test
FAIL: c-c++-common/ubsan/null-9.c -O2 -flto -fno-use-linker-plugin -flto-partition=none execution test
FAIL: c-c++-common/ubsan/null-9.c -O2 -flto -fuse-linker-plugin -fno-fat-lto-objects execution test
FAIL: c-c++-common/ubsan/null-9.c -O3 -g execution test
FAIL: c-c++-common/ubsan/null-9.c -Os execution test
FAIL: gcc.target/aarch64/pr100056.c scan-assembler-not \\\\t[us]bfiz\\\\tw[0-9]+, w[0-9]+, 11
FAIL: gcc.target/aarch64/subs_compare_2.c scan-assembler-not cmp\\\\tw[0-9]+, w[0-9]+
FAIL: gcc.target/aarch64/subs_compare_2.c scan-assembler-times subs\\\\tw[0-9]+, w[0-9]+, [#]?4 1
=== gcc Summary ===
# of expected passes 261073
# of unexpected failures 218
# of expected failures 2029
# of unresolved testcases 2
# of unsupported tests 3917
/tmp/1761522_1.tmpdir/aci-gcc-fsf/builds/gcc-fsf-gccsrc/obj-aarch64-none-linux-gnu/gcc3/gcc/xgcc version 12.0.0 (DEFMODE=default DEFCPU=default DEFFPU=default TESTFLAGS=) [r12-2775] (GCC)
Host is x86_64-pc-linux-gnu
=== gfortran tests ===
Running target qemu
WARNING: skipping asan tests due to ulimit -v
WARNING: skipping asan tests due to ulimit -v
FAIL: gfortran.dg/dollar_edit_descriptor_3.f -O0 output pattern test
FAIL: gfortran.dg/dollar_edit_descriptor_3.f -O1 output pattern test
FAIL: gfortran.dg/dollar_edit_descriptor_3.f -O2 output pattern test
FAIL: gfortran.dg/dollar_edit_descriptor_3.f -O3 -fomit-frame-pointer -funroll-loops -fpeel-loops -ftracer -finline-functions output pattern test
FAIL: gfortran.dg/dollar_edit_descriptor_3.f -O3 -g output pattern test
FAIL: gfortran.dg/dollar_edit_descriptor_3.f -Os output pattern test
FAIL: gfortran.dg/namelist_print_1.f -O0 output pattern test
FAIL: gfortran.dg/namelist_print_1.f -O1 output pattern test
FAIL: gfortran.dg/namelist_print_1.f -O2 output pattern test
FAIL: gfortran.dg/namelist_print_1.f -O3 -fomit-frame-pointer -funroll-loops -fpeel-loops -ftracer -finline-functions output pattern test
FAIL: gfortran.dg/namelist_print_1.f -O3 -g output pattern test
FAIL: gfortran.dg/namelist_print_1.f -Os output pattern test
FAIL: gfortran.dg/read_x_eor.f90 -O0 output pattern test
FAIL: gfortran.dg/read_x_eor.f90 -O1 output pattern test
FAIL: gfortran.dg/read_x_eor.f90 -O2 output pattern test
FAIL: gfortran.dg/read_x_eor.f90 -O3 -fomit-frame-pointer -funroll-loops -fpeel-loops -ftracer -finline-functions output pattern test
FAIL: gfortran.dg/read_x_eor.f90 -O3 -g output pattern test
FAIL: gfortran.dg/read_x_eor.f90 -Os output pattern test
FAIL: gfortran.dg/g77/f77-edit-apostrophe-out.f -O0 output pattern test
FAIL: gfortran.dg/g77/f77-edit-apostrophe-out.f -O1 output pattern test
FAIL: gfortran.dg/g77/f77-edit-apostrophe-out.f -O2 output pattern test
FAIL: gfortran.dg/g77/f77-edit-apostrophe-out.f -O3 -fomit-frame-pointer -funroll-loops -fpeel-loops -ftracer -finline-functions output pattern test
FAIL: gfortran.dg/g77/f77-edit-apostrophe-out.f -O3 -g output pattern test
FAIL: gfortran.dg/g77/f77-edit-apostrophe-out.f -Os output pattern test
FAIL: gfortran.dg/g77/f77-edit-colon-out.f -O0 output pattern test
FAIL: gfortran.dg/g77/f77-edit-colon-out.f -O1 output pattern test
FAIL: gfortran.dg/g77/f77-edit-colon-out.f -O2 output pattern test
FAIL: gfortran.dg/g77/f77-edit-colon-out.f -O3 -fomit-frame-pointer -funroll-loops -fpeel-loops -ftracer -finline-functions output pattern test
FAIL: gfortran.dg/g77/f77-edit-colon-out.f -O3 -g output pattern test
FAIL: gfortran.dg/g77/f77-edit-colon-out.f -Os output pattern test
FAIL: gfortran.dg/g77/f77-edit-h-out.f -O0 output pattern test
FAIL: gfortran.dg/g77/f77-edit-h-out.f -O1 output pattern test
FAIL: gfortran.dg/g77/f77-edit-h-out.f -O2 output pattern test
FAIL: gfortran.dg/g77/f77-edit-h-out.f -O3 -fomit-frame-pointer -funroll-loops -fpeel-loops -ftracer -finline-functions output pattern test
FAIL: gfortran.dg/g77/f77-edit-h-out.f -O3 -g output pattern test
FAIL: gfortran.dg/g77/f77-edit-h-out.f -Os output pattern test
FAIL: gfortran.dg/g77/f77-edit-i-out.f -O0 output pattern test
FAIL: gfortran.dg/g77/f77-edit-i-out.f -O1 output pattern test
FAIL: gfortran.dg/g77/f77-edit-i-out.f -O2 output pattern test
FAIL: gfortran.dg/g77/f77-edit-i-out.f -O3 -fomit-frame-pointer -funroll-loops -fpeel-loops -ftracer -finline-functions output pattern test
FAIL: gfortran.dg/g77/f77-edit-i-out.f -O3 -g output pattern test
FAIL: gfortran.dg/g77/f77-edit-i-out.f -Os output pattern test
FAIL: gfortran.dg/g77/f77-edit-s-out.f -O0 output pattern test
FAIL: gfortran.dg/g77/f77-edit-s-out.f -O1 output pattern test
FAIL: gfortran.dg/g77/f77-edit-s-out.f -O2 output pattern test
FAIL: gfortran.dg/g77/f77-edit-s-out.f -O3 -fomit-frame-pointer -funroll-loops -fpeel-loops -ftracer -finline-functions output pattern test
FAIL: gfortran.dg/g77/f77-edit-s-out.f -O3 -g output pattern test
FAIL: gfortran.dg/g77/f77-edit-s-out.f -Os output pattern test
FAIL: gfortran.dg/g77/f77-edit-slash-out.f -O0 output pattern test
FAIL: gfortran.dg/g77/f77-edit-slash-out.f -O1 output pattern test
FAIL: gfortran.dg/g77/f77-edit-slash-out.f -O2 output pattern test
FAIL: gfortran.dg/g77/f77-edit-slash-out.f -O3 -fomit-frame-pointer -funroll-loops -fpeel-loops -ftracer -finline-functions output pattern test
FAIL: gfortran.dg/g77/f77-edit-slash-out.f -O3 -g output pattern test
FAIL: gfortran.dg/g77/f77-edit-slash-out.f -Os output pattern test
FAIL: gfortran.dg/g77/f77-edit-t-out.f -O0 output pattern test
FAIL: gfortran.dg/g77/f77-edit-t-out.f -O1 output pattern test
FAIL: gfortran.dg/g77/f77-edit-t-out.f -O2 output pattern test
FAIL: gfortran.dg/g77/f77-edit-t-out.f -O3 -fomit-frame-pointer -funroll-loops -fpeel-loops -ftracer -finline-functions output pattern test
FAIL: gfortran.dg/g77/f77-edit-t-out.f -O3 -g output pattern test
FAIL: gfortran.dg/g77/f77-edit-t-out.f -Os output pattern test
FAIL: gfortran.dg/g77/f77-edit-x-out.f -O0 output pattern test
FAIL: gfortran.dg/g77/f77-edit-x-out.f -O1 output pattern test
FAIL: gfortran.dg/g77/f77-edit-x-out.f -O2 output pattern test
FAIL: gfortran.dg/g77/f77-edit-x-out.f -O3 -fomit-frame-pointer -funroll-loops -fpeel-loops -ftracer -finline-functions output pattern test
FAIL: gfortran.dg/g77/f77-edit-x-out.f -O3 -g output pattern test
FAIL: gfortran.dg/g77/f77-edit-x-out.f -Os output pattern test
FAIL: gfortran.dg/vect/vect-8.f90 -O scan-tree-dump-times vect "vectorized 23 loops" 1
=== gfortran Summary ===
# of expected passes 57629
# of unexpected failures 67
# of expected failures 243
# of unsupported tests 143
/tmp/1761522_1.tmpdir/aci-gcc-fsf/builds/gcc-fsf-gccsrc/obj-aarch64-none-linux-gnu/gcc3/gcc/gfortran version 12.0.0 (DEFMODE=default DEFCPU=default DEFFPU=default TESTFLAGS=) [r12-2775] (GCC)
Host is x86_64-pc-linux-gnu
=== g++ tests ===
Running target qemu
WARNING: skipping asan tests due to ulimit -v
WARNING: skipping asan tests due to ulimit -v
WARNING: skipping asan tests due to ulimit -v
WARNING: skipping asan tests due to ulimit -v
WARNING: skipping asan tests due to ulimit -v
FAIL: g++.dg/warn/Wstringop-overflow-6.C -std=gnu++2a (test for excess errors)
FAIL: g++.dg/gomp/declare-simd-8.C -std=c++14 (test for excess errors)
FAIL: g++.dg/gomp/declare-simd-8.C -std=c++17 (test for excess errors)
FAIL: g++.dg/gomp/declare-simd-8.C -std=c++2a (test for excess errors)
FAIL: g++.dg/gomp/declare-simd-8.C -std=c++98 (test for excess errors)
FAIL: c-c++-common/hwasan/alloca-gets-different-tag.c -O2 -flto -fuse-linker-plugin -fno-fat-lto-objects execution test
FAIL: c-c++-common/hwasan/alloca-outside-caught.c -O0 output pattern test
FAIL: c-c++-common/hwasan/alloca-outside-caught.c -O1 output pattern test
FAIL: c-c++-common/hwasan/alloca-outside-caught.c -O2 output pattern test
FAIL: c-c++-common/hwasan/alloca-outside-caught.c -O2 -flto -fno-use-linker-plugin -flto-partition=none output pattern test
FAIL: c-c++-common/hwasan/alloca-outside-caught.c -O2 -flto -fuse-linker-plugin -fno-fat-lto-objects output pattern test
FAIL: c-c++-common/hwasan/alloca-outside-caught.c -O3 -g output pattern test
FAIL: c-c++-common/hwasan/alloca-outside-caught.c -Os output pattern test
FAIL: c-c++-common/hwasan/asan-pr70541.c -O0 output pattern test
FAIL: c-c++-common/hwasan/bitfield-2.c -O0 output pattern test
FAIL: c-c++-common/hwasan/bitfield-2.c -O1 output pattern test
FAIL: c-c++-common/hwasan/bitfield-2.c -O2 output pattern test
FAIL: c-c++-common/hwasan/bitfield-2.c -O2 -flto -fno-use-linker-plugin -flto-partition=none output pattern test
FAIL: c-c++-common/hwasan/bitfield-2.c -O2 -flto -fuse-linker-plugin -fno-fat-lto-objects output pattern test
FAIL: c-c++-common/hwasan/bitfield-2.c -O3 -g output pattern test
FAIL: c-c++-common/hwasan/bitfield-2.c -Os output pattern test
FAIL: c-c++-common/hwasan/halt_on_error-1.c -O0 output pattern test
FAIL: c-c++-common/hwasan/halt_on_error-1.c -O1 output pattern test
FAIL: c-c++-common/hwasan/halt_on_error-1.c -O2 output pattern test
FAIL: c-c++-common/hwasan/halt_on_error-1.c -O2 -flto -fno-use-linker-plugin -flto-partition=none output pattern test
FAIL: c-c++-common/hwasan/halt_on_error-1.c -O2 -flto -fuse-linker-plugin -fno-fat-lto-objects output pattern test
FAIL: c-c++-common/hwasan/halt_on_error-1.c -O3 -g output pattern test
FAIL: c-c++-common/hwasan/halt_on_error-1.c -Os output pattern test
FAIL: c-c++-common/hwasan/heap-overflow.c -O0 output pattern test
FAIL: c-c++-common/hwasan/heap-overflow.c -O1 output pattern test
FAIL: c-c++-common/hwasan/heap-overflow.c -O2 output pattern test
FAIL: c-c++-common/hwasan/heap-overflow.c -O2 -flto -fno-use-linker-plugin -flto-partition=none output pattern test
FAIL: c-c++-common/hwasan/heap-overflow.c -O2 -flto -fuse-linker-plugin -fno-fat-lto-objects output pattern test
FAIL: c-c++-common/hwasan/heap-overflow.c -O3 -g output pattern test
FAIL: c-c++-common/hwasan/heap-overflow.c -Os output pattern test
FAIL: c-c++-common/hwasan/hwasan-thread-access-parent.c -O0 output pattern test
FAIL: c-c++-common/hwasan/hwasan-thread-access-parent.c -O1 output pattern test
FAIL: c-c++-common/hwasan/hwasan-thread-access-parent.c -O2 output pattern test
FAIL: c-c++-common/hwasan/hwasan-thread-access-parent.c -O2 -flto -fno-use-linker-plugin -flto-partition=none output pattern test
FAIL: c-c++-common/hwasan/hwasan-thread-access-parent.c -O2 -flto -fuse-linker-plugin -fno-fat-lto-objects output pattern test
FAIL: c-c++-common/hwasan/hwasan-thread-access-parent.c -O3 -g output pattern test
FAIL: c-c++-common/hwasan/hwasan-thread-access-parent.c -Os output pattern test
FAIL: c-c++-common/hwasan/hwasan-thread-basic-failure.c -O0 output pattern test
FAIL: c-c++-common/hwasan/hwasan-thread-basic-failure.c -O1 output pattern test
FAIL: c-c++-common/hwasan/hwasan-thread-basic-failure.c -O2 output pattern test
FAIL: c-c++-common/hwasan/hwasan-thread-basic-failure.c -O2 -flto -fno-use-linker-plugin -flto-partition=none output pattern test
FAIL: c-c++-common/hwasan/hwasan-thread-basic-failure.c -O2 -flto -fuse-linker-plugin -fno-fat-lto-objects output pattern test
FAIL: c-c++-common/hwasan/hwasan-thread-basic-failure.c -O3 -g output pattern test
FAIL: c-c++-common/hwasan/hwasan-thread-basic-failure.c -Os output pattern test
FAIL: c-c++-common/hwasan/hwasan-thread-clears-stack.c -O0 output pattern test
FAIL: c-c++-common/hwasan/hwasan-thread-clears-stack.c -O1 output pattern test
FAIL: c-c++-common/hwasan/hwasan-thread-clears-stack.c -O2 output pattern test
FAIL: c-c++-common/hwasan/hwasan-thread-clears-stack.c -O2 -flto -fno-use-linker-plugin -flto-partition=none output pattern test
FAIL: c-c++-common/hwasan/hwasan-thread-clears-stack.c -O2 -flto -fuse-linker-plugin -fno-fat-lto-objects output pattern test
FAIL: c-c++-common/hwasan/hwasan-thread-clears-stack.c -O3 -g output pattern test
FAIL: c-c++-common/hwasan/hwasan-thread-clears-stack.c -Os output pattern test
FAIL: c-c++-common/hwasan/large-aligned-1.c -O0 output pattern test
FAIL: c-c++-common/hwasan/large-aligned-1.c -O1 output pattern test
FAIL: c-c++-common/hwasan/large-aligned-1.c -O2 output pattern test
FAIL: c-c++-common/hwasan/large-aligned-1.c -O2 -flto -fno-use-linker-plugin -flto-partition=none output pattern test
FAIL: c-c++-common/hwasan/large-aligned-1.c -O2 -flto -fuse-linker-plugin -fno-fat-lto-objects output pattern test
FAIL: c-c++-common/hwasan/large-aligned-1.c -O3 -g output pattern test
FAIL: c-c++-common/hwasan/large-aligned-1.c -Os output pattern test
FAIL: c-c++-common/hwasan/large-aligned-untagging-0.c -O0 output pattern test
FAIL: c-c++-common/hwasan/large-aligned-untagging-0.c -O1 output pattern test
FAIL: c-c++-common/hwasan/large-aligned-untagging-0.c -O2 output pattern test
FAIL: c-c++-common/hwasan/large-aligned-untagging-0.c -O2 -flto -fno-use-linker-plugin -flto-partition=none output pattern test
FAIL: c-c++-common/hwasan/large-aligned-untagging-0.c -O2 -flto -fuse-linker-plugin -fno-fat-lto-objects output pattern test
FAIL: c-c++-common/hwasan/large-aligned-untagging-0.c -O3 -g output pattern test
FAIL: c-c++-common/hwasan/large-aligned-untagging-0.c -Os output pattern test
FAIL: c-c++-common/hwasan/large-aligned-untagging-1.c -O0 output pattern test
FAIL: c-c++-common/hwasan/large-aligned-untagging-1.c -O1 output pattern test
FAIL: c-c++-common/hwasan/large-aligned-untagging-1.c -O2 output pattern test
FAIL: c-c++-common/hwasan/large-aligned-untagging-1.c -O2 -flto -fno-use-linker-plugin -flto-partition=none output pattern test
FAIL: c-c++-common/hwasan/large-aligned-untagging-1.c -O2 -flto -fuse-linker-plugin -fno-fat-lto-objects output pattern test
FAIL: c-c++-common/hwasan/large-aligned-untagging-1.c -O3 -g output pattern test
FAIL: c-c++-common/hwasan/large-aligned-untagging-1.c -Os output pattern test
FAIL: c-c++-common/hwasan/large-aligned-untagging-2.c -O0 output pattern test
FAIL: c-c++-common/hwasan/large-aligned-untagging-2.c -O1 output pattern test
FAIL: c-c++-common/hwasan/large-aligned-untagging-2.c -O2 output pattern test
FAIL: c-c++-common/hwasan/large-aligned-untagging-2.c -O2 -flto -fno-use-linker-plugin -flto-partition=none output pattern test
FAIL: c-c++-common/hwasan/large-aligned-untagging-2.c -O2 -flto -fuse-linker-plugin -fno-fat-lto-objects output pattern test
FAIL: c-c++-common/hwasan/large-aligned-untagging-2.c -O3 -g output pattern test
FAIL: c-c++-common/hwasan/large-aligned-untagging-2.c -Os output pattern test
FAIL: c-c++-common/hwasan/large-aligned-untagging-3.c -O0 output pattern test
FAIL: c-c++-common/hwasan/large-aligned-untagging-3.c -O1 output pattern test
FAIL: c-c++-common/hwasan/large-aligned-untagging-3.c -O2 output pattern test
FAIL: c-c++-common/hwasan/large-aligned-untagging-3.c -O2 -flto -fno-use-linker-plugin -flto-partition=none output pattern test
FAIL: c-c++-common/hwasan/large-aligned-untagging-3.c -O2 -flto -fuse-linker-plugin -fno-fat-lto-objects output pattern test
FAIL: c-c++-common/hwasan/large-aligned-untagging-3.c -O3 -g output pattern test
FAIL: c-c++-common/hwasan/large-aligned-untagging-3.c -Os output pattern test
FAIL: c-c++-common/hwasan/large-aligned-untagging-4.c -O0 output pattern test
FAIL: c-c++-common/hwasan/large-aligned-untagging-4.c -O1 output pattern test
FAIL: c-c++-common/hwasan/large-aligned-untagging-4.c -O2 output pattern test
FAIL: c-c++-common/hwasan/large-aligned-untagging-4.c -O2 -flto -fno-use-linker-plugin -flto-partition=none output pattern test
FAIL: c-c++-common/hwasan/large-aligned-untagging-4.c -O2 -flto -fuse-linker-plugin -fno-fat-lto-objects output pattern test
FAIL: c-c++-common/hwasan/large-aligned-untagging-4.c -O3 -g output pattern test
FAIL: c-c++-common/hwasan/large-aligned-untagging-4.c -Os output pattern test
FAIL: c-c++-common/hwasan/large-aligned-untagging-5.c -O0 output pattern test
FAIL: c-c++-common/hwasan/large-aligned-untagging-5.c -O1 output pattern test
FAIL: c-c++-common/hwasan/large-aligned-untagging-5.c -O2 output pattern test
FAIL: c-c++-common/hwasan/large-aligned-untagging-5.c -O2 -flto -fno-use-linker-plugin -flto-partition=none output pattern test
FAIL: c-c++-common/hwasan/large-aligned-untagging-5.c -O2 -flto -fuse-linker-plugin -fno-fat-lto-objects output pattern test
FAIL: c-c++-common/hwasan/large-aligned-untagging-5.c -O3 -g output pattern test
FAIL: c-c++-common/hwasan/large-aligned-untagging-5.c -Os output pattern test
FAIL: c-c++-common/hwasan/large-aligned-untagging-6.c -O0 output pattern test
FAIL: c-c++-common/hwasan/large-aligned-untagging-6.c -O1 output pattern test
FAIL: c-c++-common/hwasan/large-aligned-untagging-6.c -O2 output pattern test
FAIL: c-c++-common/hwasan/large-aligned-untagging-6.c -O2 -flto -fno-use-linker-plugin -flto-partition=none output pattern test
FAIL: c-c++-common/hwasan/large-aligned-untagging-6.c -O2 -flto -fuse-linker-plugin -fno-fat-lto-objects output pattern test
FAIL: c-c++-common/hwasan/large-aligned-untagging-6.c -O3 -g output pattern test
FAIL: c-c++-common/hwasan/large-aligned-untagging-6.c -Os output pattern test
FAIL: c-c++-common/hwasan/large-aligned-untagging-7.c -O0 output pattern test
FAIL: c-c++-common/hwasan/large-aligned-untagging-7.c -O1 output pattern test
FAIL: c-c++-common/hwasan/large-aligned-untagging-7.c -O2 output pattern test
FAIL: c-c++-common/hwasan/large-aligned-untagging-7.c -O2 -flto -fno-use-linker-plugin -flto-partition=none output pattern test
FAIL: c-c++-common/hwasan/large-aligned-untagging-7.c -O2 -flto -fuse-linker-plugin -fno-fat-lto-objects output pattern test
FAIL: c-c++-common/hwasan/large-aligned-untagging-7.c -O3 -g output pattern test
FAIL: c-c++-common/hwasan/large-aligned-untagging-7.c -Os output pattern test
FAIL: c-c++-common/hwasan/sanity-check-pure-c.c -O0 output pattern test
FAIL: c-c++-common/hwasan/sanity-check-pure-c.c -O1 output pattern test
FAIL: c-c++-common/hwasan/sanity-check-pure-c.c -O2 output pattern test
FAIL: c-c++-common/hwasan/sanity-check-pure-c.c -O2 -flto -fno-use-linker-plugin -flto-partition=none output pattern test
FAIL: c-c++-common/hwasan/sanity-check-pure-c.c -O2 -flto -fuse-linker-plugin -fno-fat-lto-objects output pattern test
FAIL: c-c++-common/hwasan/sanity-check-pure-c.c -O3 -g output pattern test
FAIL: c-c++-common/hwasan/sanity-check-pure-c.c -Os output pattern test
FAIL: c-c++-common/hwasan/setjmp-longjmp-1.c -O0 output pattern test
FAIL: c-c++-common/hwasan/setjmp-longjmp-1.c -O1 output pattern test
FAIL: c-c++-common/hwasan/setjmp-longjmp-1.c -O2 output pattern test
FAIL: c-c++-common/hwasan/setjmp-longjmp-1.c -O2 -flto -fno-use-linker-plugin -flto-partition=none output pattern test
FAIL: c-c++-common/hwasan/setjmp-longjmp-1.c -O2 -flto -fuse-linker-plugin -fno-fat-lto-objects output pattern test
FAIL: c-c++-common/hwasan/setjmp-longjmp-1.c -O3 -g output pattern test
FAIL: c-c++-common/hwasan/setjmp-longjmp-1.c -Os output pattern test
FAIL: c-c++-common/hwasan/stack-tagging-basic-1.c -O0 output pattern test
FAIL: c-c++-common/hwasan/stack-tagging-basic-1.c -O1 output pattern test
FAIL: c-c++-common/hwasan/stack-tagging-basic-1.c -O2 output pattern test
FAIL: c-c++-common/hwasan/stack-tagging-basic-1.c -O2 -flto -fno-use-linker-plugin -flto-partition=none output pattern test
FAIL: c-c++-common/hwasan/stack-tagging-basic-1.c -O2 -flto -fuse-linker-plugin -fno-fat-lto-objects output pattern test
FAIL: c-c++-common/hwasan/stack-tagging-basic-1.c -O3 -g output pattern test
FAIL: c-c++-common/hwasan/stack-tagging-basic-1.c -Os output pattern test
FAIL: c-c++-common/hwasan/use-after-free.c -O0 output pattern test
FAIL: c-c++-common/hwasan/use-after-free.c -O1 output pattern test
FAIL: c-c++-common/hwasan/use-after-free.c -O2 output pattern test
FAIL: c-c++-common/hwasan/use-after-free.c -O2 -flto -fno-use-linker-plugin -flto-partition=none output pattern test
FAIL: c-c++-common/hwasan/use-after-free.c -O2 -flto -fuse-linker-plugin -fno-fat-lto-objects output pattern test
FAIL: c-c++-common/hwasan/use-after-free.c -O3 -g output pattern test
FAIL: c-c++-common/hwasan/use-after-free.c -Os output pattern test
FAIL: c-c++-common/hwasan/vararray-outside-caught.c -O0 output pattern test
FAIL: c-c++-common/hwasan/vararray-outside-caught.c -O1 output pattern test
FAIL: c-c++-common/hwasan/vararray-outside-caught.c -O2 output pattern test
FAIL: c-c++-common/hwasan/vararray-outside-caught.c -O2 -flto -fno-use-linker-plugin -flto-partition=none output pattern test
FAIL: c-c++-common/hwasan/vararray-outside-caught.c -O2 -flto -fuse-linker-plugin -fno-fat-lto-objects output pattern test
FAIL: c-c++-common/hwasan/vararray-outside-caught.c -O3 -g output pattern test
FAIL: c-c++-common/hwasan/vararray-outside-caught.c -Os output pattern test
FAIL: g++.dg/modules/bad-mapper-3.C -std=c++17 (test for errors, line )
FAIL: g++.dg/modules/bad-mapper-3.C -std=c++17 (test for excess errors)
FAIL: g++.dg/modules/bad-mapper-3.C -std=c++2a (test for errors, line )
FAIL: g++.dg/modules/bad-mapper-3.C -std=c++2a (test for excess errors)
FAIL: g++.dg/modules/bad-mapper-3.C -std=c++2b (test for errors, line )
FAIL: g++.dg/modules/bad-mapper-3.C -std=c++2b (test for excess errors)
XPASS: g++.dg/torture/pr101373.C -O1 execution test
XPASS: g++.dg/torture/pr101373.C -O2 execution test
XPASS: g++.dg/torture/pr101373.C -O2 -flto -fno-use-linker-plugin -flto-partition=none execution test
FAIL: g++.dg/tsan/pthread_cond_clockwait.C -O0 (test for excess errors)
UNRESOLVED: g++.dg/tsan/pthread_cond_clockwait.C -O0 compilation failed to produce executable
FAIL: g++.dg/tsan/pthread_cond_clockwait.C -O2 (test for excess errors)
UNRESOLVED: g++.dg/tsan/pthread_cond_clockwait.C -O2 compilation failed to produce executable
FAIL: c-c++-common/ubsan/null-1.c -std=gnu++14 execution test
FAIL: c-c++-common/ubsan/null-1.c -std=gnu++17 execution test
FAIL: c-c++-common/ubsan/null-1.c -std=gnu++2a execution test
FAIL: c-c++-common/ubsan/null-1.c -std=gnu++98 execution test
FAIL: c-c++-common/ubsan/null-10.c -std=gnu++17 execution test
FAIL: c-c++-common/ubsan/null-10.c -std=gnu++2a execution test
FAIL: c-c++-common/ubsan/null-10.c -std=gnu++98 execution test
FAIL: c-c++-common/ubsan/null-11.c -std=gnu++14 execution test
FAIL: c-c++-common/ubsan/null-11.c -std=gnu++17 execution test
FAIL: c-c++-common/ubsan/null-11.c -std=gnu++2a execution test
FAIL: c-c++-common/ubsan/null-11.c -std=gnu++98 execution test
FAIL: c-c++-common/ubsan/null-2.c -std=gnu++14 execution test
FAIL: c-c++-common/ubsan/null-2.c -std=gnu++17 execution test
FAIL: c-c++-common/ubsan/null-2.c -std=gnu++2a execution test
FAIL: c-c++-common/ubsan/null-3.c -std=gnu++14 execution test
FAIL: c-c++-common/ubsan/null-3.c -std=gnu++17 execution test
FAIL: c-c++-common/ubsan/null-3.c -std=gnu++2a execution test
FAIL: c-c++-common/ubsan/null-3.c -std=gnu++98 execution test
FAIL: c-c++-common/ubsan/null-4.c -std=gnu++14 execution test
FAIL: c-c++-common/ubsan/null-4.c -std=gnu++17 execution test
FAIL: c-c++-common/ubsan/null-4.c -std=gnu++2a execution test
FAIL: c-c++-common/ubsan/null-4.c -std=gnu++98 execution test
FAIL: c-c++-common/ubsan/null-5.c -std=gnu++14 execution test
FAIL: c-c++-common/ubsan/null-5.c -std=gnu++98 execution test
FAIL: c-c++-common/ubsan/null-7.c -std=gnu++17 execution test
FAIL: c-c++-common/ubsan/null-7.c -std=gnu++2a execution test
FAIL: c-c++-common/ubsan/null-7.c -std=gnu++98 execution test
FAIL: c-c++-common/ubsan/null-8.c -std=gnu++14 execution test
FAIL: c-c++-common/ubsan/null-8.c -std=gnu++2a execution test
FAIL: c-c++-common/ubsan/null-8.c -std=gnu++98 execution test
FAIL: c-c++-common/ubsan/null-9.c -std=gnu++14 execution test
FAIL: c-c++-common/ubsan/null-9.c -std=gnu++17 execution test
FAIL: c-c++-common/ubsan/null-9.c -std=gnu++2a execution test
FAIL: c-c++-common/ubsan/null-9.c -std=gnu++98 execution test
=== g++ Summary ===
# of expected passes 321767
# of unexpected failures 196
# of unexpected successes 3
# of expected failures 2475
# of unresolved testcases 2
# of unsupported tests 9721
/tmp/1761522_1.tmpdir/aci-gcc-fsf/builds/gcc-fsf-gccsrc/obj-aarch64-none-linux-gnu/gcc3/gcc/xg++ version 12.0.0 (DEFMODE=default DEFCPU=default DEFFPU=default TESTFLAGS=) [r12-2775] (GCC)
Compiler version: 12.0.0 (DEFMODE=default DEFCPU=default DEFFPU=default TESTFLAGS=) [r12-2775] (GCC)
Platform: aarch64-none-linux-gnu
configure flags: --target=aarch64-none-linux-gnu --prefix=/tmp/1761522_1.tmpdir/aci-gcc-fsf/builds/gcc-fsf-gccsrc/tools --with-sysroot=/tmp/1761522_1.tmpdir/aci-gcc-fsf/builds/gcc-fsf-gccsrc/sysroot-aarch64-none-linux-gnu --disable-nls --disable-libgomp --disable-libmudflap --disable-libcilkrts --enable-checking --enable-languages=c,c++,fortran
More information about the Gcc-testresults
mailing list