Results for 12.0.0 20210805 (experimental) [master revision 4739344d36e:afb7a2985f4:c8b024fa4b76bfd914e96dd3cecfbb6ee8e91316] (GCC) testsuite on x86_64-pc-linux-gnu
H.J. Lu
hjl@sc.intel.com
Thu Aug 5 23:06:38 GMT 2021
LAST_UPDATED: Thu Aug 5 18:30:23 UTC 2021 (revision 4739344d36e:afb7a2985f4:c8b024fa4b76bfd914e96dd3cecfbb6ee8e91316)
Native configuration is x86_64-pc-linux-gnu
=== gcc tests ===
Running target unix
XPASS: gcc.dg/guality/example.c -O0 execution test
XPASS: gcc.dg/guality/example.c -O1 -DPREVENT_OPTIMIZATION execution test
XPASS: gcc.dg/guality/example.c -Og -DPREVENT_OPTIMIZATION execution test
XPASS: gcc.dg/guality/guality.c -O0 execution test
XPASS: gcc.dg/guality/guality.c -O1 -DPREVENT_OPTIMIZATION execution test
XPASS: gcc.dg/guality/guality.c -O2 -DPREVENT_OPTIMIZATION execution test
XPASS: gcc.dg/guality/guality.c -O2 -flto -fno-use-linker-plugin -flto-partition=none -DPREVENT_OPTIMIZATION execution test
XPASS: gcc.dg/guality/guality.c -O2 -flto -fuse-linker-plugin -fno-fat-lto-objects -DPREVENT_OPTIMIZATION execution test
XPASS: gcc.dg/guality/guality.c -O3 -g -DPREVENT_OPTIMIZATION execution test
XPASS: gcc.dg/guality/guality.c -Os -DPREVENT_OPTIMIZATION execution test
XPASS: gcc.dg/guality/guality.c -Og -DPREVENT_OPTIMIZATION execution test
XPASS: gcc.dg/guality/inline-params.c -O2 -DPREVENT_OPTIMIZATION execution test
XPASS: gcc.dg/guality/inline-params.c -O2 -flto -fno-use-linker-plugin -flto-partition=none -DPREVENT_OPTIMIZATION execution test
XPASS: gcc.dg/guality/inline-params.c -O2 -flto -fuse-linker-plugin -fno-fat-lto-objects -DPREVENT_OPTIMIZATION execution test
XPASS: gcc.dg/guality/inline-params.c -O3 -g -DPREVENT_OPTIMIZATION execution test
XPASS: gcc.dg/guality/inline-params.c -Os -DPREVENT_OPTIMIZATION execution test
FAIL: gcc.dg/guality/loop-1.c -O3 -fomit-frame-pointer -funroll-loops -fpeel-loops -ftracer -finline-functions -DPREVENT_OPTIMIZATION line 20 i == 1
FAIL: gcc.dg/guality/pr36728-2.c -O2 -flto -fuse-linker-plugin -fno-fat-lto-objects -DPREVENT_OPTIMIZATION line 16 arg1 == 1
FAIL: gcc.dg/guality/pr36728-2.c -O2 -flto -fuse-linker-plugin -fno-fat-lto-objects -DPREVENT_OPTIMIZATION line 16 arg2 == 2
FAIL: gcc.dg/guality/pr36728-2.c -O2 -flto -fuse-linker-plugin -fno-fat-lto-objects -DPREVENT_OPTIMIZATION line 16 arg3 == 3
FAIL: gcc.dg/guality/pr36728-2.c -O2 -flto -fuse-linker-plugin -fno-fat-lto-objects -DPREVENT_OPTIMIZATION line 16 arg4 == 4
FAIL: gcc.dg/guality/pr36728-2.c -O2 -flto -fuse-linker-plugin -fno-fat-lto-objects -DPREVENT_OPTIMIZATION line 16 arg5 == 5
FAIL: gcc.dg/guality/pr36728-2.c -O2 -flto -fuse-linker-plugin -fno-fat-lto-objects -DPREVENT_OPTIMIZATION line 16 arg6 == 6
FAIL: gcc.dg/guality/pr36728-2.c -O2 -flto -fuse-linker-plugin -fno-fat-lto-objects -DPREVENT_OPTIMIZATION line 16 arg7 == 30
FAIL: gcc.dg/guality/pr36728-2.c -O2 -flto -fuse-linker-plugin -fno-fat-lto-objects -DPREVENT_OPTIMIZATION line 18 arg1 == 1
FAIL: gcc.dg/guality/pr36728-2.c -O2 -flto -fuse-linker-plugin -fno-fat-lto-objects -DPREVENT_OPTIMIZATION line 18 arg2 == 2
FAIL: gcc.dg/guality/pr36728-2.c -O2 -flto -fuse-linker-plugin -fno-fat-lto-objects -DPREVENT_OPTIMIZATION line 18 arg3 == 3
FAIL: gcc.dg/guality/pr36728-2.c -O2 -flto -fuse-linker-plugin -fno-fat-lto-objects -DPREVENT_OPTIMIZATION line 18 arg4 == 4
FAIL: gcc.dg/guality/pr36728-2.c -O2 -flto -fuse-linker-plugin -fno-fat-lto-objects -DPREVENT_OPTIMIZATION line 18 arg5 == 5
FAIL: gcc.dg/guality/pr36728-2.c -O2 -flto -fuse-linker-plugin -fno-fat-lto-objects -DPREVENT_OPTIMIZATION line 18 arg6 == 6
FAIL: gcc.dg/guality/pr36728-2.c -O2 -flto -fuse-linker-plugin -fno-fat-lto-objects -DPREVENT_OPTIMIZATION line 18 arg7 == 30
FAIL: gcc.dg/guality/pr36728-2.c -O3 -g -DPREVENT_OPTIMIZATION line 16 arg1 == 1
FAIL: gcc.dg/guality/pr36728-2.c -O3 -g -DPREVENT_OPTIMIZATION line 16 arg2 == 2
FAIL: gcc.dg/guality/pr36728-2.c -O3 -g -DPREVENT_OPTIMIZATION line 16 arg3 == 3
FAIL: gcc.dg/guality/pr36728-2.c -O3 -g -DPREVENT_OPTIMIZATION line 16 arg4 == 4
FAIL: gcc.dg/guality/pr36728-2.c -O3 -g -DPREVENT_OPTIMIZATION line 16 arg5 == 5
FAIL: gcc.dg/guality/pr36728-2.c -O3 -g -DPREVENT_OPTIMIZATION line 16 arg6 == 6
FAIL: gcc.dg/guality/pr36728-2.c -O3 -g -DPREVENT_OPTIMIZATION line 16 arg7 == 30
FAIL: gcc.dg/guality/pr36728-2.c -O3 -g -DPREVENT_OPTIMIZATION line 18 arg1 == 1
FAIL: gcc.dg/guality/pr36728-2.c -O3 -g -DPREVENT_OPTIMIZATION line 18 arg2 == 2
FAIL: gcc.dg/guality/pr36728-2.c -O3 -g -DPREVENT_OPTIMIZATION line 18 arg3 == 3
FAIL: gcc.dg/guality/pr36728-2.c -O3 -g -DPREVENT_OPTIMIZATION line 18 arg4 == 4
FAIL: gcc.dg/guality/pr36728-2.c -O3 -g -DPREVENT_OPTIMIZATION line 18 arg5 == 5
FAIL: gcc.dg/guality/pr36728-2.c -O3 -g -DPREVENT_OPTIMIZATION line 18 arg6 == 6
FAIL: gcc.dg/guality/pr36728-2.c -O3 -g -DPREVENT_OPTIMIZATION line 18 arg7 == 30
FAIL: gcc.dg/guality/pr36728-4.c -O2 -flto -fuse-linker-plugin -fno-fat-lto-objects -DPREVENT_OPTIMIZATION line 14 y == 2
FAIL: gcc.dg/guality/pr36728-4.c -O2 -flto -fuse-linker-plugin -fno-fat-lto-objects -DPREVENT_OPTIMIZATION line 16 y == 2
FAIL: gcc.dg/guality/pr36728-4.c -O3 -g -DPREVENT_OPTIMIZATION line 14 y == 2
FAIL: gcc.dg/guality/pr36728-4.c -O3 -g -DPREVENT_OPTIMIZATION line 16 y == 2
XPASS: gcc.dg/guality/pr41353-1.c -Og -DPREVENT_OPTIMIZATION line 28 j == 28 + 37
FAIL: gcc.dg/guality/pr41616-1.c -O2 -DPREVENT_OPTIMIZATION execution test
FAIL: gcc.dg/guality/pr41616-1.c -O2 -flto -fno-use-linker-plugin -flto-partition=none -DPREVENT_OPTIMIZATION execution test
FAIL: gcc.dg/guality/pr41616-1.c -O3 -g -DPREVENT_OPTIMIZATION execution test
FAIL: gcc.dg/guality/pr54519-1.c -O2 -flto -fno-use-linker-plugin -flto-partition=none -DPREVENT_OPTIMIZATION line 20 y == 25
FAIL: gcc.dg/guality/pr54519-1.c -O2 -flto -fno-use-linker-plugin -flto-partition=none -DPREVENT_OPTIMIZATION line 20 z == 6
FAIL: gcc.dg/guality/pr54519-1.c -O2 -flto -fno-use-linker-plugin -flto-partition=none -DPREVENT_OPTIMIZATION line 23 y == 117
FAIL: gcc.dg/guality/pr54519-1.c -O2 -flto -fno-use-linker-plugin -flto-partition=none -DPREVENT_OPTIMIZATION line 23 z == 8
FAIL: gcc.dg/guality/pr54519-1.c -O2 -flto -fuse-linker-plugin -fno-fat-lto-objects -DPREVENT_OPTIMIZATION line 20 y == 25
FAIL: gcc.dg/guality/pr54519-1.c -O2 -flto -fuse-linker-plugin -fno-fat-lto-objects -DPREVENT_OPTIMIZATION line 20 z == 6
FAIL: gcc.dg/guality/pr54519-1.c -O2 -flto -fuse-linker-plugin -fno-fat-lto-objects -DPREVENT_OPTIMIZATION line 23 y == 117
FAIL: gcc.dg/guality/pr54519-1.c -O2 -flto -fuse-linker-plugin -fno-fat-lto-objects -DPREVENT_OPTIMIZATION line 23 z == 8
FAIL: gcc.dg/guality/pr54519-2.c -O2 -flto -fno-use-linker-plugin -flto-partition=none -DPREVENT_OPTIMIZATION line 17 y == 25
FAIL: gcc.dg/guality/pr54519-2.c -O2 -flto -fuse-linker-plugin -fno-fat-lto-objects -DPREVENT_OPTIMIZATION line 17 y == 25
FAIL: gcc.dg/guality/pr54519-3.c -O2 -flto -fno-use-linker-plugin -flto-partition=none -DPREVENT_OPTIMIZATION line 20 y == 25
FAIL: gcc.dg/guality/pr54519-3.c -O2 -flto -fno-use-linker-plugin -flto-partition=none -DPREVENT_OPTIMIZATION line 20 z == 6
FAIL: gcc.dg/guality/pr54519-3.c -O2 -flto -fno-use-linker-plugin -flto-partition=none -DPREVENT_OPTIMIZATION line 23 y == 117
FAIL: gcc.dg/guality/pr54519-3.c -O2 -flto -fno-use-linker-plugin -flto-partition=none -DPREVENT_OPTIMIZATION line 23 z == 8
FAIL: gcc.dg/guality/pr54519-3.c -O2 -flto -fuse-linker-plugin -fno-fat-lto-objects -DPREVENT_OPTIMIZATION line 20 y == 25
FAIL: gcc.dg/guality/pr54519-3.c -O2 -flto -fuse-linker-plugin -fno-fat-lto-objects -DPREVENT_OPTIMIZATION line 20 z == 6
FAIL: gcc.dg/guality/pr54519-3.c -O2 -flto -fuse-linker-plugin -fno-fat-lto-objects -DPREVENT_OPTIMIZATION line 23 y == 117
FAIL: gcc.dg/guality/pr54519-3.c -O2 -flto -fuse-linker-plugin -fno-fat-lto-objects -DPREVENT_OPTIMIZATION line 23 z == 8
FAIL: gcc.dg/guality/pr54519-4.c -O2 -flto -fno-use-linker-plugin -flto-partition=none -DPREVENT_OPTIMIZATION line 17 y == 25
FAIL: gcc.dg/guality/pr54519-4.c -O2 -flto -fuse-linker-plugin -fno-fat-lto-objects -DPREVENT_OPTIMIZATION line 17 y == 25
FAIL: gcc.dg/guality/pr54519-5.c -O2 -flto -fno-use-linker-plugin -flto-partition=none -DPREVENT_OPTIMIZATION line 17 y == 25
FAIL: gcc.dg/guality/pr54519-5.c -O2 -flto -fuse-linker-plugin -fno-fat-lto-objects -DPREVENT_OPTIMIZATION line 17 y == 25
FAIL: gcc.dg/guality/pr54519-6.c -Os -DPREVENT_OPTIMIZATION line 11 x == 2
FAIL: gcc.dg/guality/pr56154-1.c -Og -DPREVENT_OPTIMIZATION line pr56154-1.c:20 x.a == 6
FAIL: gcc.dg/guality/pr59776.c -Og -DPREVENT_OPTIMIZATION line pr59776.c:17 s1.f == 5.0
FAIL: gcc.dg/guality/pr59776.c -Og -DPREVENT_OPTIMIZATION line pr59776.c:17 s1.g == 6.0
FAIL: gcc.dg/guality/pr59776.c -Og -DPREVENT_OPTIMIZATION line pr59776.c:17 s2.f == 0.0
FAIL: gcc.dg/guality/pr59776.c -Og -DPREVENT_OPTIMIZATION line pr59776.c:20 s1.f == 5.0
FAIL: gcc.dg/guality/pr59776.c -Og -DPREVENT_OPTIMIZATION line pr59776.c:20 s1.g == 6.0
FAIL: gcc.dg/guality/pr59776.c -Og -DPREVENT_OPTIMIZATION line pr59776.c:20 s2.f == 5.0
FAIL: gcc.dg/guality/pr90074.c -O2 -flto -fuse-linker-plugin -fno-fat-lto-objects -DPREVENT_OPTIMIZATION line 28 c + 1 == 2
FAIL: gcc.dg/guality/pr90074.c -O2 -flto -fuse-linker-plugin -fno-fat-lto-objects -DPREVENT_OPTIMIZATION line 28 i + 1 == 8
FAIL: gcc.dg/guality/pr90716.c -O2 -flto -fuse-linker-plugin -fno-fat-lto-objects -DPREVENT_OPTIMIZATION line 23 j + 1 == 9
FAIL: gcc.dg/guality/sra-1.c -O2 -DPREVENT_OPTIMIZATION line 43 a.j == 14
FAIL: gcc.dg/guality/sra-1.c -O2 -flto -fno-use-linker-plugin -flto-partition=none -DPREVENT_OPTIMIZATION line 43 a.j == 14
FAIL: gcc.dg/guality/sra-1.c -O2 -flto -fuse-linker-plugin -fno-fat-lto-objects -DPREVENT_OPTIMIZATION line 21 a.i == 4
FAIL: gcc.dg/guality/sra-1.c -O2 -flto -fuse-linker-plugin -fno-fat-lto-objects -DPREVENT_OPTIMIZATION line 21 a.j == 14
FAIL: gcc.dg/guality/sra-1.c -O2 -flto -fuse-linker-plugin -fno-fat-lto-objects -DPREVENT_OPTIMIZATION line 32 a[0] == 4
FAIL: gcc.dg/guality/sra-1.c -O2 -flto -fuse-linker-plugin -fno-fat-lto-objects -DPREVENT_OPTIMIZATION line 32 a[1] == 14
FAIL: gcc.dg/guality/sra-1.c -O2 -flto -fuse-linker-plugin -fno-fat-lto-objects -DPREVENT_OPTIMIZATION line 43 a.i == 4
FAIL: gcc.dg/guality/sra-1.c -O2 -flto -fuse-linker-plugin -fno-fat-lto-objects -DPREVENT_OPTIMIZATION line 43 a.j == 14
FAIL: gcc.dg/guality/sra-1.c -O3 -g -DPREVENT_OPTIMIZATION line 43 a.j == 14
FAIL: gcc.dg/guality/sra-1.c -Os -DPREVENT_OPTIMIZATION line 43 a.j == 14
FAIL: gcc.dg/guality/sra-1.c -Og -DPREVENT_OPTIMIZATION line 21 a.i == 4
FAIL: gcc.dg/guality/sra-1.c -Og -DPREVENT_OPTIMIZATION line 21 a.j == 14
FAIL: gcc.dg/guality/sra-1.c -Og -DPREVENT_OPTIMIZATION line 32 a[0] == 4
FAIL: gcc.dg/guality/sra-1.c -Og -DPREVENT_OPTIMIZATION line 32 a[1] == 14
FAIL: gcc.dg/guality/sra-1.c -Og -DPREVENT_OPTIMIZATION line 43 a.i == 4
FAIL: gcc.dg/guality/sra-1.c -Og -DPREVENT_OPTIMIZATION line 43 a.j == 14
FAIL: gcc.dg/guality/vla-1.c -O2 -flto -fuse-linker-plugin -fno-fat-lto-objects -DPREVENT_OPTIMIZATION line 24 i == 5
FAIL: gcc.dg/guality/vla-1.c -O2 -flto -fuse-linker-plugin -fno-fat-lto-objects -DPREVENT_OPTIMIZATION line 24 sizeof (a) == 17 * sizeof (short)
UNRESOLVED: gcc.dg/ipa/remref-6.c scan-ipa-dump inline "Removed a reference"
UNRESOLVED: gcc.dg/ipa/remref-6.c scan-ipa-dump inline "replaced it with LOAD"
FAIL: gcc.dg/tree-prof/20050826-2.c scan-tree-dump-not dom2 "Invalid sum"
=== gcc Summary for unix ===
# of expected passes 170112
# of unexpected failures 88
# of unexpected successes 17
# of expected failures 996
# of unresolved testcases 2
# of unsupported tests 2551
Running target unix/-m32
FAIL: gcc.dg/guality/drap.c -Os -DPREVENT_OPTIMIZATION line 21 a == 5
FAIL: gcc.dg/guality/drap.c -Os -DPREVENT_OPTIMIZATION line 22 b == 6
XPASS: gcc.dg/guality/example.c -O0 execution test
XPASS: gcc.dg/guality/example.c -O1 -DPREVENT_OPTIMIZATION execution test
XPASS: gcc.dg/guality/example.c -Og -DPREVENT_OPTIMIZATION execution test
XPASS: gcc.dg/guality/guality.c -O0 execution test
XPASS: gcc.dg/guality/guality.c -O1 -DPREVENT_OPTIMIZATION execution test
XPASS: gcc.dg/guality/guality.c -O2 -DPREVENT_OPTIMIZATION execution test
XPASS: gcc.dg/guality/guality.c -O2 -flto -fno-use-linker-plugin -flto-partition=none -DPREVENT_OPTIMIZATION execution test
XPASS: gcc.dg/guality/guality.c -O2 -flto -fuse-linker-plugin -fno-fat-lto-objects -DPREVENT_OPTIMIZATION execution test
XPASS: gcc.dg/guality/guality.c -O3 -g -DPREVENT_OPTIMIZATION execution test
XPASS: gcc.dg/guality/guality.c -Og -DPREVENT_OPTIMIZATION execution test
XPASS: gcc.dg/guality/inline-params.c -O2 -DPREVENT_OPTIMIZATION execution test
XPASS: gcc.dg/guality/inline-params.c -O2 -flto -fno-use-linker-plugin -flto-partition=none -DPREVENT_OPTIMIZATION execution test
XPASS: gcc.dg/guality/inline-params.c -O2 -flto -fuse-linker-plugin -fno-fat-lto-objects -DPREVENT_OPTIMIZATION execution test
XPASS: gcc.dg/guality/inline-params.c -O3 -g -DPREVENT_OPTIMIZATION execution test
XPASS: gcc.dg/guality/inline-params.c -Os -DPREVENT_OPTIMIZATION execution test
FAIL: gcc.dg/guality/loop-1.c -O3 -fomit-frame-pointer -funroll-loops -fpeel-loops -ftracer -finline-functions -DPREVENT_OPTIMIZATION line 20 i == 1
FAIL: gcc.dg/guality/pr36728-4.c -O2 -flto -fuse-linker-plugin -fno-fat-lto-objects -DPREVENT_OPTIMIZATION line 14 y == 2
FAIL: gcc.dg/guality/pr36728-4.c -O2 -flto -fuse-linker-plugin -fno-fat-lto-objects -DPREVENT_OPTIMIZATION line 16 y == 2
FAIL: gcc.dg/guality/pr36728-4.c -O3 -g -DPREVENT_OPTIMIZATION line 14 y == 2
FAIL: gcc.dg/guality/pr36728-4.c -O3 -g -DPREVENT_OPTIMIZATION line 16 y == 2
XPASS: gcc.dg/guality/pr41353-1.c -Os -DPREVENT_OPTIMIZATION line 28 j == 28 + 37
XPASS: gcc.dg/guality/pr41353-1.c -Og -DPREVENT_OPTIMIZATION line 28 j == 28 + 37
FAIL: gcc.dg/guality/pr41447-1.c -O2 -DPREVENT_OPTIMIZATION execution test
FAIL: gcc.dg/guality/pr41447-1.c -O2 -flto -fno-use-linker-plugin -flto-partition=none -DPREVENT_OPTIMIZATION execution test
FAIL: gcc.dg/guality/pr41447-1.c -O3 -g -DPREVENT_OPTIMIZATION execution test
FAIL: gcc.dg/guality/pr43051-1.c -Os -DPREVENT_OPTIMIZATION line 35 v == 1
FAIL: gcc.dg/guality/pr43051-1.c -Os -DPREVENT_OPTIMIZATION line 36 e == &a[1]
FAIL: gcc.dg/guality/pr43051-1.c -Os -DPREVENT_OPTIMIZATION line 40 v == 1
FAIL: gcc.dg/guality/pr43051-1.c -Os -DPREVENT_OPTIMIZATION line 41 e == &a[1]
FAIL: gcc.dg/guality/pr43177.c -Os -DPREVENT_OPTIMIZATION line 15 x == 7
FAIL: gcc.dg/guality/pr54519-1.c -O2 -flto -fno-use-linker-plugin -flto-partition=none -DPREVENT_OPTIMIZATION line 20 y == 25
FAIL: gcc.dg/guality/pr54519-1.c -O2 -flto -fno-use-linker-plugin -flto-partition=none -DPREVENT_OPTIMIZATION line 20 z == 6
FAIL: gcc.dg/guality/pr54519-1.c -O2 -flto -fno-use-linker-plugin -flto-partition=none -DPREVENT_OPTIMIZATION line 23 y == 117
FAIL: gcc.dg/guality/pr54519-1.c -O2 -flto -fno-use-linker-plugin -flto-partition=none -DPREVENT_OPTIMIZATION line 23 z == 8
FAIL: gcc.dg/guality/pr54519-1.c -O2 -flto -fuse-linker-plugin -fno-fat-lto-objects -DPREVENT_OPTIMIZATION line 20 y == 25
FAIL: gcc.dg/guality/pr54519-1.c -O2 -flto -fuse-linker-plugin -fno-fat-lto-objects -DPREVENT_OPTIMIZATION line 20 z == 6
FAIL: gcc.dg/guality/pr54519-1.c -O2 -flto -fuse-linker-plugin -fno-fat-lto-objects -DPREVENT_OPTIMIZATION line 23 y == 117
FAIL: gcc.dg/guality/pr54519-1.c -O2 -flto -fuse-linker-plugin -fno-fat-lto-objects -DPREVENT_OPTIMIZATION line 23 z == 8
FAIL: gcc.dg/guality/pr54519-2.c -O2 -flto -fno-use-linker-plugin -flto-partition=none -DPREVENT_OPTIMIZATION line 17 y == 25
FAIL: gcc.dg/guality/pr54519-2.c -O2 -flto -fuse-linker-plugin -fno-fat-lto-objects -DPREVENT_OPTIMIZATION line 17 y == 25
FAIL: gcc.dg/guality/pr54519-3.c -O2 -flto -fno-use-linker-plugin -flto-partition=none -DPREVENT_OPTIMIZATION line 20 y == 25
FAIL: gcc.dg/guality/pr54519-3.c -O2 -flto -fno-use-linker-plugin -flto-partition=none -DPREVENT_OPTIMIZATION line 20 z == 6
FAIL: gcc.dg/guality/pr54519-3.c -O2 -flto -fno-use-linker-plugin -flto-partition=none -DPREVENT_OPTIMIZATION line 23 y == 117
FAIL: gcc.dg/guality/pr54519-3.c -O2 -flto -fno-use-linker-plugin -flto-partition=none -DPREVENT_OPTIMIZATION line 23 z == 8
FAIL: gcc.dg/guality/pr54519-3.c -O2 -flto -fuse-linker-plugin -fno-fat-lto-objects -DPREVENT_OPTIMIZATION line 20 y == 25
FAIL: gcc.dg/guality/pr54519-3.c -O2 -flto -fuse-linker-plugin -fno-fat-lto-objects -DPREVENT_OPTIMIZATION line 20 z == 6
FAIL: gcc.dg/guality/pr54519-3.c -O2 -flto -fuse-linker-plugin -fno-fat-lto-objects -DPREVENT_OPTIMIZATION line 23 y == 117
FAIL: gcc.dg/guality/pr54519-3.c -O2 -flto -fuse-linker-plugin -fno-fat-lto-objects -DPREVENT_OPTIMIZATION line 23 z == 8
FAIL: gcc.dg/guality/pr54519-3.c -Os -DPREVENT_OPTIMIZATION line 20 y == 25
FAIL: gcc.dg/guality/pr54519-3.c -Os -DPREVENT_OPTIMIZATION line 20 z == 6
FAIL: gcc.dg/guality/pr54519-3.c -Os -DPREVENT_OPTIMIZATION line 23 y == 117
FAIL: gcc.dg/guality/pr54519-3.c -Os -DPREVENT_OPTIMIZATION line 23 z == 8
FAIL: gcc.dg/guality/pr54519-4.c -O2 -flto -fno-use-linker-plugin -flto-partition=none -DPREVENT_OPTIMIZATION line 17 y == 25
FAIL: gcc.dg/guality/pr54519-4.c -O2 -flto -fuse-linker-plugin -fno-fat-lto-objects -DPREVENT_OPTIMIZATION line 17 y == 25
FAIL: gcc.dg/guality/pr54519-4.c -Os -DPREVENT_OPTIMIZATION line 17 y == 25
FAIL: gcc.dg/guality/pr54519-5.c -O2 -flto -fno-use-linker-plugin -flto-partition=none -DPREVENT_OPTIMIZATION line 17 y == 25
FAIL: gcc.dg/guality/pr54519-5.c -O2 -flto -fuse-linker-plugin -fno-fat-lto-objects -DPREVENT_OPTIMIZATION line 17 y == 25
FAIL: gcc.dg/guality/pr54519-6.c -Os -DPREVENT_OPTIMIZATION line 11 x == 2
FAIL: gcc.dg/guality/pr54796.c -O1 -DPREVENT_OPTIMIZATION line 17 a == 5
FAIL: gcc.dg/guality/pr54796.c -O1 -DPREVENT_OPTIMIZATION line 17 b == 6
FAIL: gcc.dg/guality/pr54796.c -O1 -DPREVENT_OPTIMIZATION line 17 c == 5
FAIL: gcc.dg/guality/pr54796.c -O2 -DPREVENT_OPTIMIZATION line 17 a == 5
FAIL: gcc.dg/guality/pr54796.c -O2 -DPREVENT_OPTIMIZATION line 17 b == 6
FAIL: gcc.dg/guality/pr54796.c -O2 -DPREVENT_OPTIMIZATION line 17 c == 5
FAIL: gcc.dg/guality/pr54796.c -O2 -flto -fno-use-linker-plugin -flto-partition=none -DPREVENT_OPTIMIZATION line 17 a == 5
FAIL: gcc.dg/guality/pr54796.c -O2 -flto -fno-use-linker-plugin -flto-partition=none -DPREVENT_OPTIMIZATION line 17 b == 6
FAIL: gcc.dg/guality/pr54796.c -O2 -flto -fno-use-linker-plugin -flto-partition=none -DPREVENT_OPTIMIZATION line 17 c == 5
FAIL: gcc.dg/guality/pr54796.c -O3 -g -DPREVENT_OPTIMIZATION line 17 a == 5
FAIL: gcc.dg/guality/pr54796.c -O3 -g -DPREVENT_OPTIMIZATION line 17 b == 6
FAIL: gcc.dg/guality/pr54796.c -O3 -g -DPREVENT_OPTIMIZATION line 17 c == 5
FAIL: gcc.dg/guality/pr54796.c -Os -DPREVENT_OPTIMIZATION line 17 a == 5
FAIL: gcc.dg/guality/pr54796.c -Os -DPREVENT_OPTIMIZATION line 17 b == 6
FAIL: gcc.dg/guality/pr54796.c -Os -DPREVENT_OPTIMIZATION line 17 c == 5
FAIL: gcc.dg/guality/pr56154-1.c -Og -DPREVENT_OPTIMIZATION line pr56154-1.c:20 x.a == 6
FAIL: gcc.dg/guality/pr59776.c -Og -DPREVENT_OPTIMIZATION line pr59776.c:17 s1.f == 5.0
FAIL: gcc.dg/guality/pr59776.c -Og -DPREVENT_OPTIMIZATION line pr59776.c:17 s1.g == 6.0
FAIL: gcc.dg/guality/pr59776.c -Og -DPREVENT_OPTIMIZATION line pr59776.c:17 s2.f == 0.0
FAIL: gcc.dg/guality/pr59776.c -Og -DPREVENT_OPTIMIZATION line pr59776.c:20 s1.f == 5.0
FAIL: gcc.dg/guality/pr59776.c -Og -DPREVENT_OPTIMIZATION line pr59776.c:20 s1.g == 6.0
FAIL: gcc.dg/guality/pr59776.c -Og -DPREVENT_OPTIMIZATION line pr59776.c:20 s2.f == 5.0
FAIL: gcc.dg/guality/pr90074.c -O2 -flto -fuse-linker-plugin -fno-fat-lto-objects -DPREVENT_OPTIMIZATION line 28 c + 1 == 2
FAIL: gcc.dg/guality/pr90074.c -O2 -flto -fuse-linker-plugin -fno-fat-lto-objects -DPREVENT_OPTIMIZATION line 28 i + 1 == 8
FAIL: gcc.dg/guality/pr90716.c -O2 -flto -fuse-linker-plugin -fno-fat-lto-objects -DPREVENT_OPTIMIZATION line 23 j + 1 == 9
FAIL: gcc.dg/guality/sra-1.c -O2 -flto -fuse-linker-plugin -fno-fat-lto-objects -DPREVENT_OPTIMIZATION line 21 a.i == 4
FAIL: gcc.dg/guality/sra-1.c -O2 -flto -fuse-linker-plugin -fno-fat-lto-objects -DPREVENT_OPTIMIZATION line 21 a.j == 14
FAIL: gcc.dg/guality/sra-1.c -O2 -flto -fuse-linker-plugin -fno-fat-lto-objects -DPREVENT_OPTIMIZATION line 32 a[0] == 4
FAIL: gcc.dg/guality/sra-1.c -O2 -flto -fuse-linker-plugin -fno-fat-lto-objects -DPREVENT_OPTIMIZATION line 32 a[1] == 14
FAIL: gcc.dg/guality/sra-1.c -O2 -flto -fuse-linker-plugin -fno-fat-lto-objects -DPREVENT_OPTIMIZATION line 43 a.i == 4
FAIL: gcc.dg/guality/sra-1.c -O2 -flto -fuse-linker-plugin -fno-fat-lto-objects -DPREVENT_OPTIMIZATION line 43 a.j == 14
FAIL: gcc.dg/guality/sra-1.c -Os -DPREVENT_OPTIMIZATION line 43 a.j == 14
FAIL: gcc.dg/guality/sra-1.c -Og -DPREVENT_OPTIMIZATION line 21 a.i == 4
FAIL: gcc.dg/guality/sra-1.c -Og -DPREVENT_OPTIMIZATION line 21 a.j == 14
FAIL: gcc.dg/guality/sra-1.c -Og -DPREVENT_OPTIMIZATION line 32 a[0] == 4
FAIL: gcc.dg/guality/sra-1.c -Og -DPREVENT_OPTIMIZATION line 32 a[1] == 14
FAIL: gcc.dg/guality/sra-1.c -Og -DPREVENT_OPTIMIZATION line 43 a.i == 4
FAIL: gcc.dg/guality/sra-1.c -Og -DPREVENT_OPTIMIZATION line 43 a.j == 14
FAIL: gcc.dg/guality/vla-1.c -O1 -DPREVENT_OPTIMIZATION line 24 i == 5
FAIL: gcc.dg/guality/vla-1.c -O2 -DPREVENT_OPTIMIZATION line 24 i == 5
FAIL: gcc.dg/guality/vla-1.c -O2 -flto -fno-use-linker-plugin -flto-partition=none -DPREVENT_OPTIMIZATION line 24 i == 5
FAIL: gcc.dg/guality/vla-1.c -O2 -flto -fuse-linker-plugin -fno-fat-lto-objects -DPREVENT_OPTIMIZATION line 24 i == 5
FAIL: gcc.dg/guality/vla-1.c -O2 -flto -fuse-linker-plugin -fno-fat-lto-objects -DPREVENT_OPTIMIZATION line 24 sizeof (a) == 17 * sizeof (short)
FAIL: gcc.dg/guality/vla-1.c -O3 -g -DPREVENT_OPTIMIZATION line 24 i == 5
FAIL: gcc.dg/guality/vla-1.c -Os -DPREVENT_OPTIMIZATION line 24 i == 5
UNRESOLVED: gcc.dg/ipa/remref-6.c scan-ipa-dump inline "Removed a reference"
UNRESOLVED: gcc.dg/ipa/remref-6.c scan-ipa-dump inline "replaced it with LOAD"
FAIL: gcc.dg/tree-prof/20050826-2.c scan-tree-dump-not dom2 "Invalid sum"
FAIL: gcc.dg/tree-ssa/scev-3.c scan-tree-dump-times ivopts "&a" 1
FAIL: gcc.dg/tree-ssa/scev-4.c scan-tree-dump-times ivopts "&a" 1
FAIL: gcc.dg/tree-ssa/scev-5.c scan-tree-dump-times ivopts "&a" 1
XPASS: gcc.dg/vect/vect-reduc-in-order-1.c -flto -ffat-lto-objects execution test
XPASS: gcc.dg/vect/vect-reduc-in-order-1.c execution test
XPASS: gcc.dg/vect/vect-reduc-in-order-2.c -flto -ffat-lto-objects execution test
XPASS: gcc.dg/vect/vect-reduc-in-order-2.c execution test
XPASS: gcc.dg/vect/vect-reduc-in-order-3.c -flto -ffat-lto-objects execution test
XPASS: gcc.dg/vect/vect-reduc-in-order-3.c execution test
XPASS: gcc.dg/vect/vect-reduc-in-order-4.c -flto -ffat-lto-objects execution test
XPASS: gcc.dg/vect/vect-reduc-in-order-4.c execution test
FAIL: gcc.target/i386/vect-gather-1.c scan-tree-dump vect "loop vectorized"
=== gcc Summary for unix/-m32 ===
# of expected passes 166198
# of unexpected failures 93
# of unexpected successes 25
# of expected failures 996
# of unresolved testcases 2
# of unsupported tests 3265
Running target unix/-mx32
FAIL: gcc.dg/analyzer/torture/asm-x86-linux-rdmsr.c -O0 (test for excess errors)
FAIL: gcc.dg/analyzer/torture/asm-x86-linux-rdmsr.c -O1 (test for excess errors)
FAIL: gcc.dg/analyzer/torture/asm-x86-linux-rdmsr.c -O2 (test for excess errors)
FAIL: gcc.dg/analyzer/torture/asm-x86-linux-rdmsr.c -O2 -flto -fno-use-linker-plugin -flto-partition=none (test for excess errors)
FAIL: gcc.dg/analyzer/torture/asm-x86-linux-rdmsr.c -O3 -g (test for excess errors)
FAIL: gcc.dg/analyzer/torture/asm-x86-linux-rdmsr.c -Os (test for excess errors)
FAIL: gcc.dg/store_merging_5.c scan-tree-dump-times store-merging "MEM <unsigned int> \\\\[.*\\\\]" 1
XPASS: gcc.dg/guality/example.c -O0 execution test
XPASS: gcc.dg/guality/guality.c -O0 execution test
XPASS: gcc.dg/guality/guality.c -O1 -DPREVENT_OPTIMIZATION execution test
XPASS: gcc.dg/guality/guality.c -O2 -DPREVENT_OPTIMIZATION execution test
XPASS: gcc.dg/guality/guality.c -O2 -flto -fno-use-linker-plugin -flto-partition=none -DPREVENT_OPTIMIZATION execution test
XPASS: gcc.dg/guality/guality.c -O2 -flto -fuse-linker-plugin -fno-fat-lto-objects -DPREVENT_OPTIMIZATION execution test
XPASS: gcc.dg/guality/guality.c -O3 -g -DPREVENT_OPTIMIZATION execution test
XPASS: gcc.dg/guality/guality.c -Os -DPREVENT_OPTIMIZATION execution test
XPASS: gcc.dg/guality/guality.c -Og -DPREVENT_OPTIMIZATION execution test
XPASS: gcc.dg/guality/inline-params.c -O2 -DPREVENT_OPTIMIZATION execution test
XPASS: gcc.dg/guality/inline-params.c -O2 -flto -fno-use-linker-plugin -flto-partition=none -DPREVENT_OPTIMIZATION execution test
XPASS: gcc.dg/guality/inline-params.c -O2 -flto -fuse-linker-plugin -fno-fat-lto-objects -DPREVENT_OPTIMIZATION execution test
XPASS: gcc.dg/guality/inline-params.c -O3 -g -DPREVENT_OPTIMIZATION execution test
XPASS: gcc.dg/guality/inline-params.c -Os -DPREVENT_OPTIMIZATION execution test
FAIL: gcc.dg/guality/loop-1.c -O3 -fomit-frame-pointer -funroll-loops -fpeel-loops -ftracer -finline-functions -DPREVENT_OPTIMIZATION line 20 i == 1
FAIL: gcc.dg/guality/pr36728-2.c -O2 -flto -fuse-linker-plugin -fno-fat-lto-objects -DPREVENT_OPTIMIZATION line 16 arg1 == 1
FAIL: gcc.dg/guality/pr36728-2.c -O2 -flto -fuse-linker-plugin -fno-fat-lto-objects -DPREVENT_OPTIMIZATION line 16 arg2 == 2
FAIL: gcc.dg/guality/pr36728-2.c -O2 -flto -fuse-linker-plugin -fno-fat-lto-objects -DPREVENT_OPTIMIZATION line 16 arg3 == 3
FAIL: gcc.dg/guality/pr36728-2.c -O2 -flto -fuse-linker-plugin -fno-fat-lto-objects -DPREVENT_OPTIMIZATION line 16 arg4 == 4
FAIL: gcc.dg/guality/pr36728-2.c -O2 -flto -fuse-linker-plugin -fno-fat-lto-objects -DPREVENT_OPTIMIZATION line 16 arg5 == 5
FAIL: gcc.dg/guality/pr36728-2.c -O2 -flto -fuse-linker-plugin -fno-fat-lto-objects -DPREVENT_OPTIMIZATION line 16 arg6 == 6
FAIL: gcc.dg/guality/pr36728-2.c -O2 -flto -fuse-linker-plugin -fno-fat-lto-objects -DPREVENT_OPTIMIZATION line 16 arg7 == 30
FAIL: gcc.dg/guality/pr36728-2.c -O2 -flto -fuse-linker-plugin -fno-fat-lto-objects -DPREVENT_OPTIMIZATION line 18 arg1 == 1
FAIL: gcc.dg/guality/pr36728-2.c -O2 -flto -fuse-linker-plugin -fno-fat-lto-objects -DPREVENT_OPTIMIZATION line 18 arg2 == 2
FAIL: gcc.dg/guality/pr36728-2.c -O2 -flto -fuse-linker-plugin -fno-fat-lto-objects -DPREVENT_OPTIMIZATION line 18 arg3 == 3
FAIL: gcc.dg/guality/pr36728-2.c -O2 -flto -fuse-linker-plugin -fno-fat-lto-objects -DPREVENT_OPTIMIZATION line 18 arg4 == 4
FAIL: gcc.dg/guality/pr36728-2.c -O2 -flto -fuse-linker-plugin -fno-fat-lto-objects -DPREVENT_OPTIMIZATION line 18 arg5 == 5
FAIL: gcc.dg/guality/pr36728-2.c -O2 -flto -fuse-linker-plugin -fno-fat-lto-objects -DPREVENT_OPTIMIZATION line 18 arg6 == 6
FAIL: gcc.dg/guality/pr36728-2.c -O2 -flto -fuse-linker-plugin -fno-fat-lto-objects -DPREVENT_OPTIMIZATION line 18 arg7 == 30
FAIL: gcc.dg/guality/pr36728-2.c -O3 -g -DPREVENT_OPTIMIZATION line 16 arg1 == 1
FAIL: gcc.dg/guality/pr36728-2.c -O3 -g -DPREVENT_OPTIMIZATION line 16 arg2 == 2
FAIL: gcc.dg/guality/pr36728-2.c -O3 -g -DPREVENT_OPTIMIZATION line 16 arg3 == 3
FAIL: gcc.dg/guality/pr36728-2.c -O3 -g -DPREVENT_OPTIMIZATION line 16 arg4 == 4
FAIL: gcc.dg/guality/pr36728-2.c -O3 -g -DPREVENT_OPTIMIZATION line 16 arg5 == 5
FAIL: gcc.dg/guality/pr36728-2.c -O3 -g -DPREVENT_OPTIMIZATION line 16 arg6 == 6
FAIL: gcc.dg/guality/pr36728-2.c -O3 -g -DPREVENT_OPTIMIZATION line 16 arg7 == 30
FAIL: gcc.dg/guality/pr36728-2.c -O3 -g -DPREVENT_OPTIMIZATION line 18 arg1 == 1
FAIL: gcc.dg/guality/pr36728-2.c -O3 -g -DPREVENT_OPTIMIZATION line 18 arg2 == 2
FAIL: gcc.dg/guality/pr36728-2.c -O3 -g -DPREVENT_OPTIMIZATION line 18 arg3 == 3
FAIL: gcc.dg/guality/pr36728-2.c -O3 -g -DPREVENT_OPTIMIZATION line 18 arg4 == 4
FAIL: gcc.dg/guality/pr36728-2.c -O3 -g -DPREVENT_OPTIMIZATION line 18 arg5 == 5
FAIL: gcc.dg/guality/pr36728-2.c -O3 -g -DPREVENT_OPTIMIZATION line 18 arg6 == 6
FAIL: gcc.dg/guality/pr36728-2.c -O3 -g -DPREVENT_OPTIMIZATION line 18 arg7 == 30
FAIL: gcc.dg/guality/pr36728-4.c -O2 -flto -fuse-linker-plugin -fno-fat-lto-objects -DPREVENT_OPTIMIZATION line 14 y == 2
FAIL: gcc.dg/guality/pr36728-4.c -O2 -flto -fuse-linker-plugin -fno-fat-lto-objects -DPREVENT_OPTIMIZATION line 16 y == 2
FAIL: gcc.dg/guality/pr36728-4.c -O3 -g -DPREVENT_OPTIMIZATION line 14 y == 2
FAIL: gcc.dg/guality/pr36728-4.c -O3 -g -DPREVENT_OPTIMIZATION line 16 y == 2
XPASS: gcc.dg/guality/pr41353-1.c -Og -DPREVENT_OPTIMIZATION line 28 j == 28 + 37
FAIL: gcc.dg/guality/pr41447-1.c -O2 -DPREVENT_OPTIMIZATION execution test
FAIL: gcc.dg/guality/pr41447-1.c -O2 -flto -fno-use-linker-plugin -flto-partition=none -DPREVENT_OPTIMIZATION execution test
FAIL: gcc.dg/guality/pr41447-1.c -O3 -g -DPREVENT_OPTIMIZATION execution test
FAIL: gcc.dg/guality/pr41447-1.c -Os -DPREVENT_OPTIMIZATION execution test
FAIL: gcc.dg/guality/pr41616-1.c -O2 -DPREVENT_OPTIMIZATION execution test
FAIL: gcc.dg/guality/pr41616-1.c -O2 -flto -fno-use-linker-plugin -flto-partition=none -DPREVENT_OPTIMIZATION execution test
FAIL: gcc.dg/guality/pr41616-1.c -O3 -g -DPREVENT_OPTIMIZATION execution test
FAIL: gcc.dg/guality/pr43051-1.c -O1 -DPREVENT_OPTIMIZATION line 36 e == &a[1]
FAIL: gcc.dg/guality/pr43051-1.c -O1 -DPREVENT_OPTIMIZATION line 41 e == &a[1]
FAIL: gcc.dg/guality/pr43051-1.c -O2 -DPREVENT_OPTIMIZATION line 36 e == &a[1]
FAIL: gcc.dg/guality/pr43051-1.c -O2 -DPREVENT_OPTIMIZATION line 41 e == &a[1]
FAIL: gcc.dg/guality/pr43051-1.c -O2 -flto -fno-use-linker-plugin -flto-partition=none -DPREVENT_OPTIMIZATION line 36 e == &a[1]
FAIL: gcc.dg/guality/pr43051-1.c -O2 -flto -fno-use-linker-plugin -flto-partition=none -DPREVENT_OPTIMIZATION line 41 e == &a[1]
FAIL: gcc.dg/guality/pr43051-1.c -O2 -flto -fuse-linker-plugin -fno-fat-lto-objects -DPREVENT_OPTIMIZATION line 36 e == &a[1]
FAIL: gcc.dg/guality/pr43051-1.c -O2 -flto -fuse-linker-plugin -fno-fat-lto-objects -DPREVENT_OPTIMIZATION line 41 e == &a[1]
FAIL: gcc.dg/guality/pr43051-1.c -O3 -fomit-frame-pointer -funroll-loops -fpeel-loops -ftracer -finline-functions -DPREVENT_OPTIMIZATION line 34 c == &a[0]
FAIL: gcc.dg/guality/pr43051-1.c -O3 -fomit-frame-pointer -funroll-loops -fpeel-loops -ftracer -finline-functions -DPREVENT_OPTIMIZATION line 39 c == &a[0]
FAIL: gcc.dg/guality/pr43051-1.c -Os -DPREVENT_OPTIMIZATION line 34 c == &a[0]
FAIL: gcc.dg/guality/pr43051-1.c -Os -DPREVENT_OPTIMIZATION line 36 e == &a[1]
FAIL: gcc.dg/guality/pr43051-1.c -Os -DPREVENT_OPTIMIZATION line 39 c == &a[0]
FAIL: gcc.dg/guality/pr43051-1.c -Os -DPREVENT_OPTIMIZATION line 41 e == &a[1]
FAIL: gcc.dg/guality/pr43051-1.c -Og -DPREVENT_OPTIMIZATION line 36 e == &a[1]
FAIL: gcc.dg/guality/pr43051-1.c -Og -DPREVENT_OPTIMIZATION line 41 e == &a[1]
FAIL: gcc.dg/guality/pr54519-1.c -O2 -flto -fno-use-linker-plugin -flto-partition=none -DPREVENT_OPTIMIZATION line 20 y == 25
FAIL: gcc.dg/guality/pr54519-1.c -O2 -flto -fno-use-linker-plugin -flto-partition=none -DPREVENT_OPTIMIZATION line 20 z == 6
FAIL: gcc.dg/guality/pr54519-1.c -O2 -flto -fno-use-linker-plugin -flto-partition=none -DPREVENT_OPTIMIZATION line 23 y == 117
FAIL: gcc.dg/guality/pr54519-1.c -O2 -flto -fno-use-linker-plugin -flto-partition=none -DPREVENT_OPTIMIZATION line 23 z == 8
FAIL: gcc.dg/guality/pr54519-1.c -O2 -flto -fuse-linker-plugin -fno-fat-lto-objects -DPREVENT_OPTIMIZATION line 20 y == 25
FAIL: gcc.dg/guality/pr54519-1.c -O2 -flto -fuse-linker-plugin -fno-fat-lto-objects -DPREVENT_OPTIMIZATION line 20 z == 6
FAIL: gcc.dg/guality/pr54519-1.c -O2 -flto -fuse-linker-plugin -fno-fat-lto-objects -DPREVENT_OPTIMIZATION line 23 y == 117
FAIL: gcc.dg/guality/pr54519-1.c -O2 -flto -fuse-linker-plugin -fno-fat-lto-objects -DPREVENT_OPTIMIZATION line 23 z == 8
FAIL: gcc.dg/guality/pr54519-2.c -O2 -flto -fno-use-linker-plugin -flto-partition=none -DPREVENT_OPTIMIZATION line 17 y == 25
FAIL: gcc.dg/guality/pr54519-2.c -O2 -flto -fuse-linker-plugin -fno-fat-lto-objects -DPREVENT_OPTIMIZATION line 17 y == 25
FAIL: gcc.dg/guality/pr54519-3.c -O2 -flto -fno-use-linker-plugin -flto-partition=none -DPREVENT_OPTIMIZATION line 20 y == 25
FAIL: gcc.dg/guality/pr54519-3.c -O2 -flto -fno-use-linker-plugin -flto-partition=none -DPREVENT_OPTIMIZATION line 20 z == 6
FAIL: gcc.dg/guality/pr54519-3.c -O2 -flto -fno-use-linker-plugin -flto-partition=none -DPREVENT_OPTIMIZATION line 23 y == 117
FAIL: gcc.dg/guality/pr54519-3.c -O2 -flto -fno-use-linker-plugin -flto-partition=none -DPREVENT_OPTIMIZATION line 23 z == 8
FAIL: gcc.dg/guality/pr54519-3.c -O2 -flto -fuse-linker-plugin -fno-fat-lto-objects -DPREVENT_OPTIMIZATION line 20 y == 25
FAIL: gcc.dg/guality/pr54519-3.c -O2 -flto -fuse-linker-plugin -fno-fat-lto-objects -DPREVENT_OPTIMIZATION line 20 z == 6
FAIL: gcc.dg/guality/pr54519-3.c -O2 -flto -fuse-linker-plugin -fno-fat-lto-objects -DPREVENT_OPTIMIZATION line 23 y == 117
FAIL: gcc.dg/guality/pr54519-3.c -O2 -flto -fuse-linker-plugin -fno-fat-lto-objects -DPREVENT_OPTIMIZATION line 23 z == 8
FAIL: gcc.dg/guality/pr54519-4.c -O2 -flto -fno-use-linker-plugin -flto-partition=none -DPREVENT_OPTIMIZATION line 17 y == 25
FAIL: gcc.dg/guality/pr54519-4.c -O2 -flto -fuse-linker-plugin -fno-fat-lto-objects -DPREVENT_OPTIMIZATION line 17 y == 25
FAIL: gcc.dg/guality/pr54519-5.c -O2 -flto -fno-use-linker-plugin -flto-partition=none -DPREVENT_OPTIMIZATION line 17 y == 25
FAIL: gcc.dg/guality/pr54519-5.c -O2 -flto -fuse-linker-plugin -fno-fat-lto-objects -DPREVENT_OPTIMIZATION line 17 y == 25
FAIL: gcc.dg/guality/pr54519-6.c -Os -DPREVENT_OPTIMIZATION line 11 x == 2
FAIL: gcc.dg/guality/pr56154-1.c -Og -DPREVENT_OPTIMIZATION line pr56154-1.c:20 x.a == 6
FAIL: gcc.dg/guality/pr59776.c -Og -DPREVENT_OPTIMIZATION line pr59776.c:17 s1.f == 5.0
FAIL: gcc.dg/guality/pr59776.c -Og -DPREVENT_OPTIMIZATION line pr59776.c:17 s1.g == 6.0
FAIL: gcc.dg/guality/pr59776.c -Og -DPREVENT_OPTIMIZATION line pr59776.c:17 s2.f == 0.0
FAIL: gcc.dg/guality/pr59776.c -Og -DPREVENT_OPTIMIZATION line pr59776.c:20 s1.f == 5.0
FAIL: gcc.dg/guality/pr59776.c -Og -DPREVENT_OPTIMIZATION line pr59776.c:20 s1.g == 6.0
FAIL: gcc.dg/guality/pr59776.c -Og -DPREVENT_OPTIMIZATION line pr59776.c:20 s2.f == 5.0
FAIL: gcc.dg/guality/pr90074.c -O2 -flto -fuse-linker-plugin -fno-fat-lto-objects -DPREVENT_OPTIMIZATION line 28 c + 1 == 2
FAIL: gcc.dg/guality/pr90074.c -O2 -flto -fuse-linker-plugin -fno-fat-lto-objects -DPREVENT_OPTIMIZATION line 28 i + 1 == 8
FAIL: gcc.dg/guality/pr90716.c -O2 -flto -fuse-linker-plugin -fno-fat-lto-objects -DPREVENT_OPTIMIZATION line 23 j + 1 == 9
FAIL: gcc.dg/guality/sra-1.c -O2 -DPREVENT_OPTIMIZATION line 43 a.j == 14
FAIL: gcc.dg/guality/sra-1.c -O2 -flto -fno-use-linker-plugin -flto-partition=none -DPREVENT_OPTIMIZATION line 43 a.j == 14
FAIL: gcc.dg/guality/sra-1.c -O2 -flto -fuse-linker-plugin -fno-fat-lto-objects -DPREVENT_OPTIMIZATION line 21 a.i == 4
FAIL: gcc.dg/guality/sra-1.c -O2 -flto -fuse-linker-plugin -fno-fat-lto-objects -DPREVENT_OPTIMIZATION line 21 a.j == 14
FAIL: gcc.dg/guality/sra-1.c -O2 -flto -fuse-linker-plugin -fno-fat-lto-objects -DPREVENT_OPTIMIZATION line 32 a[0] == 4
FAIL: gcc.dg/guality/sra-1.c -O2 -flto -fuse-linker-plugin -fno-fat-lto-objects -DPREVENT_OPTIMIZATION line 32 a[1] == 14
FAIL: gcc.dg/guality/sra-1.c -O2 -flto -fuse-linker-plugin -fno-fat-lto-objects -DPREVENT_OPTIMIZATION line 43 a.i == 4
FAIL: gcc.dg/guality/sra-1.c -O2 -flto -fuse-linker-plugin -fno-fat-lto-objects -DPREVENT_OPTIMIZATION line 43 a.j == 14
FAIL: gcc.dg/guality/sra-1.c -O3 -g -DPREVENT_OPTIMIZATION line 43 a.j == 14
FAIL: gcc.dg/guality/sra-1.c -Os -DPREVENT_OPTIMIZATION line 43 a.j == 14
FAIL: gcc.dg/guality/sra-1.c -Og -DPREVENT_OPTIMIZATION line 21 a.i == 4
FAIL: gcc.dg/guality/sra-1.c -Og -DPREVENT_OPTIMIZATION line 21 a.j == 14
FAIL: gcc.dg/guality/sra-1.c -Og -DPREVENT_OPTIMIZATION line 32 a[0] == 4
FAIL: gcc.dg/guality/sra-1.c -Og -DPREVENT_OPTIMIZATION line 32 a[1] == 14
FAIL: gcc.dg/guality/sra-1.c -Og -DPREVENT_OPTIMIZATION line 43 a.i == 4
FAIL: gcc.dg/guality/sra-1.c -Og -DPREVENT_OPTIMIZATION line 43 a.j == 14
UNRESOLVED: gcc.dg/ipa/remref-6.c scan-ipa-dump inline "Removed a reference"
UNRESOLVED: gcc.dg/ipa/remref-6.c scan-ipa-dump inline "replaced it with LOAD"
FAIL: gcc.dg/tree-prof/20050826-2.c scan-tree-dump-not dom2 "Invalid sum"
XPASS: gcc.dg/tree-ssa/builtin-snprintf-6.c scan-tree-dump-times optimized "Function test_assign_aggregate" 1
FAIL: gcc.dg/tree-ssa/dump-6.c scan-tree-dump store-merging "MEM <unsigned int> \\\\[\\\\(char \\\\*\\\\)\\\\&a8] = "
FAIL: gcc.target/i386/pr96539.c scan-assembler-not rep[^\\n\\r]*movs
FAIL: gcc.target/i386/pr97971.c (test for errors, line 10)
FAIL: gcc.target/i386/shrink_wrap_1.c scan-rtl-dump pro_and_epilogue "Performing shrink-wrapping"
FAIL: gcc.target/i386/vect-gather-1.c scan-tree-dump vect "loop vectorized"
=== gcc Summary for unix/-mx32 ===
# of expected passes 167912
# of unexpected failures 118
# of unexpected successes 16
# of expected failures 994
# of unresolved testcases 2
# of unsupported tests 2895
=== gcc Summary ===
# of expected passes 504222
# of unexpected failures 299
# of unexpected successes 58
# of expected failures 2986
# of unresolved testcases 6
# of unsupported tests 8711
/export/gnu/import/git/gcc-test-master-intel64/bld/gcc/xgcc version 12.0.0 20210805 (experimental) [master revision 4739344d36e:afb7a2985f4:c8b024fa4b76bfd914e96dd3cecfbb6ee8e91316] (GCC)
=== gfortran tests ===
Running target unix
FAIL: gfortran.dg/ISO_Fortran_binding_1.f90 -O0 (test for excess errors)
UNRESOLVED: gfortran.dg/ISO_Fortran_binding_1.f90 -O0 compilation failed to produce executable
FAIL: gfortran.dg/ISO_Fortran_binding_1.f90 -O1 (test for excess errors)
UNRESOLVED: gfortran.dg/ISO_Fortran_binding_1.f90 -O1 compilation failed to produce executable
FAIL: gfortran.dg/ISO_Fortran_binding_1.f90 -O2 (test for excess errors)
UNRESOLVED: gfortran.dg/ISO_Fortran_binding_1.f90 -O2 compilation failed to produce executable
FAIL: gfortran.dg/ISO_Fortran_binding_1.f90 -O3 -fomit-frame-pointer -funroll-loops -fpeel-loops -ftracer -finline-functions (test for excess errors)
UNRESOLVED: gfortran.dg/ISO_Fortran_binding_1.f90 -O3 -fomit-frame-pointer -funroll-loops -fpeel-loops -ftracer -finline-functions compilation failed to produce executable
FAIL: gfortran.dg/ISO_Fortran_binding_1.f90 -O3 -g (test for excess errors)
UNRESOLVED: gfortran.dg/ISO_Fortran_binding_1.f90 -O3 -g compilation failed to produce executable
FAIL: gfortran.dg/ISO_Fortran_binding_1.f90 -Os (test for excess errors)
UNRESOLVED: gfortran.dg/ISO_Fortran_binding_1.f90 -Os compilation failed to produce executable
FAIL: gfortran.dg/ISO_Fortran_binding_10.f90 -O0 (test for excess errors)
UNRESOLVED: gfortran.dg/ISO_Fortran_binding_10.f90 -O0 compilation failed to produce executable
FAIL: gfortran.dg/ISO_Fortran_binding_10.f90 -O1 (test for excess errors)
UNRESOLVED: gfortran.dg/ISO_Fortran_binding_10.f90 -O1 compilation failed to produce executable
FAIL: gfortran.dg/ISO_Fortran_binding_10.f90 -O2 (test for excess errors)
UNRESOLVED: gfortran.dg/ISO_Fortran_binding_10.f90 -O2 compilation failed to produce executable
FAIL: gfortran.dg/ISO_Fortran_binding_10.f90 -O3 -fomit-frame-pointer -funroll-loops -fpeel-loops -ftracer -finline-functions (test for excess errors)
UNRESOLVED: gfortran.dg/ISO_Fortran_binding_10.f90 -O3 -fomit-frame-pointer -funroll-loops -fpeel-loops -ftracer -finline-functions compilation failed to produce executable
FAIL: gfortran.dg/ISO_Fortran_binding_10.f90 -O3 -g (test for excess errors)
UNRESOLVED: gfortran.dg/ISO_Fortran_binding_10.f90 -O3 -g compilation failed to produce executable
FAIL: gfortran.dg/ISO_Fortran_binding_10.f90 -Os (test for excess errors)
UNRESOLVED: gfortran.dg/ISO_Fortran_binding_10.f90 -Os compilation failed to produce executable
FAIL: gfortran.dg/ISO_Fortran_binding_11.f90 -O0 (test for excess errors)
UNRESOLVED: gfortran.dg/ISO_Fortran_binding_11.f90 -O0 compilation failed to produce executable
FAIL: gfortran.dg/ISO_Fortran_binding_11.f90 -O1 (test for excess errors)
UNRESOLVED: gfortran.dg/ISO_Fortran_binding_11.f90 -O1 compilation failed to produce executable
FAIL: gfortran.dg/ISO_Fortran_binding_11.f90 -O2 (test for excess errors)
UNRESOLVED: gfortran.dg/ISO_Fortran_binding_11.f90 -O2 compilation failed to produce executable
FAIL: gfortran.dg/ISO_Fortran_binding_11.f90 -O3 -fomit-frame-pointer -funroll-loops -fpeel-loops -ftracer -finline-functions (test for excess errors)
UNRESOLVED: gfortran.dg/ISO_Fortran_binding_11.f90 -O3 -fomit-frame-pointer -funroll-loops -fpeel-loops -ftracer -finline-functions compilation failed to produce executable
FAIL: gfortran.dg/ISO_Fortran_binding_11.f90 -O3 -g (test for excess errors)
UNRESOLVED: gfortran.dg/ISO_Fortran_binding_11.f90 -O3 -g compilation failed to produce executable
FAIL: gfortran.dg/ISO_Fortran_binding_11.f90 -Os (test for excess errors)
UNRESOLVED: gfortran.dg/ISO_Fortran_binding_11.f90 -Os compilation failed to produce executable
FAIL: gfortran.dg/ISO_Fortran_binding_12.f90 -O0 (test for excess errors)
UNRESOLVED: gfortran.dg/ISO_Fortran_binding_12.f90 -O0 compilation failed to produce executable
FAIL: gfortran.dg/ISO_Fortran_binding_12.f90 -O1 (test for excess errors)
UNRESOLVED: gfortran.dg/ISO_Fortran_binding_12.f90 -O1 compilation failed to produce executable
FAIL: gfortran.dg/ISO_Fortran_binding_12.f90 -O2 (test for excess errors)
UNRESOLVED: gfortran.dg/ISO_Fortran_binding_12.f90 -O2 compilation failed to produce executable
FAIL: gfortran.dg/ISO_Fortran_binding_12.f90 -O3 -fomit-frame-pointer -funroll-loops -fpeel-loops -ftracer -finline-functions (test for excess errors)
UNRESOLVED: gfortran.dg/ISO_Fortran_binding_12.f90 -O3 -fomit-frame-pointer -funroll-loops -fpeel-loops -ftracer -finline-functions compilation failed to produce executable
FAIL: gfortran.dg/ISO_Fortran_binding_12.f90 -O3 -g (test for excess errors)
UNRESOLVED: gfortran.dg/ISO_Fortran_binding_12.f90 -O3 -g compilation failed to produce executable
FAIL: gfortran.dg/ISO_Fortran_binding_12.f90 -Os (test for excess errors)
UNRESOLVED: gfortran.dg/ISO_Fortran_binding_12.f90 -Os compilation failed to produce executable
FAIL: gfortran.dg/ISO_Fortran_binding_15.f90 -O0 (test for excess errors)
UNRESOLVED: gfortran.dg/ISO_Fortran_binding_15.f90 -O0 compilation failed to produce executable
FAIL: gfortran.dg/ISO_Fortran_binding_15.f90 -O1 (test for excess errors)
UNRESOLVED: gfortran.dg/ISO_Fortran_binding_15.f90 -O1 compilation failed to produce executable
FAIL: gfortran.dg/ISO_Fortran_binding_15.f90 -O2 (test for excess errors)
UNRESOLVED: gfortran.dg/ISO_Fortran_binding_15.f90 -O2 compilation failed to produce executable
FAIL: gfortran.dg/ISO_Fortran_binding_15.f90 -O3 -fomit-frame-pointer -funroll-loops -fpeel-loops -ftracer -finline-functions (test for excess errors)
UNRESOLVED: gfortran.dg/ISO_Fortran_binding_15.f90 -O3 -fomit-frame-pointer -funroll-loops -fpeel-loops -ftracer -finline-functions compilation failed to produce executable
FAIL: gfortran.dg/ISO_Fortran_binding_15.f90 -O3 -g (test for excess errors)
UNRESOLVED: gfortran.dg/ISO_Fortran_binding_15.f90 -O3 -g compilation failed to produce executable
FAIL: gfortran.dg/ISO_Fortran_binding_15.f90 -Os (test for excess errors)
UNRESOLVED: gfortran.dg/ISO_Fortran_binding_15.f90 -Os compilation failed to produce executable
FAIL: gfortran.dg/ISO_Fortran_binding_16.f90 -O0 (test for excess errors)
UNRESOLVED: gfortran.dg/ISO_Fortran_binding_16.f90 -O0 compilation failed to produce executable
FAIL: gfortran.dg/ISO_Fortran_binding_16.f90 -O1 (test for excess errors)
UNRESOLVED: gfortran.dg/ISO_Fortran_binding_16.f90 -O1 compilation failed to produce executable
FAIL: gfortran.dg/ISO_Fortran_binding_16.f90 -O2 (test for excess errors)
UNRESOLVED: gfortran.dg/ISO_Fortran_binding_16.f90 -O2 compilation failed to produce executable
FAIL: gfortran.dg/ISO_Fortran_binding_16.f90 -O3 -fomit-frame-pointer -funroll-loops -fpeel-loops -ftracer -finline-functions (test for excess errors)
UNRESOLVED: gfortran.dg/ISO_Fortran_binding_16.f90 -O3 -fomit-frame-pointer -funroll-loops -fpeel-loops -ftracer -finline-functions compilation failed to produce executable
FAIL: gfortran.dg/ISO_Fortran_binding_16.f90 -O3 -g (test for excess errors)
UNRESOLVED: gfortran.dg/ISO_Fortran_binding_16.f90 -O3 -g compilation failed to produce executable
FAIL: gfortran.dg/ISO_Fortran_binding_16.f90 -Os (test for excess errors)
UNRESOLVED: gfortran.dg/ISO_Fortran_binding_16.f90 -Os compilation failed to produce executable
FAIL: gfortran.dg/ISO_Fortran_binding_17.f90 -O0 (test for excess errors)
UNRESOLVED: gfortran.dg/ISO_Fortran_binding_17.f90 -O0 compilation failed to produce executable
FAIL: gfortran.dg/ISO_Fortran_binding_17.f90 -O1 (test for excess errors)
UNRESOLVED: gfortran.dg/ISO_Fortran_binding_17.f90 -O1 compilation failed to produce executable
FAIL: gfortran.dg/ISO_Fortran_binding_17.f90 -O2 (test for excess errors)
UNRESOLVED: gfortran.dg/ISO_Fortran_binding_17.f90 -O2 compilation failed to produce executable
FAIL: gfortran.dg/ISO_Fortran_binding_17.f90 -O3 -fomit-frame-pointer -funroll-loops -fpeel-loops -ftracer -finline-functions (test for excess errors)
UNRESOLVED: gfortran.dg/ISO_Fortran_binding_17.f90 -O3 -fomit-frame-pointer -funroll-loops -fpeel-loops -ftracer -finline-functions compilation failed to produce executable
FAIL: gfortran.dg/ISO_Fortran_binding_17.f90 -O3 -g (test for excess errors)
UNRESOLVED: gfortran.dg/ISO_Fortran_binding_17.f90 -O3 -g compilation failed to produce executable
FAIL: gfortran.dg/ISO_Fortran_binding_17.f90 -Os (test for excess errors)
UNRESOLVED: gfortran.dg/ISO_Fortran_binding_17.f90 -Os compilation failed to produce executable
FAIL: gfortran.dg/ISO_Fortran_binding_18.f90 -O0 (test for excess errors)
UNRESOLVED: gfortran.dg/ISO_Fortran_binding_18.f90 -O0 compilation failed to produce executable
FAIL: gfortran.dg/ISO_Fortran_binding_18.f90 -O1 (test for excess errors)
UNRESOLVED: gfortran.dg/ISO_Fortran_binding_18.f90 -O1 compilation failed to produce executable
FAIL: gfortran.dg/ISO_Fortran_binding_18.f90 -O2 (test for excess errors)
UNRESOLVED: gfortran.dg/ISO_Fortran_binding_18.f90 -O2 compilation failed to produce executable
FAIL: gfortran.dg/ISO_Fortran_binding_18.f90 -O3 -fomit-frame-pointer -funroll-loops -fpeel-loops -ftracer -finline-functions (test for excess errors)
UNRESOLVED: gfortran.dg/ISO_Fortran_binding_18.f90 -O3 -fomit-frame-pointer -funroll-loops -fpeel-loops -ftracer -finline-functions compilation failed to produce executable
FAIL: gfortran.dg/ISO_Fortran_binding_18.f90 -O3 -g (test for excess errors)
UNRESOLVED: gfortran.dg/ISO_Fortran_binding_18.f90 -O3 -g compilation failed to produce executable
FAIL: gfortran.dg/ISO_Fortran_binding_18.f90 -Os (test for excess errors)
UNRESOLVED: gfortran.dg/ISO_Fortran_binding_18.f90 -Os compilation failed to produce executable
FAIL: gfortran.dg/ISO_Fortran_binding_3.f90 -O0 (test for excess errors)
UNRESOLVED: gfortran.dg/ISO_Fortran_binding_3.f90 -O0 compilation failed to produce executable
FAIL: gfortran.dg/ISO_Fortran_binding_3.f90 -O1 (test for excess errors)
UNRESOLVED: gfortran.dg/ISO_Fortran_binding_3.f90 -O1 compilation failed to produce executable
FAIL: gfortran.dg/ISO_Fortran_binding_3.f90 -O2 (test for excess errors)
UNRESOLVED: gfortran.dg/ISO_Fortran_binding_3.f90 -O2 compilation failed to produce executable
FAIL: gfortran.dg/ISO_Fortran_binding_3.f90 -O3 -fomit-frame-pointer -funroll-loops -fpeel-loops -ftracer -finline-functions (test for excess errors)
UNRESOLVED: gfortran.dg/ISO_Fortran_binding_3.f90 -O3 -fomit-frame-pointer -funroll-loops -fpeel-loops -ftracer -finline-functions compilation failed to produce executable
FAIL: gfortran.dg/ISO_Fortran_binding_3.f90 -O3 -g (test for excess errors)
UNRESOLVED: gfortran.dg/ISO_Fortran_binding_3.f90 -O3 -g compilation failed to produce executable
FAIL: gfortran.dg/ISO_Fortran_binding_3.f90 -Os (test for excess errors)
UNRESOLVED: gfortran.dg/ISO_Fortran_binding_3.f90 -Os compilation failed to produce executable
FAIL: gfortran.dg/ISO_Fortran_binding_5.f90 -O0 (test for excess errors)
UNRESOLVED: gfortran.dg/ISO_Fortran_binding_5.f90 -O0 compilation failed to produce executable
FAIL: gfortran.dg/ISO_Fortran_binding_5.f90 -O1 (test for excess errors)
UNRESOLVED: gfortran.dg/ISO_Fortran_binding_5.f90 -O1 compilation failed to produce executable
FAIL: gfortran.dg/ISO_Fortran_binding_5.f90 -O2 (test for excess errors)
UNRESOLVED: gfortran.dg/ISO_Fortran_binding_5.f90 -O2 compilation failed to produce executable
FAIL: gfortran.dg/ISO_Fortran_binding_5.f90 -O3 -fomit-frame-pointer -funroll-loops -fpeel-loops -ftracer -finline-functions (test for excess errors)
UNRESOLVED: gfortran.dg/ISO_Fortran_binding_5.f90 -O3 -fomit-frame-pointer -funroll-loops -fpeel-loops -ftracer -finline-functions compilation failed to produce executable
FAIL: gfortran.dg/ISO_Fortran_binding_5.f90 -O3 -g (test for excess errors)
UNRESOLVED: gfortran.dg/ISO_Fortran_binding_5.f90 -O3 -g compilation failed to produce executable
FAIL: gfortran.dg/ISO_Fortran_binding_5.f90 -Os (test for excess errors)
UNRESOLVED: gfortran.dg/ISO_Fortran_binding_5.f90 -Os compilation failed to produce executable
FAIL: gfortran.dg/ISO_Fortran_binding_6.f90 -O0 (test for excess errors)
UNRESOLVED: gfortran.dg/ISO_Fortran_binding_6.f90 -O0 compilation failed to produce executable
FAIL: gfortran.dg/ISO_Fortran_binding_6.f90 -O1 (test for excess errors)
UNRESOLVED: gfortran.dg/ISO_Fortran_binding_6.f90 -O1 compilation failed to produce executable
FAIL: gfortran.dg/ISO_Fortran_binding_6.f90 -O2 (test for excess errors)
UNRESOLVED: gfortran.dg/ISO_Fortran_binding_6.f90 -O2 compilation failed to produce executable
FAIL: gfortran.dg/ISO_Fortran_binding_6.f90 -O3 -fomit-frame-pointer -funroll-loops -fpeel-loops -ftracer -finline-functions (test for excess errors)
UNRESOLVED: gfortran.dg/ISO_Fortran_binding_6.f90 -O3 -fomit-frame-pointer -funroll-loops -fpeel-loops -ftracer -finline-functions compilation failed to produce executable
FAIL: gfortran.dg/ISO_Fortran_binding_6.f90 -O3 -g (test for excess errors)
UNRESOLVED: gfortran.dg/ISO_Fortran_binding_6.f90 -O3 -g compilation failed to produce executable
FAIL: gfortran.dg/ISO_Fortran_binding_6.f90 -Os (test for excess errors)
UNRESOLVED: gfortran.dg/ISO_Fortran_binding_6.f90 -Os compilation failed to produce executable
FAIL: gfortran.dg/ISO_Fortran_binding_7.f90 -O0 (test for excess errors)
UNRESOLVED: gfortran.dg/ISO_Fortran_binding_7.f90 -O0 compilation failed to produce executable
FAIL: gfortran.dg/ISO_Fortran_binding_7.f90 -O1 (test for excess errors)
UNRESOLVED: gfortran.dg/ISO_Fortran_binding_7.f90 -O1 compilation failed to produce executable
FAIL: gfortran.dg/ISO_Fortran_binding_7.f90 -O2 (test for excess errors)
UNRESOLVED: gfortran.dg/ISO_Fortran_binding_7.f90 -O2 compilation failed to produce executable
FAIL: gfortran.dg/ISO_Fortran_binding_7.f90 -O3 -fomit-frame-pointer -funroll-loops -fpeel-loops -ftracer -finline-functions (test for excess errors)
UNRESOLVED: gfortran.dg/ISO_Fortran_binding_7.f90 -O3 -fomit-frame-pointer -funroll-loops -fpeel-loops -ftracer -finline-functions compilation failed to produce executable
FAIL: gfortran.dg/ISO_Fortran_binding_7.f90 -O3 -g (test for excess errors)
UNRESOLVED: gfortran.dg/ISO_Fortran_binding_7.f90 -O3 -g compilation failed to produce executable
FAIL: gfortran.dg/ISO_Fortran_binding_7.f90 -Os (test for excess errors)
UNRESOLVED: gfortran.dg/ISO_Fortran_binding_7.f90 -Os compilation failed to produce executable
FAIL: gfortran.dg/ISO_Fortran_binding_8.f90 -O0 (test for excess errors)
UNRESOLVED: gfortran.dg/ISO_Fortran_binding_8.f90 -O0 compilation failed to produce executable
FAIL: gfortran.dg/ISO_Fortran_binding_8.f90 -O1 (test for excess errors)
UNRESOLVED: gfortran.dg/ISO_Fortran_binding_8.f90 -O1 compilation failed to produce executable
FAIL: gfortran.dg/ISO_Fortran_binding_8.f90 -O2 (test for excess errors)
UNRESOLVED: gfortran.dg/ISO_Fortran_binding_8.f90 -O2 compilation failed to produce executable
FAIL: gfortran.dg/ISO_Fortran_binding_8.f90 -O3 -fomit-frame-pointer -funroll-loops -fpeel-loops -ftracer -finline-functions (test for excess errors)
UNRESOLVED: gfortran.dg/ISO_Fortran_binding_8.f90 -O3 -fomit-frame-pointer -funroll-loops -fpeel-loops -ftracer -finline-functions compilation failed to produce executable
FAIL: gfortran.dg/ISO_Fortran_binding_8.f90 -O3 -g (test for excess errors)
UNRESOLVED: gfortran.dg/ISO_Fortran_binding_8.f90 -O3 -g compilation failed to produce executable
FAIL: gfortran.dg/ISO_Fortran_binding_8.f90 -Os (test for excess errors)
UNRESOLVED: gfortran.dg/ISO_Fortran_binding_8.f90 -Os compilation failed to produce executable
FAIL: gfortran.dg/ISO_Fortran_binding_9.f90 -O0 (test for excess errors)
UNRESOLVED: gfortran.dg/ISO_Fortran_binding_9.f90 -O0 compilation failed to produce executable
FAIL: gfortran.dg/ISO_Fortran_binding_9.f90 -O1 (test for excess errors)
UNRESOLVED: gfortran.dg/ISO_Fortran_binding_9.f90 -O1 compilation failed to produce executable
FAIL: gfortran.dg/ISO_Fortran_binding_9.f90 -O2 (test for excess errors)
UNRESOLVED: gfortran.dg/ISO_Fortran_binding_9.f90 -O2 compilation failed to produce executable
FAIL: gfortran.dg/ISO_Fortran_binding_9.f90 -O3 -fomit-frame-pointer -funroll-loops -fpeel-loops -ftracer -finline-functions (test for excess errors)
UNRESOLVED: gfortran.dg/ISO_Fortran_binding_9.f90 -O3 -fomit-frame-pointer -funroll-loops -fpeel-loops -ftracer -finline-functions compilation failed to produce executable
FAIL: gfortran.dg/ISO_Fortran_binding_9.f90 -O3 -g (test for excess errors)
UNRESOLVED: gfortran.dg/ISO_Fortran_binding_9.f90 -O3 -g compilation failed to produce executable
FAIL: gfortran.dg/ISO_Fortran_binding_9.f90 -Os (test for excess errors)
UNRESOLVED: gfortran.dg/ISO_Fortran_binding_9.f90 -Os compilation failed to produce executable
FAIL: gfortran.dg/PR94327.f90 -O0 (test for excess errors)
UNRESOLVED: gfortran.dg/PR94327.f90 -O0 compilation failed to produce executable
FAIL: gfortran.dg/PR94327.f90 -O1 (test for excess errors)
UNRESOLVED: gfortran.dg/PR94327.f90 -O1 compilation failed to produce executable
FAIL: gfortran.dg/PR94327.f90 -O2 (test for excess errors)
UNRESOLVED: gfortran.dg/PR94327.f90 -O2 compilation failed to produce executable
FAIL: gfortran.dg/PR94327.f90 -O3 -fomit-frame-pointer -funroll-loops -fpeel-loops -ftracer -finline-functions (test for excess errors)
UNRESOLVED: gfortran.dg/PR94327.f90 -O3 -fomit-frame-pointer -funroll-loops -fpeel-loops -ftracer -finline-functions compilation failed to produce executable
FAIL: gfortran.dg/PR94327.f90 -O3 -g (test for excess errors)
UNRESOLVED: gfortran.dg/PR94327.f90 -O3 -g compilation failed to produce executable
FAIL: gfortran.dg/PR94327.f90 -Os (test for excess errors)
UNRESOLVED: gfortran.dg/PR94327.f90 -Os compilation failed to produce executable
FAIL: gfortran.dg/PR94331.f90 -O0 (test for excess errors)
UNRESOLVED: gfortran.dg/PR94331.f90 -O0 compilation failed to produce executable
FAIL: gfortran.dg/PR94331.f90 -O1 (test for excess errors)
UNRESOLVED: gfortran.dg/PR94331.f90 -O1 compilation failed to produce executable
FAIL: gfortran.dg/PR94331.f90 -O2 (test for excess errors)
UNRESOLVED: gfortran.dg/PR94331.f90 -O2 compilation failed to produce executable
FAIL: gfortran.dg/PR94331.f90 -O3 -fomit-frame-pointer -funroll-loops -fpeel-loops -ftracer -finline-functions (test for excess errors)
UNRESOLVED: gfortran.dg/PR94331.f90 -O3 -fomit-frame-pointer -funroll-loops -fpeel-loops -ftracer -finline-functions compilation failed to produce executable
FAIL: gfortran.dg/PR94331.f90 -O3 -g (test for excess errors)
UNRESOLVED: gfortran.dg/PR94331.f90 -O3 -g compilation failed to produce executable
FAIL: gfortran.dg/PR94331.f90 -Os (test for excess errors)
UNRESOLVED: gfortran.dg/PR94331.f90 -Os compilation failed to produce executable
FAIL: gfortran.dg/bind_c_array_params_3.f90 -O0 (test for excess errors)
UNRESOLVED: gfortran.dg/bind_c_array_params_3.f90 -O0 compilation failed to produce executable
FAIL: gfortran.dg/bind_c_array_params_3.f90 -O1 (test for excess errors)
UNRESOLVED: gfortran.dg/bind_c_array_params_3.f90 -O1 compilation failed to produce executable
FAIL: gfortran.dg/bind_c_array_params_3.f90 -O2 (test for excess errors)
UNRESOLVED: gfortran.dg/bind_c_array_params_3.f90 -O2 compilation failed to produce executable
FAIL: gfortran.dg/bind_c_array_params_3.f90 -O3 -fomit-frame-pointer -funroll-loops -fpeel-loops -ftracer -finline-functions (test for excess errors)
UNRESOLVED: gfortran.dg/bind_c_array_params_3.f90 -O3 -fomit-frame-pointer -funroll-loops -fpeel-loops -ftracer -finline-functions compilation failed to produce executable
FAIL: gfortran.dg/bind_c_array_params_3.f90 -O3 -g (test for excess errors)
UNRESOLVED: gfortran.dg/bind_c_array_params_3.f90 -O3 -g compilation failed to produce executable
FAIL: gfortran.dg/bind_c_array_params_3.f90 -Os (test for excess errors)
UNRESOLVED: gfortran.dg/bind_c_array_params_3.f90 -Os compilation failed to produce executable
FAIL: gfortran.dg/iso_fortran_binding_uint8_array.f90 -O0 (test for excess errors)
UNRESOLVED: gfortran.dg/iso_fortran_binding_uint8_array.f90 -O0 compilation failed to produce executable
FAIL: gfortran.dg/iso_fortran_binding_uint8_array.f90 -O1 (test for excess errors)
UNRESOLVED: gfortran.dg/iso_fortran_binding_uint8_array.f90 -O1 compilation failed to produce executable
FAIL: gfortran.dg/iso_fortran_binding_uint8_array.f90 -O2 (test for excess errors)
UNRESOLVED: gfortran.dg/iso_fortran_binding_uint8_array.f90 -O2 compilation failed to produce executable
FAIL: gfortran.dg/iso_fortran_binding_uint8_array.f90 -O3 -fomit-frame-pointer -funroll-loops -fpeel-loops -ftracer -finline-functions (test for excess errors)
UNRESOLVED: gfortran.dg/iso_fortran_binding_uint8_array.f90 -O3 -fomit-frame-pointer -funroll-loops -fpeel-loops -ftracer -finline-functions compilation failed to produce executable
FAIL: gfortran.dg/iso_fortran_binding_uint8_array.f90 -O3 -g (test for excess errors)
UNRESOLVED: gfortran.dg/iso_fortran_binding_uint8_array.f90 -O3 -g compilation failed to produce executable
FAIL: gfortran.dg/iso_fortran_binding_uint8_array.f90 -Os (test for excess errors)
UNRESOLVED: gfortran.dg/iso_fortran_binding_uint8_array.f90 -Os compilation failed to produce executable
FAIL: gfortran.dg/pr93524.f90 -O0 (test for excess errors)
UNRESOLVED: gfortran.dg/pr93524.f90 -O0 compilation failed to produce executable
FAIL: gfortran.dg/pr93524.f90 -O1 (test for excess errors)
UNRESOLVED: gfortran.dg/pr93524.f90 -O1 compilation failed to produce executable
FAIL: gfortran.dg/pr93524.f90 -O2 (test for excess errors)
UNRESOLVED: gfortran.dg/pr93524.f90 -O2 compilation failed to produce executable
FAIL: gfortran.dg/pr93524.f90 -O3 -fomit-frame-pointer -funroll-loops -fpeel-loops -ftracer -finline-functions (test for excess errors)
UNRESOLVED: gfortran.dg/pr93524.f90 -O3 -fomit-frame-pointer -funroll-loops -fpeel-loops -ftracer -finline-functions compilation failed to produce executable
FAIL: gfortran.dg/pr93524.f90 -O3 -g (test for excess errors)
UNRESOLVED: gfortran.dg/pr93524.f90 -O3 -g compilation failed to produce executable
FAIL: gfortran.dg/pr93524.f90 -Os (test for excess errors)
UNRESOLVED: gfortran.dg/pr93524.f90 -Os compilation failed to produce executable
=== gfortran Summary for unix ===
# of expected passes 58410
# of unexpected failures 114
# of expected failures 253
# of unresolved testcases 114
# of unsupported tests 82
Running target unix/-m32
FAIL: gfortran.dg/ISO_Fortran_binding_1.f90 -O0 (test for excess errors)
UNRESOLVED: gfortran.dg/ISO_Fortran_binding_1.f90 -O0 compilation failed to produce executable
FAIL: gfortran.dg/ISO_Fortran_binding_1.f90 -O1 (test for excess errors)
UNRESOLVED: gfortran.dg/ISO_Fortran_binding_1.f90 -O1 compilation failed to produce executable
FAIL: gfortran.dg/ISO_Fortran_binding_1.f90 -O2 (test for excess errors)
UNRESOLVED: gfortran.dg/ISO_Fortran_binding_1.f90 -O2 compilation failed to produce executable
FAIL: gfortran.dg/ISO_Fortran_binding_1.f90 -O3 -fomit-frame-pointer -funroll-loops -fpeel-loops -ftracer -finline-functions (test for excess errors)
UNRESOLVED: gfortran.dg/ISO_Fortran_binding_1.f90 -O3 -fomit-frame-pointer -funroll-loops -fpeel-loops -ftracer -finline-functions compilation failed to produce executable
FAIL: gfortran.dg/ISO_Fortran_binding_1.f90 -O3 -g (test for excess errors)
UNRESOLVED: gfortran.dg/ISO_Fortran_binding_1.f90 -O3 -g compilation failed to produce executable
FAIL: gfortran.dg/ISO_Fortran_binding_1.f90 -Os (test for excess errors)
UNRESOLVED: gfortran.dg/ISO_Fortran_binding_1.f90 -Os compilation failed to produce executable
FAIL: gfortran.dg/ISO_Fortran_binding_10.f90 -O0 (test for excess errors)
UNRESOLVED: gfortran.dg/ISO_Fortran_binding_10.f90 -O0 compilation failed to produce executable
FAIL: gfortran.dg/ISO_Fortran_binding_10.f90 -O1 (test for excess errors)
UNRESOLVED: gfortran.dg/ISO_Fortran_binding_10.f90 -O1 compilation failed to produce executable
FAIL: gfortran.dg/ISO_Fortran_binding_10.f90 -O2 (test for excess errors)
UNRESOLVED: gfortran.dg/ISO_Fortran_binding_10.f90 -O2 compilation failed to produce executable
FAIL: gfortran.dg/ISO_Fortran_binding_10.f90 -O3 -fomit-frame-pointer -funroll-loops -fpeel-loops -ftracer -finline-functions (test for excess errors)
UNRESOLVED: gfortran.dg/ISO_Fortran_binding_10.f90 -O3 -fomit-frame-pointer -funroll-loops -fpeel-loops -ftracer -finline-functions compilation failed to produce executable
FAIL: gfortran.dg/ISO_Fortran_binding_10.f90 -O3 -g (test for excess errors)
UNRESOLVED: gfortran.dg/ISO_Fortran_binding_10.f90 -O3 -g compilation failed to produce executable
FAIL: gfortran.dg/ISO_Fortran_binding_10.f90 -Os (test for excess errors)
UNRESOLVED: gfortran.dg/ISO_Fortran_binding_10.f90 -Os compilation failed to produce executable
FAIL: gfortran.dg/ISO_Fortran_binding_11.f90 -O0 (test for excess errors)
UNRESOLVED: gfortran.dg/ISO_Fortran_binding_11.f90 -O0 compilation failed to produce executable
FAIL: gfortran.dg/ISO_Fortran_binding_11.f90 -O1 (test for excess errors)
UNRESOLVED: gfortran.dg/ISO_Fortran_binding_11.f90 -O1 compilation failed to produce executable
FAIL: gfortran.dg/ISO_Fortran_binding_11.f90 -O2 (test for excess errors)
UNRESOLVED: gfortran.dg/ISO_Fortran_binding_11.f90 -O2 compilation failed to produce executable
FAIL: gfortran.dg/ISO_Fortran_binding_11.f90 -O3 -fomit-frame-pointer -funroll-loops -fpeel-loops -ftracer -finline-functions (test for excess errors)
UNRESOLVED: gfortran.dg/ISO_Fortran_binding_11.f90 -O3 -fomit-frame-pointer -funroll-loops -fpeel-loops -ftracer -finline-functions compilation failed to produce executable
FAIL: gfortran.dg/ISO_Fortran_binding_11.f90 -O3 -g (test for excess errors)
UNRESOLVED: gfortran.dg/ISO_Fortran_binding_11.f90 -O3 -g compilation failed to produce executable
FAIL: gfortran.dg/ISO_Fortran_binding_11.f90 -Os (test for excess errors)
UNRESOLVED: gfortran.dg/ISO_Fortran_binding_11.f90 -Os compilation failed to produce executable
FAIL: gfortran.dg/ISO_Fortran_binding_12.f90 -O0 (test for excess errors)
UNRESOLVED: gfortran.dg/ISO_Fortran_binding_12.f90 -O0 compilation failed to produce executable
FAIL: gfortran.dg/ISO_Fortran_binding_12.f90 -O1 (test for excess errors)
UNRESOLVED: gfortran.dg/ISO_Fortran_binding_12.f90 -O1 compilation failed to produce executable
FAIL: gfortran.dg/ISO_Fortran_binding_12.f90 -O2 (test for excess errors)
UNRESOLVED: gfortran.dg/ISO_Fortran_binding_12.f90 -O2 compilation failed to produce executable
FAIL: gfortran.dg/ISO_Fortran_binding_12.f90 -O3 -fomit-frame-pointer -funroll-loops -fpeel-loops -ftracer -finline-functions (test for excess errors)
UNRESOLVED: gfortran.dg/ISO_Fortran_binding_12.f90 -O3 -fomit-frame-pointer -funroll-loops -fpeel-loops -ftracer -finline-functions compilation failed to produce executable
FAIL: gfortran.dg/ISO_Fortran_binding_12.f90 -O3 -g (test for excess errors)
UNRESOLVED: gfortran.dg/ISO_Fortran_binding_12.f90 -O3 -g compilation failed to produce executable
FAIL: gfortran.dg/ISO_Fortran_binding_12.f90 -Os (test for excess errors)
UNRESOLVED: gfortran.dg/ISO_Fortran_binding_12.f90 -Os compilation failed to produce executable
FAIL: gfortran.dg/ISO_Fortran_binding_15.f90 -O0 (test for excess errors)
UNRESOLVED: gfortran.dg/ISO_Fortran_binding_15.f90 -O0 compilation failed to produce executable
FAIL: gfortran.dg/ISO_Fortran_binding_15.f90 -O1 (test for excess errors)
UNRESOLVED: gfortran.dg/ISO_Fortran_binding_15.f90 -O1 compilation failed to produce executable
FAIL: gfortran.dg/ISO_Fortran_binding_15.f90 -O2 (test for excess errors)
UNRESOLVED: gfortran.dg/ISO_Fortran_binding_15.f90 -O2 compilation failed to produce executable
FAIL: gfortran.dg/ISO_Fortran_binding_15.f90 -O3 -fomit-frame-pointer -funroll-loops -fpeel-loops -ftracer -finline-functions (test for excess errors)
UNRESOLVED: gfortran.dg/ISO_Fortran_binding_15.f90 -O3 -fomit-frame-pointer -funroll-loops -fpeel-loops -ftracer -finline-functions compilation failed to produce executable
FAIL: gfortran.dg/ISO_Fortran_binding_15.f90 -O3 -g (test for excess errors)
UNRESOLVED: gfortran.dg/ISO_Fortran_binding_15.f90 -O3 -g compilation failed to produce executable
FAIL: gfortran.dg/ISO_Fortran_binding_15.f90 -Os (test for excess errors)
UNRESOLVED: gfortran.dg/ISO_Fortran_binding_15.f90 -Os compilation failed to produce executable
FAIL: gfortran.dg/ISO_Fortran_binding_16.f90 -O0 (test for excess errors)
UNRESOLVED: gfortran.dg/ISO_Fortran_binding_16.f90 -O0 compilation failed to produce executable
FAIL: gfortran.dg/ISO_Fortran_binding_16.f90 -O1 (test for excess errors)
UNRESOLVED: gfortran.dg/ISO_Fortran_binding_16.f90 -O1 compilation failed to produce executable
FAIL: gfortran.dg/ISO_Fortran_binding_16.f90 -O2 (test for excess errors)
UNRESOLVED: gfortran.dg/ISO_Fortran_binding_16.f90 -O2 compilation failed to produce executable
FAIL: gfortran.dg/ISO_Fortran_binding_16.f90 -O3 -fomit-frame-pointer -funroll-loops -fpeel-loops -ftracer -finline-functions (test for excess errors)
UNRESOLVED: gfortran.dg/ISO_Fortran_binding_16.f90 -O3 -fomit-frame-pointer -funroll-loops -fpeel-loops -ftracer -finline-functions compilation failed to produce executable
FAIL: gfortran.dg/ISO_Fortran_binding_16.f90 -O3 -g (test for excess errors)
UNRESOLVED: gfortran.dg/ISO_Fortran_binding_16.f90 -O3 -g compilation failed to produce executable
FAIL: gfortran.dg/ISO_Fortran_binding_16.f90 -Os (test for excess errors)
UNRESOLVED: gfortran.dg/ISO_Fortran_binding_16.f90 -Os compilation failed to produce executable
FAIL: gfortran.dg/ISO_Fortran_binding_17.f90 -O0 (test for excess errors)
UNRESOLVED: gfortran.dg/ISO_Fortran_binding_17.f90 -O0 compilation failed to produce executable
FAIL: gfortran.dg/ISO_Fortran_binding_17.f90 -O1 (test for excess errors)
UNRESOLVED: gfortran.dg/ISO_Fortran_binding_17.f90 -O1 compilation failed to produce executable
FAIL: gfortran.dg/ISO_Fortran_binding_17.f90 -O2 (test for excess errors)
UNRESOLVED: gfortran.dg/ISO_Fortran_binding_17.f90 -O2 compilation failed to produce executable
FAIL: gfortran.dg/ISO_Fortran_binding_17.f90 -O3 -fomit-frame-pointer -funroll-loops -fpeel-loops -ftracer -finline-functions (test for excess errors)
UNRESOLVED: gfortran.dg/ISO_Fortran_binding_17.f90 -O3 -fomit-frame-pointer -funroll-loops -fpeel-loops -ftracer -finline-functions compilation failed to produce executable
FAIL: gfortran.dg/ISO_Fortran_binding_17.f90 -O3 -g (test for excess errors)
UNRESOLVED: gfortran.dg/ISO_Fortran_binding_17.f90 -O3 -g compilation failed to produce executable
FAIL: gfortran.dg/ISO_Fortran_binding_17.f90 -Os (test for excess errors)
UNRESOLVED: gfortran.dg/ISO_Fortran_binding_17.f90 -Os compilation failed to produce executable
FAIL: gfortran.dg/ISO_Fortran_binding_18.f90 -O0 (test for excess errors)
UNRESOLVED: gfortran.dg/ISO_Fortran_binding_18.f90 -O0 compilation failed to produce executable
FAIL: gfortran.dg/ISO_Fortran_binding_18.f90 -O1 (test for excess errors)
UNRESOLVED: gfortran.dg/ISO_Fortran_binding_18.f90 -O1 compilation failed to produce executable
FAIL: gfortran.dg/ISO_Fortran_binding_18.f90 -O2 (test for excess errors)
UNRESOLVED: gfortran.dg/ISO_Fortran_binding_18.f90 -O2 compilation failed to produce executable
FAIL: gfortran.dg/ISO_Fortran_binding_18.f90 -O3 -fomit-frame-pointer -funroll-loops -fpeel-loops -ftracer -finline-functions (test for excess errors)
UNRESOLVED: gfortran.dg/ISO_Fortran_binding_18.f90 -O3 -fomit-frame-pointer -funroll-loops -fpeel-loops -ftracer -finline-functions compilation failed to produce executable
FAIL: gfortran.dg/ISO_Fortran_binding_18.f90 -O3 -g (test for excess errors)
UNRESOLVED: gfortran.dg/ISO_Fortran_binding_18.f90 -O3 -g compilation failed to produce executable
FAIL: gfortran.dg/ISO_Fortran_binding_18.f90 -Os (test for excess errors)
UNRESOLVED: gfortran.dg/ISO_Fortran_binding_18.f90 -Os compilation failed to produce executable
FAIL: gfortran.dg/ISO_Fortran_binding_3.f90 -O0 (test for excess errors)
UNRESOLVED: gfortran.dg/ISO_Fortran_binding_3.f90 -O0 compilation failed to produce executable
FAIL: gfortran.dg/ISO_Fortran_binding_3.f90 -O1 (test for excess errors)
UNRESOLVED: gfortran.dg/ISO_Fortran_binding_3.f90 -O1 compilation failed to produce executable
FAIL: gfortran.dg/ISO_Fortran_binding_3.f90 -O2 (test for excess errors)
UNRESOLVED: gfortran.dg/ISO_Fortran_binding_3.f90 -O2 compilation failed to produce executable
FAIL: gfortran.dg/ISO_Fortran_binding_3.f90 -O3 -fomit-frame-pointer -funroll-loops -fpeel-loops -ftracer -finline-functions (test for excess errors)
UNRESOLVED: gfortran.dg/ISO_Fortran_binding_3.f90 -O3 -fomit-frame-pointer -funroll-loops -fpeel-loops -ftracer -finline-functions compilation failed to produce executable
FAIL: gfortran.dg/ISO_Fortran_binding_3.f90 -O3 -g (test for excess errors)
UNRESOLVED: gfortran.dg/ISO_Fortran_binding_3.f90 -O3 -g compilation failed to produce executable
FAIL: gfortran.dg/ISO_Fortran_binding_3.f90 -Os (test for excess errors)
UNRESOLVED: gfortran.dg/ISO_Fortran_binding_3.f90 -Os compilation failed to produce executable
FAIL: gfortran.dg/ISO_Fortran_binding_5.f90 -O0 (test for excess errors)
UNRESOLVED: gfortran.dg/ISO_Fortran_binding_5.f90 -O0 compilation failed to produce executable
FAIL: gfortran.dg/ISO_Fortran_binding_5.f90 -O1 (test for excess errors)
UNRESOLVED: gfortran.dg/ISO_Fortran_binding_5.f90 -O1 compilation failed to produce executable
FAIL: gfortran.dg/ISO_Fortran_binding_5.f90 -O2 (test for excess errors)
UNRESOLVED: gfortran.dg/ISO_Fortran_binding_5.f90 -O2 compilation failed to produce executable
FAIL: gfortran.dg/ISO_Fortran_binding_5.f90 -O3 -fomit-frame-pointer -funroll-loops -fpeel-loops -ftracer -finline-functions (test for excess errors)
UNRESOLVED: gfortran.dg/ISO_Fortran_binding_5.f90 -O3 -fomit-frame-pointer -funroll-loops -fpeel-loops -ftracer -finline-functions compilation failed to produce executable
FAIL: gfortran.dg/ISO_Fortran_binding_5.f90 -O3 -g (test for excess errors)
UNRESOLVED: gfortran.dg/ISO_Fortran_binding_5.f90 -O3 -g compilation failed to produce executable
FAIL: gfortran.dg/ISO_Fortran_binding_5.f90 -Os (test for excess errors)
UNRESOLVED: gfortran.dg/ISO_Fortran_binding_5.f90 -Os compilation failed to produce executable
FAIL: gfortran.dg/ISO_Fortran_binding_6.f90 -O0 (test for excess errors)
UNRESOLVED: gfortran.dg/ISO_Fortran_binding_6.f90 -O0 compilation failed to produce executable
FAIL: gfortran.dg/ISO_Fortran_binding_6.f90 -O1 (test for excess errors)
UNRESOLVED: gfortran.dg/ISO_Fortran_binding_6.f90 -O1 compilation failed to produce executable
FAIL: gfortran.dg/ISO_Fortran_binding_6.f90 -O2 (test for excess errors)
UNRESOLVED: gfortran.dg/ISO_Fortran_binding_6.f90 -O2 compilation failed to produce executable
FAIL: gfortran.dg/ISO_Fortran_binding_6.f90 -O3 -fomit-frame-pointer -funroll-loops -fpeel-loops -ftracer -finline-functions (test for excess errors)
UNRESOLVED: gfortran.dg/ISO_Fortran_binding_6.f90 -O3 -fomit-frame-pointer -funroll-loops -fpeel-loops -ftracer -finline-functions compilation failed to produce executable
FAIL: gfortran.dg/ISO_Fortran_binding_6.f90 -O3 -g (test for excess errors)
UNRESOLVED: gfortran.dg/ISO_Fortran_binding_6.f90 -O3 -g compilation failed to produce executable
FAIL: gfortran.dg/ISO_Fortran_binding_6.f90 -Os (test for excess errors)
UNRESOLVED: gfortran.dg/ISO_Fortran_binding_6.f90 -Os compilation failed to produce executable
FAIL: gfortran.dg/ISO_Fortran_binding_7.f90 -O0 (test for excess errors)
UNRESOLVED: gfortran.dg/ISO_Fortran_binding_7.f90 -O0 compilation failed to produce executable
FAIL: gfortran.dg/ISO_Fortran_binding_7.f90 -O1 (test for excess errors)
UNRESOLVED: gfortran.dg/ISO_Fortran_binding_7.f90 -O1 compilation failed to produce executable
FAIL: gfortran.dg/ISO_Fortran_binding_7.f90 -O2 (test for excess errors)
UNRESOLVED: gfortran.dg/ISO_Fortran_binding_7.f90 -O2 compilation failed to produce executable
FAIL: gfortran.dg/ISO_Fortran_binding_7.f90 -O3 -fomit-frame-pointer -funroll-loops -fpeel-loops -ftracer -finline-functions (test for excess errors)
UNRESOLVED: gfortran.dg/ISO_Fortran_binding_7.f90 -O3 -fomit-frame-pointer -funroll-loops -fpeel-loops -ftracer -finline-functions compilation failed to produce executable
FAIL: gfortran.dg/ISO_Fortran_binding_7.f90 -O3 -g (test for excess errors)
UNRESOLVED: gfortran.dg/ISO_Fortran_binding_7.f90 -O3 -g compilation failed to produce executable
FAIL: gfortran.dg/ISO_Fortran_binding_7.f90 -Os (test for excess errors)
UNRESOLVED: gfortran.dg/ISO_Fortran_binding_7.f90 -Os compilation failed to produce executable
FAIL: gfortran.dg/ISO_Fortran_binding_8.f90 -O0 (test for excess errors)
UNRESOLVED: gfortran.dg/ISO_Fortran_binding_8.f90 -O0 compilation failed to produce executable
FAIL: gfortran.dg/ISO_Fortran_binding_8.f90 -O1 (test for excess errors)
UNRESOLVED: gfortran.dg/ISO_Fortran_binding_8.f90 -O1 compilation failed to produce executable
FAIL: gfortran.dg/ISO_Fortran_binding_8.f90 -O2 (test for excess errors)
UNRESOLVED: gfortran.dg/ISO_Fortran_binding_8.f90 -O2 compilation failed to produce executable
FAIL: gfortran.dg/ISO_Fortran_binding_8.f90 -O3 -fomit-frame-pointer -funroll-loops -fpeel-loops -ftracer -finline-functions (test for excess errors)
UNRESOLVED: gfortran.dg/ISO_Fortran_binding_8.f90 -O3 -fomit-frame-pointer -funroll-loops -fpeel-loops -ftracer -finline-functions compilation failed to produce executable
FAIL: gfortran.dg/ISO_Fortran_binding_8.f90 -O3 -g (test for excess errors)
UNRESOLVED: gfortran.dg/ISO_Fortran_binding_8.f90 -O3 -g compilation failed to produce executable
FAIL: gfortran.dg/ISO_Fortran_binding_8.f90 -Os (test for excess errors)
UNRESOLVED: gfortran.dg/ISO_Fortran_binding_8.f90 -Os compilation failed to produce executable
FAIL: gfortran.dg/ISO_Fortran_binding_9.f90 -O0 (test for excess errors)
UNRESOLVED: gfortran.dg/ISO_Fortran_binding_9.f90 -O0 compilation failed to produce executable
FAIL: gfortran.dg/ISO_Fortran_binding_9.f90 -O1 (test for excess errors)
UNRESOLVED: gfortran.dg/ISO_Fortran_binding_9.f90 -O1 compilation failed to produce executable
FAIL: gfortran.dg/ISO_Fortran_binding_9.f90 -O2 (test for excess errors)
UNRESOLVED: gfortran.dg/ISO_Fortran_binding_9.f90 -O2 compilation failed to produce executable
FAIL: gfortran.dg/ISO_Fortran_binding_9.f90 -O3 -fomit-frame-pointer -funroll-loops -fpeel-loops -ftracer -finline-functions (test for excess errors)
UNRESOLVED: gfortran.dg/ISO_Fortran_binding_9.f90 -O3 -fomit-frame-pointer -funroll-loops -fpeel-loops -ftracer -finline-functions compilation failed to produce executable
FAIL: gfortran.dg/ISO_Fortran_binding_9.f90 -O3 -g (test for excess errors)
UNRESOLVED: gfortran.dg/ISO_Fortran_binding_9.f90 -O3 -g compilation failed to produce executable
FAIL: gfortran.dg/ISO_Fortran_binding_9.f90 -Os (test for excess errors)
UNRESOLVED: gfortran.dg/ISO_Fortran_binding_9.f90 -Os compilation failed to produce executable
FAIL: gfortran.dg/PR93963.f90 -O2 execution test
FAIL: gfortran.dg/PR93963.f90 -O3 -fomit-frame-pointer -funroll-loops -fpeel-loops -ftracer -finline-functions execution test
FAIL: gfortran.dg/PR93963.f90 -O3 -g execution test
FAIL: gfortran.dg/PR93963.f90 -Os execution test
FAIL: gfortran.dg/PR94327.f90 -O0 (test for excess errors)
UNRESOLVED: gfortran.dg/PR94327.f90 -O0 compilation failed to produce executable
FAIL: gfortran.dg/PR94327.f90 -O1 (test for excess errors)
UNRESOLVED: gfortran.dg/PR94327.f90 -O1 compilation failed to produce executable
FAIL: gfortran.dg/PR94327.f90 -O2 (test for excess errors)
UNRESOLVED: gfortran.dg/PR94327.f90 -O2 compilation failed to produce executable
FAIL: gfortran.dg/PR94327.f90 -O3 -fomit-frame-pointer -funroll-loops -fpeel-loops -ftracer -finline-functions (test for excess errors)
UNRESOLVED: gfortran.dg/PR94327.f90 -O3 -fomit-frame-pointer -funroll-loops -fpeel-loops -ftracer -finline-functions compilation failed to produce executable
FAIL: gfortran.dg/PR94327.f90 -O3 -g (test for excess errors)
UNRESOLVED: gfortran.dg/PR94327.f90 -O3 -g compilation failed to produce executable
FAIL: gfortran.dg/PR94327.f90 -Os (test for excess errors)
UNRESOLVED: gfortran.dg/PR94327.f90 -Os compilation failed to produce executable
FAIL: gfortran.dg/PR94331.f90 -O0 (test for excess errors)
UNRESOLVED: gfortran.dg/PR94331.f90 -O0 compilation failed to produce executable
FAIL: gfortran.dg/PR94331.f90 -O1 (test for excess errors)
UNRESOLVED: gfortran.dg/PR94331.f90 -O1 compilation failed to produce executable
FAIL: gfortran.dg/PR94331.f90 -O2 (test for excess errors)
UNRESOLVED: gfortran.dg/PR94331.f90 -O2 compilation failed to produce executable
FAIL: gfortran.dg/PR94331.f90 -O3 -fomit-frame-pointer -funroll-loops -fpeel-loops -ftracer -finline-functions (test for excess errors)
UNRESOLVED: gfortran.dg/PR94331.f90 -O3 -fomit-frame-pointer -funroll-loops -fpeel-loops -ftracer -finline-functions compilation failed to produce executable
FAIL: gfortran.dg/PR94331.f90 -O3 -g (test for excess errors)
UNRESOLVED: gfortran.dg/PR94331.f90 -O3 -g compilation failed to produce executable
FAIL: gfortran.dg/PR94331.f90 -Os (test for excess errors)
UNRESOLVED: gfortran.dg/PR94331.f90 -Os compilation failed to produce executable
FAIL: gfortran.dg/bind_c_array_params_3.f90 -O0 (test for excess errors)
UNRESOLVED: gfortran.dg/bind_c_array_params_3.f90 -O0 compilation failed to produce executable
FAIL: gfortran.dg/bind_c_array_params_3.f90 -O1 (test for excess errors)
UNRESOLVED: gfortran.dg/bind_c_array_params_3.f90 -O1 compilation failed to produce executable
FAIL: gfortran.dg/bind_c_array_params_3.f90 -O2 (test for excess errors)
UNRESOLVED: gfortran.dg/bind_c_array_params_3.f90 -O2 compilation failed to produce executable
FAIL: gfortran.dg/bind_c_array_params_3.f90 -O3 -fomit-frame-pointer -funroll-loops -fpeel-loops -ftracer -finline-functions (test for excess errors)
UNRESOLVED: gfortran.dg/bind_c_array_params_3.f90 -O3 -fomit-frame-pointer -funroll-loops -fpeel-loops -ftracer -finline-functions compilation failed to produce executable
FAIL: gfortran.dg/bind_c_array_params_3.f90 -O3 -g (test for excess errors)
UNRESOLVED: gfortran.dg/bind_c_array_params_3.f90 -O3 -g compilation failed to produce executable
FAIL: gfortran.dg/bind_c_array_params_3.f90 -Os (test for excess errors)
UNRESOLVED: gfortran.dg/bind_c_array_params_3.f90 -Os compilation failed to produce executable
FAIL: gfortran.dg/iso_fortran_binding_uint8_array.f90 -O0 (test for excess errors)
UNRESOLVED: gfortran.dg/iso_fortran_binding_uint8_array.f90 -O0 compilation failed to produce executable
FAIL: gfortran.dg/iso_fortran_binding_uint8_array.f90 -O1 (test for excess errors)
UNRESOLVED: gfortran.dg/iso_fortran_binding_uint8_array.f90 -O1 compilation failed to produce executable
FAIL: gfortran.dg/iso_fortran_binding_uint8_array.f90 -O2 (test for excess errors)
UNRESOLVED: gfortran.dg/iso_fortran_binding_uint8_array.f90 -O2 compilation failed to produce executable
FAIL: gfortran.dg/iso_fortran_binding_uint8_array.f90 -O3 -fomit-frame-pointer -funroll-loops -fpeel-loops -ftracer -finline-functions (test for excess errors)
UNRESOLVED: gfortran.dg/iso_fortran_binding_uint8_array.f90 -O3 -fomit-frame-pointer -funroll-loops -fpeel-loops -ftracer -finline-functions compilation failed to produce executable
FAIL: gfortran.dg/iso_fortran_binding_uint8_array.f90 -O3 -g (test for excess errors)
UNRESOLVED: gfortran.dg/iso_fortran_binding_uint8_array.f90 -O3 -g compilation failed to produce executable
FAIL: gfortran.dg/iso_fortran_binding_uint8_array.f90 -Os (test for excess errors)
UNRESOLVED: gfortran.dg/iso_fortran_binding_uint8_array.f90 -Os compilation failed to produce executable
FAIL: gfortran.dg/pr93524.f90 -O0 (test for excess errors)
UNRESOLVED: gfortran.dg/pr93524.f90 -O0 compilation failed to produce executable
FAIL: gfortran.dg/pr93524.f90 -O1 (test for excess errors)
UNRESOLVED: gfortran.dg/pr93524.f90 -O1 compilation failed to produce executable
FAIL: gfortran.dg/pr93524.f90 -O2 (test for excess errors)
UNRESOLVED: gfortran.dg/pr93524.f90 -O2 compilation failed to produce executable
FAIL: gfortran.dg/pr93524.f90 -O3 -fomit-frame-pointer -funroll-loops -fpeel-loops -ftracer -finline-functions (test for excess errors)
UNRESOLVED: gfortran.dg/pr93524.f90 -O3 -fomit-frame-pointer -funroll-loops -fpeel-loops -ftracer -finline-functions compilation failed to produce executable
FAIL: gfortran.dg/pr93524.f90 -O3 -g (test for excess errors)
UNRESOLVED: gfortran.dg/pr93524.f90 -O3 -g compilation failed to produce executable
FAIL: gfortran.dg/pr93524.f90 -Os (test for excess errors)
UNRESOLVED: gfortran.dg/pr93524.f90 -Os compilation failed to produce executable
FAIL: gfortran.dg/guality/pr41558.f90 -Os line 7 s == 'foo'
=== gfortran Summary for unix/-m32 ===
# of expected passes 58155
# of unexpected failures 119
# of expected failures 255
# of unresolved testcases 114
# of unsupported tests 198
Running target unix/-mx32
FAIL: gfortran.dg/ISO_Fortran_binding_1.f90 -O0 (test for excess errors)
UNRESOLVED: gfortran.dg/ISO_Fortran_binding_1.f90 -O0 compilation failed to produce executable
FAIL: gfortran.dg/ISO_Fortran_binding_1.f90 -O1 (test for excess errors)
UNRESOLVED: gfortran.dg/ISO_Fortran_binding_1.f90 -O1 compilation failed to produce executable
FAIL: gfortran.dg/ISO_Fortran_binding_1.f90 -O2 (test for excess errors)
UNRESOLVED: gfortran.dg/ISO_Fortran_binding_1.f90 -O2 compilation failed to produce executable
FAIL: gfortran.dg/ISO_Fortran_binding_1.f90 -O3 -fomit-frame-pointer -funroll-loops -fpeel-loops -ftracer -finline-functions (test for excess errors)
UNRESOLVED: gfortran.dg/ISO_Fortran_binding_1.f90 -O3 -fomit-frame-pointer -funroll-loops -fpeel-loops -ftracer -finline-functions compilation failed to produce executable
FAIL: gfortran.dg/ISO_Fortran_binding_1.f90 -O3 -g (test for excess errors)
UNRESOLVED: gfortran.dg/ISO_Fortran_binding_1.f90 -O3 -g compilation failed to produce executable
FAIL: gfortran.dg/ISO_Fortran_binding_1.f90 -Os (test for excess errors)
UNRESOLVED: gfortran.dg/ISO_Fortran_binding_1.f90 -Os compilation failed to produce executable
FAIL: gfortran.dg/ISO_Fortran_binding_10.f90 -O0 (test for excess errors)
UNRESOLVED: gfortran.dg/ISO_Fortran_binding_10.f90 -O0 compilation failed to produce executable
FAIL: gfortran.dg/ISO_Fortran_binding_10.f90 -O1 (test for excess errors)
UNRESOLVED: gfortran.dg/ISO_Fortran_binding_10.f90 -O1 compilation failed to produce executable
FAIL: gfortran.dg/ISO_Fortran_binding_10.f90 -O2 (test for excess errors)
UNRESOLVED: gfortran.dg/ISO_Fortran_binding_10.f90 -O2 compilation failed to produce executable
FAIL: gfortran.dg/ISO_Fortran_binding_10.f90 -O3 -fomit-frame-pointer -funroll-loops -fpeel-loops -ftracer -finline-functions (test for excess errors)
UNRESOLVED: gfortran.dg/ISO_Fortran_binding_10.f90 -O3 -fomit-frame-pointer -funroll-loops -fpeel-loops -ftracer -finline-functions compilation failed to produce executable
FAIL: gfortran.dg/ISO_Fortran_binding_10.f90 -O3 -g (test for excess errors)
UNRESOLVED: gfortran.dg/ISO_Fortran_binding_10.f90 -O3 -g compilation failed to produce executable
FAIL: gfortran.dg/ISO_Fortran_binding_10.f90 -Os (test for excess errors)
UNRESOLVED: gfortran.dg/ISO_Fortran_binding_10.f90 -Os compilation failed to produce executable
FAIL: gfortran.dg/ISO_Fortran_binding_11.f90 -O0 (test for excess errors)
UNRESOLVED: gfortran.dg/ISO_Fortran_binding_11.f90 -O0 compilation failed to produce executable
FAIL: gfortran.dg/ISO_Fortran_binding_11.f90 -O1 (test for excess errors)
UNRESOLVED: gfortran.dg/ISO_Fortran_binding_11.f90 -O1 compilation failed to produce executable
FAIL: gfortran.dg/ISO_Fortran_binding_11.f90 -O2 (test for excess errors)
UNRESOLVED: gfortran.dg/ISO_Fortran_binding_11.f90 -O2 compilation failed to produce executable
FAIL: gfortran.dg/ISO_Fortran_binding_11.f90 -O3 -fomit-frame-pointer -funroll-loops -fpeel-loops -ftracer -finline-functions (test for excess errors)
UNRESOLVED: gfortran.dg/ISO_Fortran_binding_11.f90 -O3 -fomit-frame-pointer -funroll-loops -fpeel-loops -ftracer -finline-functions compilation failed to produce executable
FAIL: gfortran.dg/ISO_Fortran_binding_11.f90 -O3 -g (test for excess errors)
UNRESOLVED: gfortran.dg/ISO_Fortran_binding_11.f90 -O3 -g compilation failed to produce executable
FAIL: gfortran.dg/ISO_Fortran_binding_11.f90 -Os (test for excess errors)
UNRESOLVED: gfortran.dg/ISO_Fortran_binding_11.f90 -Os compilation failed to produce executable
FAIL: gfortran.dg/ISO_Fortran_binding_12.f90 -O0 (test for excess errors)
UNRESOLVED: gfortran.dg/ISO_Fortran_binding_12.f90 -O0 compilation failed to produce executable
FAIL: gfortran.dg/ISO_Fortran_binding_12.f90 -O1 (test for excess errors)
UNRESOLVED: gfortran.dg/ISO_Fortran_binding_12.f90 -O1 compilation failed to produce executable
FAIL: gfortran.dg/ISO_Fortran_binding_12.f90 -O2 (test for excess errors)
UNRESOLVED: gfortran.dg/ISO_Fortran_binding_12.f90 -O2 compilation failed to produce executable
FAIL: gfortran.dg/ISO_Fortran_binding_12.f90 -O3 -fomit-frame-pointer -funroll-loops -fpeel-loops -ftracer -finline-functions (test for excess errors)
UNRESOLVED: gfortran.dg/ISO_Fortran_binding_12.f90 -O3 -fomit-frame-pointer -funroll-loops -fpeel-loops -ftracer -finline-functions compilation failed to produce executable
FAIL: gfortran.dg/ISO_Fortran_binding_12.f90 -O3 -g (test for excess errors)
UNRESOLVED: gfortran.dg/ISO_Fortran_binding_12.f90 -O3 -g compilation failed to produce executable
FAIL: gfortran.dg/ISO_Fortran_binding_12.f90 -Os (test for excess errors)
UNRESOLVED: gfortran.dg/ISO_Fortran_binding_12.f90 -Os compilation failed to produce executable
FAIL: gfortran.dg/ISO_Fortran_binding_15.f90 -O0 (test for excess errors)
UNRESOLVED: gfortran.dg/ISO_Fortran_binding_15.f90 -O0 compilation failed to produce executable
FAIL: gfortran.dg/ISO_Fortran_binding_15.f90 -O1 (test for excess errors)
UNRESOLVED: gfortran.dg/ISO_Fortran_binding_15.f90 -O1 compilation failed to produce executable
FAIL: gfortran.dg/ISO_Fortran_binding_15.f90 -O2 (test for excess errors)
UNRESOLVED: gfortran.dg/ISO_Fortran_binding_15.f90 -O2 compilation failed to produce executable
FAIL: gfortran.dg/ISO_Fortran_binding_15.f90 -O3 -fomit-frame-pointer -funroll-loops -fpeel-loops -ftracer -finline-functions (test for excess errors)
UNRESOLVED: gfortran.dg/ISO_Fortran_binding_15.f90 -O3 -fomit-frame-pointer -funroll-loops -fpeel-loops -ftracer -finline-functions compilation failed to produce executable
FAIL: gfortran.dg/ISO_Fortran_binding_15.f90 -O3 -g (test for excess errors)
UNRESOLVED: gfortran.dg/ISO_Fortran_binding_15.f90 -O3 -g compilation failed to produce executable
FAIL: gfortran.dg/ISO_Fortran_binding_15.f90 -Os (test for excess errors)
UNRESOLVED: gfortran.dg/ISO_Fortran_binding_15.f90 -Os compilation failed to produce executable
FAIL: gfortran.dg/ISO_Fortran_binding_16.f90 -O0 (test for excess errors)
UNRESOLVED: gfortran.dg/ISO_Fortran_binding_16.f90 -O0 compilation failed to produce executable
FAIL: gfortran.dg/ISO_Fortran_binding_16.f90 -O1 (test for excess errors)
UNRESOLVED: gfortran.dg/ISO_Fortran_binding_16.f90 -O1 compilation failed to produce executable
FAIL: gfortran.dg/ISO_Fortran_binding_16.f90 -O2 (test for excess errors)
UNRESOLVED: gfortran.dg/ISO_Fortran_binding_16.f90 -O2 compilation failed to produce executable
FAIL: gfortran.dg/ISO_Fortran_binding_16.f90 -O3 -fomit-frame-pointer -funroll-loops -fpeel-loops -ftracer -finline-functions (test for excess errors)
UNRESOLVED: gfortran.dg/ISO_Fortran_binding_16.f90 -O3 -fomit-frame-pointer -funroll-loops -fpeel-loops -ftracer -finline-functions compilation failed to produce executable
FAIL: gfortran.dg/ISO_Fortran_binding_16.f90 -O3 -g (test for excess errors)
UNRESOLVED: gfortran.dg/ISO_Fortran_binding_16.f90 -O3 -g compilation failed to produce executable
FAIL: gfortran.dg/ISO_Fortran_binding_16.f90 -Os (test for excess errors)
UNRESOLVED: gfortran.dg/ISO_Fortran_binding_16.f90 -Os compilation failed to produce executable
FAIL: gfortran.dg/ISO_Fortran_binding_17.f90 -O0 (test for excess errors)
UNRESOLVED: gfortran.dg/ISO_Fortran_binding_17.f90 -O0 compilation failed to produce executable
FAIL: gfortran.dg/ISO_Fortran_binding_17.f90 -O1 (test for excess errors)
UNRESOLVED: gfortran.dg/ISO_Fortran_binding_17.f90 -O1 compilation failed to produce executable
FAIL: gfortran.dg/ISO_Fortran_binding_17.f90 -O2 (test for excess errors)
UNRESOLVED: gfortran.dg/ISO_Fortran_binding_17.f90 -O2 compilation failed to produce executable
FAIL: gfortran.dg/ISO_Fortran_binding_17.f90 -O3 -fomit-frame-pointer -funroll-loops -fpeel-loops -ftracer -finline-functions (test for excess errors)
UNRESOLVED: gfortran.dg/ISO_Fortran_binding_17.f90 -O3 -fomit-frame-pointer -funroll-loops -fpeel-loops -ftracer -finline-functions compilation failed to produce executable
FAIL: gfortran.dg/ISO_Fortran_binding_17.f90 -O3 -g (test for excess errors)
UNRESOLVED: gfortran.dg/ISO_Fortran_binding_17.f90 -O3 -g compilation failed to produce executable
FAIL: gfortran.dg/ISO_Fortran_binding_17.f90 -Os (test for excess errors)
UNRESOLVED: gfortran.dg/ISO_Fortran_binding_17.f90 -Os compilation failed to produce executable
FAIL: gfortran.dg/ISO_Fortran_binding_18.f90 -O0 (test for excess errors)
UNRESOLVED: gfortran.dg/ISO_Fortran_binding_18.f90 -O0 compilation failed to produce executable
FAIL: gfortran.dg/ISO_Fortran_binding_18.f90 -O1 (test for excess errors)
UNRESOLVED: gfortran.dg/ISO_Fortran_binding_18.f90 -O1 compilation failed to produce executable
FAIL: gfortran.dg/ISO_Fortran_binding_18.f90 -O2 (test for excess errors)
UNRESOLVED: gfortran.dg/ISO_Fortran_binding_18.f90 -O2 compilation failed to produce executable
FAIL: gfortran.dg/ISO_Fortran_binding_18.f90 -O3 -fomit-frame-pointer -funroll-loops -fpeel-loops -ftracer -finline-functions (test for excess errors)
UNRESOLVED: gfortran.dg/ISO_Fortran_binding_18.f90 -O3 -fomit-frame-pointer -funroll-loops -fpeel-loops -ftracer -finline-functions compilation failed to produce executable
FAIL: gfortran.dg/ISO_Fortran_binding_18.f90 -O3 -g (test for excess errors)
UNRESOLVED: gfortran.dg/ISO_Fortran_binding_18.f90 -O3 -g compilation failed to produce executable
FAIL: gfortran.dg/ISO_Fortran_binding_18.f90 -Os (test for excess errors)
UNRESOLVED: gfortran.dg/ISO_Fortran_binding_18.f90 -Os compilation failed to produce executable
FAIL: gfortran.dg/ISO_Fortran_binding_3.f90 -O0 (test for excess errors)
UNRESOLVED: gfortran.dg/ISO_Fortran_binding_3.f90 -O0 compilation failed to produce executable
FAIL: gfortran.dg/ISO_Fortran_binding_3.f90 -O1 (test for excess errors)
UNRESOLVED: gfortran.dg/ISO_Fortran_binding_3.f90 -O1 compilation failed to produce executable
FAIL: gfortran.dg/ISO_Fortran_binding_3.f90 -O2 (test for excess errors)
UNRESOLVED: gfortran.dg/ISO_Fortran_binding_3.f90 -O2 compilation failed to produce executable
FAIL: gfortran.dg/ISO_Fortran_binding_3.f90 -O3 -fomit-frame-pointer -funroll-loops -fpeel-loops -ftracer -finline-functions (test for excess errors)
UNRESOLVED: gfortran.dg/ISO_Fortran_binding_3.f90 -O3 -fomit-frame-pointer -funroll-loops -fpeel-loops -ftracer -finline-functions compilation failed to produce executable
FAIL: gfortran.dg/ISO_Fortran_binding_3.f90 -O3 -g (test for excess errors)
UNRESOLVED: gfortran.dg/ISO_Fortran_binding_3.f90 -O3 -g compilation failed to produce executable
FAIL: gfortran.dg/ISO_Fortran_binding_3.f90 -Os (test for excess errors)
UNRESOLVED: gfortran.dg/ISO_Fortran_binding_3.f90 -Os compilation failed to produce executable
FAIL: gfortran.dg/ISO_Fortran_binding_5.f90 -O0 (test for excess errors)
UNRESOLVED: gfortran.dg/ISO_Fortran_binding_5.f90 -O0 compilation failed to produce executable
FAIL: gfortran.dg/ISO_Fortran_binding_5.f90 -O1 (test for excess errors)
UNRESOLVED: gfortran.dg/ISO_Fortran_binding_5.f90 -O1 compilation failed to produce executable
FAIL: gfortran.dg/ISO_Fortran_binding_5.f90 -O2 (test for excess errors)
UNRESOLVED: gfortran.dg/ISO_Fortran_binding_5.f90 -O2 compilation failed to produce executable
FAIL: gfortran.dg/ISO_Fortran_binding_5.f90 -O3 -fomit-frame-pointer -funroll-loops -fpeel-loops -ftracer -finline-functions (test for excess errors)
UNRESOLVED: gfortran.dg/ISO_Fortran_binding_5.f90 -O3 -fomit-frame-pointer -funroll-loops -fpeel-loops -ftracer -finline-functions compilation failed to produce executable
FAIL: gfortran.dg/ISO_Fortran_binding_5.f90 -O3 -g (test for excess errors)
UNRESOLVED: gfortran.dg/ISO_Fortran_binding_5.f90 -O3 -g compilation failed to produce executable
FAIL: gfortran.dg/ISO_Fortran_binding_5.f90 -Os (test for excess errors)
UNRESOLVED: gfortran.dg/ISO_Fortran_binding_5.f90 -Os compilation failed to produce executable
FAIL: gfortran.dg/ISO_Fortran_binding_6.f90 -O0 (test for excess errors)
UNRESOLVED: gfortran.dg/ISO_Fortran_binding_6.f90 -O0 compilation failed to produce executable
FAIL: gfortran.dg/ISO_Fortran_binding_6.f90 -O1 (test for excess errors)
UNRESOLVED: gfortran.dg/ISO_Fortran_binding_6.f90 -O1 compilation failed to produce executable
FAIL: gfortran.dg/ISO_Fortran_binding_6.f90 -O2 (test for excess errors)
UNRESOLVED: gfortran.dg/ISO_Fortran_binding_6.f90 -O2 compilation failed to produce executable
FAIL: gfortran.dg/ISO_Fortran_binding_6.f90 -O3 -fomit-frame-pointer -funroll-loops -fpeel-loops -ftracer -finline-functions (test for excess errors)
UNRESOLVED: gfortran.dg/ISO_Fortran_binding_6.f90 -O3 -fomit-frame-pointer -funroll-loops -fpeel-loops -ftracer -finline-functions compilation failed to produce executable
FAIL: gfortran.dg/ISO_Fortran_binding_6.f90 -O3 -g (test for excess errors)
UNRESOLVED: gfortran.dg/ISO_Fortran_binding_6.f90 -O3 -g compilation failed to produce executable
FAIL: gfortran.dg/ISO_Fortran_binding_6.f90 -Os (test for excess errors)
UNRESOLVED: gfortran.dg/ISO_Fortran_binding_6.f90 -Os compilation failed to produce executable
FAIL: gfortran.dg/ISO_Fortran_binding_7.f90 -O0 (test for excess errors)
UNRESOLVED: gfortran.dg/ISO_Fortran_binding_7.f90 -O0 compilation failed to produce executable
FAIL: gfortran.dg/ISO_Fortran_binding_7.f90 -O1 (test for excess errors)
UNRESOLVED: gfortran.dg/ISO_Fortran_binding_7.f90 -O1 compilation failed to produce executable
FAIL: gfortran.dg/ISO_Fortran_binding_7.f90 -O2 (test for excess errors)
UNRESOLVED: gfortran.dg/ISO_Fortran_binding_7.f90 -O2 compilation failed to produce executable
FAIL: gfortran.dg/ISO_Fortran_binding_7.f90 -O3 -fomit-frame-pointer -funroll-loops -fpeel-loops -ftracer -finline-functions (test for excess errors)
UNRESOLVED: gfortran.dg/ISO_Fortran_binding_7.f90 -O3 -fomit-frame-pointer -funroll-loops -fpeel-loops -ftracer -finline-functions compilation failed to produce executable
FAIL: gfortran.dg/ISO_Fortran_binding_7.f90 -O3 -g (test for excess errors)
UNRESOLVED: gfortran.dg/ISO_Fortran_binding_7.f90 -O3 -g compilation failed to produce executable
FAIL: gfortran.dg/ISO_Fortran_binding_7.f90 -Os (test for excess errors)
UNRESOLVED: gfortran.dg/ISO_Fortran_binding_7.f90 -Os compilation failed to produce executable
FAIL: gfortran.dg/ISO_Fortran_binding_8.f90 -O0 (test for excess errors)
UNRESOLVED: gfortran.dg/ISO_Fortran_binding_8.f90 -O0 compilation failed to produce executable
FAIL: gfortran.dg/ISO_Fortran_binding_8.f90 -O1 (test for excess errors)
UNRESOLVED: gfortran.dg/ISO_Fortran_binding_8.f90 -O1 compilation failed to produce executable
FAIL: gfortran.dg/ISO_Fortran_binding_8.f90 -O2 (test for excess errors)
UNRESOLVED: gfortran.dg/ISO_Fortran_binding_8.f90 -O2 compilation failed to produce executable
FAIL: gfortran.dg/ISO_Fortran_binding_8.f90 -O3 -fomit-frame-pointer -funroll-loops -fpeel-loops -ftracer -finline-functions (test for excess errors)
UNRESOLVED: gfortran.dg/ISO_Fortran_binding_8.f90 -O3 -fomit-frame-pointer -funroll-loops -fpeel-loops -ftracer -finline-functions compilation failed to produce executable
FAIL: gfortran.dg/ISO_Fortran_binding_8.f90 -O3 -g (test for excess errors)
UNRESOLVED: gfortran.dg/ISO_Fortran_binding_8.f90 -O3 -g compilation failed to produce executable
FAIL: gfortran.dg/ISO_Fortran_binding_8.f90 -Os (test for excess errors)
UNRESOLVED: gfortran.dg/ISO_Fortran_binding_8.f90 -Os compilation failed to produce executable
FAIL: gfortran.dg/ISO_Fortran_binding_9.f90 -O0 (test for excess errors)
UNRESOLVED: gfortran.dg/ISO_Fortran_binding_9.f90 -O0 compilation failed to produce executable
FAIL: gfortran.dg/ISO_Fortran_binding_9.f90 -O1 (test for excess errors)
UNRESOLVED: gfortran.dg/ISO_Fortran_binding_9.f90 -O1 compilation failed to produce executable
FAIL: gfortran.dg/ISO_Fortran_binding_9.f90 -O2 (test for excess errors)
UNRESOLVED: gfortran.dg/ISO_Fortran_binding_9.f90 -O2 compilation failed to produce executable
FAIL: gfortran.dg/ISO_Fortran_binding_9.f90 -O3 -fomit-frame-pointer -funroll-loops -fpeel-loops -ftracer -finline-functions (test for excess errors)
UNRESOLVED: gfortran.dg/ISO_Fortran_binding_9.f90 -O3 -fomit-frame-pointer -funroll-loops -fpeel-loops -ftracer -finline-functions compilation failed to produce executable
FAIL: gfortran.dg/ISO_Fortran_binding_9.f90 -O3 -g (test for excess errors)
UNRESOLVED: gfortran.dg/ISO_Fortran_binding_9.f90 -O3 -g compilation failed to produce executable
FAIL: gfortran.dg/ISO_Fortran_binding_9.f90 -Os (test for excess errors)
UNRESOLVED: gfortran.dg/ISO_Fortran_binding_9.f90 -Os compilation failed to produce executable
FAIL: gfortran.dg/PR94327.f90 -O0 (test for excess errors)
UNRESOLVED: gfortran.dg/PR94327.f90 -O0 compilation failed to produce executable
FAIL: gfortran.dg/PR94327.f90 -O1 (test for excess errors)
UNRESOLVED: gfortran.dg/PR94327.f90 -O1 compilation failed to produce executable
FAIL: gfortran.dg/PR94327.f90 -O2 (test for excess errors)
UNRESOLVED: gfortran.dg/PR94327.f90 -O2 compilation failed to produce executable
FAIL: gfortran.dg/PR94327.f90 -O3 -fomit-frame-pointer -funroll-loops -fpeel-loops -ftracer -finline-functions (test for excess errors)
UNRESOLVED: gfortran.dg/PR94327.f90 -O3 -fomit-frame-pointer -funroll-loops -fpeel-loops -ftracer -finline-functions compilation failed to produce executable
FAIL: gfortran.dg/PR94327.f90 -O3 -g (test for excess errors)
UNRESOLVED: gfortran.dg/PR94327.f90 -O3 -g compilation failed to produce executable
FAIL: gfortran.dg/PR94327.f90 -Os (test for excess errors)
UNRESOLVED: gfortran.dg/PR94327.f90 -Os compilation failed to produce executable
FAIL: gfortran.dg/PR94331.f90 -O0 (test for excess errors)
UNRESOLVED: gfortran.dg/PR94331.f90 -O0 compilation failed to produce executable
FAIL: gfortran.dg/PR94331.f90 -O1 (test for excess errors)
UNRESOLVED: gfortran.dg/PR94331.f90 -O1 compilation failed to produce executable
FAIL: gfortran.dg/PR94331.f90 -O2 (test for excess errors)
UNRESOLVED: gfortran.dg/PR94331.f90 -O2 compilation failed to produce executable
FAIL: gfortran.dg/PR94331.f90 -O3 -fomit-frame-pointer -funroll-loops -fpeel-loops -ftracer -finline-functions (test for excess errors)
UNRESOLVED: gfortran.dg/PR94331.f90 -O3 -fomit-frame-pointer -funroll-loops -fpeel-loops -ftracer -finline-functions compilation failed to produce executable
FAIL: gfortran.dg/PR94331.f90 -O3 -g (test for excess errors)
UNRESOLVED: gfortran.dg/PR94331.f90 -O3 -g compilation failed to produce executable
FAIL: gfortran.dg/PR94331.f90 -Os (test for excess errors)
UNRESOLVED: gfortran.dg/PR94331.f90 -Os compilation failed to produce executable
FAIL: gfortran.dg/bind_c_array_params_3.f90 -O0 (test for excess errors)
UNRESOLVED: gfortran.dg/bind_c_array_params_3.f90 -O0 compilation failed to produce executable
FAIL: gfortran.dg/bind_c_array_params_3.f90 -O1 (test for excess errors)
UNRESOLVED: gfortran.dg/bind_c_array_params_3.f90 -O1 compilation failed to produce executable
FAIL: gfortran.dg/bind_c_array_params_3.f90 -O2 (test for excess errors)
UNRESOLVED: gfortran.dg/bind_c_array_params_3.f90 -O2 compilation failed to produce executable
FAIL: gfortran.dg/bind_c_array_params_3.f90 -O3 -fomit-frame-pointer -funroll-loops -fpeel-loops -ftracer -finline-functions (test for excess errors)
UNRESOLVED: gfortran.dg/bind_c_array_params_3.f90 -O3 -fomit-frame-pointer -funroll-loops -fpeel-loops -ftracer -finline-functions compilation failed to produce executable
FAIL: gfortran.dg/bind_c_array_params_3.f90 -O3 -g (test for excess errors)
UNRESOLVED: gfortran.dg/bind_c_array_params_3.f90 -O3 -g compilation failed to produce executable
FAIL: gfortran.dg/bind_c_array_params_3.f90 -Os (test for excess errors)
UNRESOLVED: gfortran.dg/bind_c_array_params_3.f90 -Os compilation failed to produce executable
FAIL: gfortran.dg/iso_fortran_binding_uint8_array.f90 -O0 (test for excess errors)
UNRESOLVED: gfortran.dg/iso_fortran_binding_uint8_array.f90 -O0 compilation failed to produce executable
FAIL: gfortran.dg/iso_fortran_binding_uint8_array.f90 -O1 (test for excess errors)
UNRESOLVED: gfortran.dg/iso_fortran_binding_uint8_array.f90 -O1 compilation failed to produce executable
FAIL: gfortran.dg/iso_fortran_binding_uint8_array.f90 -O2 (test for excess errors)
UNRESOLVED: gfortran.dg/iso_fortran_binding_uint8_array.f90 -O2 compilation failed to produce executable
FAIL: gfortran.dg/iso_fortran_binding_uint8_array.f90 -O3 -fomit-frame-pointer -funroll-loops -fpeel-loops -ftracer -finline-functions (test for excess errors)
UNRESOLVED: gfortran.dg/iso_fortran_binding_uint8_array.f90 -O3 -fomit-frame-pointer -funroll-loops -fpeel-loops -ftracer -finline-functions compilation failed to produce executable
FAIL: gfortran.dg/iso_fortran_binding_uint8_array.f90 -O3 -g (test for excess errors)
UNRESOLVED: gfortran.dg/iso_fortran_binding_uint8_array.f90 -O3 -g compilation failed to produce executable
FAIL: gfortran.dg/iso_fortran_binding_uint8_array.f90 -Os (test for excess errors)
UNRESOLVED: gfortran.dg/iso_fortran_binding_uint8_array.f90 -Os compilation failed to produce executable
FAIL: gfortran.dg/pr93524.f90 -O0 (test for excess errors)
UNRESOLVED: gfortran.dg/pr93524.f90 -O0 compilation failed to produce executable
FAIL: gfortran.dg/pr93524.f90 -O1 (test for excess errors)
UNRESOLVED: gfortran.dg/pr93524.f90 -O1 compilation failed to produce executable
FAIL: gfortran.dg/pr93524.f90 -O2 (test for excess errors)
UNRESOLVED: gfortran.dg/pr93524.f90 -O2 compilation failed to produce executable
FAIL: gfortran.dg/pr93524.f90 -O3 -fomit-frame-pointer -funroll-loops -fpeel-loops -ftracer -finline-functions (test for excess errors)
UNRESOLVED: gfortran.dg/pr93524.f90 -O3 -fomit-frame-pointer -funroll-loops -fpeel-loops -ftracer -finline-functions compilation failed to produce executable
FAIL: gfortran.dg/pr93524.f90 -O3 -g (test for excess errors)
UNRESOLVED: gfortran.dg/pr93524.f90 -O3 -g compilation failed to produce executable
FAIL: gfortran.dg/pr93524.f90 -Os (test for excess errors)
UNRESOLVED: gfortran.dg/pr93524.f90 -Os compilation failed to produce executable
=== gfortran Summary for unix/-mx32 ===
# of expected passes 58423
# of unexpected failures 114
# of expected failures 255
# of unresolved testcases 114
# of unsupported tests 71
=== gfortran Summary ===
# of expected passes 174988
# of unexpected failures 347
# of expected failures 763
# of unresolved testcases 342
# of unsupported tests 351
/export/gnu/import/git/gcc-test-master-intel64/bld/gcc/gfortran version 12.0.0 20210805 (experimental) [master revision 4739344d36e:afb7a2985f4:c8b024fa4b76bfd914e96dd3cecfbb6ee8e91316] (GCC)
=== g++ tests ===
Running target unix
FAIL: g++.dg/warn/Wstringop-overflow-6.C -std=gnu++2a (test for excess errors)
FAIL: g++.dg/guality/pr55665.C -O2 -flto -fno-use-linker-plugin -flto-partition=none line 23 p == 40
=== g++ Summary for unix ===
# of expected passes 216262
# of unexpected failures 2
# of expected failures 1349
# of unsupported tests 9281
Running target unix/-m32
FAIL: g++.dg/warn/Wstringop-overflow-6.C -std=gnu++2a (test for excess errors)
FAIL: g++.dg/guality/pr55665.C -O2 -flto -fno-use-linker-plugin -flto-partition=none line 23 p == 40
=== g++ Summary for unix/-m32 ===
# of expected passes 213734
# of unexpected failures 2
# of expected failures 1341
# of unsupported tests 9104
Running target unix/-mx32
FAIL: g++.dg/warn/Wstringop-overflow-6.C -std=gnu++2a (test for excess errors)
FAIL: g++.dg/guality/pr55665.C -O2 -flto -fno-use-linker-plugin -flto-partition=none line 23 p == 40
=== g++ Summary for unix/-mx32 ===
# of expected passes 216157
# of unexpected failures 2
# of expected failures 1341
# of unsupported tests 9250
=== g++ Summary ===
# of expected passes 646153
# of unexpected failures 6
# of expected failures 4031
# of unsupported tests 27635
/export/gnu/import/git/gcc-test-master-intel64/bld/gcc/xg++ version 12.0.0 20210805 (experimental) [master revision 4739344d36e:afb7a2985f4:c8b024fa4b76bfd914e96dd3cecfbb6ee8e91316] (GCC)
=== objc tests ===
Running target unix
=== objc Summary for unix ===
# of expected passes 2820
# of expected failures 6
# of unsupported tests 68
Running target unix/-m32
=== objc Summary for unix/-m32 ===
# of expected passes 2820
# of expected failures 6
# of unsupported tests 68
Running target unix/-mx32
=== objc Summary for unix/-mx32 ===
# of expected passes 2820
# of expected failures 6
# of unsupported tests 68
=== objc Summary ===
# of expected passes 8460
# of expected failures 18
# of unsupported tests 204
/export/gnu/import/git/gcc-test-master-intel64/bld/gcc/xgcc version 12.0.0 20210805 (experimental) [master revision 4739344d36e:afb7a2985f4:c8b024fa4b76bfd914e96dd3cecfbb6ee8e91316] (GCC)
=== libatomic tests ===
Running target unix/-m32
=== libatomic Summary for unix/-m32 ===
# of expected passes 44
# of unsupported tests 5
Running target unix/-mx32
=== libatomic Summary for unix/-mx32 ===
# of expected passes 54
Running target unix
=== libatomic Summary for unix ===
# of expected passes 54
=== libatomic Summary ===
# of expected passes 152
# of unsupported tests 5
=== libgomp tests ===
Running target unix/-m32
=== libgomp Summary for unix/-m32 ===
# of expected passes 11600
# of expected failures 104
# of unsupported tests 547
Running target unix/-mx32
=== libgomp Summary for unix/-mx32 ===
# of expected passes 11600
# of expected failures 104
# of unsupported tests 547
Running target unix
=== libgomp Summary for unix ===
# of expected passes 11601
# of expected failures 104
# of unsupported tests 546
=== libgomp Summary ===
# of expected passes 34801
# of expected failures 312
# of unsupported tests 1640
=== libitm tests ===
Running target unix/-m32
=== libitm Summary for unix/-m32 ===
# of expected passes 44
# of expected failures 3
# of unsupported tests 1
Running target unix/-mx32
=== libitm Summary for unix/-mx32 ===
# of expected passes 44
# of expected failures 3
# of unsupported tests 1
Running target unix
=== libitm Summary for unix ===
# of expected passes 44
# of expected failures 3
# of unsupported tests 1
=== libitm Summary ===
# of expected passes 132
# of expected failures 9
# of unsupported tests 3
=== libstdc++ tests ===
Running target unix
FAIL: 22_locale/numpunct/members/char/3.cc execution test
FAIL: 22_locale/time_get/get_time/char/2.cc execution test
FAIL: 22_locale/time_get/get_time/char/wrapped_env.cc execution test
FAIL: 22_locale/time_get/get_time/char/wrapped_locale.cc execution test
FAIL: 22_locale/time_get/get_time/wchar_t/2.cc execution test
FAIL: 22_locale/time_get/get_time/wchar_t/wrapped_env.cc execution test
FAIL: 22_locale/time_get/get_time/wchar_t/wrapped_locale.cc execution test
=== libstdc++ Summary for unix ===
# of expected passes 15737
# of unexpected failures 7
# of expected failures 95
# of unsupported tests 347
Running target unix/-m32
FAIL: 22_locale/numpunct/members/char/3.cc execution test
FAIL: 22_locale/time_get/get_time/char/2.cc execution test
FAIL: 22_locale/time_get/get_time/char/wrapped_env.cc execution test
FAIL: 22_locale/time_get/get_time/char/wrapped_locale.cc execution test
FAIL: 22_locale/time_get/get_time/wchar_t/2.cc execution test
FAIL: 22_locale/time_get/get_time/wchar_t/wrapped_env.cc execution test
FAIL: 22_locale/time_get/get_time/wchar_t/wrapped_locale.cc execution test
=== libstdc++ Summary for unix/-m32 ===
# of expected passes 15749
# of unexpected failures 7
# of expected failures 95
# of unsupported tests 341
Running target unix/-mx32
FAIL: 22_locale/numpunct/members/char/3.cc execution test
FAIL: 22_locale/time_get/get_time/char/2.cc execution test
FAIL: 22_locale/time_get/get_time/char/wrapped_env.cc execution test
FAIL: 22_locale/time_get/get_time/char/wrapped_locale.cc execution test
FAIL: 22_locale/time_get/get_time/wchar_t/2.cc execution test
FAIL: 22_locale/time_get/get_time/wchar_t/wrapped_env.cc execution test
FAIL: 22_locale/time_get/get_time/wchar_t/wrapped_locale.cc execution test
=== libstdc++ Summary for unix/-mx32 ===
# of expected passes 15737
# of unexpected failures 7
# of expected failures 95
# of unsupported tests 349
=== libstdc++ Summary ===
# of expected passes 47223
# of unexpected failures 21
# of expected failures 285
# of unsupported tests 1037
Compiler version: 12.0.0 20210805 (experimental) [master revision 4739344d36e:afb7a2985f4:c8b024fa4b76bfd914e96dd3cecfbb6ee8e91316] (GCC)
Platform: x86_64-pc-linux-gnu
configure flags: --prefix=/usr/12.0.0 --enable-clocale=gnu --with-system-zlib --enable-shared --enable-cet --with-demangler-in-ld --enable-libmpx --with-multilib-list=m32,m64,mx32 --with-fpmath=sse
More information about the Gcc-testresults
mailing list