Results for 12.0.0 20210729 (experimental) [master revision af863ef93543b4de7a76ff57f7df7e782e50127c] (GCC) testsuite on aarch64-unknown-linux-gnu

LINARO TCWG tcwg@tcwg.validation.linaro.org
Wed Aug 4 23:19:47 GMT 2021


LAST_UPDATED: Wed Aug 4 12:35:27 UTC 2021 (revision af863ef93543b4de7a76ff57f7df7e782e50127c)

Native configuration is aarch64-unknown-linux-gnu

		=== libatomic tests ===


Running target tcwg-local

		=== libatomic Summary ===

# of expected passes		54
		=== libgomp tests ===


Running target tcwg-local

		=== libgomp Summary ===

# of expected passes		11393
# of expected failures		102
# of unsupported tests		610
		=== libitm tests ===


Running target tcwg-local

		=== libitm Summary ===

# of expected passes		44
# of expected failures		3
# of unsupported tests		1
		=== libstdc++ tests ===


Running target tcwg-local
FAIL: 30_threads/jthread/95989.cc execution test

		=== libstdc++ Summary ===

# of expected passes		14860
# of unexpected failures	1
# of expected failures		95
# of unsupported tests		694
		=== gcc tests ===


Running target tcwg-local
FAIL: gcc.dg/guality/pr54519-1.c   -Os  -DPREVENT_OPTIMIZATION  line 23 x == 98
FAIL: gcc.dg/guality/pr54519-1.c   -Os  -DPREVENT_OPTIMIZATION  line 23 y == 117
FAIL: gcc.dg/guality/pr54519-1.c   -Os  -DPREVENT_OPTIMIZATION  line 23 z == 8
FAIL: gcc.dg/guality/pr54519-3.c   -Os  -DPREVENT_OPTIMIZATION  line 23 x == 98
FAIL: gcc.dg/guality/pr54519-3.c   -Os  -DPREVENT_OPTIMIZATION  line 23 y == 117
FAIL: gcc.dg/guality/pr54519-3.c   -Os  -DPREVENT_OPTIMIZATION  line 23 z == 8
UNRESOLVED: gcc.dg/ipa/remref-6.c scan-ipa-dump inline "Removed a reference"
UNRESOLVED: gcc.dg/ipa/remref-6.c scan-ipa-dump inline "replaced it with LOAD"
FAIL: gcc.dg/tree-prof/20050826-2.c scan-tree-dump-not dom2 "Invalid sum"
FAIL: gcc.target/aarch64/subs_compare_2.c scan-assembler-times subs\\\\tw[0-9]+, w[0-9]+, [#]?4 1
FAIL: gcc.target/aarch64/subs_compare_2.c scan-assembler-not cmp\\\\tw[0-9]+, w[0-9]+

		=== gcc Summary ===

# of expected passes		266774
# of unexpected failures	9
# of expected failures		2190
# of unresolved testcases	2
# of unsupported tests		4583
/home/tcwg-buildslave/workspace/tcwg-buildfarm__0/_build/builds/aarch64-unknown-linux-gnu/aarch64-unknown-linux-gnu/gcc-gcc.git~master_rev_af863ef93543b4de7a76ff57f7df7e782e50127c-stage2/gcc/xgcc  version 12.0.0 20210729 (experimental) [master revision af863ef93543b4de7a76ff57f7df7e782e50127c] (GCC) 

		=== gfortran tests ===


Running target tcwg-local

		=== gfortran Summary ===

# of expected passes		57736
# of expected failures		243
# of unsupported tests		143
/home/tcwg-buildslave/workspace/tcwg-buildfarm__0/_build/builds/aarch64-unknown-linux-gnu/aarch64-unknown-linux-gnu/gcc-gcc.git~master_rev_af863ef93543b4de7a76ff57f7df7e782e50127c-stage2/gcc/gfortran  version 12.0.0 20210729 (experimental) [master revision af863ef93543b4de7a76ff57f7df7e782e50127c] (GCC) 

		=== g++ tests ===


Running target tcwg-local
FAIL: g++.dg/gomp/declare-simd-8.C  -std=c++98 (test for excess errors)
FAIL: g++.dg/gomp/declare-simd-8.C  -std=c++14 (test for excess errors)
FAIL: g++.dg/gomp/declare-simd-8.C  -std=c++17 (test for excess errors)
FAIL: g++.dg/gomp/declare-simd-8.C  -std=c++2a (test for excess errors)
FAIL: g++.dg/tsan/pthread_cond_clockwait.C   -O0  (test for excess errors)
UNRESOLVED: g++.dg/tsan/pthread_cond_clockwait.C   -O0  compilation failed to produce executable
FAIL: g++.dg/tsan/pthread_cond_clockwait.C   -O2  (test for excess errors)
UNRESOLVED: g++.dg/tsan/pthread_cond_clockwait.C   -O2  compilation failed to produce executable
FAIL: g++.dg/vect/pr99149.cc  -std=c++98  scan-tree-dump-times slp2 "stmt.*COMPLEX_MUL" 1
FAIL: g++.dg/vect/pr99149.cc  -std=c++98  scan-tree-dump-times slp2 "stmt.*COMPLEX_FMA" 1
FAIL: g++.dg/vect/pr99149.cc  -std=c++14  scan-tree-dump-times slp2 "stmt.*COMPLEX_MUL" 1
FAIL: g++.dg/vect/pr99149.cc  -std=c++14  scan-tree-dump-times slp2 "stmt.*COMPLEX_FMA" 1
FAIL: g++.dg/vect/pr99149.cc  -std=c++17  scan-tree-dump-times slp2 "stmt.*COMPLEX_MUL" 1
FAIL: g++.dg/vect/pr99149.cc  -std=c++17  scan-tree-dump-times slp2 "stmt.*COMPLEX_FMA" 1
FAIL: g++.dg/vect/pr99149.cc  -std=c++2a  scan-tree-dump-times slp2 "stmt.*COMPLEX_MUL" 1
FAIL: g++.dg/vect/pr99149.cc  -std=c++2a  scan-tree-dump-times slp2 "stmt.*COMPLEX_FMA" 1

		=== g++ Summary ===

# of expected passes		325584
# of unexpected failures	14
# of expected failures		2482
# of unresolved testcases	2
# of unsupported tests		10129
/home/tcwg-buildslave/workspace/tcwg-buildfarm__0/_build/builds/aarch64-unknown-linux-gnu/aarch64-unknown-linux-gnu/gcc-gcc.git~master_rev_af863ef93543b4de7a76ff57f7df7e782e50127c-stage2/gcc/xg++  version 12.0.0 20210729 (experimental) [master revision af863ef93543b4de7a76ff57f7df7e782e50127c] (GCC) 

		=== obj-c++ tests ===


Running target tcwg-local

		=== obj-c++ Summary ===

# of expected passes		1482
# of expected failures		10
# of unsupported tests		77
/home/tcwg-buildslave/workspace/tcwg-buildfarm__0/_build/builds/aarch64-unknown-linux-gnu/aarch64-unknown-linux-gnu/gcc-gcc.git~master_rev_af863ef93543b4de7a76ff57f7df7e782e50127c-stage2/gcc/xg++  version 12.0.0 20210729 (experimental) [master revision af863ef93543b4de7a76ff57f7df7e782e50127c] (GCC) 

		=== objc tests ===


Running target tcwg-local

		=== objc Summary ===

# of expected passes		2824
# of unsupported tests		69
/home/tcwg-buildslave/workspace/tcwg-buildfarm__0/_build/builds/aarch64-unknown-linux-gnu/aarch64-unknown-linux-gnu/gcc-gcc.git~master_rev_af863ef93543b4de7a76ff57f7df7e782e50127c-stage2/gcc/xgcc  version 12.0.0 20210729 (experimental) [master revision af863ef93543b4de7a76ff57f7df7e782e50127c] (GCC) 


Compiler version: 12.0.0 20210729 (experimental) [master revision af863ef93543b4de7a76ff57f7df7e782e50127c] (GCC) 
Platform: aarch64-unknown-linux-gnu
configure flags: SHELL=/bin/bash --with-mpc=/home/tcwg-buildslave/workspace/tcwg-buildfarm__0/_build/builds/destdir/aarch64-unknown-linux-gnu --with-mpfr=/home/tcwg-buildslave/workspace/tcwg-buildfarm__0/_build/builds/destdir/aarch64-unknown-linux-gnu --with-gmp=/home/tcwg-buildslave/workspace/tcwg-buildfarm__0/_build/builds/destdir/aarch64-unknown-linux-gnu --with-gnu-as --with-gnu-ld --disable-libmudflap --enable-lto --enable-shared --without-included-gettext --enable-nls --with-system-zlib --disable-sjlj-exceptions --enable-gnu-unique-object --enable-linker-build-id --disable-libstdcxx-pch --enable-c99 --enable-clocale=gnu --enable-libstdcxx-debug --enable-long-long --with-cloog=no --with-ppl=no --with-isl=no --disable-multilib --enable-fix-cortex-a53-835769 --enable-fix-cortex-a53-843419 --with-arch=armv8-a --enable-threads=posix --enable-multiarch --enable-libstdcxx-time=yes --enable-gnu-indirect-function --enable-checking=yes --enable-bootstrap --enable-languages=c,c++,fortran,
 lto,objc,obj-c++ --prefix=/home/tcwg-buildslave/workspace/tcwg-buildfarm__0/_build/builds/destdir/aarch64-unknown-linux-gnu


More information about the Gcc-testresults mailing list