Results for 12.0.0 20210729 (experimental) [master revision 724adffe65e] (GCC) testsuite on aarch64-suse-linux-gnu

Andreas Schwab schwab@suse.de
Tue Aug 3 05:49:48 GMT 2021


LAST_UPDATED: Tue Aug  3 02:01:12 UTC 2021 (revision 724adffe65e)

Native configuration is aarch64-suse-linux-gnu

		=== libatomic tests ===


Running target unix/-mabi=lp64

		=== libatomic Summary ===

# of expected passes		54
		=== libffi tests ===


Running target unix/-mabi=lp64
FAIL: libffi.call/nested_struct12.c -W -Wall -Wno-psabi -O0 execution test
FAIL: libffi.call/nested_struct12.c -W -Wall -Wno-psabi -O2 execution test
FAIL: libffi.call/nested_struct12.c -W -Wall -Wno-psabi -O3 execution test
FAIL: libffi.call/nested_struct12.c -W -Wall -Wno-psabi -Os execution test
FAIL: libffi.call/nested_struct12.c -W -Wall -Wno-psabi -O2 -fomit-frame-pointer execution test

		=== libffi Summary ===

# of expected passes		2219
# of unexpected failures	5
		=== libgo tests ===


Running target unix
FAIL: net

		=== libgo Summary ===

# of expected passes		183
# of unexpected failures	1
/opt/gcc/gcc-20210803/Build/./gcc/gccgo version 12.0.0 20210729 (experimental) [master revision 724adffe65e] (GCC)

		=== libgomp tests ===


Running target unix/-mabi=lp64

		=== libgomp Summary ===

# of expected passes		11438
# of expected failures		104
# of unsupported tests		610
		=== libitm tests ===


Running target unix/-mabi=lp64

		=== libitm Summary ===

# of expected passes		44
# of expected failures		3
# of unsupported tests		1
		=== libphobos tests ===


Running target unix/-mabi=lp64
WARNING: libphobos.phobos/std/datetime/date.d (test for excess errors) program timed out.
FAIL: libphobos.phobos/std/datetime/date.d (test for excess errors)
UNRESOLVED: libphobos.phobos/std/datetime/date.d compilation failed to produce executable
FAIL: libphobos.phobos/std/datetime/systime.d execution test
FAIL: libphobos.phobos/std/internal/math/errorfunction.d execution test
FAIL: libphobos.phobos/std/internal/math/gammafunction.d execution test
FAIL: libphobos.phobos/std/math.d execution test
FAIL: libphobos.phobos/std/numeric.d execution test
WARNING: libphobos.phobos/std/range/package.d (test for excess errors) program timed out.
FAIL: libphobos.phobos/std/range/package.d (test for excess errors)
UNRESOLVED: libphobos.phobos/std/range/package.d compilation failed to produce executable
WARNING: libphobos.phobos/std/string.d (test for excess errors) program timed out.
FAIL: libphobos.phobos/std/string.d (test for excess errors)
UNRESOLVED: libphobos.phobos/std/string.d compilation failed to produce executable
WARNING: libphobos.phobos_shared/std/datetime/date.d (test for excess errors) program timed out.
FAIL: libphobos.phobos_shared/std/datetime/date.d (test for excess errors)
UNRESOLVED: libphobos.phobos_shared/std/datetime/date.d compilation failed to produce executable
FAIL: libphobos.phobos_shared/std/datetime/systime.d execution test
FAIL: libphobos.phobos_shared/std/internal/math/errorfunction.d execution test
FAIL: libphobos.phobos_shared/std/internal/math/gammafunction.d execution test
FAIL: libphobos.phobos_shared/std/math.d execution test
FAIL: libphobos.phobos_shared/std/numeric.d execution test
WARNING: libphobos.phobos_shared/std/range/package.d (test for excess errors) program timed out.
FAIL: libphobos.phobos_shared/std/range/package.d (test for excess errors)
UNRESOLVED: libphobos.phobos_shared/std/range/package.d compilation failed to produce executable
WARNING: libphobos.phobos_shared/std/string.d (test for excess errors) program timed out.
FAIL: libphobos.phobos_shared/std/string.d (test for excess errors)
UNRESOLVED: libphobos.phobos_shared/std/string.d compilation failed to produce executable

		=== libphobos Summary ===

# of expected passes		762
# of unexpected failures	16
# of unresolved testcases	6
# of unsupported tests		2
		=== libstdc++ tests ===


Running target unix/-mabi=lp64
FAIL: 22_locale/numpunct/members/char/3.cc execution test
FAIL: 22_locale/time_get/get_time/char/2.cc execution test
FAIL: 22_locale/time_get/get_time/char/wrapped_env.cc execution test
FAIL: 22_locale/time_get/get_time/char/wrapped_locale.cc execution test
FAIL: 22_locale/time_get/get_time/wchar_t/2.cc execution test
FAIL: 22_locale/time_get/get_time/wchar_t/wrapped_env.cc execution test
FAIL: 22_locale/time_get/get_time/wchar_t/wrapped_locale.cc execution test
FAIL: 30_threads/jthread/95989.cc execution test

		=== libstdc++ Summary ===

# of expected passes		15485
# of unexpected failures	8
# of expected failures		95
# of unsupported tests		378
		=== acats tests ===

		=== acats Summary ===
# of expected passes		2328
# of unexpected failures	0

		=== g++ tests ===


Running target unix/-mabi=lp64
FAIL: g++.dg/gomp/declare-simd-8.C  -std=c++98 (test for excess errors)
FAIL: g++.dg/gomp/declare-simd-8.C  -std=c++14 (test for excess errors)
FAIL: g++.dg/gomp/declare-simd-8.C  -std=c++17 (test for excess errors)
FAIL: g++.dg/gomp/declare-simd-8.C  -std=c++2a (test for excess errors)
FAIL: c-c++-common/hwasan/alloca-gets-different-tag.c   -O2 -flto -fuse-linker-plugin -fno-fat-lto-objects  execution test
FAIL: c-c++-common/hwasan/alloca-outside-caught.c   -O2 -flto -fuse-linker-plugin -fno-fat-lto-objects  output pattern test
FAIL: g++.dg/vect/pr99149.cc  -std=c++98  scan-tree-dump-times slp2 "stmt.*COMPLEX_MUL" 1
FAIL: g++.dg/vect/pr99149.cc  -std=c++98  scan-tree-dump-times slp2 "stmt.*COMPLEX_FMA" 1
FAIL: g++.dg/vect/pr99149.cc  -std=c++14  scan-tree-dump-times slp2 "stmt.*COMPLEX_MUL" 1
FAIL: g++.dg/vect/pr99149.cc  -std=c++14  scan-tree-dump-times slp2 "stmt.*COMPLEX_FMA" 1
FAIL: g++.dg/vect/pr99149.cc  -std=c++17  scan-tree-dump-times slp2 "stmt.*COMPLEX_MUL" 1
FAIL: g++.dg/vect/pr99149.cc  -std=c++17  scan-tree-dump-times slp2 "stmt.*COMPLEX_FMA" 1
FAIL: g++.dg/vect/pr99149.cc  -std=c++2a  scan-tree-dump-times slp2 "stmt.*COMPLEX_MUL" 1
FAIL: g++.dg/vect/pr99149.cc  -std=c++2a  scan-tree-dump-times slp2 "stmt.*COMPLEX_FMA" 1

		=== g++ Summary ===

# of expected passes		326542
# of unexpected failures	14
# of expected failures		2482
# of unsupported tests		9830
/opt/gcc/gcc-20210803/Build/gcc/xg++  version 12.0.0 20210729 (experimental) [master revision 724adffe65e] (GCC) 

		=== gcc tests ===


Running target unix/-mabi=lp64
FAIL: gcc.dg/guality/pr54519-1.c   -Os  -DPREVENT_OPTIMIZATION  line 23 x == 98
FAIL: gcc.dg/guality/pr54519-1.c   -Os  -DPREVENT_OPTIMIZATION  line 23 y == 117
FAIL: gcc.dg/guality/pr54519-1.c   -Os  -DPREVENT_OPTIMIZATION  line 23 z == 8
FAIL: gcc.dg/guality/pr54519-3.c   -Os  -DPREVENT_OPTIMIZATION  line 23 x == 98
FAIL: gcc.dg/guality/pr54519-3.c   -Os  -DPREVENT_OPTIMIZATION  line 23 y == 117
FAIL: gcc.dg/guality/pr54519-3.c   -Os  -DPREVENT_OPTIMIZATION  line 23 z == 8
FAIL: c-c++-common/hwasan/alloca-gets-different-tag.c   -O2 -flto -fuse-linker-plugin -fno-fat-lto-objects  execution test
FAIL: c-c++-common/hwasan/alloca-outside-caught.c   -O2 -flto -fuse-linker-plugin -fno-fat-lto-objects  output pattern test
UNRESOLVED: gcc.dg/ipa/remref-6.c scan-ipa-dump inline "Removed a reference"
UNRESOLVED: gcc.dg/ipa/remref-6.c scan-ipa-dump inline "replaced it with LOAD"
FAIL: gcc.dg/simulate-thread/atomic-other-short.c   -O0 -g  thread simulation test
FAIL: gcc.dg/tree-prof/20050826-2.c scan-tree-dump-not dom2 "Invalid sum"
FAIL: gcc.target/aarch64/subs_compare_2.c scan-assembler-times subs\\\\tw[0-9]+, w[0-9]+, [#]?4 1
FAIL: gcc.target/aarch64/subs_compare_2.c scan-assembler-not cmp\\\\tw[0-9]+, w[0-9]+

		=== gcc Summary ===

# of expected passes		268265
# of unexpected failures	12
# of expected failures		2198
# of unresolved testcases	2
# of unsupported tests		4240
/opt/gcc/gcc-20210803/Build/gcc/xgcc  version 12.0.0 20210729 (experimental) [master revision 724adffe65e] (GCC) 

		=== gdc tests ===


Running target unix/-mabi=lp64

		=== gdc Summary ===

# of expected passes		10832
# of unsupported tests		28
/opt/gcc/gcc-20210803/Build/gcc/gdc  version 12.0.0 20210729 (experimental) [master revision 724adffe65e] (GCC) 

		=== gfortran tests ===


Running target unix/-mabi=lp64
FAIL: gfortran.dg/ISO_Fortran_binding_1.f90   -O0  (test for excess errors)
UNRESOLVED: gfortran.dg/ISO_Fortran_binding_1.f90   -O0  compilation failed to produce executable
FAIL: gfortran.dg/ISO_Fortran_binding_1.f90   -O1  (test for excess errors)
UNRESOLVED: gfortran.dg/ISO_Fortran_binding_1.f90   -O1  compilation failed to produce executable
FAIL: gfortran.dg/ISO_Fortran_binding_1.f90   -O2  (test for excess errors)
UNRESOLVED: gfortran.dg/ISO_Fortran_binding_1.f90   -O2  compilation failed to produce executable
FAIL: gfortran.dg/ISO_Fortran_binding_1.f90   -O3 -fomit-frame-pointer -funroll-loops -fpeel-loops -ftracer -finline-functions  (test for excess errors)
UNRESOLVED: gfortran.dg/ISO_Fortran_binding_1.f90   -O3 -fomit-frame-pointer -funroll-loops -fpeel-loops -ftracer -finline-functions  compilation failed to produce executable
FAIL: gfortran.dg/ISO_Fortran_binding_1.f90   -O3 -g  (test for excess errors)
UNRESOLVED: gfortran.dg/ISO_Fortran_binding_1.f90   -O3 -g  compilation failed to produce executable
FAIL: gfortran.dg/ISO_Fortran_binding_1.f90   -Os  (test for excess errors)
UNRESOLVED: gfortran.dg/ISO_Fortran_binding_1.f90   -Os  compilation failed to produce executable
FAIL: gfortran.dg/ISO_Fortran_binding_10.f90   -O0  (test for excess errors)
UNRESOLVED: gfortran.dg/ISO_Fortran_binding_10.f90   -O0  compilation failed to produce executable
FAIL: gfortran.dg/ISO_Fortran_binding_10.f90   -O1  (test for excess errors)
UNRESOLVED: gfortran.dg/ISO_Fortran_binding_10.f90   -O1  compilation failed to produce executable
FAIL: gfortran.dg/ISO_Fortran_binding_10.f90   -O2  (test for excess errors)
UNRESOLVED: gfortran.dg/ISO_Fortran_binding_10.f90   -O2  compilation failed to produce executable
FAIL: gfortran.dg/ISO_Fortran_binding_10.f90   -O3 -fomit-frame-pointer -funroll-loops -fpeel-loops -ftracer -finline-functions  (test for excess errors)
UNRESOLVED: gfortran.dg/ISO_Fortran_binding_10.f90   -O3 -fomit-frame-pointer -funroll-loops -fpeel-loops -ftracer -finline-functions  compilation failed to produce executable
FAIL: gfortran.dg/ISO_Fortran_binding_10.f90   -O3 -g  (test for excess errors)
UNRESOLVED: gfortran.dg/ISO_Fortran_binding_10.f90   -O3 -g  compilation failed to produce executable
FAIL: gfortran.dg/ISO_Fortran_binding_10.f90   -Os  (test for excess errors)
UNRESOLVED: gfortran.dg/ISO_Fortran_binding_10.f90   -Os  compilation failed to produce executable
FAIL: gfortran.dg/ISO_Fortran_binding_11.f90   -O0  (test for excess errors)
UNRESOLVED: gfortran.dg/ISO_Fortran_binding_11.f90   -O0  compilation failed to produce executable
FAIL: gfortran.dg/ISO_Fortran_binding_11.f90   -O1  (test for excess errors)
UNRESOLVED: gfortran.dg/ISO_Fortran_binding_11.f90   -O1  compilation failed to produce executable
FAIL: gfortran.dg/ISO_Fortran_binding_11.f90   -O2  (test for excess errors)
UNRESOLVED: gfortran.dg/ISO_Fortran_binding_11.f90   -O2  compilation failed to produce executable
FAIL: gfortran.dg/ISO_Fortran_binding_11.f90   -O3 -fomit-frame-pointer -funroll-loops -fpeel-loops -ftracer -finline-functions  (test for excess errors)
UNRESOLVED: gfortran.dg/ISO_Fortran_binding_11.f90   -O3 -fomit-frame-pointer -funroll-loops -fpeel-loops -ftracer -finline-functions  compilation failed to produce executable
FAIL: gfortran.dg/ISO_Fortran_binding_11.f90   -O3 -g  (test for excess errors)
UNRESOLVED: gfortran.dg/ISO_Fortran_binding_11.f90   -O3 -g  compilation failed to produce executable
FAIL: gfortran.dg/ISO_Fortran_binding_11.f90   -Os  (test for excess errors)
UNRESOLVED: gfortran.dg/ISO_Fortran_binding_11.f90   -Os  compilation failed to produce executable
FAIL: gfortran.dg/ISO_Fortran_binding_12.f90   -O0  (test for excess errors)
UNRESOLVED: gfortran.dg/ISO_Fortran_binding_12.f90   -O0  compilation failed to produce executable
FAIL: gfortran.dg/ISO_Fortran_binding_12.f90   -O1  (test for excess errors)
UNRESOLVED: gfortran.dg/ISO_Fortran_binding_12.f90   -O1  compilation failed to produce executable
FAIL: gfortran.dg/ISO_Fortran_binding_12.f90   -O2  (test for excess errors)
UNRESOLVED: gfortran.dg/ISO_Fortran_binding_12.f90   -O2  compilation failed to produce executable
FAIL: gfortran.dg/ISO_Fortran_binding_12.f90   -O3 -fomit-frame-pointer -funroll-loops -fpeel-loops -ftracer -finline-functions  (test for excess errors)
UNRESOLVED: gfortran.dg/ISO_Fortran_binding_12.f90   -O3 -fomit-frame-pointer -funroll-loops -fpeel-loops -ftracer -finline-functions  compilation failed to produce executable
FAIL: gfortran.dg/ISO_Fortran_binding_12.f90   -O3 -g  (test for excess errors)
UNRESOLVED: gfortran.dg/ISO_Fortran_binding_12.f90   -O3 -g  compilation failed to produce executable
FAIL: gfortran.dg/ISO_Fortran_binding_12.f90   -Os  (test for excess errors)
UNRESOLVED: gfortran.dg/ISO_Fortran_binding_12.f90   -Os  compilation failed to produce executable
FAIL: gfortran.dg/ISO_Fortran_binding_15.f90   -O0  (test for excess errors)
UNRESOLVED: gfortran.dg/ISO_Fortran_binding_15.f90   -O0  compilation failed to produce executable
FAIL: gfortran.dg/ISO_Fortran_binding_15.f90   -O1  (test for excess errors)
UNRESOLVED: gfortran.dg/ISO_Fortran_binding_15.f90   -O1  compilation failed to produce executable
FAIL: gfortran.dg/ISO_Fortran_binding_15.f90   -O2  (test for excess errors)
UNRESOLVED: gfortran.dg/ISO_Fortran_binding_15.f90   -O2  compilation failed to produce executable
FAIL: gfortran.dg/ISO_Fortran_binding_15.f90   -O3 -fomit-frame-pointer -funroll-loops -fpeel-loops -ftracer -finline-functions  (test for excess errors)
UNRESOLVED: gfortran.dg/ISO_Fortran_binding_15.f90   -O3 -fomit-frame-pointer -funroll-loops -fpeel-loops -ftracer -finline-functions  compilation failed to produce executable
FAIL: gfortran.dg/ISO_Fortran_binding_15.f90   -O3 -g  (test for excess errors)
UNRESOLVED: gfortran.dg/ISO_Fortran_binding_15.f90   -O3 -g  compilation failed to produce executable
FAIL: gfortran.dg/ISO_Fortran_binding_15.f90   -Os  (test for excess errors)
UNRESOLVED: gfortran.dg/ISO_Fortran_binding_15.f90   -Os  compilation failed to produce executable
FAIL: gfortran.dg/ISO_Fortran_binding_16.f90   -O0  (test for excess errors)
UNRESOLVED: gfortran.dg/ISO_Fortran_binding_16.f90   -O0  compilation failed to produce executable
FAIL: gfortran.dg/ISO_Fortran_binding_16.f90   -O1  (test for excess errors)
UNRESOLVED: gfortran.dg/ISO_Fortran_binding_16.f90   -O1  compilation failed to produce executable
FAIL: gfortran.dg/ISO_Fortran_binding_16.f90   -O2  (test for excess errors)
UNRESOLVED: gfortran.dg/ISO_Fortran_binding_16.f90   -O2  compilation failed to produce executable
FAIL: gfortran.dg/ISO_Fortran_binding_16.f90   -O3 -fomit-frame-pointer -funroll-loops -fpeel-loops -ftracer -finline-functions  (test for excess errors)
UNRESOLVED: gfortran.dg/ISO_Fortran_binding_16.f90   -O3 -fomit-frame-pointer -funroll-loops -fpeel-loops -ftracer -finline-functions  compilation failed to produce executable
FAIL: gfortran.dg/ISO_Fortran_binding_16.f90   -O3 -g  (test for excess errors)
UNRESOLVED: gfortran.dg/ISO_Fortran_binding_16.f90   -O3 -g  compilation failed to produce executable
FAIL: gfortran.dg/ISO_Fortran_binding_16.f90   -Os  (test for excess errors)
UNRESOLVED: gfortran.dg/ISO_Fortran_binding_16.f90   -Os  compilation failed to produce executable
FAIL: gfortran.dg/ISO_Fortran_binding_17.f90   -O0  (test for excess errors)
UNRESOLVED: gfortran.dg/ISO_Fortran_binding_17.f90   -O0  compilation failed to produce executable
FAIL: gfortran.dg/ISO_Fortran_binding_17.f90   -O1  (test for excess errors)
UNRESOLVED: gfortran.dg/ISO_Fortran_binding_17.f90   -O1  compilation failed to produce executable
FAIL: gfortran.dg/ISO_Fortran_binding_17.f90   -O2  (test for excess errors)
UNRESOLVED: gfortran.dg/ISO_Fortran_binding_17.f90   -O2  compilation failed to produce executable
FAIL: gfortran.dg/ISO_Fortran_binding_17.f90   -O3 -fomit-frame-pointer -funroll-loops -fpeel-loops -ftracer -finline-functions  (test for excess errors)
UNRESOLVED: gfortran.dg/ISO_Fortran_binding_17.f90   -O3 -fomit-frame-pointer -funroll-loops -fpeel-loops -ftracer -finline-functions  compilation failed to produce executable
FAIL: gfortran.dg/ISO_Fortran_binding_17.f90   -O3 -g  (test for excess errors)
UNRESOLVED: gfortran.dg/ISO_Fortran_binding_17.f90   -O3 -g  compilation failed to produce executable
FAIL: gfortran.dg/ISO_Fortran_binding_17.f90   -Os  (test for excess errors)
UNRESOLVED: gfortran.dg/ISO_Fortran_binding_17.f90   -Os  compilation failed to produce executable
FAIL: gfortran.dg/ISO_Fortran_binding_18.f90   -O0  (test for excess errors)
UNRESOLVED: gfortran.dg/ISO_Fortran_binding_18.f90   -O0  compilation failed to produce executable
FAIL: gfortran.dg/ISO_Fortran_binding_18.f90   -O1  (test for excess errors)
UNRESOLVED: gfortran.dg/ISO_Fortran_binding_18.f90   -O1  compilation failed to produce executable
FAIL: gfortran.dg/ISO_Fortran_binding_18.f90   -O2  (test for excess errors)
UNRESOLVED: gfortran.dg/ISO_Fortran_binding_18.f90   -O2  compilation failed to produce executable
FAIL: gfortran.dg/ISO_Fortran_binding_18.f90   -O3 -fomit-frame-pointer -funroll-loops -fpeel-loops -ftracer -finline-functions  (test for excess errors)
UNRESOLVED: gfortran.dg/ISO_Fortran_binding_18.f90   -O3 -fomit-frame-pointer -funroll-loops -fpeel-loops -ftracer -finline-functions  compilation failed to produce executable
FAIL: gfortran.dg/ISO_Fortran_binding_18.f90   -O3 -g  (test for excess errors)
UNRESOLVED: gfortran.dg/ISO_Fortran_binding_18.f90   -O3 -g  compilation failed to produce executable
FAIL: gfortran.dg/ISO_Fortran_binding_18.f90   -Os  (test for excess errors)
UNRESOLVED: gfortran.dg/ISO_Fortran_binding_18.f90   -Os  compilation failed to produce executable
FAIL: gfortran.dg/ISO_Fortran_binding_3.f90   -O0  (test for excess errors)
UNRESOLVED: gfortran.dg/ISO_Fortran_binding_3.f90   -O0  compilation failed to produce executable
FAIL: gfortran.dg/ISO_Fortran_binding_3.f90   -O1  (test for excess errors)
UNRESOLVED: gfortran.dg/ISO_Fortran_binding_3.f90   -O1  compilation failed to produce executable
FAIL: gfortran.dg/ISO_Fortran_binding_3.f90   -O2  (test for excess errors)
UNRESOLVED: gfortran.dg/ISO_Fortran_binding_3.f90   -O2  compilation failed to produce executable
FAIL: gfortran.dg/ISO_Fortran_binding_3.f90   -O3 -fomit-frame-pointer -funroll-loops -fpeel-loops -ftracer -finline-functions  (test for excess errors)
UNRESOLVED: gfortran.dg/ISO_Fortran_binding_3.f90   -O3 -fomit-frame-pointer -funroll-loops -fpeel-loops -ftracer -finline-functions  compilation failed to produce executable
FAIL: gfortran.dg/ISO_Fortran_binding_3.f90   -O3 -g  (test for excess errors)
UNRESOLVED: gfortran.dg/ISO_Fortran_binding_3.f90   -O3 -g  compilation failed to produce executable
FAIL: gfortran.dg/ISO_Fortran_binding_3.f90   -Os  (test for excess errors)
UNRESOLVED: gfortran.dg/ISO_Fortran_binding_3.f90   -Os  compilation failed to produce executable
FAIL: gfortran.dg/ISO_Fortran_binding_5.f90   -O0  (test for excess errors)
UNRESOLVED: gfortran.dg/ISO_Fortran_binding_5.f90   -O0  compilation failed to produce executable
FAIL: gfortran.dg/ISO_Fortran_binding_5.f90   -O1  (test for excess errors)
UNRESOLVED: gfortran.dg/ISO_Fortran_binding_5.f90   -O1  compilation failed to produce executable
FAIL: gfortran.dg/ISO_Fortran_binding_5.f90   -O2  (test for excess errors)
UNRESOLVED: gfortran.dg/ISO_Fortran_binding_5.f90   -O2  compilation failed to produce executable
FAIL: gfortran.dg/ISO_Fortran_binding_5.f90   -O3 -fomit-frame-pointer -funroll-loops -fpeel-loops -ftracer -finline-functions  (test for excess errors)
UNRESOLVED: gfortran.dg/ISO_Fortran_binding_5.f90   -O3 -fomit-frame-pointer -funroll-loops -fpeel-loops -ftracer -finline-functions  compilation failed to produce executable
FAIL: gfortran.dg/ISO_Fortran_binding_5.f90   -O3 -g  (test for excess errors)
UNRESOLVED: gfortran.dg/ISO_Fortran_binding_5.f90   -O3 -g  compilation failed to produce executable
FAIL: gfortran.dg/ISO_Fortran_binding_5.f90   -Os  (test for excess errors)
UNRESOLVED: gfortran.dg/ISO_Fortran_binding_5.f90   -Os  compilation failed to produce executable
FAIL: gfortran.dg/ISO_Fortran_binding_6.f90   -O0  (test for excess errors)
UNRESOLVED: gfortran.dg/ISO_Fortran_binding_6.f90   -O0  compilation failed to produce executable
FAIL: gfortran.dg/ISO_Fortran_binding_6.f90   -O1  (test for excess errors)
UNRESOLVED: gfortran.dg/ISO_Fortran_binding_6.f90   -O1  compilation failed to produce executable
FAIL: gfortran.dg/ISO_Fortran_binding_6.f90   -O2  (test for excess errors)
UNRESOLVED: gfortran.dg/ISO_Fortran_binding_6.f90   -O2  compilation failed to produce executable
FAIL: gfortran.dg/ISO_Fortran_binding_6.f90   -O3 -fomit-frame-pointer -funroll-loops -fpeel-loops -ftracer -finline-functions  (test for excess errors)
UNRESOLVED: gfortran.dg/ISO_Fortran_binding_6.f90   -O3 -fomit-frame-pointer -funroll-loops -fpeel-loops -ftracer -finline-functions  compilation failed to produce executable
FAIL: gfortran.dg/ISO_Fortran_binding_6.f90   -O3 -g  (test for excess errors)
UNRESOLVED: gfortran.dg/ISO_Fortran_binding_6.f90   -O3 -g  compilation failed to produce executable
FAIL: gfortran.dg/ISO_Fortran_binding_6.f90   -Os  (test for excess errors)
UNRESOLVED: gfortran.dg/ISO_Fortran_binding_6.f90   -Os  compilation failed to produce executable
FAIL: gfortran.dg/ISO_Fortran_binding_7.f90   -O0  (test for excess errors)
UNRESOLVED: gfortran.dg/ISO_Fortran_binding_7.f90   -O0  compilation failed to produce executable
FAIL: gfortran.dg/ISO_Fortran_binding_7.f90   -O1  (test for excess errors)
UNRESOLVED: gfortran.dg/ISO_Fortran_binding_7.f90   -O1  compilation failed to produce executable
FAIL: gfortran.dg/ISO_Fortran_binding_7.f90   -O2  (test for excess errors)
UNRESOLVED: gfortran.dg/ISO_Fortran_binding_7.f90   -O2  compilation failed to produce executable
FAIL: gfortran.dg/ISO_Fortran_binding_7.f90   -O3 -fomit-frame-pointer -funroll-loops -fpeel-loops -ftracer -finline-functions  (test for excess errors)
UNRESOLVED: gfortran.dg/ISO_Fortran_binding_7.f90   -O3 -fomit-frame-pointer -funroll-loops -fpeel-loops -ftracer -finline-functions  compilation failed to produce executable
FAIL: gfortran.dg/ISO_Fortran_binding_7.f90   -O3 -g  (test for excess errors)
UNRESOLVED: gfortran.dg/ISO_Fortran_binding_7.f90   -O3 -g  compilation failed to produce executable
FAIL: gfortran.dg/ISO_Fortran_binding_7.f90   -Os  (test for excess errors)
UNRESOLVED: gfortran.dg/ISO_Fortran_binding_7.f90   -Os  compilation failed to produce executable
FAIL: gfortran.dg/ISO_Fortran_binding_8.f90   -O0  (test for excess errors)
UNRESOLVED: gfortran.dg/ISO_Fortran_binding_8.f90   -O0  compilation failed to produce executable
FAIL: gfortran.dg/ISO_Fortran_binding_8.f90   -O1  (test for excess errors)
UNRESOLVED: gfortran.dg/ISO_Fortran_binding_8.f90   -O1  compilation failed to produce executable
FAIL: gfortran.dg/ISO_Fortran_binding_8.f90   -O2  (test for excess errors)
UNRESOLVED: gfortran.dg/ISO_Fortran_binding_8.f90   -O2  compilation failed to produce executable
FAIL: gfortran.dg/ISO_Fortran_binding_8.f90   -O3 -fomit-frame-pointer -funroll-loops -fpeel-loops -ftracer -finline-functions  (test for excess errors)
UNRESOLVED: gfortran.dg/ISO_Fortran_binding_8.f90   -O3 -fomit-frame-pointer -funroll-loops -fpeel-loops -ftracer -finline-functions  compilation failed to produce executable
FAIL: gfortran.dg/ISO_Fortran_binding_8.f90   -O3 -g  (test for excess errors)
UNRESOLVED: gfortran.dg/ISO_Fortran_binding_8.f90   -O3 -g  compilation failed to produce executable
FAIL: gfortran.dg/ISO_Fortran_binding_8.f90   -Os  (test for excess errors)
UNRESOLVED: gfortran.dg/ISO_Fortran_binding_8.f90   -Os  compilation failed to produce executable
FAIL: gfortran.dg/ISO_Fortran_binding_9.f90   -O0  (test for excess errors)
UNRESOLVED: gfortran.dg/ISO_Fortran_binding_9.f90   -O0  compilation failed to produce executable
FAIL: gfortran.dg/ISO_Fortran_binding_9.f90   -O1  (test for excess errors)
UNRESOLVED: gfortran.dg/ISO_Fortran_binding_9.f90   -O1  compilation failed to produce executable
FAIL: gfortran.dg/ISO_Fortran_binding_9.f90   -O2  (test for excess errors)
UNRESOLVED: gfortran.dg/ISO_Fortran_binding_9.f90   -O2  compilation failed to produce executable
FAIL: gfortran.dg/ISO_Fortran_binding_9.f90   -O3 -fomit-frame-pointer -funroll-loops -fpeel-loops -ftracer -finline-functions  (test for excess errors)
UNRESOLVED: gfortran.dg/ISO_Fortran_binding_9.f90   -O3 -fomit-frame-pointer -funroll-loops -fpeel-loops -ftracer -finline-functions  compilation failed to produce executable
FAIL: gfortran.dg/ISO_Fortran_binding_9.f90   -O3 -g  (test for excess errors)
UNRESOLVED: gfortran.dg/ISO_Fortran_binding_9.f90   -O3 -g  compilation failed to produce executable
FAIL: gfortran.dg/ISO_Fortran_binding_9.f90   -Os  (test for excess errors)
UNRESOLVED: gfortran.dg/ISO_Fortran_binding_9.f90   -Os  compilation failed to produce executable
FAIL: gfortran.dg/PR94327.f90   -O0  (test for excess errors)
UNRESOLVED: gfortran.dg/PR94327.f90   -O0  compilation failed to produce executable
FAIL: gfortran.dg/PR94327.f90   -O1  (test for excess errors)
UNRESOLVED: gfortran.dg/PR94327.f90   -O1  compilation failed to produce executable
FAIL: gfortran.dg/PR94327.f90   -O2  (test for excess errors)
UNRESOLVED: gfortran.dg/PR94327.f90   -O2  compilation failed to produce executable
FAIL: gfortran.dg/PR94327.f90   -O3 -fomit-frame-pointer -funroll-loops -fpeel-loops -ftracer -finline-functions  (test for excess errors)
UNRESOLVED: gfortran.dg/PR94327.f90   -O3 -fomit-frame-pointer -funroll-loops -fpeel-loops -ftracer -finline-functions  compilation failed to produce executable
FAIL: gfortran.dg/PR94327.f90   -O3 -g  (test for excess errors)
UNRESOLVED: gfortran.dg/PR94327.f90   -O3 -g  compilation failed to produce executable
FAIL: gfortran.dg/PR94327.f90   -Os  (test for excess errors)
UNRESOLVED: gfortran.dg/PR94327.f90   -Os  compilation failed to produce executable
FAIL: gfortran.dg/PR94331.f90   -O0  (test for excess errors)
UNRESOLVED: gfortran.dg/PR94331.f90   -O0  compilation failed to produce executable
FAIL: gfortran.dg/PR94331.f90   -O1  (test for excess errors)
UNRESOLVED: gfortran.dg/PR94331.f90   -O1  compilation failed to produce executable
FAIL: gfortran.dg/PR94331.f90   -O2  (test for excess errors)
UNRESOLVED: gfortran.dg/PR94331.f90   -O2  compilation failed to produce executable
FAIL: gfortran.dg/PR94331.f90   -O3 -fomit-frame-pointer -funroll-loops -fpeel-loops -ftracer -finline-functions  (test for excess errors)
UNRESOLVED: gfortran.dg/PR94331.f90   -O3 -fomit-frame-pointer -funroll-loops -fpeel-loops -ftracer -finline-functions  compilation failed to produce executable
FAIL: gfortran.dg/PR94331.f90   -O3 -g  (test for excess errors)
UNRESOLVED: gfortran.dg/PR94331.f90   -O3 -g  compilation failed to produce executable
FAIL: gfortran.dg/PR94331.f90   -Os  (test for excess errors)
UNRESOLVED: gfortran.dg/PR94331.f90   -Os  compilation failed to produce executable
FAIL: gfortran.dg/bind_c_array_params_3.f90   -O0  (test for excess errors)
UNRESOLVED: gfortran.dg/bind_c_array_params_3.f90   -O0  compilation failed to produce executable
FAIL: gfortran.dg/bind_c_array_params_3.f90   -O1  (test for excess errors)
UNRESOLVED: gfortran.dg/bind_c_array_params_3.f90   -O1  compilation failed to produce executable
FAIL: gfortran.dg/bind_c_array_params_3.f90   -O2  (test for excess errors)
UNRESOLVED: gfortran.dg/bind_c_array_params_3.f90   -O2  compilation failed to produce executable
FAIL: gfortran.dg/bind_c_array_params_3.f90   -O3 -fomit-frame-pointer -funroll-loops -fpeel-loops -ftracer -finline-functions  (test for excess errors)
UNRESOLVED: gfortran.dg/bind_c_array_params_3.f90   -O3 -fomit-frame-pointer -funroll-loops -fpeel-loops -ftracer -finline-functions  compilation failed to produce executable
FAIL: gfortran.dg/bind_c_array_params_3.f90   -O3 -g  (test for excess errors)
UNRESOLVED: gfortran.dg/bind_c_array_params_3.f90   -O3 -g  compilation failed to produce executable
FAIL: gfortran.dg/bind_c_array_params_3.f90   -Os  (test for excess errors)
UNRESOLVED: gfortran.dg/bind_c_array_params_3.f90   -Os  compilation failed to produce executable
FAIL: gfortran.dg/iso_fortran_binding_uint8_array.f90   -O0  (test for excess errors)
UNRESOLVED: gfortran.dg/iso_fortran_binding_uint8_array.f90   -O0  compilation failed to produce executable
FAIL: gfortran.dg/iso_fortran_binding_uint8_array.f90   -O1  (test for excess errors)
UNRESOLVED: gfortran.dg/iso_fortran_binding_uint8_array.f90   -O1  compilation failed to produce executable
FAIL: gfortran.dg/iso_fortran_binding_uint8_array.f90   -O2  (test for excess errors)
UNRESOLVED: gfortran.dg/iso_fortran_binding_uint8_array.f90   -O2  compilation failed to produce executable
FAIL: gfortran.dg/iso_fortran_binding_uint8_array.f90   -O3 -fomit-frame-pointer -funroll-loops -fpeel-loops -ftracer -finline-functions  (test for excess errors)
UNRESOLVED: gfortran.dg/iso_fortran_binding_uint8_array.f90   -O3 -fomit-frame-pointer -funroll-loops -fpeel-loops -ftracer -finline-functions  compilation failed to produce executable
FAIL: gfortran.dg/iso_fortran_binding_uint8_array.f90   -O3 -g  (test for excess errors)
UNRESOLVED: gfortran.dg/iso_fortran_binding_uint8_array.f90   -O3 -g  compilation failed to produce executable
FAIL: gfortran.dg/iso_fortran_binding_uint8_array.f90   -Os  (test for excess errors)
UNRESOLVED: gfortran.dg/iso_fortran_binding_uint8_array.f90   -Os  compilation failed to produce executable
FAIL: gfortran.dg/pr93524.f90   -O0  (test for excess errors)
UNRESOLVED: gfortran.dg/pr93524.f90   -O0  compilation failed to produce executable
FAIL: gfortran.dg/pr93524.f90   -O1  (test for excess errors)
UNRESOLVED: gfortran.dg/pr93524.f90   -O1  compilation failed to produce executable
FAIL: gfortran.dg/pr93524.f90   -O2  (test for excess errors)
UNRESOLVED: gfortran.dg/pr93524.f90   -O2  compilation failed to produce executable
FAIL: gfortran.dg/pr93524.f90   -O3 -fomit-frame-pointer -funroll-loops -fpeel-loops -ftracer -finline-functions  (test for excess errors)
UNRESOLVED: gfortran.dg/pr93524.f90   -O3 -fomit-frame-pointer -funroll-loops -fpeel-loops -ftracer -finline-functions  compilation failed to produce executable
FAIL: gfortran.dg/pr93524.f90   -O3 -g  (test for excess errors)
UNRESOLVED: gfortran.dg/pr93524.f90   -O3 -g  compilation failed to produce executable
FAIL: gfortran.dg/pr93524.f90   -Os  (test for excess errors)
UNRESOLVED: gfortran.dg/pr93524.f90   -Os  compilation failed to produce executable

		=== gfortran Summary ===

# of expected passes		57643
# of unexpected failures	114
# of expected failures		253
# of unresolved testcases	114
# of unsupported tests		148
/opt/gcc/gcc-20210803/Build/gcc/gfortran  version 12.0.0 20210729 (experimental) [master revision 724adffe65e] (GCC) 

		=== gnat tests ===


Running target unix/-mabi=lp64

		=== gnat Summary ===

# of expected passes		3334
# of expected failures		23
# of unsupported tests		23
/opt/gcc/gcc-20210803/Build/gcc/gnatmake version 12.0.0 20210729 (experimental) [master revision 724adffe65e]

		=== go tests ===


Running target unix/-mabi=lp64
FAIL: ./index0-out.go execution,  -O0 -g -fno-var-tracking-assignments 
WARNING: ./issue9604b-out.go compilation,  -O0 -g -fno-var-tracking-assignments  program timed out.
FAIL: ./issue9604b-out.go compilation,  -O0 -g -fno-var-tracking-assignments 
WARNING: go.test/test/cmplxdivide.go program timed out.
FAIL: go.test/test/cmplxdivide.go
FAIL: go.test/test/fixedbugs/issue10441.go   -O  (test for excess errors)
FAIL: go.test/test/fixedbugs/issue27836.dir/Äfoo.go  -O -I. (test for excess errors)
FAIL: go.test/test/fixedbugs/issue27836.dir/Ämain.go  -O -I. (test for excess errors)

		=== go Summary ===

# of expected passes		8877
# of unexpected failures	6
# of untested testcases		11
# of unsupported tests		32
/opt/gcc/gcc-20210803/Build/gcc/gccgo  version 12.0.0 20210729 (experimental) [master revision 724adffe65e] (GCC) 

		=== obj-c++ tests ===


Running target unix/-mabi=lp64

		=== obj-c++ Summary ===

# of expected passes		1482
# of expected failures		10
# of unsupported tests		77
/opt/gcc/gcc-20210803/Build/gcc/xg++  version 12.0.0 20210729 (experimental) [master revision 724adffe65e] (GCC) 

		=== objc tests ===


Running target unix/-mabi=lp64

		=== objc Summary ===

# of expected passes		2824
# of unsupported tests		69
/opt/gcc/gcc-20210803/Build/gcc/xgcc  version 12.0.0 20210729 (experimental) [master revision 724adffe65e] (GCC) 

		=== gotools tests ===

FAIL: TestSpuriousWakeupsNeverHangSemasleep
FAIL: go test runtime

		=== gotools Summary ===
# of expected passes		394
# of unexpected failures	2
# of untested testcases		124
/opt/gcc/gcc-20210803/Build/./gcc/gccgo version 12.0.0 20210729 (experimental) [master revision 724adffe65e] (GCC)

Compiler version: 12.0.0 20210729 (experimental) [master revision 724adffe65e] (GCC) 
Platform: aarch64-suse-linux-gnu
configure flags: --prefix=/usr --build=aarch64-suse-linux --enable-shared --with-system-zlib CFLAGS='-O2 -g' CXXFLAGS='-O2 -g' --with-multilib-list=lp64


More information about the Gcc-testresults mailing list