Results for 12.0.0 20210729 (experimental) [src revision 6f0c43e9782:f31b22b0b4c:efe54c07be3b2ef4594090efa89bd274fc1fe191] (GCC) testsuite on powerpc-ibm-aix7.2.3.0
David Edelsohn
edelsohn@p980aix1.watson.ibm.com
Mon Aug 2 17:33:41 GMT 2021
LAST_UPDATED: Mon Aug 2 01:54:16 UTC 2021 (revision 6f0c43e9782:f31b22b0b4c:efe54c07be3b2ef4594090efa89bd274fc1fe191)
Native configuration is powerpc-ibm-aix7.2.3.0
=== g++ tests ===
Running target unix
FAIL: g++.dg/compat/eh/new1 cp_compat_x_tst.o-cp_compat_y_tst.o execute
XPASS: g++.dg/debug/pr56294.C -gdwarf-2 (test for excess errors)
XPASS: g++.dg/debug/pr56294.C -gdwarf-2 -g1 (test for excess errors)
XPASS: g++.dg/debug/pr56294.C -gdwarf-2 -g3 (test for excess errors)
XPASS: g++.dg/debug/pr56294.C -gxcoff (test for excess errors)
XPASS: g++.dg/debug/pr56294.C -gxcoff+ (test for excess errors)
XPASS: g++.dg/debug/pr56294.C -gxcoff+1 (test for excess errors)
XPASS: g++.dg/debug/pr56294.C -gxcoff+3 (test for excess errors)
XPASS: g++.dg/debug/pr56294.C -gxcoff1 (test for excess errors)
XPASS: g++.dg/debug/pr56294.C -gxcoff3 (test for excess errors)
XPASS: g++.dg/debug/pr56819.C -gdwarf-2 (test for excess errors)
XPASS: g++.dg/debug/pr56819.C -gdwarf-2 -g1 (test for excess errors)
XPASS: g++.dg/debug/pr56819.C -gdwarf-2 -g3 (test for excess errors)
XPASS: g++.dg/debug/pr56819.C -gxcoff (test for excess errors)
XPASS: g++.dg/debug/pr56819.C -gxcoff+ (test for excess errors)
XPASS: g++.dg/debug/pr56819.C -gxcoff+1 (test for excess errors)
XPASS: g++.dg/debug/pr56819.C -gxcoff+3 (test for excess errors)
XPASS: g++.dg/debug/pr56819.C -gxcoff1 (test for excess errors)
XPASS: g++.dg/debug/pr56819.C -gxcoff3 (test for excess errors)
XPASS: g++.dg/debug/dwarf2/constexpr-var-1.C scan-assembler-times DW_AT_const_expr 2
XPASS: g++.dg/debug/dwarf2/deleted-member-function.C scan-assembler-times DW_AT_deleted 2
FAIL: g++.dg/cpp2a/nontype-float1.C -std=c++2a (test for excess errors)
XPASS: g++.dg/eh/new1.C -std=c++98 execution test
XPASS: g++.dg/template/linkage1.C -std=c++98 scan-assembler-not (weak|glob)[^\\n]*_Z3fooIXadL_ZL11static_funcvEEEvv
FAIL: g++.dg/warn/Wstringop-overflow-4.C -std=gnu++14 (test for excess errors)
FAIL: g++.dg/warn/Wstringop-overflow-4.C -std=gnu++17 (test for excess errors)
FAIL: g++.dg/warn/Wstringop-overflow-4.C -std=gnu++2a (test for excess errors)
FAIL: g++.dg/warn/Wstringop-overflow-4.C -std=gnu++98 (test for excess errors)
FAIL: g++.dg/modules/sym-subst-3_a.C scan-assembler .globa?l[ \\\\t]*_?S\\\\n
XPASS: g++.dg/tls/thread_local1.C -std=c++14 scan-assembler-not .comm
XPASS: g++.dg/tls/thread_local1.C -std=c++17 scan-assembler-not .comm
XPASS: g++.dg/tls/thread_local1.C -std=c++2a scan-assembler-not .comm
XPASS: g++.dg/torture/pr101373.C -O0 execution test
XPASS: g++.dg/torture/pr101373.C -O1 execution test
XPASS: g++.dg/torture/pr101373.C -O2 execution test
XPASS: g++.dg/torture/pr101373.C -O3 -g execution test
XPASS: g++.dg/torture/pr101373.C -Os execution test
XPASS: g++.old-deja/g++.eh/new2.C -std=gnu++98 execution test
XPASS: g++.old-deja/g++.mike/p755a.C -std=c++98 execution test
=== g++ Summary ===
# of expected passes 197751
# of unexpected failures 7
# of unexpected successes 32
# of expected failures 1655
# of unsupported tests 9773
/tmp/GCC/gcc/testsuite/g++/../../xg++ version 12.0.0 20210729 (experimental) [src revision 6f0c43e9782:f31b22b0b4c:efe54c07be3b2ef4594090efa89bd274fc1fe191] (GCC)
=== gcc tests ===
Running target unix
FAIL: gcc.dg/analyzer/capacity-1.c (test for excess errors)
FAIL: gcc.dg/analyzer/capacity-3.c (test for excess errors)
FAIL: gcc.dg/analyzer/getchar-1.c (test for excess errors)
XPASS: gcc.dg/autopar/pr46799.c (test for excess errors)
XPASS: gcc.dg/debug/dwarf2/inline5.c scan-assembler-not \\\\(DIE \\\\(0x([0-9a-f]*)\\\\) DW_TAG_lexical_block\\\\)[^#/!@;\\\\|]*[#/!@;\\\\|]+ +DW_AT.*DW_TAG_lexical_block\\\\)[^#/!@;\\\\|x]*x\\\\1[^#/!@;\\\\|]*[#/!@;\\\\|] +DW_AT_abstract_origin
XPASS: gcc.dg/Wstringop-overflow-68.c pr101475 (test for warnings, line 63)
XPASS: gcc.dg/Wstringop-overflow-68.c pr101475 (test for warnings, line 64)
XPASS: gcc.dg/Wstringop-overflow-68.c pr101475 (test for warnings, line 65)
FAIL: gcc.dg/Wstringop-overflow-69.c (test for excess errors)
FAIL: gcc.dg/asm-names.c scan-assembler-not ____frob14
FAIL: gcc.dg/nextafter-2.c execution test
FAIL: gcc.dg/strlenopt-58.c scan-tree-dump-times optimized "call_in_true_branch_not_eliminated" 0
FAIL: gcc.dg/uninit-pred-9_b.c pr101674 (test for bogus messages, line 23)
FAIL: c-c++-common/goacc/firstprivate-mappings-1.c scan-tree-dump omplower "(?n)#pragma omp target oacc_parallel map\\\\(from:array_so \\\\[len: 4\\\\]\\\\) firstprivate\\\\(array_li.[0-9]+\\\\) map\\\\(tofrom:\\\\(\\\\*array.[0-9]+\\\\) \\\\[len: D\\\\.[0-9]+\\\\]\\\\) map\\\\(firstprivate:array \\\\[pointer assign, bias: 0\\\\]\\\\) \\\\["
XPASS: gcc.dg/graphite/pr42729.c (test for excess errors)
XPASS: gcc.dg/graphite/pr42917.c (test for excess errors)
XPASS: gcc.dg/graphite/pr69728.c scan-tree-dump graphite "loop nest optimized"
UNRESOLVED: gcc.dg/ipa/remref-6.c scan-ipa-dump inline "Removed a reference"
UNRESOLVED: gcc.dg/ipa/remref-6.c scan-ipa-dump inline "replaced it with LOAD"
FAIL: gcc.dg/tls/alias-1.c (test for excess errors)
XPASS: gcc.dg/torture/pr59166.c -O0 (test for excess errors)
XPASS: gcc.dg/torture/pr59166.c -O1 (test for excess errors)
XPASS: gcc.dg/torture/pr59166.c -O2 (test for excess errors)
XPASS: gcc.dg/torture/pr59166.c -O3 -fomit-frame-pointer -funroll-loops -fpeel-loops -ftracer -finline-functions (test for excess errors)
XPASS: gcc.dg/torture/pr59166.c -Os (test for excess errors)
XPASS: gcc.dg/tree-ssa/cunroll-15.c scan-tree-dump optimized "return 1;"
XPASS: gcc.dg/vect/costmodel/ppc/costmodel-fast-math-vect-pr29925.c scan-tree-dump-times vect "vectorization not profitable" 1
FAIL: gcc.dg/vect/slp-21.c scan-tree-dump-times vect "vectorizing stmts using SLP" 2
XPASS: gcc.dg/vect/slp-24-big-array.c scan-tree-dump-times vect "vectorized 1 loops" 1
XPASS: gcc.dg/vect/slp-24-big-array.c scan-tree-dump-times vect "vectorizing stmts using SLP" 2
XPASS: gcc.dg/vect/slp-24.c scan-tree-dump-times vect "vectorized 1 loops" 1
XPASS: gcc.dg/vect/slp-24.c scan-tree-dump-times vect "vectorizing stmts using SLP" 2
FAIL: gcc.misc-tests/gcov-pr86536.c gcov: 4 failures in line counts, 0 in branch percentages, 1 in return percentages, 0 in intermediate format
FAIL: gcc.misc-tests/gcov-pr86536.c line 15: is #####:should be 1
FAIL: gcc.misc-tests/gcov-pr86536.c line 18: is #####:should be 1
FAIL: gcc.misc-tests/gcov-pr86536.c line 19: expected return percentages not found: 200
FAIL: gcc.misc-tests/gcov-pr86536.c line 21: is 1:should be 2
FAIL: gcc.misc-tests/gcov-pr86536.c line 22: is 1:should be 2
FAIL: gcc.target/powerpc/stack-limit.c (internal compiler error)
FAIL: gcc.target/powerpc/stack-limit.c (test for excess errors)
XPASS: gcc.target/powerpc/vsx-vectorize-4.c scan-tree-dump-times vect "Alignment of access forced using peeling" 0
XPASS: gcc.target/powerpc/vsx-vectorize-6.c scan-tree-dump-times vect "Alignment of access forced using peeling" 0
=== gcc Summary ===
# of expected passes 112249
# of unexpected failures 19
# of unexpected successes 21
# of expected failures 877
# of unresolved testcases 2
# of unsupported tests 3148
/tmp/GCC/gcc/xgcc version 12.0.0 20210729 (experimental) [src revision 6f0c43e9782:f31b22b0b4c:efe54c07be3b2ef4594090efa89bd274fc1fe191] (GCC)
=== gfortran tests ===
Running target unix
FAIL: gfortran.dg/ISO_Fortran_binding_1.f90 -O0 (test for excess errors)
UNRESOLVED: gfortran.dg/ISO_Fortran_binding_1.f90 -O0 compilation failed to produce executable
FAIL: gfortran.dg/ISO_Fortran_binding_1.f90 -O1 (test for excess errors)
UNRESOLVED: gfortran.dg/ISO_Fortran_binding_1.f90 -O1 compilation failed to produce executable
FAIL: gfortran.dg/ISO_Fortran_binding_1.f90 -O2 (test for excess errors)
UNRESOLVED: gfortran.dg/ISO_Fortran_binding_1.f90 -O2 compilation failed to produce executable
FAIL: gfortran.dg/ISO_Fortran_binding_1.f90 -O3 -fomit-frame-pointer -funroll-loops -fpeel-loops -ftracer -finline-functions (test for excess errors)
UNRESOLVED: gfortran.dg/ISO_Fortran_binding_1.f90 -O3 -fomit-frame-pointer -funroll-loops -fpeel-loops -ftracer -finline-functions compilation failed to produce executable
FAIL: gfortran.dg/ISO_Fortran_binding_1.f90 -O3 -g (test for excess errors)
UNRESOLVED: gfortran.dg/ISO_Fortran_binding_1.f90 -O3 -g compilation failed to produce executable
FAIL: gfortran.dg/ISO_Fortran_binding_1.f90 -Os (test for excess errors)
UNRESOLVED: gfortran.dg/ISO_Fortran_binding_1.f90 -Os compilation failed to produce executable
FAIL: gfortran.dg/ISO_Fortran_binding_10.f90 -O0 (test for excess errors)
UNRESOLVED: gfortran.dg/ISO_Fortran_binding_10.f90 -O0 compilation failed to produce executable
FAIL: gfortran.dg/ISO_Fortran_binding_10.f90 -O1 (test for excess errors)
UNRESOLVED: gfortran.dg/ISO_Fortran_binding_10.f90 -O1 compilation failed to produce executable
FAIL: gfortran.dg/ISO_Fortran_binding_10.f90 -O2 (test for excess errors)
UNRESOLVED: gfortran.dg/ISO_Fortran_binding_10.f90 -O2 compilation failed to produce executable
FAIL: gfortran.dg/ISO_Fortran_binding_10.f90 -O3 -fomit-frame-pointer -funroll-loops -fpeel-loops -ftracer -finline-functions (test for excess errors)
UNRESOLVED: gfortran.dg/ISO_Fortran_binding_10.f90 -O3 -fomit-frame-pointer -funroll-loops -fpeel-loops -ftracer -finline-functions compilation failed to produce executable
FAIL: gfortran.dg/ISO_Fortran_binding_10.f90 -O3 -g (test for excess errors)
UNRESOLVED: gfortran.dg/ISO_Fortran_binding_10.f90 -O3 -g compilation failed to produce executable
FAIL: gfortran.dg/ISO_Fortran_binding_10.f90 -Os (test for excess errors)
UNRESOLVED: gfortran.dg/ISO_Fortran_binding_10.f90 -Os compilation failed to produce executable
FAIL: gfortran.dg/ISO_Fortran_binding_11.f90 -O0 (test for excess errors)
UNRESOLVED: gfortran.dg/ISO_Fortran_binding_11.f90 -O0 compilation failed to produce executable
FAIL: gfortran.dg/ISO_Fortran_binding_11.f90 -O1 (test for excess errors)
UNRESOLVED: gfortran.dg/ISO_Fortran_binding_11.f90 -O1 compilation failed to produce executable
FAIL: gfortran.dg/ISO_Fortran_binding_11.f90 -O2 (test for excess errors)
UNRESOLVED: gfortran.dg/ISO_Fortran_binding_11.f90 -O2 compilation failed to produce executable
FAIL: gfortran.dg/ISO_Fortran_binding_11.f90 -O3 -fomit-frame-pointer -funroll-loops -fpeel-loops -ftracer -finline-functions (test for excess errors)
UNRESOLVED: gfortran.dg/ISO_Fortran_binding_11.f90 -O3 -fomit-frame-pointer -funroll-loops -fpeel-loops -ftracer -finline-functions compilation failed to produce executable
FAIL: gfortran.dg/ISO_Fortran_binding_11.f90 -O3 -g (test for excess errors)
UNRESOLVED: gfortran.dg/ISO_Fortran_binding_11.f90 -O3 -g compilation failed to produce executable
FAIL: gfortran.dg/ISO_Fortran_binding_11.f90 -Os (test for excess errors)
UNRESOLVED: gfortran.dg/ISO_Fortran_binding_11.f90 -Os compilation failed to produce executable
FAIL: gfortran.dg/ISO_Fortran_binding_12.f90 -O0 (test for excess errors)
UNRESOLVED: gfortran.dg/ISO_Fortran_binding_12.f90 -O0 compilation failed to produce executable
FAIL: gfortran.dg/ISO_Fortran_binding_12.f90 -O1 (test for excess errors)
UNRESOLVED: gfortran.dg/ISO_Fortran_binding_12.f90 -O1 compilation failed to produce executable
FAIL: gfortran.dg/ISO_Fortran_binding_12.f90 -O2 (test for excess errors)
UNRESOLVED: gfortran.dg/ISO_Fortran_binding_12.f90 -O2 compilation failed to produce executable
FAIL: gfortran.dg/ISO_Fortran_binding_12.f90 -O3 -fomit-frame-pointer -funroll-loops -fpeel-loops -ftracer -finline-functions (test for excess errors)
UNRESOLVED: gfortran.dg/ISO_Fortran_binding_12.f90 -O3 -fomit-frame-pointer -funroll-loops -fpeel-loops -ftracer -finline-functions compilation failed to produce executable
FAIL: gfortran.dg/ISO_Fortran_binding_12.f90 -O3 -g (test for excess errors)
UNRESOLVED: gfortran.dg/ISO_Fortran_binding_12.f90 -O3 -g compilation failed to produce executable
FAIL: gfortran.dg/ISO_Fortran_binding_12.f90 -Os (test for excess errors)
UNRESOLVED: gfortran.dg/ISO_Fortran_binding_12.f90 -Os compilation failed to produce executable
FAIL: gfortran.dg/ISO_Fortran_binding_15.f90 -O0 (test for excess errors)
UNRESOLVED: gfortran.dg/ISO_Fortran_binding_15.f90 -O0 compilation failed to produce executable
FAIL: gfortran.dg/ISO_Fortran_binding_15.f90 -O1 (test for excess errors)
UNRESOLVED: gfortran.dg/ISO_Fortran_binding_15.f90 -O1 compilation failed to produce executable
FAIL: gfortran.dg/ISO_Fortran_binding_15.f90 -O2 (test for excess errors)
UNRESOLVED: gfortran.dg/ISO_Fortran_binding_15.f90 -O2 compilation failed to produce executable
FAIL: gfortran.dg/ISO_Fortran_binding_15.f90 -O3 -fomit-frame-pointer -funroll-loops -fpeel-loops -ftracer -finline-functions (test for excess errors)
UNRESOLVED: gfortran.dg/ISO_Fortran_binding_15.f90 -O3 -fomit-frame-pointer -funroll-loops -fpeel-loops -ftracer -finline-functions compilation failed to produce executable
FAIL: gfortran.dg/ISO_Fortran_binding_15.f90 -O3 -g (test for excess errors)
UNRESOLVED: gfortran.dg/ISO_Fortran_binding_15.f90 -O3 -g compilation failed to produce executable
FAIL: gfortran.dg/ISO_Fortran_binding_15.f90 -Os (test for excess errors)
UNRESOLVED: gfortran.dg/ISO_Fortran_binding_15.f90 -Os compilation failed to produce executable
FAIL: gfortran.dg/ISO_Fortran_binding_16.f90 -O0 (test for excess errors)
UNRESOLVED: gfortran.dg/ISO_Fortran_binding_16.f90 -O0 compilation failed to produce executable
FAIL: gfortran.dg/ISO_Fortran_binding_16.f90 -O1 (test for excess errors)
UNRESOLVED: gfortran.dg/ISO_Fortran_binding_16.f90 -O1 compilation failed to produce executable
FAIL: gfortran.dg/ISO_Fortran_binding_16.f90 -O2 (test for excess errors)
UNRESOLVED: gfortran.dg/ISO_Fortran_binding_16.f90 -O2 compilation failed to produce executable
FAIL: gfortran.dg/ISO_Fortran_binding_16.f90 -O3 -fomit-frame-pointer -funroll-loops -fpeel-loops -ftracer -finline-functions (test for excess errors)
UNRESOLVED: gfortran.dg/ISO_Fortran_binding_16.f90 -O3 -fomit-frame-pointer -funroll-loops -fpeel-loops -ftracer -finline-functions compilation failed to produce executable
FAIL: gfortran.dg/ISO_Fortran_binding_16.f90 -O3 -g (test for excess errors)
UNRESOLVED: gfortran.dg/ISO_Fortran_binding_16.f90 -O3 -g compilation failed to produce executable
FAIL: gfortran.dg/ISO_Fortran_binding_16.f90 -Os (test for excess errors)
UNRESOLVED: gfortran.dg/ISO_Fortran_binding_16.f90 -Os compilation failed to produce executable
FAIL: gfortran.dg/ISO_Fortran_binding_17.f90 -O0 (test for excess errors)
UNRESOLVED: gfortran.dg/ISO_Fortran_binding_17.f90 -O0 compilation failed to produce executable
FAIL: gfortran.dg/ISO_Fortran_binding_17.f90 -O1 (test for excess errors)
UNRESOLVED: gfortran.dg/ISO_Fortran_binding_17.f90 -O1 compilation failed to produce executable
FAIL: gfortran.dg/ISO_Fortran_binding_17.f90 -O2 (test for excess errors)
UNRESOLVED: gfortran.dg/ISO_Fortran_binding_17.f90 -O2 compilation failed to produce executable
FAIL: gfortran.dg/ISO_Fortran_binding_17.f90 -O3 -fomit-frame-pointer -funroll-loops -fpeel-loops -ftracer -finline-functions (test for excess errors)
UNRESOLVED: gfortran.dg/ISO_Fortran_binding_17.f90 -O3 -fomit-frame-pointer -funroll-loops -fpeel-loops -ftracer -finline-functions compilation failed to produce executable
FAIL: gfortran.dg/ISO_Fortran_binding_17.f90 -O3 -g (test for excess errors)
UNRESOLVED: gfortran.dg/ISO_Fortran_binding_17.f90 -O3 -g compilation failed to produce executable
FAIL: gfortran.dg/ISO_Fortran_binding_17.f90 -Os (test for excess errors)
UNRESOLVED: gfortran.dg/ISO_Fortran_binding_17.f90 -Os compilation failed to produce executable
FAIL: gfortran.dg/ISO_Fortran_binding_18.f90 -O0 (test for excess errors)
UNRESOLVED: gfortran.dg/ISO_Fortran_binding_18.f90 -O0 compilation failed to produce executable
FAIL: gfortran.dg/ISO_Fortran_binding_18.f90 -O1 (test for excess errors)
UNRESOLVED: gfortran.dg/ISO_Fortran_binding_18.f90 -O1 compilation failed to produce executable
FAIL: gfortran.dg/ISO_Fortran_binding_18.f90 -O2 (test for excess errors)
UNRESOLVED: gfortran.dg/ISO_Fortran_binding_18.f90 -O2 compilation failed to produce executable
FAIL: gfortran.dg/ISO_Fortran_binding_18.f90 -O3 -fomit-frame-pointer -funroll-loops -fpeel-loops -ftracer -finline-functions (test for excess errors)
UNRESOLVED: gfortran.dg/ISO_Fortran_binding_18.f90 -O3 -fomit-frame-pointer -funroll-loops -fpeel-loops -ftracer -finline-functions compilation failed to produce executable
FAIL: gfortran.dg/ISO_Fortran_binding_18.f90 -O3 -g (test for excess errors)
UNRESOLVED: gfortran.dg/ISO_Fortran_binding_18.f90 -O3 -g compilation failed to produce executable
FAIL: gfortran.dg/ISO_Fortran_binding_18.f90 -Os (test for excess errors)
UNRESOLVED: gfortran.dg/ISO_Fortran_binding_18.f90 -Os compilation failed to produce executable
FAIL: gfortran.dg/ISO_Fortran_binding_3.f90 -O0 (test for excess errors)
UNRESOLVED: gfortran.dg/ISO_Fortran_binding_3.f90 -O0 compilation failed to produce executable
FAIL: gfortran.dg/ISO_Fortran_binding_3.f90 -O1 (test for excess errors)
UNRESOLVED: gfortran.dg/ISO_Fortran_binding_3.f90 -O1 compilation failed to produce executable
FAIL: gfortran.dg/ISO_Fortran_binding_3.f90 -O2 (test for excess errors)
UNRESOLVED: gfortran.dg/ISO_Fortran_binding_3.f90 -O2 compilation failed to produce executable
FAIL: gfortran.dg/ISO_Fortran_binding_3.f90 -O3 -fomit-frame-pointer -funroll-loops -fpeel-loops -ftracer -finline-functions (test for excess errors)
UNRESOLVED: gfortran.dg/ISO_Fortran_binding_3.f90 -O3 -fomit-frame-pointer -funroll-loops -fpeel-loops -ftracer -finline-functions compilation failed to produce executable
FAIL: gfortran.dg/ISO_Fortran_binding_3.f90 -O3 -g (test for excess errors)
UNRESOLVED: gfortran.dg/ISO_Fortran_binding_3.f90 -O3 -g compilation failed to produce executable
FAIL: gfortran.dg/ISO_Fortran_binding_3.f90 -Os (test for excess errors)
UNRESOLVED: gfortran.dg/ISO_Fortran_binding_3.f90 -Os compilation failed to produce executable
FAIL: gfortran.dg/ISO_Fortran_binding_5.f90 -O0 (test for excess errors)
UNRESOLVED: gfortran.dg/ISO_Fortran_binding_5.f90 -O0 compilation failed to produce executable
FAIL: gfortran.dg/ISO_Fortran_binding_5.f90 -O1 (test for excess errors)
UNRESOLVED: gfortran.dg/ISO_Fortran_binding_5.f90 -O1 compilation failed to produce executable
FAIL: gfortran.dg/ISO_Fortran_binding_5.f90 -O2 (test for excess errors)
UNRESOLVED: gfortran.dg/ISO_Fortran_binding_5.f90 -O2 compilation failed to produce executable
FAIL: gfortran.dg/ISO_Fortran_binding_5.f90 -O3 -fomit-frame-pointer -funroll-loops -fpeel-loops -ftracer -finline-functions (test for excess errors)
UNRESOLVED: gfortran.dg/ISO_Fortran_binding_5.f90 -O3 -fomit-frame-pointer -funroll-loops -fpeel-loops -ftracer -finline-functions compilation failed to produce executable
FAIL: gfortran.dg/ISO_Fortran_binding_5.f90 -O3 -g (test for excess errors)
UNRESOLVED: gfortran.dg/ISO_Fortran_binding_5.f90 -O3 -g compilation failed to produce executable
FAIL: gfortran.dg/ISO_Fortran_binding_5.f90 -Os (test for excess errors)
UNRESOLVED: gfortran.dg/ISO_Fortran_binding_5.f90 -Os compilation failed to produce executable
FAIL: gfortran.dg/ISO_Fortran_binding_6.f90 -O0 (test for excess errors)
UNRESOLVED: gfortran.dg/ISO_Fortran_binding_6.f90 -O0 compilation failed to produce executable
FAIL: gfortran.dg/ISO_Fortran_binding_6.f90 -O1 (test for excess errors)
UNRESOLVED: gfortran.dg/ISO_Fortran_binding_6.f90 -O1 compilation failed to produce executable
FAIL: gfortran.dg/ISO_Fortran_binding_6.f90 -O2 (test for excess errors)
UNRESOLVED: gfortran.dg/ISO_Fortran_binding_6.f90 -O2 compilation failed to produce executable
FAIL: gfortran.dg/ISO_Fortran_binding_6.f90 -O3 -fomit-frame-pointer -funroll-loops -fpeel-loops -ftracer -finline-functions (test for excess errors)
UNRESOLVED: gfortran.dg/ISO_Fortran_binding_6.f90 -O3 -fomit-frame-pointer -funroll-loops -fpeel-loops -ftracer -finline-functions compilation failed to produce executable
FAIL: gfortran.dg/ISO_Fortran_binding_6.f90 -O3 -g (test for excess errors)
UNRESOLVED: gfortran.dg/ISO_Fortran_binding_6.f90 -O3 -g compilation failed to produce executable
FAIL: gfortran.dg/ISO_Fortran_binding_6.f90 -Os (test for excess errors)
UNRESOLVED: gfortran.dg/ISO_Fortran_binding_6.f90 -Os compilation failed to produce executable
FAIL: gfortran.dg/ISO_Fortran_binding_7.f90 -O0 (test for excess errors)
UNRESOLVED: gfortran.dg/ISO_Fortran_binding_7.f90 -O0 compilation failed to produce executable
FAIL: gfortran.dg/ISO_Fortran_binding_7.f90 -O1 (test for excess errors)
UNRESOLVED: gfortran.dg/ISO_Fortran_binding_7.f90 -O1 compilation failed to produce executable
FAIL: gfortran.dg/ISO_Fortran_binding_7.f90 -O2 (test for excess errors)
UNRESOLVED: gfortran.dg/ISO_Fortran_binding_7.f90 -O2 compilation failed to produce executable
FAIL: gfortran.dg/ISO_Fortran_binding_7.f90 -O3 -fomit-frame-pointer -funroll-loops -fpeel-loops -ftracer -finline-functions (test for excess errors)
UNRESOLVED: gfortran.dg/ISO_Fortran_binding_7.f90 -O3 -fomit-frame-pointer -funroll-loops -fpeel-loops -ftracer -finline-functions compilation failed to produce executable
FAIL: gfortran.dg/ISO_Fortran_binding_7.f90 -O3 -g (test for excess errors)
UNRESOLVED: gfortran.dg/ISO_Fortran_binding_7.f90 -O3 -g compilation failed to produce executable
FAIL: gfortran.dg/ISO_Fortran_binding_7.f90 -Os (test for excess errors)
UNRESOLVED: gfortran.dg/ISO_Fortran_binding_7.f90 -Os compilation failed to produce executable
FAIL: gfortran.dg/ISO_Fortran_binding_8.f90 -O0 (test for excess errors)
UNRESOLVED: gfortran.dg/ISO_Fortran_binding_8.f90 -O0 compilation failed to produce executable
FAIL: gfortran.dg/ISO_Fortran_binding_8.f90 -O1 (test for excess errors)
UNRESOLVED: gfortran.dg/ISO_Fortran_binding_8.f90 -O1 compilation failed to produce executable
FAIL: gfortran.dg/ISO_Fortran_binding_8.f90 -O2 (test for excess errors)
UNRESOLVED: gfortran.dg/ISO_Fortran_binding_8.f90 -O2 compilation failed to produce executable
FAIL: gfortran.dg/ISO_Fortran_binding_8.f90 -O3 -fomit-frame-pointer -funroll-loops -fpeel-loops -ftracer -finline-functions (test for excess errors)
UNRESOLVED: gfortran.dg/ISO_Fortran_binding_8.f90 -O3 -fomit-frame-pointer -funroll-loops -fpeel-loops -ftracer -finline-functions compilation failed to produce executable
FAIL: gfortran.dg/ISO_Fortran_binding_8.f90 -O3 -g (test for excess errors)
UNRESOLVED: gfortran.dg/ISO_Fortran_binding_8.f90 -O3 -g compilation failed to produce executable
FAIL: gfortran.dg/ISO_Fortran_binding_8.f90 -Os (test for excess errors)
UNRESOLVED: gfortran.dg/ISO_Fortran_binding_8.f90 -Os compilation failed to produce executable
FAIL: gfortran.dg/ISO_Fortran_binding_9.f90 -O0 (test for excess errors)
UNRESOLVED: gfortran.dg/ISO_Fortran_binding_9.f90 -O0 compilation failed to produce executable
FAIL: gfortran.dg/ISO_Fortran_binding_9.f90 -O1 (test for excess errors)
UNRESOLVED: gfortran.dg/ISO_Fortran_binding_9.f90 -O1 compilation failed to produce executable
FAIL: gfortran.dg/ISO_Fortran_binding_9.f90 -O2 (test for excess errors)
UNRESOLVED: gfortran.dg/ISO_Fortran_binding_9.f90 -O2 compilation failed to produce executable
FAIL: gfortran.dg/ISO_Fortran_binding_9.f90 -O3 -fomit-frame-pointer -funroll-loops -fpeel-loops -ftracer -finline-functions (test for excess errors)
UNRESOLVED: gfortran.dg/ISO_Fortran_binding_9.f90 -O3 -fomit-frame-pointer -funroll-loops -fpeel-loops -ftracer -finline-functions compilation failed to produce executable
FAIL: gfortran.dg/ISO_Fortran_binding_9.f90 -O3 -g (test for excess errors)
UNRESOLVED: gfortran.dg/ISO_Fortran_binding_9.f90 -O3 -g compilation failed to produce executable
FAIL: gfortran.dg/ISO_Fortran_binding_9.f90 -Os (test for excess errors)
UNRESOLVED: gfortran.dg/ISO_Fortran_binding_9.f90 -Os compilation failed to produce executable
FAIL: gfortran.dg/PR94327.f90 -O0 (test for excess errors)
UNRESOLVED: gfortran.dg/PR94327.f90 -O0 compilation failed to produce executable
FAIL: gfortran.dg/PR94327.f90 -O1 (test for excess errors)
UNRESOLVED: gfortran.dg/PR94327.f90 -O1 compilation failed to produce executable
FAIL: gfortran.dg/PR94327.f90 -O2 (test for excess errors)
UNRESOLVED: gfortran.dg/PR94327.f90 -O2 compilation failed to produce executable
FAIL: gfortran.dg/PR94327.f90 -O3 -fomit-frame-pointer -funroll-loops -fpeel-loops -ftracer -finline-functions (test for excess errors)
UNRESOLVED: gfortran.dg/PR94327.f90 -O3 -fomit-frame-pointer -funroll-loops -fpeel-loops -ftracer -finline-functions compilation failed to produce executable
FAIL: gfortran.dg/PR94327.f90 -O3 -g (test for excess errors)
UNRESOLVED: gfortran.dg/PR94327.f90 -O3 -g compilation failed to produce executable
FAIL: gfortran.dg/PR94327.f90 -Os (test for excess errors)
UNRESOLVED: gfortran.dg/PR94327.f90 -Os compilation failed to produce executable
FAIL: gfortran.dg/PR94331.f90 -O0 (test for excess errors)
UNRESOLVED: gfortran.dg/PR94331.f90 -O0 compilation failed to produce executable
FAIL: gfortran.dg/PR94331.f90 -O1 (test for excess errors)
UNRESOLVED: gfortran.dg/PR94331.f90 -O1 compilation failed to produce executable
FAIL: gfortran.dg/PR94331.f90 -O2 (test for excess errors)
UNRESOLVED: gfortran.dg/PR94331.f90 -O2 compilation failed to produce executable
FAIL: gfortran.dg/PR94331.f90 -O3 -fomit-frame-pointer -funroll-loops -fpeel-loops -ftracer -finline-functions (test for excess errors)
UNRESOLVED: gfortran.dg/PR94331.f90 -O3 -fomit-frame-pointer -funroll-loops -fpeel-loops -ftracer -finline-functions compilation failed to produce executable
FAIL: gfortran.dg/PR94331.f90 -O3 -g (test for excess errors)
UNRESOLVED: gfortran.dg/PR94331.f90 -O3 -g compilation failed to produce executable
FAIL: gfortran.dg/PR94331.f90 -Os (test for excess errors)
UNRESOLVED: gfortran.dg/PR94331.f90 -Os compilation failed to produce executable
FAIL: gfortran.dg/bind_c_array_params_3.f90 -O0 (test for excess errors)
UNRESOLVED: gfortran.dg/bind_c_array_params_3.f90 -O0 compilation failed to produce executable
FAIL: gfortran.dg/bind_c_array_params_3.f90 -O1 (test for excess errors)
UNRESOLVED: gfortran.dg/bind_c_array_params_3.f90 -O1 compilation failed to produce executable
FAIL: gfortran.dg/bind_c_array_params_3.f90 -O2 (test for excess errors)
UNRESOLVED: gfortran.dg/bind_c_array_params_3.f90 -O2 compilation failed to produce executable
FAIL: gfortran.dg/bind_c_array_params_3.f90 -O3 -fomit-frame-pointer -funroll-loops -fpeel-loops -ftracer -finline-functions (test for excess errors)
UNRESOLVED: gfortran.dg/bind_c_array_params_3.f90 -O3 -fomit-frame-pointer -funroll-loops -fpeel-loops -ftracer -finline-functions compilation failed to produce executable
FAIL: gfortran.dg/bind_c_array_params_3.f90 -O3 -g (test for excess errors)
UNRESOLVED: gfortran.dg/bind_c_array_params_3.f90 -O3 -g compilation failed to produce executable
FAIL: gfortran.dg/bind_c_array_params_3.f90 -Os (test for excess errors)
UNRESOLVED: gfortran.dg/bind_c_array_params_3.f90 -Os compilation failed to produce executable
FAIL: gfortran.dg/iso_fortran_binding_uint8_array.f90 -O0 (test for excess errors)
UNRESOLVED: gfortran.dg/iso_fortran_binding_uint8_array.f90 -O0 compilation failed to produce executable
FAIL: gfortran.dg/iso_fortran_binding_uint8_array.f90 -O1 (test for excess errors)
UNRESOLVED: gfortran.dg/iso_fortran_binding_uint8_array.f90 -O1 compilation failed to produce executable
FAIL: gfortran.dg/iso_fortran_binding_uint8_array.f90 -O2 (test for excess errors)
UNRESOLVED: gfortran.dg/iso_fortran_binding_uint8_array.f90 -O2 compilation failed to produce executable
FAIL: gfortran.dg/iso_fortran_binding_uint8_array.f90 -O3 -fomit-frame-pointer -funroll-loops -fpeel-loops -ftracer -finline-functions (test for excess errors)
UNRESOLVED: gfortran.dg/iso_fortran_binding_uint8_array.f90 -O3 -fomit-frame-pointer -funroll-loops -fpeel-loops -ftracer -finline-functions compilation failed to produce executable
FAIL: gfortran.dg/iso_fortran_binding_uint8_array.f90 -O3 -g (test for excess errors)
UNRESOLVED: gfortran.dg/iso_fortran_binding_uint8_array.f90 -O3 -g compilation failed to produce executable
FAIL: gfortran.dg/iso_fortran_binding_uint8_array.f90 -Os (test for excess errors)
UNRESOLVED: gfortran.dg/iso_fortran_binding_uint8_array.f90 -Os compilation failed to produce executable
FAIL: gfortran.dg/pr93524.f90 -O0 (test for excess errors)
UNRESOLVED: gfortran.dg/pr93524.f90 -O0 compilation failed to produce executable
FAIL: gfortran.dg/pr93524.f90 -O1 (test for excess errors)
UNRESOLVED: gfortran.dg/pr93524.f90 -O1 compilation failed to produce executable
FAIL: gfortran.dg/pr93524.f90 -O2 (test for excess errors)
UNRESOLVED: gfortran.dg/pr93524.f90 -O2 compilation failed to produce executable
FAIL: gfortran.dg/pr93524.f90 -O3 -fomit-frame-pointer -funroll-loops -fpeel-loops -ftracer -finline-functions (test for excess errors)
UNRESOLVED: gfortran.dg/pr93524.f90 -O3 -fomit-frame-pointer -funroll-loops -fpeel-loops -ftracer -finline-functions compilation failed to produce executable
FAIL: gfortran.dg/pr93524.f90 -O3 -g (test for excess errors)
UNRESOLVED: gfortran.dg/pr93524.f90 -O3 -g compilation failed to produce executable
FAIL: gfortran.dg/pr93524.f90 -Os (test for excess errors)
UNRESOLVED: gfortran.dg/pr93524.f90 -Os compilation failed to produce executable
FAIL: gfortran.dg/graphite/vect-pr40979.f90 -O scan-tree-dump-times vect "vectorized 1 loops" 1
FAIL: gfortran.dg/vect/fast-math-mgrid-resid.f -O scan-tree-dump pcom "vectp_u.*__lsm.* = PHI <.*vectp_u.*__lsm"
=== gfortran Summary ===
# of expected passes 56962
# of unexpected failures 116
# of expected failures 256
# of unresolved testcases 114
# of unsupported tests 476
/tmp/GCC/gcc/testsuite/gfortran/../../gfortran version 12.0.0 20210729 (experimental) [src revision 6f0c43e9782:f31b22b0b4c:efe54c07be3b2ef4594090efa89bd274fc1fe191] (GCC)
=== libatomic tests ===
Running target unix
=== libatomic Summary ===
# of expected passes 44
# of unsupported tests 5
=== libgomp tests ===
Running target unix
FAIL: libgomp.fortran/appendix-a/a.28.2.f90 -Os execution test
FAIL: libgomp.fortran/async_io_2.f90 -O execution test
FAIL: libgomp.fortran/async_io_3.f90 -O0 execution test
FAIL: libgomp.fortran/async_io_3.f90 -O1 execution test
FAIL: libgomp.fortran/async_io_3.f90 -O2 execution test
FAIL: libgomp.fortran/async_io_3.f90 -O3 -fomit-frame-pointer -funroll-loops -fpeel-loops -ftracer -finline-functions execution test
FAIL: libgomp.fortran/async_io_3.f90 -O3 -g execution test
FAIL: libgomp.fortran/async_io_3.f90 -Os execution test
FAIL: libgomp.fortran/async_io_9.f90 -O0 execution test
FAIL: libgomp.fortran/async_io_9.f90 -O1 execution test
FAIL: libgomp.fortran/async_io_9.f90 -O2 execution test
FAIL: libgomp.fortran/async_io_9.f90 -O3 -fomit-frame-pointer -funroll-loops -fpeel-loops -ftracer -finline-functions execution test
FAIL: libgomp.fortran/async_io_9.f90 -O3 -g execution test
FAIL: libgomp.fortran/async_io_9.f90 -Os execution test
FAIL: libgomp.fortran/omp_workshare1.f -O execution test
FAIL: libgomp.fortran/omp_workshare2.f -O execution test
WARNING: program timed out.
FAIL: libgomp.fortran/recursion1.f90 -O0 execution test
FAIL: libgomp.fortran/recursion1.f90 -O1 execution test
WARNING: program timed out.
FAIL: libgomp.fortran/recursion1.f90 -O2 execution test
FAIL: libgomp.fortran/recursion1.f90 -O3 -fomit-frame-pointer -funroll-loops -fpeel-loops -ftracer -finline-functions execution test
FAIL: libgomp.fortran/recursion1.f90 -O3 -g execution test
WARNING: program timed out.
FAIL: libgomp.fortran/recursion1.f90 -Os execution test
FAIL: libgomp.fortran/strassen.f90 -O execution test
FAIL: libgomp.graphite/force-parallel-7.c execution test
=== libgomp Summary ===
# of expected passes 11381
# of unexpected failures 24
# of expected failures 104
# of unsupported tests 624
=== libstdc++ tests ===
Running target unix
FAIL: 23_containers/unordered_map/96088.cc execution test
FAIL: 23_containers/unordered_multimap/96088.cc execution test
FAIL: 23_containers/unordered_multiset/96088.cc execution test
FAIL: 23_containers/unordered_set/96088.cc execution test
=== libstdc++ Summary ===
# of expected passes 12885
# of unexpected failures 4
# of expected failures 101
# of unsupported tests 905
Compiler version: 12.0.0 20210729 (experimental) [src revision 6f0c43e9782:f31b22b0b4c:efe54c07be3b2ef4594090efa89bd274fc1fe191] (GCC)
Platform: powerpc-ibm-aix7.2.3.0
configure flags: --disable-werror --enable-languages=c,c++,fortran --with-gmp=/nasfarm/edelsohn/install --with-isl=/nasfarm/edelsohn/install --with-libiconv-prefix=/nasfarm/edelsohn/install --disable-libstdcxx-pch --with-included-gettext --prefix=/nasfarm/edelsohn/install/GCC
More information about the Gcc-testresults
mailing list