Results of testsuite (branch: master; revision: r12-90; build config: asan; languages: fortran) on x86_64-linux-gnu.
Toon Moene
toon@moene.org
Sat Apr 24 02:39:17 GMT 2021
LAST_UPDATED: Fri Apr 23 13:32:29 UTC 2021 (revision 0e1e7b77904:aad4f0b1e2b:5d87c2251c441f056e0a44f928ffcb8a8a679b6b)
Native configuration is x86_64-pc-linux-gnu
=== gcc tests ===
Running target unix
FAIL: gcc.dg/plugin/analyzer_gil_plugin.c compilation
FAIL: gcc.dg/plugin/diagnostic_group_plugin.c compilation
FAIL: gcc.dg/plugin/diagnostic_plugin_show_trees.c compilation
FAIL: gcc.dg/plugin/diagnostic_plugin_test_inlining.c compilation
FAIL: gcc.dg/plugin/diagnostic_plugin_test_metadata.c compilation
FAIL: gcc.dg/plugin/diagnostic_plugin_test_paths.c compilation
FAIL: gcc.dg/plugin/diagnostic_plugin_test_show_locus.c compilation
FAIL: gcc.dg/plugin/diagnostic_plugin_test_string_literals.c compilation
FAIL: gcc.dg/plugin/diagnostic_plugin_test_tree_expression_range.c compilation
FAIL: gcc.dg/plugin/dump_plugin.c compilation
FAIL: gcc.dg/plugin/expensive_selftests_plugin.c compilation
FAIL: gcc.dg/plugin/finish_unit_plugin.c compilation
FAIL: gcc.dg/plugin/ggcplug.c compilation
FAIL: gcc.dg/plugin/location_overflow_plugin.c compilation
FAIL: gcc.dg/plugin/must_tail_call_plugin.c compilation
FAIL: gcc.dg/plugin/one_time_plugin.c compilation
FAIL: gcc.dg/plugin/poly-int-01_plugin.c compilation
FAIL: gcc.dg/plugin/poly-int-02_plugin.c compilation
FAIL: gcc.dg/plugin/poly-int-03_plugin.c compilation
FAIL: gcc.dg/plugin/poly-int-04_plugin.c compilation
FAIL: gcc.dg/plugin/poly-int-05_plugin.c compilation
FAIL: gcc.dg/plugin/poly-int-06_plugin.c compilation
FAIL: gcc.dg/plugin/poly-int-07_plugin.c compilation
FAIL: gcc.dg/plugin/selfassign.c compilation
FAIL: gcc.dg/plugin/start_unit_plugin.c compilation
FAIL: gcc.dg/plugin/wide-int_plugin.c compilation
WARNING: gcc.target/i386/avx-1.c (test for excess errors) program timed out.
FAIL: gcc.target/i386/avx-1.c (test for excess errors)
WARNING: gcc.target/i386/sse-13.c (test for excess errors) program timed out.
FAIL: gcc.target/i386/sse-13.c (test for excess errors)
WARNING: gcc.target/i386/sse-23.c (test for excess errors) program timed out.
FAIL: gcc.target/i386/sse-23.c (test for excess errors)
WARNING: gcc.target/i386/sse-24.c (test for excess errors) program timed out.
FAIL: gcc.target/i386/sse-24.c (test for excess errors)
WARNING: gcc.target/i386/sse-25.c (test for excess errors) program timed out.
FAIL: gcc.target/i386/sse-25.c (test for excess errors)
WARNING: gcc.target/i386/sse-26.c (test for excess errors) program timed out.
FAIL: gcc.target/i386/sse-26.c (test for excess errors)
=== gcc Summary ===
# of expected passes 159434
# of unexpected failures 32
# of expected failures 859
# of unsupported tests 2438
/home/toon/scratch/bld3634093/gcc/xgcc version 12.0.0 20210423 (experimental) [master revision 0e1e7b77904:aad4f0b1e2b:5d87c2251c441f056e0a44f928ffcb8a8a679b6b] (GCC)
=== gfortran tests ===
Running target unix
=== gfortran Summary ===
# of expected passes 56722
# of expected failures 232
# of unsupported tests 96
/home/toon/scratch/bld3634093/gcc/gfortran version 12.0.0 20210423 (experimental) [master revision 0e1e7b77904:aad4f0b1e2b:5d87c2251c441f056e0a44f928ffcb8a8a679b6b] (GCC)
=== g++ tests ===
Running target unix
FAIL: g++.dg/asan/default-options-1.C -O0 output pattern test
FAIL: g++.dg/asan/default-options-1.C -O1 output pattern test
FAIL: g++.dg/asan/default-options-1.C -O2 output pattern test
FAIL: g++.dg/asan/default-options-1.C -O2 -flto -fno-use-linker-plugin -flto-partition=none output pattern test
FAIL: g++.dg/asan/default-options-1.C -O2 -flto -fuse-linker-plugin -fno-fat-lto-objects output pattern test
FAIL: g++.dg/asan/default-options-1.C -O3 -g output pattern test
FAIL: g++.dg/asan/default-options-1.C -Os output pattern test
FAIL: g++.dg/plugin/../../gcc.dg/plugin/diagnostic_plugin_test_inlining.c compilation
FAIL: g++.dg/plugin/../../gcc.dg/plugin/diagnostic_plugin_test_string_literals.c compilation
FAIL: g++.dg/plugin/../../gcc.dg/plugin/diagnostic_plugin_test_tree_expression_range.c compilation
FAIL: g++.dg/plugin/../../gcc.dg/plugin/location_overflow_plugin.c compilation
FAIL: g++.dg/plugin/attribute_plugin.c compilation
FAIL: g++.dg/plugin/comment_plugin.c compilation
FAIL: g++.dg/plugin/decl_plugin.c compilation
FAIL: g++.dg/plugin/def_plugin.c compilation
FAIL: g++.dg/plugin/dumb_plugin.c compilation
FAIL: g++.dg/plugin/header_plugin.c compilation
FAIL: g++.dg/plugin/pragma_plugin.c compilation
FAIL: g++.dg/plugin/selfassign.c compilation
FAIL: g++.dg/plugin/show_template_tree_color_plugin.c compilation
=== g++ Summary ===
# of expected passes 207533
# of unexpected failures 20
# of expected failures 1055
# of unsupported tests 9018
/home/toon/scratch/bld3634093/gcc/xg++ version 12.0.0 20210423 (experimental) [master revision 0e1e7b77904:aad4f0b1e2b:5d87c2251c441f056e0a44f928ffcb8a8a679b6b] (GCC)
=== libatomic tests ===
Running target unix
=== libatomic Summary ===
# of expected passes 54
=== libgomp tests ===
Running target unix
=== libgomp Summary ===
# of expected passes 8440
# of expected failures 6
# of unsupported tests 532
=== libitm tests ===
Running target unix
=== libitm Summary ===
# of expected passes 42
# of expected failures 3
# of unsupported tests 1
=== libstdc++ tests ===
Running target unix
=== libstdc++ Summary ===
# of expected passes 14152
# of expected failures 104
# of unsupported tests 666
Compiler version: 12.0.0 20210423 (experimental) [master revision 0e1e7b77904:aad4f0b1e2b:5d87c2251c441f056e0a44f928ffcb8a8a679b6b] (GCC)
Platform: x86_64-pc-linux-gnu
configure flags: --prefix=/home/toon/compilers/install/gcc --with-gnu-as --with-gnu-ld --enable-languages=fortran --disable-multilib --disable-nls --with-build-config=bootstrap-asan
More information about the Gcc-testresults
mailing list