Results for 10.3.0 (GCC) testsuite on x86_64-apple-darwin14
Iain Sandoe
iains.gcc@gmail.com
Sat Apr 10 08:56:06 GMT 2021
Bootstrap OK with GCC7.5 (here) or clang
LAST_UPDATED: Thu Apr 8 16:13:59 UTC 2021 (revision r10-9664-gf00b5710a30f)
=== acats tests ===
=== acats Summary ===
# of expected passes 2320
# of unexpected failures 0
Native configuration is x86_64-apple-darwin14
=== g++ tests ===
Running target unix/-m32
FAIL: c-c++-common/asan/alloca_big_alignment.c -Os output pattern test
FAIL: c-c++-common/asan/alloca_detect_custom_size.c -Os output pattern test
FAIL: c-c++-common/asan/alloca_overflow_partial.c -Os output pattern test
FAIL: c-c++-common/asan/alloca_overflow_right.c -Os output pattern test
FAIL: c-c++-common/asan/alloca_underflow_left.c -Os output pattern test
FAIL: g++.dg/asan/pr69276.C -O0 output pattern test
WARNING: g++.dg/coroutines/torture/class-05-lambda-capture-copy-local.C -O1 (test for excess errors) program timed out.
FAIL: g++.dg/coroutines/torture/class-05-lambda-capture-copy-local.C -O1 (test for excess errors)
WARNING: c-c++-common/pr52181.c -std=c++14 (test for bogus messages, line 11) program timed out.
FAIL: c-c++-common/pr52181.c -std=c++14 (test for excess errors)
WARNING: g++.dg/cpp0x/pr78649.C -std=c++17 (test for errors, line 9) program timed out.
FAIL: g++.dg/ext/pr84828.C -std=gnu++14 (test for excess errors)
FAIL: g++.dg/ext/pr84828.C -std=gnu++17 (test for excess errors)
FAIL: g++.dg/ext/pr84828.C -std=gnu++2a (test for excess errors)
FAIL: g++.dg/ext/pr84828.C -std=gnu++98 (test for excess errors)
FAIL: g++.dg/ipa/pr67056.C scan-ipa-dump cp "Speculative outer type:struct CompositeClass"
WARNING: g++.dg/template/array14.C -std=c++2a (test for excess errors) program timed out.
FAIL: g++.dg/template/array14.C -std=c++2a (test for excess errors)
FAIL: g++.dg/lto/pr65276 cp_lto_pr65276_0.o-cp_lto_pr65276_1.o link, -flto -O0 -std=c++11
FAIL: g++.dg/lto/pr65549 cp_lto_pr65549_0.o-cp_lto_pr65549_0.o link, -std=gnu++14 -flto -g -O2 -fno-inline -flto-partition=max -Wno-return-type
FAIL: g++.dg/lto/pr89335 cp_lto_pr89335_0.o assemble, -O2 -flto -Wsuggest-final-methods
FAIL: g++.dg/tree-prof/pr57451.C compilation, -fprofile-generate -D_PROFILE_GENERATE
UNRESOLVED: g++.dg/tree-prof/pr57451.C compilation, -fprofile-use -D_PROFILE_USE
UNRESOLVED: g++.dg/tree-prof/pr57451.C execution, -fprofile-generate -D_PROFILE_GENERATE
UNRESOLVED: g++.dg/tree-prof/pr57451.C execution, -fprofile-use -D_PROFILE_USE
FAIL: g++.dg/tree-prof/pr63581.C compilation, -fprofile-generate -D_PROFILE_GENERATE
UNRESOLVED: g++.dg/tree-prof/pr63581.C compilation, -fprofile-use -D_PROFILE_USE
UNRESOLVED: g++.dg/tree-prof/pr63581.C execution, -fprofile-generate -D_PROFILE_GENERATE
UNRESOLVED: g++.dg/tree-prof/pr63581.C execution, -fprofile-use -D_PROFILE_USE
WARNING: g++.old-deja/g++.brendan/bit-fields1.C -std=c++14 (test for errors, line 4) program timed out.
=== g++ Summary for unix/-m32 ===
# of expected passes 186964
# of unexpected failures 19
# of expected failures 905
# of unresolved testcases 6
# of unsupported tests 8680
Running target unix/-m64
FAIL: c-c++-common/asan/alloca_big_alignment.c -Os output pattern test
FAIL: c-c++-common/asan/alloca_detect_custom_size.c -Os output pattern test
FAIL: c-c++-common/asan/alloca_overflow_partial.c -Os output pattern test
FAIL: c-c++-common/asan/alloca_overflow_right.c -Os output pattern test
FAIL: c-c++-common/asan/alloca_underflow_left.c -Os output pattern test
FAIL: g++.dg/asan/pr69276.C -O0 output pattern test
WARNING: g++.dg/eh/builtin9.C -std=c++14 (test for errors, line 4) program timed out.
WARNING: g++.dg/ext/goto1.C -std=gnu++2a (test for excess errors) program timed out.
FAIL: g++.dg/ext/goto1.C -std=gnu++2a (test for excess errors)
FAIL: g++.dg/ipa/pr67056.C scan-ipa-dump cp "Speculative outer type:struct CompositeClass"
FAIL: g++.dg/pr80481.C -std=gnu++14 scan-assembler-not vmovaps[^\\n\\r]*zmm[0-9]+,[^\\n\\r]*zmm[0-9]+
FAIL: g++.dg/pr80481.C -std=gnu++17 scan-assembler-not vmovaps[^\\n\\r]*zmm[0-9]+,[^\\n\\r]*zmm[0-9]+
FAIL: g++.dg/pr80481.C -std=gnu++2a scan-assembler-not vmovaps[^\\n\\r]*zmm[0-9]+,[^\\n\\r]*zmm[0-9]+
FAIL: g++.dg/pr80481.C -std=gnu++98 scan-assembler-not vmovaps[^\\n\\r]*zmm[0-9]+,[^\\n\\r]*zmm[0-9]+
WARNING: g++.dg/warn/Wsign-compare-7.C -std=gnu++14 (test for warnings, line 7) program timed out.
FAIL: g++.dg/lto/pr65276 cp_lto_pr65276_0.o-cp_lto_pr65276_1.o link, -flto -O0 -std=c++11
FAIL: g++.dg/lto/pr65549 cp_lto_pr65549_0.o-cp_lto_pr65549_0.o link, -std=gnu++14 -flto -g -O2 -fno-inline -flto-partition=max -Wno-return-type
FAIL: g++.dg/lto/pr89335 cp_lto_pr89335_0.o assemble, -O2 -flto -Wsuggest-final-methods
WARNING: g++.dg/torture/pr33735.C -O2 (test for excess errors) program timed out.
FAIL: g++.dg/torture/pr33735.C -O2 (test for excess errors)
WARNING: g++.dg/torture/pr60871.C -O0 (test for excess errors) program timed out.
FAIL: g++.dg/torture/pr60871.C -O0 (test for excess errors)
FAIL: g++.dg/tree-prof/pr57451.C compilation, -fprofile-generate -D_PROFILE_GENERATE
UNRESOLVED: g++.dg/tree-prof/pr57451.C compilation, -fprofile-use -D_PROFILE_USE
UNRESOLVED: g++.dg/tree-prof/pr57451.C execution, -fprofile-generate -D_PROFILE_GENERATE
UNRESOLVED: g++.dg/tree-prof/pr57451.C execution, -fprofile-use -D_PROFILE_USE
FAIL: g++.dg/tree-prof/pr63581.C compilation, -fprofile-generate -D_PROFILE_GENERATE
UNRESOLVED: g++.dg/tree-prof/pr63581.C compilation, -fprofile-use -D_PROFILE_USE
UNRESOLVED: g++.dg/tree-prof/pr63581.C execution, -fprofile-generate -D_PROFILE_GENERATE
UNRESOLVED: g++.dg/tree-prof/pr63581.C execution, -fprofile-use -D_PROFILE_USE
WARNING: g++.dg/ubsan/pr85029.C -O0 (test for errors, line 9) program timed out.
WARNING: g++.old-deja/g++.law/cvt21.C -std=c++17 (test for excess errors) program timed out.
FAIL: g++.old-deja/g++.law/cvt21.C -std=c++17 (test for excess errors)
=== g++ Summary for unix/-m64 ===
# of expected passes 189265
# of unexpected failures 20
# of expected failures 909
# of unresolved testcases 6
# of unsupported tests 8820
=== g++ Summary ===
# of expected passes 376229
# of unexpected failures 39
# of expected failures 1814
# of unresolved testcases 12
# of unsupported tests 17500
/scratch/10-10-yos/gcc-10-wip/gcc/xg++ version 10.3.0 (GCC)
=== gcc tests ===
Running target unix/-m32
WARNING: gcc.c-torture/compile/loop386.c -O3 -g (test for excess errors) program timed out.
FAIL: gcc.c-torture/compile/loop386.c -O3 -g (test for excess errors)
WARNING: gcc.c-torture/compile/opt.c -Os (test for excess errors) program timed out.
FAIL: gcc.c-torture/compile/opt.c -Os (test for excess errors)
WARNING: gcc.c-torture/execute/20000910-2.c -Os (test for excess errors) program timed out.
FAIL: gcc.c-torture/execute/20000910-2.c -Os (test for excess errors)
WARNING: gcc.c-torture/execute/941110-1.c -O2 -flto -flto-partition=none (test for excess errors) program timed out.
FAIL: gcc.c-torture/execute/941110-1.c -O2 -flto -flto-partition=none (test for excess errors)
FAIL: c-c++-common/asan/alloca_big_alignment.c -Os output pattern test
FAIL: c-c++-common/asan/alloca_detect_custom_size.c -Os output pattern test
FAIL: c-c++-common/asan/alloca_overflow_partial.c -Os output pattern test
FAIL: c-c++-common/asan/alloca_overflow_right.c -Os output pattern test
FAIL: c-c++-common/asan/alloca_underflow_left.c -Os output pattern test
FAIL: gcc.dg/debug/dwarf2/inline4.c scan-assembler DW_TAG_inlined_subroutine[^\\\\(]*\\\\([^\\\\)]*\\\\)[^\\\\(]*\\\\(DIE \\\\(0x[0-9a-f]*\\\\) DW_TAG_formal_parameter[^\\\\(]*\\\\(DIE \\\\(0x[0-9a-f]*\\\\) DW_TAG_variable
FAIL: gcc.dg/debug/dwarf2/inline5.c scan-assembler-not \\\\(DIE \\\\(0x([0-9a-f]*)\\\\) DW_TAG_lexical_block\\\\)[^#/!@;\\\\|]*[#/!@;\\\\|]+ +[^(].*DW_TAG_lexical_block\\\\)[^#/!@;\\\\|x]*x\\\\1[^#/!@;\\\\|]*[#/!@;\\\\|] +DW_AT_abstract_origin
FAIL: gcc.dg/debug/dwarf2/pr97060.c scan-assembler-times DW_AT_declaration 2
FAIL: gcc.dg/pr68766.c (internal compiler error)
FAIL: gcc.dg/pr68766.c (test for excess errors)
FAIL: gcc.dg/stack-layout-dynamic-1.c (test for excess errors)
UNRESOLVED: gcc.dg/stack-layout-dynamic-1.c scan-assembler-not cfi_def_cfa_register
FAIL: c-c++-common/goacc/firstprivate-mappings-1.c scan-tree-dump omplower "(?n)#pragma omp target oacc_parallel map\\\\(from:array_so \\\\[len: 4\\\\]\\\\) firstprivate\\\\(array_li.[0-9]+\\\\) map\\\\(tofrom:\\\\(\\\\*array.[0-9]+\\\\) \\\\[len: D\\\\.[0-9]+\\\\]\\\\) map\\\\(firstprivate:array \\\\[pointer assign, bias: 0\\\\]\\\\) \\\\["
FAIL: gcc.dg/graphite/scop-19.c scan-tree-dump-times graphite "number of SCoPs: 0" 1
FAIL: gcc.dg/ipa/ipa-icf-38.c scan-ltrans-tree-dump-not optimized "Function bar"
WARNING: ./decl-2.h -O0 -g (test for excess errors) program timed out.
FAIL: ./decl-2.h -O0 -g (test for excess errors)
WARNING: ./pushpop-1.h -O2 (test for excess errors) program timed out.
FAIL: ./pushpop-1.h -O2 (test for excess errors)
WARNING: ./valid-2.h -O3 -g (test for excess errors) program timed out.
FAIL: ./valid-2.h -O3 -g (test for excess errors)
FAIL: gcc.dg/torture/builtin-self.c -O0 scan-assembler-not \\tcall
WARNING: gcc.dg/torture/float128x-tg-2.c -Os program timed out.
FAIL: gcc.dg/torture/ftrapv-1.c -O0 execution test
FAIL: gcc.dg/torture/ftrapv-1.c -O1 execution test
FAIL: gcc.dg/torture/ftrapv-1.c -O2 execution test
FAIL: gcc.dg/torture/ftrapv-1.c -O2 -flto execution test
FAIL: gcc.dg/torture/ftrapv-1.c -O2 -flto -flto-partition=none execution test
FAIL: gcc.dg/torture/ftrapv-1.c -O3 -fomit-frame-pointer -funroll-loops -fpeel-loops -ftracer -finline-functions execution test
FAIL: gcc.dg/torture/ftrapv-1.c -O3 -g execution test
FAIL: gcc.dg/torture/ftrapv-1.c -Os execution test
FAIL: gcc.dg/torture/ftrapv-2.c -O0 execution test
FAIL: gcc.dg/torture/ftrapv-2.c -O1 execution test
FAIL: gcc.dg/torture/ftrapv-2.c -O2 execution test
FAIL: gcc.dg/torture/ftrapv-2.c -O3 -fomit-frame-pointer -funroll-loops -fpeel-loops -ftracer -finline-functions execution test
FAIL: gcc.dg/torture/ftrapv-2.c -O3 -g execution test
FAIL: gcc.dg/torture/ftrapv-2.c -Os execution test
WARNING: gcc.dg/torture/pr47744-1.c -O2 -flto -flto-partition=none (test for excess errors) program timed out.
FAIL: gcc.dg/torture/pr47744-1.c -O2 -flto -flto-partition=none (test for excess errors)
XPASS: gcc.dg/vect/vect-reduc-in-order-1.c -flto -ffat-lto-objects execution test
XPASS: gcc.dg/vect/vect-reduc-in-order-1.c execution test
XPASS: gcc.dg/vect/vect-reduc-in-order-2.c -flto -ffat-lto-objects execution test
XPASS: gcc.dg/vect/vect-reduc-in-order-2.c execution test
XPASS: gcc.dg/vect/vect-reduc-in-order-3.c -flto -ffat-lto-objects execution test
XPASS: gcc.dg/vect/vect-reduc-in-order-3.c execution test
XPASS: gcc.dg/vect/vect-reduc-in-order-4.c -flto -ffat-lto-objects execution test
XPASS: gcc.dg/vect/vect-reduc-in-order-4.c execution test
FAIL: gcc.target/i386/pad-3.c scan-assembler-not nop
FAIL: gcc.target/i386/pr15184-1.c scan-assembler-times movb[ \\\\t]+%al 4
FAIL: gcc.target/i386/pr15184-2.c scan-assembler-times movb[ \\\\t]+%al 2
FAIL: gcc.target/i386/pr36502.c scan-assembler-not esp
FAIL: gcc.target/i386/pr54855-3.c scan-assembler-not movsd
FAIL: gcc.target/i386/pr54855-7.c scan-assembler-not movss
FAIL: gcc.target/i386/pr66334.c scan-assembler movl[ \\\\t].+, %ebx
FAIL: gcc.target/i386/pr71245-1.c scan-assembler-not (fistp|fild)
FAIL: gcc.target/i386/pr71245-2.c scan-assembler-not movlps
FAIL: gcc.target/i386/pr78035.c scan-assembler-times cmp 2
FAIL: gcc.target/i386/pr80569.c (test for excess errors)
FAIL: gcc.target/i386/pr81736-5.c scan-assembler-not %[re]bp
XPASS: gcc.target/i386/pr84101.c scan-tree-dump-not slp2 "basic block vectorized"
FAIL: gcc.target/i386/pr84278.c scan-assembler-not \\\\(%.sp\\\\)
FAIL: gcc.target/i386/pr85667-6.c scan-assembler-times flds[^\\n\\r]* 1
WARNING: gcc.target/i386/pr88414.c (test for errors, line 15) program timed out.
FAIL: gcc.target/i386/pr92651.c scan-assembler-times sub 2
FAIL: gcc.target/i386/ret-thunk-22.c scan-assembler call[ \\\\t]*___x86.get_pc_thunk.cx
FAIL: gcc.target/i386/ret-thunk-23.c scan-assembler call[ \\\\t]*___x86.get_pc_thunk.cx
FAIL: gcc.target/i386/ret-thunk-24.c scan-assembler call[ \\\\t]*___x86.get_pc_thunk.cx
=== gcc Summary for unix/-m32 ===
# of expected passes 140734
# of unexpected failures 55
# of unexpected successes 9
# of expected failures 744
# of unresolved testcases 1
# of unsupported tests 4585
Running target unix/-m64
FAIL: c-c++-common/asan/alloca_big_alignment.c -Os output pattern test
FAIL: c-c++-common/asan/alloca_detect_custom_size.c -Os output pattern test
FAIL: c-c++-common/asan/alloca_overflow_partial.c -Os output pattern test
FAIL: c-c++-common/asan/alloca_overflow_right.c -Os output pattern test
FAIL: c-c++-common/asan/alloca_underflow_left.c -Os output pattern test
FAIL: gcc.dg/debug/dwarf2/inline4.c scan-assembler DW_TAG_inlined_subroutine[^\\\\(]*\\\\([^\\\\)]*\\\\)[^\\\\(]*\\\\(DIE \\\\(0x[0-9a-f]*\\\\) DW_TAG_formal_parameter[^\\\\(]*\\\\(DIE \\\\(0x[0-9a-f]*\\\\) DW_TAG_variable
FAIL: gcc.dg/debug/dwarf2/inline5.c scan-assembler-not \\\\(DIE \\\\(0x([0-9a-f]*)\\\\) DW_TAG_lexical_block\\\\)[^#/!@;\\\\|]*[#/!@;\\\\|]+ +[^(].*DW_TAG_lexical_block\\\\)[^#/!@;\\\\|x]*x\\\\1[^#/!@;\\\\|]*[#/!@;\\\\|] +DW_AT_abstract_origin
FAIL: gcc.dg/debug/dwarf2/pr97060.c scan-assembler-times DW_AT_declaration 2
WARNING: gcc.dg/pr32374.c (test for excess errors) program timed out.
FAIL: gcc.dg/pr32374.c (test for excess errors)
FAIL: gcc.dg/pr68766.c (internal compiler error)
FAIL: gcc.dg/pr68766.c (test for excess errors)
FAIL: gcc.dg/graphite/scop-19.c scan-tree-dump-times graphite "number of SCoPs: 0" 1
FAIL: gcc.dg/ipa/ipa-icf-38.c scan-ltrans-tree-dump-not optimized "Function bar"
WARNING: gcc.dg/torture/float128-complex.c -O2 -flto program timed out.
FAIL: gcc.dg/torture/ftrapv-1.c -O0 execution test
FAIL: gcc.dg/torture/ftrapv-1.c -O1 execution test
FAIL: gcc.dg/torture/ftrapv-1.c -O2 execution test
FAIL: gcc.dg/torture/ftrapv-1.c -O2 -flto execution test
FAIL: gcc.dg/torture/ftrapv-1.c -O2 -flto -flto-partition=none execution test
FAIL: gcc.dg/torture/ftrapv-1.c -O3 -fomit-frame-pointer -funroll-loops -fpeel-loops -ftracer -finline-functions execution test
FAIL: gcc.dg/torture/ftrapv-1.c -O3 -g execution test
FAIL: gcc.dg/torture/ftrapv-1.c -Os execution test
FAIL: gcc.dg/torture/ftrapv-2.c -O0 execution test
FAIL: gcc.dg/torture/ftrapv-2.c -O1 execution test
FAIL: gcc.dg/torture/ftrapv-2.c -O2 execution test
FAIL: gcc.dg/torture/ftrapv-2.c -O3 -fomit-frame-pointer -funroll-loops -fpeel-loops -ftracer -finline-functions execution test
FAIL: gcc.dg/torture/ftrapv-2.c -O3 -g execution test
FAIL: gcc.dg/torture/ftrapv-2.c -Os execution test
WARNING: gcc.dg/torture/neon-immediate-timode.c -O2 -flto (test for excess errors) program timed out.
FAIL: gcc.dg/torture/neon-immediate-timode.c -O2 -flto (test for excess errors)
XPASS: gcc.dg/tree-ssa/pr91091-2.c scan-tree-dump-times fre1 " = [^;]*x;" 1
XPASS: gcc.dg/tree-ssa/pr91091-2.c scan-tree-dump-times fre1 "x = " 1
XPASS: gcc.dg/tree-ssa/ssa-fre-77.c scan-tree-dump fre1 "return 1;"
FAIL: gcc.target/i386/pr34256.c scan-assembler-times mov 5
FAIL: gcc.target/i386/pr78035.c scan-assembler-times cmp 2
FAIL: gcc.target/i386/pr80569.c (test for excess errors)
FAIL: gcc.target/i386/pr92651.c scan-assembler-times sub 2
=== gcc Summary for unix/-m64 ===
# of expected passes 143088
# of unexpected failures 32
# of unexpected successes 3
# of expected failures 759
# of unsupported tests 4208
=== gcc Summary ===
# of expected passes 283822
# of unexpected failures 87
# of unexpected successes 12
# of expected failures 1503
# of unresolved testcases 1
# of unsupported tests 8793
/scratch/10-10-yos/gcc-10-wip/gcc/xgcc version 10.3.0 (GCC)
=== gfortran tests ===
Running target unix/-m32
FAIL: gfortran.dg/analyzer/pr93993.f90 -O (test for excess errors)
FAIL: gfortran.dg/class_assign_4.f90 -O0 execution test
FAIL: gfortran.dg/class_assign_4.f90 -O1 execution test
FAIL: gfortran.dg/class_assign_4.f90 -O2 execution test
FAIL: gfortran.dg/class_assign_4.f90 -O3 -fomit-frame-pointer -funroll-loops -fpeel-loops -ftracer -finline-functions execution test
FAIL: gfortran.dg/class_assign_4.f90 -O3 -g execution test
FAIL: gfortran.dg/class_assign_4.f90 -Os execution test
WARNING: gfortran.dg/der_array_io_3.f90 -O0 (test for excess errors) program timed out.
FAIL: gfortran.dg/der_array_io_3.f90 -O0 (test for excess errors)
WARNING: gfortran.dg/finalize_33.f90 -O2 (test for excess errors) program timed out.
FAIL: gfortran.dg/finalize_33.f90 -O2 (test for excess errors)
WARNING: gfortran.dg/mvbits_5.f90 -O1 (test for excess errors) program timed out.
FAIL: gfortran.dg/mvbits_5.f90 -O1 (test for excess errors)
=== gfortran Summary for unix/-m32 ===
# of expected passes 54395
# of unexpected failures 10
# of expected failures 232
# of unsupported tests 192
Running target unix/-m64
FAIL: gfortran.dg/analyzer/pr93993.f90 -O (test for excess errors)
FAIL: gfortran.dg/class_assign_4.f90 -O0 execution test
FAIL: gfortran.dg/class_assign_4.f90 -O1 execution test
FAIL: gfortran.dg/class_assign_4.f90 -O2 execution test
FAIL: gfortran.dg/class_assign_4.f90 -O3 -fomit-frame-pointer -funroll-loops -fpeel-loops -ftracer -finline-functions execution test
FAIL: gfortran.dg/class_assign_4.f90 -O3 -g execution test
FAIL: gfortran.dg/class_assign_4.f90 -Os execution test
WARNING: gfortran.dg/sizeof_2.f90 -O (test for errors, line 13) program timed out.
WARNING: gfortran.fortran-torture/execute/intrinsic_mmloc_3.f90 compilation, -O2 -fomit-frame-pointer -finline-functions -funroll-loops program timed out.
=== gfortran Summary for unix/-m64 ===
# of expected passes 54629
# of unexpected failures 7
# of expected failures 230
# of unsupported tests 83
=== gfortran Summary ===
# of expected passes 109024
# of unexpected failures 17
# of expected failures 462
# of unsupported tests 275
/scratch/10-10-yos/gcc-10-wip/gcc/gfortran version 10.3.0 (GCC)
=== gnat tests ===
Running target unix/-m32
FAIL: gnat.dg/bias1.adb scan-assembler DW_AT_GNU_bias
=== gnat Summary for unix/-m32 ===
# of expected passes 3290
# of unexpected failures 1
# of expected failures 23
# of unsupported tests 13
Running target unix/-m64
FAIL: gnat.dg/bias1.adb scan-assembler DW_AT_GNU_bias
WARNING: gnat.dg/sso/t2.adb -Os (test for excess errors) program timed out.
FAIL: gnat.dg/sso/t2.adb -Os (test for excess errors)
=== gnat Summary for unix/-m64 ===
# of expected passes 3289
# of unexpected failures 2
# of expected failures 23
# of unsupported tests 13
=== gnat Summary ===
# of expected passes 6579
# of unexpected failures 3
# of expected failures 46
# of unsupported tests 26
/scratch/10-10-yos/gcc-10-wip/gcc/gnatmake version 10.3.0
=== obj-c++ tests ===
Running target unix/-m64
=== obj-c++ Summary for unix/-m64 ===
# of expected passes 3065
# of expected failures 22
# of unsupported tests 70
Running target unix/-m32
=== obj-c++ Summary for unix/-m32 ===
# of expected passes 3127
# of expected failures 4
# of unsupported tests 64
=== obj-c++ Summary ===
# of expected passes 6192
# of expected failures 26
# of unsupported tests 134
/scratch/10-10-yos/gcc-10-wip/gcc/xg++ version 10.3.0 (GCC)
=== objc tests ===
Running target unix/-m32
=== objc Summary for unix/-m32 ===
# of expected passes 5663
# of expected failures 7
# of unsupported tests 81
Running target unix/-m64
=== objc Summary for unix/-m64 ===
# of expected passes 5611
# of expected failures 13
# of unsupported tests 88
=== objc Summary ===
# of expected passes 11274
# of expected failures 20
# of unsupported tests 169
/scratch/10-10-yos/gcc-10-wip/gcc/xgcc version 10.3.0 (GCC)
=== libatomic tests ===
Running target unix/-m64
=== libatomic Summary for unix/-m64 ===
# of expected passes 54
Running target unix/-m32
=== libatomic Summary for unix/-m32 ===
# of expected passes 44
# of unsupported tests 5
=== libatomic Summary ===
# of expected passes 98
# of unsupported tests 5
=== libgomp tests ===
Running target unix/-m64
WARNING: program timed out
FAIL: libgomp.oacc-fortran/lib-6.f90 -DACC_DEVICE_TYPE_host=1 -DACC_MEM_SHARED=1 -foffload=disable -O3 -fomit-frame-pointer -funroll-loops -fpeel-loops -ftracer -finline-functions (test for excess errors)
=== libgomp Summary for unix/-m64 ===
# of expected passes 7681
# of unexpected failures 1
# of expected failures 4
# of unsupported tests 601
Running target unix/-m32
WARNING: program timed out.
FAIL: libgomp.c++/task-reduction-10.C execution test
=== libgomp Summary for unix/-m32 ===
# of expected passes 7681
# of unexpected failures 1
# of expected failures 4
# of unsupported tests 601
=== libgomp Summary ===
# of expected passes 15362
# of unexpected failures 2
# of expected failures 8
# of unsupported tests 1202
=== libitm tests ===
Running target unix/-m64
=== libitm Summary for unix/-m64 ===
# of expected passes 40
# of expected failures 3
# of unsupported tests 2
Running target unix/-m32
=== libitm Summary for unix/-m32 ===
# of expected passes 40
# of expected failures 3
# of unsupported tests 2
=== libitm Summary ===
# of expected passes 80
# of expected failures 6
# of unsupported tests 4
=== libstdc++ tests ===
Running target unix/-m32
WARNING: 30_threads/condition_variable/54185.cc execution test program timed out.
FAIL: 30_threads/condition_variable/54185.cc execution test
WARNING: 30_threads/future/members/93456.cc execution test program timed out.
FAIL: 30_threads/future/members/93456.cc execution test
FAIL: 30_threads/future/members/poll.cc execution test
=== libstdc++ Summary for unix/-m32 ===
# of expected passes 19851
# of unexpected failures 3
# of expected failures 144
# of unsupported tests 1173
Running target unix/-m64
FAIL: 30_threads/future/members/poll.cc execution test
ERROR: could not compile testsuite_abi.cc
WARNING: tcl error sourcing /src-local/gcc-git-10/libstdc++-v3/testsuite/libstdc++-dg/conformance.exp. program timed out.
ERROR: tcl error sourcing /src-local/gcc-git-10/libstdc++-v3/testsuite/libstdc++-dg/conformance.exp.
=== libstdc++ Summary for unix/-m64 ===
# of expected passes 6727
# of unexpected failures 1
# of expected failures 43
# of unsupported tests 368
=== libstdc++ Summary ===
# of expected passes 26578
# of unexpected failures 4
# of expected failures 187
# of unsupported tests 1541
Compiler version: 10.3.0 (GCC)
Platform: x86_64-apple-darwin14
configure flags: --prefix=/opt/iains/x86_64-apple-darwin14/gcc-10-3 --build=x86_64-apple-darwin14 --with-sysroot=/Library/Developer/CommandLineTools/SDKs/MacOSX.sdk --enable-languages=all --with-cpu=westmere CC=x86_64-apple-darwin14-gcc CXX=x86_64-apple-darwin14-g++
More information about the Gcc-testresults
mailing list