Results for 11.0.1 20210407 (experimental) [src revision ecd9166b12b:dadf942f7f9:3f08a36158fafd0b135e88eb2b689f0b63e1c81b] (GCC) testsuite on powerpc-ibm-aix7.2.3.0
David Edelsohn
edelsohn@p980aix1.watson.ibm.com
Wed Apr 7 17:52:49 GMT 2021
LAST_UPDATED: Wed Apr 7 14:24:39 UTC 2021 (revision ecd9166b12b:dadf942f7f9:3f08a36158fafd0b135e88eb2b689f0b63e1c81b)
Native configuration is powerpc-ibm-aix7.2.3.0
=== g++ tests ===
Running target unix
XPASS: g++.dg/debug/pr56294.C -gdwarf-2 -g1 (test for excess errors)
XPASS: g++.dg/debug/pr56294.C -gdwarf-2 (test for excess errors)
XPASS: g++.dg/debug/pr56294.C -gdwarf-2 -g3 (test for excess errors)
XPASS: g++.dg/debug/pr56294.C -gxcoff1 (test for excess errors)
XPASS: g++.dg/debug/pr56294.C -gxcoff (test for excess errors)
XPASS: g++.dg/debug/pr56294.C -gxcoff3 (test for excess errors)
XPASS: g++.dg/debug/pr56294.C -gxcoff+1 (test for excess errors)
XPASS: g++.dg/debug/pr56294.C -gxcoff+ (test for excess errors)
XPASS: g++.dg/debug/pr56294.C -gxcoff+3 (test for excess errors)
XPASS: g++.dg/debug/pr56819.C -gdwarf-2 -g1 (test for excess errors)
XPASS: g++.dg/debug/pr56819.C -gdwarf-2 (test for excess errors)
XPASS: g++.dg/debug/pr56819.C -gdwarf-2 -g3 (test for excess errors)
XPASS: g++.dg/debug/pr56819.C -gxcoff1 (test for excess errors)
XPASS: g++.dg/debug/pr56819.C -gxcoff (test for excess errors)
XPASS: g++.dg/debug/pr56819.C -gxcoff3 (test for excess errors)
XPASS: g++.dg/debug/pr56819.C -gxcoff+1 (test for excess errors)
XPASS: g++.dg/debug/pr56819.C -gxcoff+ (test for excess errors)
XPASS: g++.dg/debug/pr56819.C -gxcoff+3 (test for excess errors)
XPASS: g++.dg/debug/dwarf2/constexpr-var-1.C scan-assembler-times DW_AT_const_expr 2
XPASS: g++.dg/debug/dwarf2/deleted-member-function.C scan-assembler-times DW_AT_deleted 2
=== g++ Summary ===
# of expected passes 55714
# of unexpected successes 20
# of expected failures 593
# of unsupported tests 1854
/tmp/GCC/gcc/testsuite/g++/../../xg++ version 11.0.1 20210407 (experimental) [src revision ecd9166b12b:dadf942f7f9:3f08a36158fafd0b135e88eb2b689f0b63e1c81b] (GCC)
=== g++ tests ===
Running target unix
FAIL: g++.dg/cpp2a/nontype-float1.C -std=c++2a (test for excess errors)
XPASS: g++.dg/template/linkage1.C -std=c++98 scan-assembler-not (weak|glob)[^\\n]*_Z3fooIXadL_ZL11static_funcvEEEvv
XPASS: g++.dg/warn/Warray-bounds-20.C -std=gnu++98 assign (test for warnings, line 30)
XPASS: g++.dg/warn/Warray-bounds-20.C -std=gnu++14 assign (test for warnings, line 30)
XPASS: g++.dg/warn/Warray-bounds-20.C -std=gnu++17 assign (test for warnings, line 30)
XPASS: g++.dg/warn/Warray-bounds-20.C -std=gnu++2a assign (test for warnings, line 30)
FAIL: g++.dg/gomp/tls-5.C -std=c++14 scan-assembler-symbol-section symbol ^_?ir\$ (symbol not found) has section ^\\\\.tbss|\\\\[TL\\\\]
FAIL: g++.dg/gomp/tls-5.C -std=c++17 scan-assembler-symbol-section symbol ^_?ir\$ (symbol not found) has section ^\\\\.tbss|\\\\[TL\\\\]
FAIL: g++.dg/gomp/tls-5.C -std=c++2a scan-assembler-symbol-section symbol ^_?ir\$ (symbol not found) has section ^\\\\.tbss|\\\\[TL\\\\]
=== g++ Summary ===
# of expected passes 54747
# of unexpected failures 4
# of unexpected successes 5
# of expected failures 379
# of unsupported tests 2004
/tmp/GCC/gcc/testsuite/g++1/../../xg++ version 11.0.1 20210407 (experimental) [src revision ecd9166b12b:dadf942f7f9:3f08a36158fafd0b135e88eb2b689f0b63e1c81b] (GCC)
=== g++ tests ===
Running target unix
=== g++ Summary ===
# of expected passes 4314
# of expected failures 20
# of unsupported tests 43
/tmp/GCC/gcc/testsuite/g++10/../../xg++ version 11.0.1 20210407 (experimental) [src revision ecd9166b12b:dadf942f7f9:3f08a36158fafd0b135e88eb2b689f0b63e1c81b] (GCC)
=== g++ tests ===
Running target unix
=== g++ Summary ===
# of expected passes 4999
# of expected failures 27
# of unsupported tests 81
/tmp/GCC/gcc/testsuite/g++11/../../xg++ version 11.0.1 20210407 (experimental) [src revision ecd9166b12b:dadf942f7f9:3f08a36158fafd0b135e88eb2b689f0b63e1c81b] (GCC)
=== g++ tests ===
Running target unix
FAIL: g++.dg/ext/instantiate2.C -std=gnu++98 scan-assembler \\n_?_ZN1AIiE1tE(:|\\n|\\t)
FAIL: g++.dg/ext/instantiate2.C -std=gnu++14 scan-assembler \\n_?_ZN1AIiE1tE(:|\\n|\\t)
FAIL: g++.dg/ext/instantiate2.C -std=gnu++17 scan-assembler \\n_?_ZN1AIiE1tE(:|\\n|\\t)
FAIL: g++.dg/ext/instantiate2.C -std=gnu++2a scan-assembler \\n_?_ZN1AIiE1tE(:|\\n|\\t)
=== g++ tests ===
Running target unix
FAIL: g++.dg/compat/eh/new1 cp_compat_x_tst.o-cp_compat_y_tst.o execute
=== g++ tests ===
Running target unix
XPASS: g++.dg/eh/new1.C -std=c++98 execution test
=== g++ tests ===
Running target unix
XPASS: g++.old-deja/g++.eh/new2.C -std=gnu++98 execution test
=== g++ Summary ===
# of expected passes 3605
# of unexpected successes 1
# of expected failures 7
# of unsupported tests 24
/tmp/GCC/gcc/testsuite/g++5/../../xg++ version 11.0.1 20210407 (experimental) [src revision ecd9166b12b:dadf942f7f9:3f08a36158fafd0b135e88eb2b689f0b63e1c81b] (GCC)
=== g++ tests ===
Running target unix
XPASS: g++.old-deja/g++.mike/p755a.C -std=c++98 execution test
=== g++ Summary ===
# of expected passes 4039
# of unexpected successes 1
# of expected failures 15
# of unsupported tests 63
/tmp/GCC/gcc/testsuite/g++6/../../xg++ version 11.0.1 20210407 (experimental) [src revision ecd9166b12b:dadf942f7f9:3f08a36158fafd0b135e88eb2b689f0b63e1c81b] (GCC)
=== g++ tests ===
Running target unix
=== g++ Summary ===
# of expected passes 3958
# of expected failures 10
# of unsupported tests 93
/tmp/GCC/gcc/testsuite/g++7/../../xg++ version 11.0.1 20210407 (experimental) [src revision ecd9166b12b:dadf942f7f9:3f08a36158fafd0b135e88eb2b689f0b63e1c81b] (GCC)
=== g++ tests ===
Running target unix
=== g++ Summary ===
# of expected passes 5870
# of expected failures 30
# of unsupported tests 126
/tmp/GCC/gcc/testsuite/g++8/../../xg++ version 11.0.1 20210407 (experimental) [src revision ecd9166b12b:dadf942f7f9:3f08a36158fafd0b135e88eb2b689f0b63e1c81b] (GCC)
=== g++ tests ===
Running target unix
=== g++ Summary ===
# of expected passes 4451
# of expected failures 7
# of unsupported tests 201
/tmp/GCC/gcc/testsuite/g++9/../../xg++ version 11.0.1 20210407 (experimental) [src revision ecd9166b12b:dadf942f7f9:3f08a36158fafd0b135e88eb2b689f0b63e1c81b] (GCC)
=== gcc tests ===
Running target unix
=== gcc Summary ===
# of expected passes 21992
# of expected failures 91
# of unsupported tests 359
/tmp/GCC/gcc/xgcc version 11.0.1 20210407 (experimental) [src revision ecd9166b12b:dadf942f7f9:3f08a36158fafd0b135e88eb2b689f0b63e1c81b] (GCC)
=== gcc tests ===
Running target unix
XPASS: gcc.dg/autopar/pr46799.c (test for excess errors)
FAIL: gcc.dg/alias-7.c (test for excess errors)
UNRESOLVED: gcc.dg/alias-7.c compilation failed to produce executable
XPASS: gcc.target/powerpc/vsx-vectorize-4.c scan-tree-dump-times vect "Alignment of access forced using peeling" 0
XPASS: gcc.target/powerpc/vsx-vectorize-6.c scan-tree-dump-times vect "Alignment of access forced using peeling" 0
=== gcc Summary ===
# of expected passes 16145
# of unexpected failures 1
# of unexpected successes 3
# of expected failures 171
# of unresolved testcases 1
# of unsupported tests 640
/tmp/GCC/gcc/xgcc version 11.0.1 20210407 (experimental) [src revision ecd9166b12b:dadf942f7f9:3f08a36158fafd0b135e88eb2b689f0b63e1c81b] (GCC)
=== gcc tests ===
Running target unix
XPASS: gcc.dg/graphite/pr42729.c (test for excess errors)
XPASS: gcc.dg/graphite/pr42917.c (test for excess errors)
=== gcc tests ===
Running target unix
FAIL: c-c++-common/goacc/firstprivate-mappings-1.c scan-tree-dump omplower "(?n)#pragma omp target oacc_parallel map\\\\(from:array_so \\\\[len: 4\\\\]\\\\) firstprivate\\\\(array_li.[0-9]+\\\\) map\\\\(tofrom:\\\\(\\\\*array.[0-9]+\\\\) \\\\[len: D\\\\.[0-9]+\\\\]\\\\) map\\\\(firstprivate:array \\\\[pointer assign, bias: 0\\\\]\\\\) \\\\["
FAIL: gcc.dg/tls/alias-1.c (test for excess errors)
XPASS: gcc.dg/torture/pr59166.c -O0 (test for excess errors)
XPASS: gcc.dg/torture/pr59166.c -O1 (test for excess errors)
XPASS: gcc.dg/torture/pr59166.c -O2 (test for excess errors)
XPASS: gcc.dg/torture/pr59166.c -O3 -fomit-frame-pointer -funroll-loops -fpeel-loops -ftracer -finline-functions (test for excess errors)
XPASS: gcc.dg/torture/pr59166.c -Os (test for excess errors)
FAIL: gcc.dg/vect/slp-21.c scan-tree-dump-times vect "vectorizing stmts using SLP" 2
XPASS: gcc.dg/vect/slp-24-big-array.c scan-tree-dump-times vect "vectorized 1 loops" 1
XPASS: gcc.dg/vect/slp-24-big-array.c scan-tree-dump-times vect "vectorizing stmts using SLP" 2
XPASS: gcc.dg/vect/slp-24.c scan-tree-dump-times vect "vectorized 1 loops" 1
XPASS: gcc.dg/vect/slp-24.c scan-tree-dump-times vect "vectorizing stmts using SLP" 2
=== gcc Summary ===
# of expected passes 16793
# of unexpected failures 3
# of unexpected successes 9
# of expected failures 151
# of unsupported tests 743
/tmp/GCC/gcc/xgcc version 11.0.1 20210407 (experimental) [src revision ecd9166b12b:dadf942f7f9:3f08a36158fafd0b135e88eb2b689f0b63e1c81b] (GCC)
=== gcc tests ===
Running target unix
XPASS: gcc.dg/Wstringop-overflow-43.c pr????? (test for warnings, line 172)
FAIL: gcc.dg/asm-names.c scan-assembler-not ____frob14
FAIL: gcc.dg/strlenopt-58.c scan-tree-dump-times optimized "call_in_true_branch_not_eliminated" 0
XPASS: gcc.dg/graphite/pr69728.c scan-tree-dump graphite "loop nest optimized"
=== gcc tests ===
Running target unix
FAIL: gcc.c-torture/execute/alias-2.c -O0 (test for excess errors)
UNRESOLVED: gcc.c-torture/execute/alias-2.c -O0 compilation failed to produce executable
FAIL: gcc.c-torture/execute/alias-2.c -O1 (test for excess errors)
UNRESOLVED: gcc.c-torture/execute/alias-2.c -O1 compilation failed to produce executable
FAIL: gcc.c-torture/execute/alias-2.c -O2 (test for excess errors)
UNRESOLVED: gcc.c-torture/execute/alias-2.c -O2 compilation failed to produce executable
FAIL: gcc.c-torture/execute/alias-2.c -O3 -g (test for excess errors)
UNRESOLVED: gcc.c-torture/execute/alias-2.c -O3 -g compilation failed to produce executable
FAIL: gcc.c-torture/execute/alias-2.c -Os (test for excess errors)
UNRESOLVED: gcc.c-torture/execute/alias-2.c -Os compilation failed to produce executable
FAIL: gcc.dg/analyzer/getchar-1.c (test for excess errors)
XPASS: gcc.dg/tree-ssa/cunroll-15.c scan-tree-dump optimized "return 1;"
XPASS: gcc.dg/vect/costmodel/ppc/costmodel-fast-math-vect-pr29925.c scan-tree-dump-times vect "vectorization not profitable" 1
=== gcc Summary ===
# of expected passes 18489
# of unexpected failures 6
# of unexpected successes 2
# of expected failures 151
# of unresolved testcases 5
# of unsupported tests 614
/tmp/GCC/gcc/xgcc version 11.0.1 20210407 (experimental) [src revision ecd9166b12b:dadf942f7f9:3f08a36158fafd0b135e88eb2b689f0b63e1c81b] (GCC)
=== gcc tests ===
Running target unix
FAIL: gcc.dg/nextafter-2.c execution test
=== gfortran tests ===
Running target unix
FAIL: gfortran.dg/graphite/vect-pr40979.f90 -O scan-tree-dump-times vect "vectorized 1 loops" 1
FAIL: gfortran.dg/vect/fast-math-mgrid-resid.f -O scan-tree-dump pcom "vectp_u.*__lsm.* = PHI <.*vectp_u.*__lsm"
=== gfortran Summary ===
# of expected passes 11014
# of unexpected failures 2
# of expected failures 45
# of unsupported tests 123
/tmp/GCC/gcc/testsuite/gfortran/../../gfortran version 11.0.1 20210407 (experimental) [src revision ecd9166b12b:dadf942f7f9:3f08a36158fafd0b135e88eb2b689f0b63e1c81b] (GCC)
=== gfortran tests ===
Running target unix
FAIL: gfortran.dg/bind_c_array_params_2.f90 -O scan-assembler-times [ \\t][\$,_0-9]*myBindC 1
=== gfortran tests ===
Running target unix
=== gfortran tests ===
Running target unix
=== gfortran Summary ===
# of expected passes 11024
# of expected failures 27
# of unsupported tests 122
/tmp/GCC/gcc/testsuite/gfortran3/../../gfortran version 11.0.1 20210407 (experimental) [src revision ecd9166b12b:dadf942f7f9:3f08a36158fafd0b135e88eb2b689f0b63e1c81b] (GCC)
=== gfortran tests ===
Running target unix
=== gfortran tests ===
Running target unix
=== gfortran Summary ===
# of expected passes 11634
# of expected failures 122
# of unsupported tests 60
/tmp/GCC/gcc/testsuite/gfortran5/../../gfortran version 11.0.1 20210407 (experimental) [src revision ecd9166b12b:dadf942f7f9:3f08a36158fafd0b135e88eb2b689f0b63e1c81b] (GCC)
=== libatomic tests ===
Running target unix
=== libatomic Summary ===
# of expected passes 44
# of unsupported tests 5
=== libgomp tests ===
Running target unix
FAIL: libgomp.fortran/async_io_2.f90 -O execution test
FAIL: libgomp.fortran/async_io_3.f90 -O0 execution test
FAIL: libgomp.fortran/async_io_3.f90 -O1 execution test
FAIL: libgomp.fortran/async_io_3.f90 -O2 execution test
FAIL: libgomp.fortran/async_io_3.f90 -O3 -fomit-frame-pointer -funroll-loops -fpeel-loops -ftracer -finline-functions execution test
FAIL: libgomp.fortran/async_io_3.f90 -O3 -g execution test
FAIL: libgomp.fortran/async_io_3.f90 -Os execution test
FAIL: libgomp.fortran/async_io_9.f90 -O0 execution test
FAIL: libgomp.fortran/async_io_9.f90 -O1 execution test
FAIL: libgomp.fortran/async_io_9.f90 -O2 execution test
FAIL: libgomp.fortran/async_io_9.f90 -O3 -fomit-frame-pointer -funroll-loops -fpeel-loops -ftracer -finline-functions execution test
FAIL: libgomp.fortran/async_io_9.f90 -O3 -g execution test
FAIL: libgomp.fortran/async_io_9.f90 -Os execution test
FAIL: libgomp.fortran/omp_orphan.f -O execution test
FAIL: libgomp.fortran/omp_workshare1.f -O execution test
FAIL: libgomp.fortran/omp_workshare2.f -O execution test
FAIL: libgomp.fortran/recursion1.f90 -O0 execution test
FAIL: libgomp.fortran/recursion1.f90 -O1 execution test
FAIL: libgomp.fortran/recursion1.f90 -O2 execution test
WARNING: program timed out.
FAIL: libgomp.fortran/recursion1.f90 -O3 -fomit-frame-pointer -funroll-loops -fpeel-loops -ftracer -finline-functions execution test
FAIL: libgomp.fortran/recursion1.f90 -O3 -g execution test
WARNING: program timed out.
FAIL: libgomp.fortran/recursion1.f90 -Os execution test
FAIL: libgomp.fortran/strassen.f90 -O execution test
FAIL: libgomp.graphite/force-parallel-7.c execution test
=== libgomp Summary ===
# of expected passes 8204
# of unexpected failures 24
# of expected failures 6
# of unsupported tests 620
=== libstdc++ tests ===
Running target unix
FAIL: 20_util/to_chars/long_double.cc execution test
=== libstdc++ Summary ===
# of expected passes 12741
# of unexpected failures 1
# of expected failures 110
# of unsupported tests 902
Compiler version: 11.0.1 20210407 (experimental) [src revision ecd9166b12b:dadf942f7f9:3f08a36158fafd0b135e88eb2b689f0b63e1c81b] (GCC)
Platform: powerpc-ibm-aix7.2.3.0
configure flags: --disable-werror --enable-languages=c,c++,fortran --with-gmp=/nasfarm/edelsohn/install --with-isl=/nasfarm/edelsohn/install --with-libiconv-prefix=/nasfarm/edelsohn/install --disable-libstdcxx-pch --with-included-gettext --prefix=/nasfarm/edelsohn/install/GCC
More information about the Gcc-testresults
mailing list