Results for 11.0.1 20210404 (experimental) [master revision c3d3bb0f03dbd02512ab46979088ee8e22520c24] (GCC) testsuite on aarch64-unknown-linux-gnu
LINARO TCWG
tcwg@tcwg.validation.linaro.org
Mon Apr 5 09:08:21 GMT 2021
LAST_UPDATED: Mon Apr 5 00:48:08 UTC 2021 (revision c3d3bb0f03dbd02512ab46979088ee8e22520c24)
Native configuration is aarch64-unknown-linux-gnu
=== libatomic tests ===
Running target tcwg-local
=== libatomic Summary ===
# of expected passes 54
=== libgomp tests ===
Running target tcwg-local
=== libgomp Summary ===
# of expected passes 8208
# of expected failures 4
# of unsupported tests 610
=== libitm tests ===
Running target tcwg-local
=== libitm Summary ===
# of expected passes 42
# of expected failures 3
# of unsupported tests 1
=== libstdc++ tests ===
Running target tcwg-local
=== libstdc++ Summary ===
# of expected passes 14703
# of expected failures 104
# of unsupported tests 695
=== gcc tests ===
Running target tcwg-local
FAIL: gcc.dg/pr96573.c scan-tree-dump optimized "__builtin_bswap"
XPASS: gcc.dg/guality/example.c -O0 execution test
XPASS: gcc.dg/guality/example.c -O1 -DPREVENT_OPTIMIZATION execution test
XPASS: gcc.dg/guality/example.c -Og -DPREVENT_OPTIMIZATION execution test
XPASS: gcc.dg/guality/guality.c -O0 execution test
XPASS: gcc.dg/guality/guality.c -O1 -DPREVENT_OPTIMIZATION execution test
XPASS: gcc.dg/guality/guality.c -O2 -DPREVENT_OPTIMIZATION execution test
XPASS: gcc.dg/guality/guality.c -O3 -g -DPREVENT_OPTIMIZATION execution test
XPASS: gcc.dg/guality/guality.c -Os -DPREVENT_OPTIMIZATION execution test
XPASS: gcc.dg/guality/guality.c -Og -DPREVENT_OPTIMIZATION execution test
XPASS: gcc.dg/guality/guality.c -O2 -flto -fno-use-linker-plugin -flto-partition=none -DPREVENT_OPTIMIZATION execution test
XPASS: gcc.dg/guality/guality.c -O2 -flto -fuse-linker-plugin -fno-fat-lto-objects -DPREVENT_OPTIMIZATION execution test
XPASS: gcc.dg/guality/inline-params.c -O2 -DPREVENT_OPTIMIZATION execution test
XPASS: gcc.dg/guality/inline-params.c -O3 -g -DPREVENT_OPTIMIZATION execution test
XPASS: gcc.dg/guality/inline-params.c -Os -DPREVENT_OPTIMIZATION execution test
XPASS: gcc.dg/guality/inline-params.c -O2 -flto -fno-use-linker-plugin -flto-partition=none -DPREVENT_OPTIMIZATION execution test
XPASS: gcc.dg/guality/inline-params.c -O2 -flto -fuse-linker-plugin -fno-fat-lto-objects -DPREVENT_OPTIMIZATION execution test
FAIL: gcc.dg/guality/loop-1.c -O3 -fomit-frame-pointer -funroll-loops -fpeel-loops -ftracer -finline-functions -DPREVENT_OPTIMIZATION line 20 i == 1
FAIL: gcc.dg/guality/pr36728-1.c -O2 -flto -fuse-linker-plugin -fno-fat-lto-objects -DPREVENT_OPTIMIZATION line 16 y == 2
FAIL: gcc.dg/guality/pr36728-2.c -O3 -g -DPREVENT_OPTIMIZATION line 16 arg1 == 1
FAIL: gcc.dg/guality/pr36728-2.c -O3 -g -DPREVENT_OPTIMIZATION line 16 arg2 == 2
FAIL: gcc.dg/guality/pr36728-2.c -O3 -g -DPREVENT_OPTIMIZATION line 16 arg3 == 3
FAIL: gcc.dg/guality/pr36728-2.c -O3 -g -DPREVENT_OPTIMIZATION line 16 arg4 == 4
FAIL: gcc.dg/guality/pr36728-2.c -O3 -g -DPREVENT_OPTIMIZATION line 16 arg5 == 5
FAIL: gcc.dg/guality/pr36728-2.c -O3 -g -DPREVENT_OPTIMIZATION line 16 arg6 == 6
FAIL: gcc.dg/guality/pr36728-2.c -O3 -g -DPREVENT_OPTIMIZATION line 16 arg7 == 30
FAIL: gcc.dg/guality/pr36728-2.c -O3 -g -DPREVENT_OPTIMIZATION line 18 arg1 == 1
FAIL: gcc.dg/guality/pr36728-2.c -O3 -g -DPREVENT_OPTIMIZATION line 18 arg2 == 2
FAIL: gcc.dg/guality/pr36728-2.c -O3 -g -DPREVENT_OPTIMIZATION line 18 arg3 == 3
FAIL: gcc.dg/guality/pr36728-2.c -O3 -g -DPREVENT_OPTIMIZATION line 18 arg4 == 4
FAIL: gcc.dg/guality/pr36728-2.c -O3 -g -DPREVENT_OPTIMIZATION line 18 arg5 == 5
FAIL: gcc.dg/guality/pr36728-2.c -O3 -g -DPREVENT_OPTIMIZATION line 18 arg6 == 6
FAIL: gcc.dg/guality/pr36728-2.c -O3 -g -DPREVENT_OPTIMIZATION line 18 arg7 == 30
FAIL: gcc.dg/guality/pr36728-2.c -O2 -flto -fuse-linker-plugin -fno-fat-lto-objects -DPREVENT_OPTIMIZATION line 16 arg1 == 1
FAIL: gcc.dg/guality/pr36728-2.c -O2 -flto -fuse-linker-plugin -fno-fat-lto-objects -DPREVENT_OPTIMIZATION line 16 arg2 == 2
FAIL: gcc.dg/guality/pr36728-2.c -O2 -flto -fuse-linker-plugin -fno-fat-lto-objects -DPREVENT_OPTIMIZATION line 16 arg3 == 3
FAIL: gcc.dg/guality/pr36728-2.c -O2 -flto -fuse-linker-plugin -fno-fat-lto-objects -DPREVENT_OPTIMIZATION line 16 arg4 == 4
FAIL: gcc.dg/guality/pr36728-2.c -O2 -flto -fuse-linker-plugin -fno-fat-lto-objects -DPREVENT_OPTIMIZATION line 16 arg5 == 5
FAIL: gcc.dg/guality/pr36728-2.c -O2 -flto -fuse-linker-plugin -fno-fat-lto-objects -DPREVENT_OPTIMIZATION line 16 arg6 == 6
FAIL: gcc.dg/guality/pr36728-2.c -O2 -flto -fuse-linker-plugin -fno-fat-lto-objects -DPREVENT_OPTIMIZATION line 16 arg7 == 30
FAIL: gcc.dg/guality/pr36728-2.c -O2 -flto -fuse-linker-plugin -fno-fat-lto-objects -DPREVENT_OPTIMIZATION line 16 y == 2
FAIL: gcc.dg/guality/pr36728-2.c -O2 -flto -fuse-linker-plugin -fno-fat-lto-objects -DPREVENT_OPTIMIZATION line 18 arg1 == 1
FAIL: gcc.dg/guality/pr36728-2.c -O2 -flto -fuse-linker-plugin -fno-fat-lto-objects -DPREVENT_OPTIMIZATION line 18 arg2 == 2
FAIL: gcc.dg/guality/pr36728-2.c -O2 -flto -fuse-linker-plugin -fno-fat-lto-objects -DPREVENT_OPTIMIZATION line 18 arg3 == 3
FAIL: gcc.dg/guality/pr36728-2.c -O2 -flto -fuse-linker-plugin -fno-fat-lto-objects -DPREVENT_OPTIMIZATION line 18 arg4 == 4
FAIL: gcc.dg/guality/pr36728-2.c -O2 -flto -fuse-linker-plugin -fno-fat-lto-objects -DPREVENT_OPTIMIZATION line 18 arg5 == 5
FAIL: gcc.dg/guality/pr36728-2.c -O2 -flto -fuse-linker-plugin -fno-fat-lto-objects -DPREVENT_OPTIMIZATION line 18 arg6 == 6
FAIL: gcc.dg/guality/pr36728-2.c -O2 -flto -fuse-linker-plugin -fno-fat-lto-objects -DPREVENT_OPTIMIZATION line 18 arg7 == 30
FAIL: gcc.dg/guality/pr36728-3.c -O3 -g -DPREVENT_OPTIMIZATION line 14 y == 2
XPASS: gcc.dg/guality/pr41353-1.c -O0 line 28 j == 28 + 37
FAIL: gcc.dg/guality/pr41447-1.c -O2 -DPREVENT_OPTIMIZATION execution test
FAIL: gcc.dg/guality/pr41447-1.c -O3 -g -DPREVENT_OPTIMIZATION execution test
FAIL: gcc.dg/guality/pr41447-1.c -Os -DPREVENT_OPTIMIZATION execution test
FAIL: gcc.dg/guality/pr41447-1.c -O2 -flto -fno-use-linker-plugin -flto-partition=none -DPREVENT_OPTIMIZATION execution test
FAIL: gcc.dg/guality/pr54200.c -O1 -DPREVENT_OPTIMIZATION line 20 z == 3
FAIL: gcc.dg/guality/pr54200.c -O2 -DPREVENT_OPTIMIZATION line 20 z == 3
FAIL: gcc.dg/guality/pr54200.c -O3 -g -DPREVENT_OPTIMIZATION line 20 z == 3
FAIL: gcc.dg/guality/pr54200.c -Os -DPREVENT_OPTIMIZATION line 20 z == 3
FAIL: gcc.dg/guality/pr54200.c -O2 -flto -fno-use-linker-plugin -flto-partition=none -DPREVENT_OPTIMIZATION line 20 z == 3
FAIL: gcc.dg/guality/pr54519-1.c -O2 -flto -fno-use-linker-plugin -flto-partition=none -DPREVENT_OPTIMIZATION line 20 y == 25
FAIL: gcc.dg/guality/pr54519-1.c -O2 -flto -fno-use-linker-plugin -flto-partition=none -DPREVENT_OPTIMIZATION line 20 z == 6
FAIL: gcc.dg/guality/pr54519-1.c -O2 -flto -fno-use-linker-plugin -flto-partition=none -DPREVENT_OPTIMIZATION line 23 y == 117
FAIL: gcc.dg/guality/pr54519-1.c -O2 -flto -fno-use-linker-plugin -flto-partition=none -DPREVENT_OPTIMIZATION line 23 z == 8
FAIL: gcc.dg/guality/pr54519-1.c -O2 -flto -fuse-linker-plugin -fno-fat-lto-objects -DPREVENT_OPTIMIZATION line 20 y == 25
FAIL: gcc.dg/guality/pr54519-1.c -O2 -flto -fuse-linker-plugin -fno-fat-lto-objects -DPREVENT_OPTIMIZATION line 20 z == 6
FAIL: gcc.dg/guality/pr54519-1.c -O2 -flto -fuse-linker-plugin -fno-fat-lto-objects -DPREVENT_OPTIMIZATION line 23 y == 117
FAIL: gcc.dg/guality/pr54519-1.c -O2 -flto -fuse-linker-plugin -fno-fat-lto-objects -DPREVENT_OPTIMIZATION line 23 z == 8
FAIL: gcc.dg/guality/pr54519-2.c -O2 -flto -fno-use-linker-plugin -flto-partition=none -DPREVENT_OPTIMIZATION line 17 y == 25
FAIL: gcc.dg/guality/pr54519-2.c -O2 -flto -fuse-linker-plugin -fno-fat-lto-objects -DPREVENT_OPTIMIZATION line 17 y == 25
FAIL: gcc.dg/guality/pr54519-3.c -O2 -flto -fno-use-linker-plugin -flto-partition=none -DPREVENT_OPTIMIZATION line 20 y == 25
FAIL: gcc.dg/guality/pr54519-3.c -O2 -flto -fno-use-linker-plugin -flto-partition=none -DPREVENT_OPTIMIZATION line 20 z == 6
FAIL: gcc.dg/guality/pr54519-3.c -O2 -flto -fno-use-linker-plugin -flto-partition=none -DPREVENT_OPTIMIZATION line 23 y == 117
FAIL: gcc.dg/guality/pr54519-3.c -O2 -flto -fno-use-linker-plugin -flto-partition=none -DPREVENT_OPTIMIZATION line 23 z == 8
FAIL: gcc.dg/guality/pr54519-3.c -O2 -flto -fuse-linker-plugin -fno-fat-lto-objects -DPREVENT_OPTIMIZATION line 20 y == 25
FAIL: gcc.dg/guality/pr54519-3.c -O2 -flto -fuse-linker-plugin -fno-fat-lto-objects -DPREVENT_OPTIMIZATION line 20 z == 6
FAIL: gcc.dg/guality/pr54519-3.c -O2 -flto -fuse-linker-plugin -fno-fat-lto-objects -DPREVENT_OPTIMIZATION line 23 y == 117
FAIL: gcc.dg/guality/pr54519-3.c -O2 -flto -fuse-linker-plugin -fno-fat-lto-objects -DPREVENT_OPTIMIZATION line 23 z == 8
FAIL: gcc.dg/guality/pr54519-4.c -O2 -flto -fno-use-linker-plugin -flto-partition=none -DPREVENT_OPTIMIZATION line 17 y == 25
FAIL: gcc.dg/guality/pr54519-4.c -O2 -flto -fuse-linker-plugin -fno-fat-lto-objects -DPREVENT_OPTIMIZATION line 17 y == 25
FAIL: gcc.dg/guality/pr54519-5.c -O2 -flto -fno-use-linker-plugin -flto-partition=none -DPREVENT_OPTIMIZATION line 17 y == 25
FAIL: gcc.dg/guality/pr54519-5.c -O2 -flto -fuse-linker-plugin -fno-fat-lto-objects -DPREVENT_OPTIMIZATION line 17 y == 25
FAIL: gcc.dg/guality/pr54519-6.c -Os -DPREVENT_OPTIMIZATION line 11 x == 2
FAIL: gcc.dg/guality/pr54693-2.c -Os -DPREVENT_OPTIMIZATION line 21 z == 30 - 3 * i
FAIL: gcc.dg/guality/pr54693-2.c -O2 -flto -fuse-linker-plugin -fno-fat-lto-objects -DPREVENT_OPTIMIZATION line 21 z == 30 - 3 * i
XPASS: gcc.dg/guality/pr54970.c -O0 line 15 a[0] == 1
XPASS: gcc.dg/guality/pr54970.c -O0 line 20 a[0] == 1
XPASS: gcc.dg/guality/pr54970.c -O0 line 25 a[0] == 1
XPASS: gcc.dg/guality/pr54970.c -O0 line 31 a[0] == 4
XPASS: gcc.dg/guality/pr54970.c -O0 line 36 a[0] == 4
XPASS: gcc.dg/guality/pr54970.c -O0 line 45 a[0] == 4
XPASS: gcc.dg/guality/pr54970.c -O0 line 45 p[-2] == 4
XPASS: gcc.dg/guality/pr54970.c -O0 line 45 q[-1] == 4
XPASS: gcc.dg/guality/pr54970.c -Og -DPREVENT_OPTIMIZATION line 15 a[0] == 1
XPASS: gcc.dg/guality/pr54970.c -Og -DPREVENT_OPTIMIZATION line 20 a[0] == 1
XPASS: gcc.dg/guality/pr54970.c -Og -DPREVENT_OPTIMIZATION line 25 a[0] == 1
XPASS: gcc.dg/guality/pr54970.c -Og -DPREVENT_OPTIMIZATION line 31 a[0] == 4
XPASS: gcc.dg/guality/pr54970.c -Og -DPREVENT_OPTIMIZATION line 36 a[0] == 4
XPASS: gcc.dg/guality/pr54970.c -Og -DPREVENT_OPTIMIZATION line 45 a[0] == 4
XPASS: gcc.dg/guality/pr54970.c -Og -DPREVENT_OPTIMIZATION line 45 p[-2] == 4
XPASS: gcc.dg/guality/pr54970.c -Og -DPREVENT_OPTIMIZATION line 45 q[-1] == 4
FAIL: gcc.dg/guality/pr56154-1.c -Og -DPREVENT_OPTIMIZATION line pr56154-1.c:20 x.a == 6
XPASS: gcc.dg/guality/pr59776.c -O0 line pr59776.c:17 s2.g == 6.0
XPASS: gcc.dg/guality/pr59776.c -O0 line pr59776.c:20 s2.g == 6.0
FAIL: gcc.dg/guality/pr59776.c -Og -DPREVENT_OPTIMIZATION line pr59776.c:17 s1.f == 5.0
FAIL: gcc.dg/guality/pr59776.c -Og -DPREVENT_OPTIMIZATION line pr59776.c:17 s1.g == 6.0
FAIL: gcc.dg/guality/pr59776.c -Og -DPREVENT_OPTIMIZATION line pr59776.c:17 s2.f == 0.0
FAIL: gcc.dg/guality/pr59776.c -Og -DPREVENT_OPTIMIZATION line pr59776.c:20 s1.f == 5.0
FAIL: gcc.dg/guality/pr59776.c -Og -DPREVENT_OPTIMIZATION line pr59776.c:20 s1.g == 6.0
FAIL: gcc.dg/guality/pr59776.c -Og -DPREVENT_OPTIMIZATION line pr59776.c:20 s2.f == 5.0
FAIL: gcc.dg/guality/pr68860-1.c -O2 -DPREVENT_OPTIMIZATION line 14 y == 2
FAIL: gcc.dg/guality/pr68860-1.c -O3 -g -DPREVENT_OPTIMIZATION line 14 y == 2
FAIL: gcc.dg/guality/pr68860-2.c -O3 -g -DPREVENT_OPTIMIZATION line 14 y == 2
FAIL: gcc.dg/guality/pr90074.c -O2 -flto -fuse-linker-plugin -fno-fat-lto-objects -DPREVENT_OPTIMIZATION line 28 i + 1 == 8
FAIL: gcc.dg/guality/pr90074.c -O2 -flto -fuse-linker-plugin -fno-fat-lto-objects -DPREVENT_OPTIMIZATION line 28 c + 1 == 2
FAIL: gcc.dg/guality/pr90716.c -O2 -flto -fuse-linker-plugin -fno-fat-lto-objects -DPREVENT_OPTIMIZATION line 23 j + 1 == 9
FAIL: gcc.dg/guality/sra-1.c -Og -DPREVENT_OPTIMIZATION line 43 a.i == 4
FAIL: gcc.dg/guality/sra-1.c -Og -DPREVENT_OPTIMIZATION line 43 a.j == 14
FAIL: gcc.dg/guality/sra-1.c -O2 -flto -fuse-linker-plugin -fno-fat-lto-objects -DPREVENT_OPTIMIZATION line 21 a.j == 14
FAIL: gcc.dg/guality/sra-1.c -O2 -flto -fuse-linker-plugin -fno-fat-lto-objects -DPREVENT_OPTIMIZATION line 32 a[1] == 14
FAIL: gcc.dg/guality/sra-1.c -O2 -flto -fuse-linker-plugin -fno-fat-lto-objects -DPREVENT_OPTIMIZATION line 43 a.j == 14
FAIL: gcc.dg/vect/pr65947-7.c -flto -ffat-lto-objects scan-tree-dump-not vect "LOOP VECTORIZED"
FAIL: gcc.dg/vect/pr65947-7.c scan-tree-dump-not vect "LOOP VECTORIZED"
FAIL: gcc.target/aarch64/insv_1.c scan-assembler bfi\\tx[0-9]+, x[0-9]+, 0, 8
FAIL: gcc.target/aarch64/insv_1.c scan-assembler bfi\\tx[0-9]+, x[0-9]+, 16, 5
FAIL: gcc.target/aarch64/mem-shift-canonical.c scan-assembler-times add_lsl_di 3
UNRESOLVED: gcc.target/aarch64/pr70044.c scan-lto-assembler (mov|add)\\tx29, sp
FAIL: gcc.target/aarch64/advsimd-intrinsics/bf16_get-be.c -O0 (test for excess errors)
FAIL: gcc.target/aarch64/advsimd-intrinsics/bf16_get-be.c -O1 (test for excess errors)
UNRESOLVED: gcc.target/aarch64/advsimd-intrinsics/bf16_get-be.c -O1 check-function-bodies test_vget_low_bf16
UNRESOLVED: gcc.target/aarch64/advsimd-intrinsics/bf16_get-be.c -O1 check-function-bodies test_vget_high_bf16
FAIL: gcc.target/aarch64/advsimd-intrinsics/bf16_get-be.c -O2 (test for excess errors)
UNRESOLVED: gcc.target/aarch64/advsimd-intrinsics/bf16_get-be.c -O2 check-function-bodies test_vget_low_bf16
UNRESOLVED: gcc.target/aarch64/advsimd-intrinsics/bf16_get-be.c -O2 check-function-bodies test_vget_high_bf16
FAIL: gcc.target/aarch64/advsimd-intrinsics/bf16_get-be.c -O3 -g (test for excess errors)
UNRESOLVED: gcc.target/aarch64/advsimd-intrinsics/bf16_get-be.c -O3 -g check-function-bodies test_vget_low_bf16
UNRESOLVED: gcc.target/aarch64/advsimd-intrinsics/bf16_get-be.c -O3 -g check-function-bodies test_vget_high_bf16
FAIL: gcc.target/aarch64/advsimd-intrinsics/bf16_get-be.c -Os (test for excess errors)
UNRESOLVED: gcc.target/aarch64/advsimd-intrinsics/bf16_get-be.c -Os check-function-bodies test_vget_low_bf16
UNRESOLVED: gcc.target/aarch64/advsimd-intrinsics/bf16_get-be.c -Os check-function-bodies test_vget_high_bf16
FAIL: gcc.target/aarch64/advsimd-intrinsics/bf16_get-be.c -Og -g (test for excess errors)
UNRESOLVED: gcc.target/aarch64/advsimd-intrinsics/bf16_get-be.c -Og -g check-function-bodies test_vget_low_bf16
UNRESOLVED: gcc.target/aarch64/advsimd-intrinsics/bf16_get-be.c -Og -g check-function-bodies test_vget_high_bf16
FAIL: gcc.target/aarch64/advsimd-intrinsics/bf16_get-be.c -O2 -flto -fno-use-linker-plugin -flto-partition=none (test for excess errors)
UNRESOLVED: gcc.target/aarch64/advsimd-intrinsics/bf16_get-be.c -O2 -flto -fno-use-linker-plugin -flto-partition=none check-function-bodies test_vget_low_bf16
UNRESOLVED: gcc.target/aarch64/advsimd-intrinsics/bf16_get-be.c -O2 -flto -fno-use-linker-plugin -flto-partition=none check-function-bodies test_vget_high_bf16
FAIL: gcc.target/aarch64/advsimd-intrinsics/bfdot-2.c -O0 (test for excess errors)
FAIL: gcc.target/aarch64/advsimd-intrinsics/bfdot-2.c -O1 (test for excess errors)
UNRESOLVED: gcc.target/aarch64/advsimd-intrinsics/bfdot-2.c -O1 check-function-bodies ufoo
UNRESOLVED: gcc.target/aarch64/advsimd-intrinsics/bfdot-2.c -O1 check-function-bodies ufooq
UNRESOLVED: gcc.target/aarch64/advsimd-intrinsics/bfdot-2.c -O1 check-function-bodies ufoo_lane
UNRESOLVED: gcc.target/aarch64/advsimd-intrinsics/bfdot-2.c -O1 check-function-bodies ufooq_laneq
UNRESOLVED: gcc.target/aarch64/advsimd-intrinsics/bfdot-2.c -O1 check-function-bodies ufoo_laneq
UNRESOLVED: gcc.target/aarch64/advsimd-intrinsics/bfdot-2.c -O1 check-function-bodies ufooq_lane
UNRESOLVED: gcc.target/aarch64/advsimd-intrinsics/bfdot-2.c -O1 check-function-bodies ufoo_untied
UNRESOLVED: gcc.target/aarch64/advsimd-intrinsics/bfdot-2.c -O1 check-function-bodies ufooq_lane_untied
FAIL: gcc.target/aarch64/advsimd-intrinsics/bfdot-2.c -O2 (test for excess errors)
UNRESOLVED: gcc.target/aarch64/advsimd-intrinsics/bfdot-2.c -O2 check-function-bodies ufoo
UNRESOLVED: gcc.target/aarch64/advsimd-intrinsics/bfdot-2.c -O2 check-function-bodies ufooq
UNRESOLVED: gcc.target/aarch64/advsimd-intrinsics/bfdot-2.c -O2 check-function-bodies ufoo_lane
UNRESOLVED: gcc.target/aarch64/advsimd-intrinsics/bfdot-2.c -O2 check-function-bodies ufooq_laneq
UNRESOLVED: gcc.target/aarch64/advsimd-intrinsics/bfdot-2.c -O2 check-function-bodies ufoo_laneq
UNRESOLVED: gcc.target/aarch64/advsimd-intrinsics/bfdot-2.c -O2 check-function-bodies ufooq_lane
UNRESOLVED: gcc.target/aarch64/advsimd-intrinsics/bfdot-2.c -O2 check-function-bodies ufoo_untied
UNRESOLVED: gcc.target/aarch64/advsimd-intrinsics/bfdot-2.c -O2 check-function-bodies ufooq_lane_untied
FAIL: gcc.target/aarch64/advsimd-intrinsics/bfdot-2.c -O3 -g (test for excess errors)
UNRESOLVED: gcc.target/aarch64/advsimd-intrinsics/bfdot-2.c -O3 -g check-function-bodies ufoo
UNRESOLVED: gcc.target/aarch64/advsimd-intrinsics/bfdot-2.c -O3 -g check-function-bodies ufooq
UNRESOLVED: gcc.target/aarch64/advsimd-intrinsics/bfdot-2.c -O3 -g check-function-bodies ufoo_lane
UNRESOLVED: gcc.target/aarch64/advsimd-intrinsics/bfdot-2.c -O3 -g check-function-bodies ufooq_laneq
UNRESOLVED: gcc.target/aarch64/advsimd-intrinsics/bfdot-2.c -O3 -g check-function-bodies ufoo_laneq
UNRESOLVED: gcc.target/aarch64/advsimd-intrinsics/bfdot-2.c -O3 -g check-function-bodies ufooq_lane
UNRESOLVED: gcc.target/aarch64/advsimd-intrinsics/bfdot-2.c -O3 -g check-function-bodies ufoo_untied
UNRESOLVED: gcc.target/aarch64/advsimd-intrinsics/bfdot-2.c -O3 -g check-function-bodies ufooq_lane_untied
FAIL: gcc.target/aarch64/advsimd-intrinsics/bfdot-2.c -Os (test for excess errors)
UNRESOLVED: gcc.target/aarch64/advsimd-intrinsics/bfdot-2.c -Os check-function-bodies ufoo
UNRESOLVED: gcc.target/aarch64/advsimd-intrinsics/bfdot-2.c -Os check-function-bodies ufooq
UNRESOLVED: gcc.target/aarch64/advsimd-intrinsics/bfdot-2.c -Os check-function-bodies ufoo_lane
UNRESOLVED: gcc.target/aarch64/advsimd-intrinsics/bfdot-2.c -Os check-function-bodies ufooq_laneq
UNRESOLVED: gcc.target/aarch64/advsimd-intrinsics/bfdot-2.c -Os check-function-bodies ufoo_laneq
UNRESOLVED: gcc.target/aarch64/advsimd-intrinsics/bfdot-2.c -Os check-function-bodies ufooq_lane
UNRESOLVED: gcc.target/aarch64/advsimd-intrinsics/bfdot-2.c -Os check-function-bodies ufoo_untied
UNRESOLVED: gcc.target/aarch64/advsimd-intrinsics/bfdot-2.c -Os check-function-bodies ufooq_lane_untied
FAIL: gcc.target/aarch64/advsimd-intrinsics/bfdot-2.c -Og -g (test for excess errors)
UNRESOLVED: gcc.target/aarch64/advsimd-intrinsics/bfdot-2.c -Og -g check-function-bodies ufoo
UNRESOLVED: gcc.target/aarch64/advsimd-intrinsics/bfdot-2.c -Og -g check-function-bodies ufooq
UNRESOLVED: gcc.target/aarch64/advsimd-intrinsics/bfdot-2.c -Og -g check-function-bodies ufoo_lane
UNRESOLVED: gcc.target/aarch64/advsimd-intrinsics/bfdot-2.c -Og -g check-function-bodies ufooq_laneq
UNRESOLVED: gcc.target/aarch64/advsimd-intrinsics/bfdot-2.c -Og -g check-function-bodies ufoo_laneq
UNRESOLVED: gcc.target/aarch64/advsimd-intrinsics/bfdot-2.c -Og -g check-function-bodies ufooq_lane
UNRESOLVED: gcc.target/aarch64/advsimd-intrinsics/bfdot-2.c -Og -g check-function-bodies ufoo_untied
UNRESOLVED: gcc.target/aarch64/advsimd-intrinsics/bfdot-2.c -Og -g check-function-bodies ufooq_lane_untied
FAIL: gcc.target/aarch64/advsimd-intrinsics/bfdot-2.c -O2 -flto -fno-use-linker-plugin -flto-partition=none (test for excess errors)
UNRESOLVED: gcc.target/aarch64/advsimd-intrinsics/bfdot-2.c -O2 -flto -fno-use-linker-plugin -flto-partition=none check-function-bodies ufoo
UNRESOLVED: gcc.target/aarch64/advsimd-intrinsics/bfdot-2.c -O2 -flto -fno-use-linker-plugin -flto-partition=none check-function-bodies ufooq
UNRESOLVED: gcc.target/aarch64/advsimd-intrinsics/bfdot-2.c -O2 -flto -fno-use-linker-plugin -flto-partition=none check-function-bodies ufoo_lane
UNRESOLVED: gcc.target/aarch64/advsimd-intrinsics/bfdot-2.c -O2 -flto -fno-use-linker-plugin -flto-partition=none check-function-bodies ufooq_laneq
UNRESOLVED: gcc.target/aarch64/advsimd-intrinsics/bfdot-2.c -O2 -flto -fno-use-linker-plugin -flto-partition=none check-function-bodies ufoo_laneq
UNRESOLVED: gcc.target/aarch64/advsimd-intrinsics/bfdot-2.c -O2 -flto -fno-use-linker-plugin -flto-partition=none check-function-bodies ufooq_lane
UNRESOLVED: gcc.target/aarch64/advsimd-intrinsics/bfdot-2.c -O2 -flto -fno-use-linker-plugin -flto-partition=none check-function-bodies ufoo_untied
UNRESOLVED: gcc.target/aarch64/advsimd-intrinsics/bfdot-2.c -O2 -flto -fno-use-linker-plugin -flto-partition=none check-function-bodies ufooq_lane_untied
FAIL: gcc.target/aarch64/advsimd-intrinsics/vdot-3-2.c -O0 (test for excess errors)
FAIL: gcc.target/aarch64/advsimd-intrinsics/vdot-3-2.c -O1 (test for excess errors)
UNRESOLVED: gcc.target/aarch64/advsimd-intrinsics/vdot-3-2.c -O1 check-function-bodies ufoo
UNRESOLVED: gcc.target/aarch64/advsimd-intrinsics/vdot-3-2.c -O1 check-function-bodies ufooq
UNRESOLVED: gcc.target/aarch64/advsimd-intrinsics/vdot-3-2.c -O1 check-function-bodies ufoo_lane
UNRESOLVED: gcc.target/aarch64/advsimd-intrinsics/vdot-3-2.c -O1 check-function-bodies ufoo_laneq
UNRESOLVED: gcc.target/aarch64/advsimd-intrinsics/vdot-3-2.c -O1 check-function-bodies ufooq_lane
UNRESOLVED: gcc.target/aarch64/advsimd-intrinsics/vdot-3-2.c -O1 check-function-bodies ufooq_laneq
UNRESOLVED: gcc.target/aarch64/advsimd-intrinsics/vdot-3-2.c -O1 check-function-bodies sfoo_lane
UNRESOLVED: gcc.target/aarch64/advsimd-intrinsics/vdot-3-2.c -O1 check-function-bodies sfoo_laneq
UNRESOLVED: gcc.target/aarch64/advsimd-intrinsics/vdot-3-2.c -O1 check-function-bodies sfooq_lane
UNRESOLVED: gcc.target/aarch64/advsimd-intrinsics/vdot-3-2.c -O1 check-function-bodies sfooq_laneq
UNRESOLVED: gcc.target/aarch64/advsimd-intrinsics/vdot-3-2.c -O1 check-function-bodies ufoo_untied
UNRESOLVED: gcc.target/aarch64/advsimd-intrinsics/vdot-3-2.c -O1 check-function-bodies ufooq_laneq_untied
FAIL: gcc.target/aarch64/advsimd-intrinsics/vdot-3-2.c -O2 (test for excess errors)
UNRESOLVED: gcc.target/aarch64/advsimd-intrinsics/vdot-3-2.c -O2 check-function-bodies ufoo
UNRESOLVED: gcc.target/aarch64/advsimd-intrinsics/vdot-3-2.c -O2 check-function-bodies ufooq
UNRESOLVED: gcc.target/aarch64/advsimd-intrinsics/vdot-3-2.c -O2 check-function-bodies ufoo_lane
UNRESOLVED: gcc.target/aarch64/advsimd-intrinsics/vdot-3-2.c -O2 check-function-bodies ufoo_laneq
UNRESOLVED: gcc.target/aarch64/advsimd-intrinsics/vdot-3-2.c -O2 check-function-bodies ufooq_lane
UNRESOLVED: gcc.target/aarch64/advsimd-intrinsics/vdot-3-2.c -O2 check-function-bodies ufooq_laneq
UNRESOLVED: gcc.target/aarch64/advsimd-intrinsics/vdot-3-2.c -O2 check-function-bodies sfoo_lane
UNRESOLVED: gcc.target/aarch64/advsimd-intrinsics/vdot-3-2.c -O2 check-function-bodies sfoo_laneq
UNRESOLVED: gcc.target/aarch64/advsimd-intrinsics/vdot-3-2.c -O2 check-function-bodies sfooq_lane
UNRESOLVED: gcc.target/aarch64/advsimd-intrinsics/vdot-3-2.c -O2 check-function-bodies sfooq_laneq
UNRESOLVED: gcc.target/aarch64/advsimd-intrinsics/vdot-3-2.c -O2 check-function-bodies ufoo_untied
UNRESOLVED: gcc.target/aarch64/advsimd-intrinsics/vdot-3-2.c -O2 check-function-bodies ufooq_laneq_untied
FAIL: gcc.target/aarch64/advsimd-intrinsics/vdot-3-2.c -O3 -g (test for excess errors)
UNRESOLVED: gcc.target/aarch64/advsimd-intrinsics/vdot-3-2.c -O3 -g check-function-bodies ufoo
UNRESOLVED: gcc.target/aarch64/advsimd-intrinsics/vdot-3-2.c -O3 -g check-function-bodies ufooq
UNRESOLVED: gcc.target/aarch64/advsimd-intrinsics/vdot-3-2.c -O3 -g check-function-bodies ufoo_lane
UNRESOLVED: gcc.target/aarch64/advsimd-intrinsics/vdot-3-2.c -O3 -g check-function-bodies ufoo_laneq
UNRESOLVED: gcc.target/aarch64/advsimd-intrinsics/vdot-3-2.c -O3 -g check-function-bodies ufooq_lane
UNRESOLVED: gcc.target/aarch64/advsimd-intrinsics/vdot-3-2.c -O3 -g check-function-bodies ufooq_laneq
UNRESOLVED: gcc.target/aarch64/advsimd-intrinsics/vdot-3-2.c -O3 -g check-function-bodies sfoo_lane
UNRESOLVED: gcc.target/aarch64/advsimd-intrinsics/vdot-3-2.c -O3 -g check-function-bodies sfoo_laneq
UNRESOLVED: gcc.target/aarch64/advsimd-intrinsics/vdot-3-2.c -O3 -g check-function-bodies sfooq_lane
UNRESOLVED: gcc.target/aarch64/advsimd-intrinsics/vdot-3-2.c -O3 -g check-function-bodies sfooq_laneq
UNRESOLVED: gcc.target/aarch64/advsimd-intrinsics/vdot-3-2.c -O3 -g check-function-bodies ufoo_untied
UNRESOLVED: gcc.target/aarch64/advsimd-intrinsics/vdot-3-2.c -O3 -g check-function-bodies ufooq_laneq_untied
FAIL: gcc.target/aarch64/advsimd-intrinsics/vdot-3-2.c -Os (test for excess errors)
UNRESOLVED: gcc.target/aarch64/advsimd-intrinsics/vdot-3-2.c -Os check-function-bodies ufoo
UNRESOLVED: gcc.target/aarch64/advsimd-intrinsics/vdot-3-2.c -Os check-function-bodies ufooq
UNRESOLVED: gcc.target/aarch64/advsimd-intrinsics/vdot-3-2.c -Os check-function-bodies ufoo_lane
UNRESOLVED: gcc.target/aarch64/advsimd-intrinsics/vdot-3-2.c -Os check-function-bodies ufoo_laneq
UNRESOLVED: gcc.target/aarch64/advsimd-intrinsics/vdot-3-2.c -Os check-function-bodies ufooq_lane
UNRESOLVED: gcc.target/aarch64/advsimd-intrinsics/vdot-3-2.c -Os check-function-bodies ufooq_laneq
UNRESOLVED: gcc.target/aarch64/advsimd-intrinsics/vdot-3-2.c -Os check-function-bodies sfoo_lane
UNRESOLVED: gcc.target/aarch64/advsimd-intrinsics/vdot-3-2.c -Os check-function-bodies sfoo_laneq
UNRESOLVED: gcc.target/aarch64/advsimd-intrinsics/vdot-3-2.c -Os check-function-bodies sfooq_lane
UNRESOLVED: gcc.target/aarch64/advsimd-intrinsics/vdot-3-2.c -Os check-function-bodies sfooq_laneq
UNRESOLVED: gcc.target/aarch64/advsimd-intrinsics/vdot-3-2.c -Os check-function-bodies ufoo_untied
UNRESOLVED: gcc.target/aarch64/advsimd-intrinsics/vdot-3-2.c -Os check-function-bodies ufooq_laneq_untied
FAIL: gcc.target/aarch64/advsimd-intrinsics/vdot-3-2.c -Og -g (test for excess errors)
UNRESOLVED: gcc.target/aarch64/advsimd-intrinsics/vdot-3-2.c -Og -g check-function-bodies ufoo
UNRESOLVED: gcc.target/aarch64/advsimd-intrinsics/vdot-3-2.c -Og -g check-function-bodies ufooq
UNRESOLVED: gcc.target/aarch64/advsimd-intrinsics/vdot-3-2.c -Og -g check-function-bodies ufoo_lane
UNRESOLVED: gcc.target/aarch64/advsimd-intrinsics/vdot-3-2.c -Og -g check-function-bodies ufoo_laneq
UNRESOLVED: gcc.target/aarch64/advsimd-intrinsics/vdot-3-2.c -Og -g check-function-bodies ufooq_lane
UNRESOLVED: gcc.target/aarch64/advsimd-intrinsics/vdot-3-2.c -Og -g check-function-bodies ufooq_laneq
UNRESOLVED: gcc.target/aarch64/advsimd-intrinsics/vdot-3-2.c -Og -g check-function-bodies sfoo_lane
UNRESOLVED: gcc.target/aarch64/advsimd-intrinsics/vdot-3-2.c -Og -g check-function-bodies sfoo_laneq
UNRESOLVED: gcc.target/aarch64/advsimd-intrinsics/vdot-3-2.c -Og -g check-function-bodies sfooq_lane
UNRESOLVED: gcc.target/aarch64/advsimd-intrinsics/vdot-3-2.c -Og -g check-function-bodies sfooq_laneq
UNRESOLVED: gcc.target/aarch64/advsimd-intrinsics/vdot-3-2.c -Og -g check-function-bodies ufoo_untied
UNRESOLVED: gcc.target/aarch64/advsimd-intrinsics/vdot-3-2.c -Og -g check-function-bodies ufooq_laneq_untied
FAIL: gcc.target/aarch64/advsimd-intrinsics/vdot-3-2.c -O2 -flto -fno-use-linker-plugin -flto-partition=none (test for excess errors)
UNRESOLVED: gcc.target/aarch64/advsimd-intrinsics/vdot-3-2.c -O2 -flto -fno-use-linker-plugin -flto-partition=none check-function-bodies ufoo
UNRESOLVED: gcc.target/aarch64/advsimd-intrinsics/vdot-3-2.c -O2 -flto -fno-use-linker-plugin -flto-partition=none check-function-bodies ufooq
UNRESOLVED: gcc.target/aarch64/advsimd-intrinsics/vdot-3-2.c -O2 -flto -fno-use-linker-plugin -flto-partition=none check-function-bodies ufoo_lane
UNRESOLVED: gcc.target/aarch64/advsimd-intrinsics/vdot-3-2.c -O2 -flto -fno-use-linker-plugin -flto-partition=none check-function-bodies ufoo_laneq
UNRESOLVED: gcc.target/aarch64/advsimd-intrinsics/vdot-3-2.c -O2 -flto -fno-use-linker-plugin -flto-partition=none check-function-bodies ufooq_lane
UNRESOLVED: gcc.target/aarch64/advsimd-intrinsics/vdot-3-2.c -O2 -flto -fno-use-linker-plugin -flto-partition=none check-function-bodies ufooq_laneq
UNRESOLVED: gcc.target/aarch64/advsimd-intrinsics/vdot-3-2.c -O2 -flto -fno-use-linker-plugin -flto-partition=none check-function-bodies sfoo_lane
UNRESOLVED: gcc.target/aarch64/advsimd-intrinsics/vdot-3-2.c -O2 -flto -fno-use-linker-plugin -flto-partition=none check-function-bodies sfoo_laneq
UNRESOLVED: gcc.target/aarch64/advsimd-intrinsics/vdot-3-2.c -O2 -flto -fno-use-linker-plugin -flto-partition=none check-function-bodies sfooq_lane
UNRESOLVED: gcc.target/aarch64/advsimd-intrinsics/vdot-3-2.c -O2 -flto -fno-use-linker-plugin -flto-partition=none check-function-bodies sfooq_laneq
UNRESOLVED: gcc.target/aarch64/advsimd-intrinsics/vdot-3-2.c -O2 -flto -fno-use-linker-plugin -flto-partition=none check-function-bodies ufoo_untied
UNRESOLVED: gcc.target/aarch64/advsimd-intrinsics/vdot-3-2.c -O2 -flto -fno-use-linker-plugin -flto-partition=none check-function-bodies ufooq_laneq_untied
FAIL: gcc.target/aarch64/sve/mul_2.c -march=armv8.2-a+sve -moverride=tune=none scan-assembler-times \\\\tmul\\\\tz[0-9]+\\\\.b, z[0-9]+\\\\.b, #-120\\\\n 1
FAIL: gcc.target/aarch64/sve/mul_2.c -march=armv8.2-a+sve -moverride=tune=none scan-assembler-times \\\\tmul\\\\tz[0-9]+\\\\.h, z[0-9]+\\\\.h, #-128\\\\n 2
FAIL: gcc.target/aarch64/sve/mul_2.c -march=armv8.2-a+sve -moverride=tune=none scan-assembler-times \\\\tmul\\\\tz[0-9]+\\\\.s, z[0-9]+\\\\.s, #-128\\\\n 1
FAIL: gcc.target/aarch64/sve/slp_perm_1.c -march=armv8.2-a+sve -moverride=tune=none scan-assembler-times \\\\trevb\\\\tz[0-9]+\\\\.d, p[0-7]/m, z[0-9]+\\\\.d\\\\n 1
FAIL: gcc.target/aarch64/sve/slp_perm_2.c -march=armv8.2-a+sve -moverride=tune=none scan-assembler-times \\\\trevb\\\\tz[0-9]+\\\\.s, p[0-7]/m, z[0-9]+\\\\.s\\\\n 1
FAIL: gcc.target/aarch64/sve/slp_perm_3.c -march=armv8.2-a+sve -moverride=tune=none scan-assembler-times \\\\trevb\\\\tz[0-9]+\\\\.h, p[0-7]/m, z[0-9]+\\\\.h\\\\n 1
FAIL: gcc.target/aarch64/sve/slp_perm_6.c -march=armv8.2-a+sve -moverride=tune=none scan-assembler-times \\\\ttbl\\\\tz[0-9]+\\\\.b, z[0-9]+\\\\.b, z[0-9]+\\\\.b\\\\n 1
FAIL: gcc.target/aarch64/sve/vcond_3.c -march=armv8.2-a+sve -moverride=tune=none scan-assembler-times \\\\tmov\\\\tz[0-9]+\\\\.b, p[0-7]/z, #-128\\\\n 1
FAIL: gcc.target/aarch64/sve/vcond_3.c -march=armv8.2-a+sve -moverride=tune=none scan-assembler-times \\\\tmov\\\\tz[0-9]+\\\\.b, p[0-7]/z, #2\\\\n 1
FAIL: gcc.target/aarch64/sve/vcond_3.c -march=armv8.2-a+sve -moverride=tune=none scan-assembler-times \\\\tmov\\\\tz[0-9]+\\\\.[hsd], p[0-7]/z, #-32768\\\\n 3
FAIL: gcc.target/aarch64/sve/vcond_3.c -march=armv8.2-a+sve -moverride=tune=none scan-assembler-times \\\\tmov\\\\tz[0-9]+\\\\.[hsd], p[0-7]/z, #2\\\\n 3
FAIL: gcc.target/aarch64/sve/vcond_3.c -march=armv8.2-a+sve -moverride=tune=none scan-assembler-times \\\\tmov\\\\tz[0-9]+\\\\.[hsd], p[0-7]/z, #256\\\\n 3
FAIL: gcc.target/aarch64/sve/acle/general-c/func_redef_1.c -march=armv8.2-a+sve -moverride=tune=none (test for warnings, line 3)
FAIL: gcc.target/aarch64/sve/acle/general-c/func_redef_2.c -march=armv8.2-a+sve -moverride=tune=none (test for warnings, line 3)
FAIL: gcc.target/aarch64/sve/acle/general-c/func_redef_3.c -march=armv8.2-a+sve -moverride=tune=none (test for warnings, line 3)
FAIL: gcc.target/aarch64/sve/acle/general-c/func_redef_6.c -march=armv8.2-a+sve -moverride=tune=none (test for warnings, line 3)
FAIL: gcc.target/aarch64/sve/acle/general-c/type_redef_1.c -march=armv8.2-a+sve -moverride=tune=none (test for warnings, line 3)
FAIL: gcc.target/aarch64/sve/acle/general-c/type_redef_10.c -march=armv8.2-a+sve -moverride=tune=none (test for warnings, line 3)
FAIL: gcc.target/aarch64/sve/acle/general-c/type_redef_13.c -march=armv8.2-a+sve -moverride=tune=none (test for warnings, line 3)
FAIL: gcc.target/aarch64/sve/acle/general-c/type_redef_2.c -march=armv8.2-a+sve -moverride=tune=none (test for warnings, line 3)
FAIL: gcc.target/aarch64/sve/acle/general-c/type_redef_3.c -march=armv8.2-a+sve -moverride=tune=none (test for warnings, line 3)
FAIL: gcc.target/aarch64/sve/acle/general-c/type_redef_4.c -march=armv8.2-a+sve -moverride=tune=none (test for warnings, line 3)
FAIL: gcc.target/aarch64/sve/acle/general-c/type_redef_5.c -march=armv8.2-a+sve -moverride=tune=none (test for warnings, line 3)
FAIL: gcc.target/aarch64/sve/acle/general-c/type_redef_6.c -march=armv8.2-a+sve -moverride=tune=none (test for warnings, line 3)
FAIL: gcc.target/aarch64/sve/acle/general-c/type_redef_8.c -march=armv8.2-a+sve -moverride=tune=none (test for warnings, line 3)
FAIL: gcc.target/aarch64/sve/acle/general-c/type_redef_9.c -march=armv8.2-a+sve -moverride=tune=none (test for warnings, line 3)
=== gcc Summary ===
# of expected passes 262550
# of unexpected failures 137
# of unexpected successes 35
# of expected failures 2119
# of unresolved testcases 133
# of unsupported tests 4517
/home/tcwg-buildslave/workspace/tcwg-buildfarm__0/_build/builds/aarch64-unknown-linux-gnu/aarch64-unknown-linux-gnu/gcc-gcc.git~master_rev_c3d3bb0f03dbd02512ab46979088ee8e22520c24-stage2/gcc/xgcc version 11.0.1 20210404 (experimental) [master revision c3d3bb0f03dbd02512ab46979088ee8e22520c24] (GCC)
=== gfortran tests ===
Running target tcwg-local
FAIL: gfortran.dg/ieee/ieee_6.f90 -O0 execution test
FAIL: gfortran.dg/ieee/ieee_6.f90 -O1 execution test
FAIL: gfortran.dg/ieee/ieee_6.f90 -O2 execution test
FAIL: gfortran.dg/ieee/ieee_6.f90 -O3 -fomit-frame-pointer -funroll-loops -fpeel-loops -ftracer -finline-functions execution test
FAIL: gfortran.dg/ieee/ieee_6.f90 -O3 -g execution test
FAIL: gfortran.dg/ieee/ieee_6.f90 -Os execution test
XPASS: gfortran.dg/ieee/ieee_8.f90 -O0 execution test
XPASS: gfortran.dg/ieee/ieee_8.f90 -O1 execution test
XPASS: gfortran.dg/ieee/ieee_8.f90 -O2 execution test
XPASS: gfortran.dg/ieee/ieee_8.f90 -O3 -fomit-frame-pointer -funroll-loops -fpeel-loops -ftracer -finline-functions execution test
XPASS: gfortran.dg/ieee/ieee_8.f90 -O3 -g execution test
XPASS: gfortran.dg/ieee/ieee_8.f90 -Os execution test
=== gfortran Summary ===
# of expected passes 55765
# of unexpected failures 6
# of unexpected successes 6
# of expected failures 222
# of unsupported tests 131
/home/tcwg-buildslave/workspace/tcwg-buildfarm__0/_build/builds/aarch64-unknown-linux-gnu/aarch64-unknown-linux-gnu/gcc-gcc.git~master_rev_c3d3bb0f03dbd02512ab46979088ee8e22520c24-stage2/gcc/gfortran version 11.0.1 20210404 (experimental) [master revision c3d3bb0f03dbd02512ab46979088ee8e22520c24] (GCC)
=== g++ tests ===
Running target tcwg-local
XPASS: g++.target/aarch64/bfloat_cpp_typecheck.C (test for bogus messages, line 10)
XPASS: g++.target/aarch64/bfloat_cpp_typecheck.C (test for bogus messages, line 11)
=== g++ Summary ===
# of expected passes 317457
# of unexpected successes 2
# of expected failures 2276
# of unsupported tests 9746
/home/tcwg-buildslave/workspace/tcwg-buildfarm__0/_build/builds/aarch64-unknown-linux-gnu/aarch64-unknown-linux-gnu/gcc-gcc.git~master_rev_c3d3bb0f03dbd02512ab46979088ee8e22520c24-stage2/gcc/xg++ version 11.0.1 20210404 (experimental) [master revision c3d3bb0f03dbd02512ab46979088ee8e22520c24] (GCC)
=== obj-c++ tests ===
Running target tcwg-local
=== obj-c++ Summary ===
# of expected passes 1482
# of expected failures 10
# of unsupported tests 77
/home/tcwg-buildslave/workspace/tcwg-buildfarm__0/_build/builds/aarch64-unknown-linux-gnu/aarch64-unknown-linux-gnu/gcc-gcc.git~master_rev_c3d3bb0f03dbd02512ab46979088ee8e22520c24-stage2/gcc/xg++ version 11.0.1 20210404 (experimental) [master revision c3d3bb0f03dbd02512ab46979088ee8e22520c24] (GCC)
=== objc tests ===
Running target tcwg-local
=== objc Summary ===
# of expected passes 2824
# of unsupported tests 69
/home/tcwg-buildslave/workspace/tcwg-buildfarm__0/_build/builds/aarch64-unknown-linux-gnu/aarch64-unknown-linux-gnu/gcc-gcc.git~master_rev_c3d3bb0f03dbd02512ab46979088ee8e22520c24-stage2/gcc/xgcc version 11.0.1 20210404 (experimental) [master revision c3d3bb0f03dbd02512ab46979088ee8e22520c24] (GCC)
Compiler version: 11.0.1 20210404 (experimental) [master revision c3d3bb0f03dbd02512ab46979088ee8e22520c24] (GCC)
Platform: aarch64-unknown-linux-gnu
configure flags: SHELL=/bin/bash --with-mpc=/home/tcwg-buildslave/workspace/tcwg-buildfarm__0/_build/builds/destdir/aarch64-unknown-linux-gnu --with-mpfr=/home/tcwg-buildslave/workspace/tcwg-buildfarm__0/_build/builds/destdir/aarch64-unknown-linux-gnu --with-gmp=/home/tcwg-buildslave/workspace/tcwg-buildfarm__0/_build/builds/destdir/aarch64-unknown-linux-gnu --with-gnu-as --with-gnu-ld --disable-libmudflap --enable-lto --enable-shared --without-included-gettext --enable-nls --with-system-zlib --disable-sjlj-exceptions --enable-gnu-unique-object --enable-linker-build-id --disable-libstdcxx-pch --enable-c99 --enable-clocale=gnu --enable-libstdcxx-debug --enable-long-long --with-cloog=no --with-ppl=no --with-isl=no --disable-multilib --enable-fix-cortex-a53-835769 --enable-fix-cortex-a53-843419 --with-arch=armv8-a --enable-threads=posix --enable-multiarch --enable-libstdcxx-time=yes --enable-gnu-indirect-function --enable-checking=yes --enable-bootstrap --enable-languages=c,c++,fortran,
lto,objc,obj-c++ --prefix=/home/tcwg-buildslave/workspace/tcwg-buildfarm__0/_build/builds/destdir/aarch64-unknown-linux-gnu
More information about the Gcc-testresults
mailing list