Results for 10.2.1 20210401 [releases/gcc-10 revision r10-9651-g892024d4af83] (GCC) testsuite on x86_64-apple-darwin15
Iain Sandoe
iains.gcc@gmail.com
Sat Apr 3 11:18:02 GMT 2021
LAST_UPDATED: Thu Apr 1 12:50:34 UTC 2021 (revision r10-9651-g892024d4af83)
=== acats tests ===
=== acats Summary ===
# of expected passes 2320
# of unexpected failures 0
Native configuration is x86_64-apple-darwin15
=== g++ tests ===
Running target unix/-m32
FAIL: c-c++-common/asan/alloca_big_alignment.c -Os output pattern test
FAIL: c-c++-common/asan/alloca_detect_custom_size.c -Os output pattern test
FAIL: c-c++-common/asan/alloca_overflow_partial.c -Os output pattern test
FAIL: c-c++-common/asan/alloca_overflow_right.c -Os output pattern test
FAIL: c-c++-common/asan/alloca_underflow_left.c -Os output pattern test
FAIL: g++.dg/asan/pr69276.C -O0 output pattern test
WARNING: g++.dg/cpp1y/pr60627.C -std=gnu++14 (test for errors, line 7) program timed out.
FAIL: g++.dg/ext/pr84828.C -std=gnu++14 (test for excess errors)
FAIL: g++.dg/ext/pr84828.C -std=gnu++17 (test for excess errors)
FAIL: g++.dg/ext/pr84828.C -std=gnu++2a (test for excess errors)
FAIL: g++.dg/ext/pr84828.C -std=gnu++98 (test for excess errors)
FAIL: g++.dg/ipa/pr67056.C scan-ipa-dump cp "Speculative outer type:struct CompositeClass"
WARNING: c-c++-common/goacc/loop-shape.c -std=c++17 (test for errors, line 148) program timed out.
WARNING: g++.dg/gomp/pr30494.C -std=c++17 (test for excess errors) program timed out.
FAIL: g++.dg/gomp/pr30494.C -std=c++17 (test for excess errors)
FAIL: g++.dg/lto/pr65276 cp_lto_pr65276_0.o-cp_lto_pr65276_1.o link, -flto -O0 -std=c++11
FAIL: g++.dg/lto/pr65549 cp_lto_pr65549_0.o-cp_lto_pr65549_0.o link, -std=gnu++14 -flto -g -O2 -fno-inline -flto-partition=max -Wno-return-type
FAIL: g++.dg/lto/pr89335 cp_lto_pr89335_0.o assemble, -O2 -flto -Wsuggest-final-methods
FAIL: g++.dg/tree-prof/pr57451.C compilation, -fprofile-generate -D_PROFILE_GENERATE
UNRESOLVED: g++.dg/tree-prof/pr57451.C compilation, -fprofile-use -D_PROFILE_USE
UNRESOLVED: g++.dg/tree-prof/pr57451.C execution, -fprofile-generate -D_PROFILE_GENERATE
UNRESOLVED: g++.dg/tree-prof/pr57451.C execution, -fprofile-use -D_PROFILE_USE
FAIL: g++.dg/tree-prof/pr63581.C compilation, -fprofile-generate -D_PROFILE_GENERATE
UNRESOLVED: g++.dg/tree-prof/pr63581.C compilation, -fprofile-use -D_PROFILE_USE
UNRESOLVED: g++.dg/tree-prof/pr63581.C execution, -fprofile-generate -D_PROFILE_GENERATE
UNRESOLVED: g++.dg/tree-prof/pr63581.C execution, -fprofile-use -D_PROFILE_USE
WARNING: g++.old-deja/g++.robertl/eb10.C -std=c++17 (test for excess errors) program timed out.
FAIL: g++.old-deja/g++.robertl/eb10.C -std=c++17 (test for excess errors)
WARNING: g++.old-deja/g++.robertl/eb8.C -std=c++2a (test for errors, line 5) program timed out.
=== g++ Summary for unix/-m32 ===
# of expected passes 186965
# of unexpected failures 18
# of expected failures 905
# of unresolved testcases 6
# of unsupported tests 8680
Running target unix/-m64
FAIL: c-c++-common/asan/alloca_big_alignment.c -Os output pattern test
FAIL: c-c++-common/asan/alloca_detect_custom_size.c -Os output pattern test
FAIL: c-c++-common/asan/alloca_overflow_partial.c -Os output pattern test
FAIL: c-c++-common/asan/alloca_overflow_right.c -Os output pattern test
FAIL: c-c++-common/asan/alloca_underflow_left.c -Os output pattern test
FAIL: g++.dg/asan/pr69276.C -O0 output pattern test
WARNING: g++.dg/ext/asmspecValid.C -std=c++98 (test for excess errors) program timed out.
FAIL: g++.dg/ext/asmspecValid.C -std=c++98 (test for excess errors)
WARNING: g++.dg/init/array11.C -std=c++2a (test for excess errors) program timed out.
FAIL: g++.dg/init/array11.C -std=c++2a (test for excess errors)
FAIL: g++.dg/ipa/pr67056.C scan-ipa-dump cp "Speculative outer type:struct CompositeClass"
WARNING: g++.dg/other/error24.C -std=gnu++98 (test for errors, line 10) program timed out.
WARNING: g++.dg/other/sse2-pr85572-1.C -std=gnu++17 (test for excess errors) program timed out.
FAIL: g++.dg/other/sse2-pr85572-1.C -std=gnu++17 (test for excess errors)
FAIL: g++.dg/pr80481.C -std=gnu++14 scan-assembler-not vmovaps[^\\n\\r]*zmm[0-9]+,[^\\n\\r]*zmm[0-9]+
FAIL: g++.dg/pr80481.C -std=gnu++17 scan-assembler-not vmovaps[^\\n\\r]*zmm[0-9]+,[^\\n\\r]*zmm[0-9]+
FAIL: g++.dg/pr80481.C -std=gnu++2a scan-assembler-not vmovaps[^\\n\\r]*zmm[0-9]+,[^\\n\\r]*zmm[0-9]+
FAIL: g++.dg/pr80481.C -std=gnu++98 scan-assembler-not vmovaps[^\\n\\r]*zmm[0-9]+,[^\\n\\r]*zmm[0-9]+
FAIL: g++.dg/lto/pr65276 cp_lto_pr65276_0.o-cp_lto_pr65276_1.o link, -flto -O0 -std=c++11
FAIL: g++.dg/lto/pr65549 cp_lto_pr65549_0.o-cp_lto_pr65549_0.o link, -std=gnu++14 -flto -g -O2 -fno-inline -flto-partition=max -Wno-return-type
FAIL: g++.dg/lto/pr89335 cp_lto_pr89335_0.o assemble, -O2 -flto -Wsuggest-final-methods
FAIL: g++.dg/tree-prof/pr57451.C compilation, -fprofile-generate -D_PROFILE_GENERATE
UNRESOLVED: g++.dg/tree-prof/pr57451.C compilation, -fprofile-use -D_PROFILE_USE
UNRESOLVED: g++.dg/tree-prof/pr57451.C execution, -fprofile-generate -D_PROFILE_GENERATE
UNRESOLVED: g++.dg/tree-prof/pr57451.C execution, -fprofile-use -D_PROFILE_USE
FAIL: g++.dg/tree-prof/pr63581.C compilation, -fprofile-generate -D_PROFILE_GENERATE
UNRESOLVED: g++.dg/tree-prof/pr63581.C compilation, -fprofile-use -D_PROFILE_USE
UNRESOLVED: g++.dg/tree-prof/pr63581.C execution, -fprofile-generate -D_PROFILE_GENERATE
UNRESOLVED: g++.dg/tree-prof/pr63581.C execution, -fprofile-use -D_PROFILE_USE
WARNING: g++.old-deja/g++.pt/partial4.C -std=c++98 (test for excess errors) program timed out.
FAIL: g++.old-deja/g++.pt/partial4.C -std=c++98 (test for excess errors)
=== g++ Summary for unix/-m64 ===
# of expected passes 189265
# of unexpected failures 20
# of expected failures 909
# of unresolved testcases 6
# of unsupported tests 8820
=== g++ Summary ===
# of expected passes 376230
# of unexpected failures 38
# of expected failures 1814
# of unresolved testcases 12
# of unsupported tests 17500
/scratch/10-11-elcap/gcc-10-wip/gcc/xg++ version 10.2.1 20210401 [releases/gcc-10 revision r10-9651-g892024d4af83] (GCC)
=== gcc tests ===
Running target unix/-m32
WARNING: gcc.c-torture/compile/950729-1.c -O2 -flto -flto-partition=none (test for excess errors) program timed out.
FAIL: gcc.c-torture/compile/950729-1.c -O2 -flto -flto-partition=none (test for excess errors)
WARNING: gcc.c-torture/execute/pr33779-1.c -O2 (test for excess errors) program timed out.
FAIL: gcc.c-torture/execute/pr33779-1.c -O2 (test for excess errors)
FAIL: c-c++-common/asan/alloca_big_alignment.c -Os output pattern test
FAIL: c-c++-common/asan/alloca_detect_custom_size.c -Os output pattern test
FAIL: c-c++-common/asan/alloca_overflow_partial.c -Os output pattern test
FAIL: c-c++-common/asan/alloca_overflow_right.c -Os output pattern test
FAIL: c-c++-common/asan/alloca_underflow_left.c -Os output pattern test
FAIL: gcc.dg/debug/dwarf2/inline4.c scan-assembler DW_TAG_inlined_subroutine[^\\\\(]*\\\\([^\\\\)]*\\\\)[^\\\\(]*\\\\(DIE \\\\(0x[0-9a-f]*\\\\) DW_TAG_formal_parameter[^\\\\(]*\\\\(DIE \\\\(0x[0-9a-f]*\\\\) DW_TAG_variable
FAIL: gcc.dg/debug/dwarf2/inline5.c scan-assembler-not \\\\(DIE \\\\(0x([0-9a-f]*)\\\\) DW_TAG_lexical_block\\\\)[^#/!@;\\\\|]*[#/!@;\\\\|]+ +[^(].*DW_TAG_lexical_block\\\\)[^#/!@;\\\\|x]*x\\\\1[^#/!@;\\\\|]*[#/!@;\\\\|] +DW_AT_abstract_origin
FAIL: gcc.dg/debug/dwarf2/pr97060.c scan-assembler-times DW_AT_declaration 2
FAIL: gcc.dg/pr68766.c (internal compiler error)
FAIL: gcc.dg/pr68766.c (test for excess errors)
FAIL: gcc.dg/stack-layout-dynamic-1.c (test for excess errors)
UNRESOLVED: gcc.dg/stack-layout-dynamic-1.c scan-assembler-not cfi_def_cfa_register
FAIL: c-c++-common/goacc/firstprivate-mappings-1.c scan-tree-dump omplower "(?n)#pragma omp target oacc_parallel map\\\\(from:array_so \\\\[len: 4\\\\]\\\\) firstprivate\\\\(array_li.[0-9]+\\\\) map\\\\(tofrom:\\\\(\\\\*array.[0-9]+\\\\) \\\\[len: D\\\\.[0-9]+\\\\]\\\\) map\\\\(firstprivate:array \\\\[pointer assign, bias: 0\\\\]\\\\) \\\\["
FAIL: gcc.dg/graphite/scop-19.c scan-tree-dump-times graphite "number of SCoPs: 0" 1
FAIL: gcc.dg/ipa/ipa-icf-38.c scan-ltrans-tree-dump-not optimized "Function bar"
FAIL: gcc.dg/torture/builtin-self.c -O0 scan-assembler-not \\tcall
WARNING: gcc.dg/torture/pr60606-1.c -O2 -flto -flto-partition=none (test for errors, line 7) program timed out.
WARNING: gcc.dg/torture/pr66856-1.c -O2 -flto -flto-partition=none (test for excess errors) program timed out.
FAIL: gcc.dg/torture/pr66856-1.c -O2 -flto -flto-partition=none (test for excess errors)
WARNING: gcc.dg/torture/pr70484.c -O2 -flto (test for excess errors) program timed out.
FAIL: gcc.dg/torture/pr70484.c -O2 -flto (test for excess errors)
XPASS: gcc.dg/vect/vect-reduc-in-order-1.c -flto -ffat-lto-objects execution test
XPASS: gcc.dg/vect/vect-reduc-in-order-1.c execution test
XPASS: gcc.dg/vect/vect-reduc-in-order-2.c -flto -ffat-lto-objects execution test
XPASS: gcc.dg/vect/vect-reduc-in-order-2.c execution test
XPASS: gcc.dg/vect/vect-reduc-in-order-3.c -flto -ffat-lto-objects execution test
XPASS: gcc.dg/vect/vect-reduc-in-order-3.c execution test
XPASS: gcc.dg/vect/vect-reduc-in-order-4.c -flto -ffat-lto-objects execution test
XPASS: gcc.dg/vect/vect-reduc-in-order-4.c execution test
FAIL: gcc.target/i386/pad-3.c scan-assembler-not nop
FAIL: gcc.target/i386/pr15184-1.c scan-assembler-times movb[ \\\\t]+%al 4
FAIL: gcc.target/i386/pr15184-2.c scan-assembler-times movb[ \\\\t]+%al 2
FAIL: gcc.target/i386/pr36502.c scan-assembler-not esp
FAIL: gcc.target/i386/pr54855-3.c scan-assembler-not movsd
FAIL: gcc.target/i386/pr54855-7.c scan-assembler-not movss
FAIL: gcc.target/i386/pr66334.c scan-assembler movl[ \\\\t].+, %ebx
FAIL: gcc.target/i386/pr71245-1.c scan-assembler-not (fistp|fild)
FAIL: gcc.target/i386/pr71245-2.c scan-assembler-not movlps
FAIL: gcc.target/i386/pr78035.c scan-assembler-times cmp 2
FAIL: gcc.target/i386/pr81736-5.c scan-assembler-not %[re]bp
XPASS: gcc.target/i386/pr84101.c scan-tree-dump-not slp2 "basic block vectorized"
FAIL: gcc.target/i386/pr84278.c scan-assembler-not \\\\(%.sp\\\\)
FAIL: gcc.target/i386/pr85667-6.c scan-assembler-times flds[^\\n\\r]* 1
WARNING: gcc.target/i386/pr88414.c (test for errors, line 15) program timed out.
FAIL: gcc.target/i386/pr92651.c scan-assembler-times sub 2
FAIL: gcc.target/i386/ret-thunk-22.c scan-assembler call[ \\\\t]*___x86.get_pc_thunk.cx
FAIL: gcc.target/i386/ret-thunk-23.c scan-assembler call[ \\\\t]*___x86.get_pc_thunk.cx
FAIL: gcc.target/i386/ret-thunk-24.c scan-assembler call[ \\\\t]*___x86.get_pc_thunk.cx
=== gcc Summary for unix/-m32 ===
# of expected passes 140788
# of unexpected failures 36
# of unexpected successes 9
# of expected failures 744
# of unresolved testcases 1
# of unsupported tests 4574
Running target unix/-m64
WARNING: gcc.c-torture/compile/BUG22.c -O2 -flto -flto-partition=none (test for excess errors) program timed out.
FAIL: gcc.c-torture/compile/BUG22.c -O2 -flto -flto-partition=none (test for excess errors)
WARNING: gcc.c-torture/compile/pr45919.c -O3 -g (test for excess errors) program timed out.
FAIL: gcc.c-torture/compile/pr45919.c -O3 -g (test for excess errors)
FAIL: c-c++-common/asan/alloca_big_alignment.c -Os output pattern test
FAIL: c-c++-common/asan/alloca_detect_custom_size.c -Os output pattern test
FAIL: c-c++-common/asan/alloca_overflow_partial.c -Os output pattern test
FAIL: c-c++-common/asan/alloca_overflow_right.c -Os output pattern test
FAIL: c-c++-common/asan/alloca_underflow_left.c -Os output pattern test
FAIL: gcc.dg/debug/dwarf2/inline4.c scan-assembler DW_TAG_inlined_subroutine[^\\\\(]*\\\\([^\\\\)]*\\\\)[^\\\\(]*\\\\(DIE \\\\(0x[0-9a-f]*\\\\) DW_TAG_formal_parameter[^\\\\(]*\\\\(DIE \\\\(0x[0-9a-f]*\\\\) DW_TAG_variable
FAIL: gcc.dg/debug/dwarf2/inline5.c scan-assembler-not \\\\(DIE \\\\(0x([0-9a-f]*)\\\\) DW_TAG_lexical_block\\\\)[^#/!@;\\\\|]*[#/!@;\\\\|]+ +[^(].*DW_TAG_lexical_block\\\\)[^#/!@;\\\\|x]*x\\\\1[^#/!@;\\\\|]*[#/!@;\\\\|] +DW_AT_abstract_origin
FAIL: gcc.dg/debug/dwarf2/pr97060.c scan-assembler-times DW_AT_declaration 2
FAIL: gcc.dg/pr68766.c (internal compiler error)
FAIL: gcc.dg/pr68766.c (test for excess errors)
FAIL: gcc.dg/strlenopt-82.c scan-tree-dump-times optimized "call_in_true_branch_not_eliminated_" 0
FAIL: gcc.dg/graphite/scop-19.c scan-tree-dump-times graphite "number of SCoPs: 0" 1
FAIL: gcc.dg/ipa/ipa-icf-38.c scan-ltrans-tree-dump-not optimized "Function bar"
WARNING: gcc.dg/pch/decl-3.c -O1 -I. -Dwith_PCH (test for excess errors) program timed out.
FAIL: gcc.dg/pch/decl-3.c -O1 -I. -Dwith_PCH (test for excess errors)
WARNING: gcc.dg/torture/pr81245.c -O2 -flto -flto-partition=none (test for excess errors) program timed out.
FAIL: gcc.dg/torture/pr81245.c -O2 -flto -flto-partition=none (test for excess errors)
XPASS: gcc.dg/tree-ssa/pr91091-2.c scan-tree-dump-times fre1 " = [^;]*x;" 1
XPASS: gcc.dg/tree-ssa/pr91091-2.c scan-tree-dump-times fre1 "x = " 1
XPASS: gcc.dg/tree-ssa/ssa-fre-77.c scan-tree-dump fre1 "return 1;"
FAIL: gcc.target/i386/pr34256.c scan-assembler-times mov 5
FAIL: gcc.target/i386/pr78035.c scan-assembler-times cmp 2
FAIL: gcc.target/i386/pr92651.c scan-assembler-times sub 2
FAIL: gcc.target/i386/stackalign/pr88483-1.c -mno-stackrealign scan-assembler-not and[lq]?[^\\\\n]*-[0-9]+,[^\\\\n]*sp
FAIL: gcc.target/i386/stackalign/pr88483-1.c -mstackrealign scan-assembler-not and[lq]?[^\\\\n]*-[0-9]+,[^\\\\n]*sp
FAIL: gcc.target/i386/stackalign/pr88483-2.c -mno-stackrealign scan-assembler-not (sub|add)(l|q)[\\\\t ]*\\\\\$[0-9]*,[\\\\t ]*%[re]?sp
FAIL: gcc.target/i386/stackalign/pr88483-2.c -mno-stackrealign scan-assembler-not and[lq]?[^\\\\n]*-[0-9]+,[^\\\\n]*sp
FAIL: gcc.target/i386/stackalign/pr88483-2.c -mstackrealign scan-assembler-not (sub|add)(l|q)[\\\\t ]*\\\\\$[0-9]*,[\\\\t ]*%[re]?sp
FAIL: gcc.target/i386/stackalign/pr88483-2.c -mstackrealign scan-assembler-not and[lq]?[^\\\\n]*-[0-9]+,[^\\\\n]*sp
=== gcc Summary for unix/-m64 ===
# of expected passes 143135
# of unexpected failures 26
# of unexpected successes 3
# of expected failures 759
# of unsupported tests 4194
=== gcc Summary ===
# of expected passes 283923
# of unexpected failures 62
# of unexpected successes 12
# of expected failures 1503
# of unresolved testcases 1
# of unsupported tests 8768
/scratch/10-11-elcap/gcc-10-wip/gcc/xgcc version 10.2.1 20210401 [releases/gcc-10 revision r10-9651-g892024d4af83] (GCC)
=== gfortran tests ===
Running target unix/-m32
FAIL: gfortran.dg/analyzer/pr93993.f90 -O (test for excess errors)
FAIL: gfortran.dg/class_assign_4.f90 -O0 execution test
FAIL: gfortran.dg/class_assign_4.f90 -O1 execution test
FAIL: gfortran.dg/class_assign_4.f90 -O2 execution test
FAIL: gfortran.dg/class_assign_4.f90 -O3 -fomit-frame-pointer -funroll-loops -fpeel-loops -ftracer -finline-functions execution test
FAIL: gfortran.dg/class_assign_4.f90 -O3 -g execution test
WARNING: gfortran.dg/equiv_constraint_4.f90 -O2 (test for excess errors) program timed out.
FAIL: gfortran.dg/equiv_constraint_4.f90 -O2 (test for excess errors)
WARNING: gfortran.dg/inquire_internal.f90 -O3 -fomit-frame-pointer -funroll-loops -fpeel-loops -ftracer -finline-functions (test for excess errors) program timed out.
FAIL: gfortran.dg/inquire_internal.f90 -O3 -fomit-frame-pointer -funroll-loops -fpeel-loops -ftracer -finline-functions (test for excess errors)
WARNING: gfortran.dg/io_real_boz_4.f90 -O2 (test for excess errors) program timed out.
FAIL: gfortran.dg/io_real_boz_4.f90 -O2 (test for excess errors)
WARNING: gfortran.dg/zero_length_1.f90 -O3 -fomit-frame-pointer -funroll-loops -fpeel-loops -ftracer -finline-functions (test for excess errors) program timed out.
FAIL: gfortran.dg/zero_length_1.f90 -O3 -fomit-frame-pointer -funroll-loops -fpeel-loops -ftracer -finline-functions (test for excess errors)
=== gfortran Summary for unix/-m32 ===
# of expected passes 54395
# of unexpected failures 10
# of expected failures 232
# of unsupported tests 192
Running target unix/-m64
FAIL: gfortran.dg/analyzer/pr93993.f90 -O (test for excess errors)
FAIL: gfortran.dg/class_assign_4.f90 -O0 execution test
FAIL: gfortran.dg/class_assign_4.f90 -O1 execution test
FAIL: gfortran.dg/class_assign_4.f90 -O2 execution test
FAIL: gfortran.dg/class_assign_4.f90 -O3 -fomit-frame-pointer -funroll-loops -fpeel-loops -ftracer -finline-functions execution test
FAIL: gfortran.dg/class_assign_4.f90 -O3 -g execution test
FAIL: gfortran.dg/class_assign_4.f90 -Os execution test
WARNING: gfortran.fortran-torture/execute/where_6.f90 compilation, -Os program timed out.
=== gfortran Summary for unix/-m64 ===
# of expected passes 54629
# of unexpected failures 7
# of expected failures 230
# of unsupported tests 83
=== gfortran Summary ===
# of expected passes 109024
# of unexpected failures 17
# of expected failures 462
# of unsupported tests 275
/scratch/10-11-elcap/gcc-10-wip/gcc/gfortran version 10.2.1 20210401 [releases/gcc-10 revision r10-9651-g892024d4af83] (GCC)
=== gnat tests ===
Running target unix/-m32
FAIL: gnat.dg/bias1.adb scan-assembler DW_AT_GNU_bias
=== gnat Summary for unix/-m32 ===
# of expected passes 3290
# of unexpected failures 1
# of expected failures 23
# of unsupported tests 13
Running target unix/-m64
FAIL: gnat.dg/bias1.adb scan-assembler DW_AT_GNU_bias
WARNING: gnat.dg/sso/t12.adb -Og -g (test for excess errors) program timed out.
FAIL: gnat.dg/sso/t12.adb -Og -g (test for excess errors)
=== gnat Summary for unix/-m64 ===
# of expected passes 3289
# of unexpected failures 2
# of expected failures 23
# of unsupported tests 13
=== gnat Summary ===
# of expected passes 6579
# of unexpected failures 3
# of expected failures 46
# of unsupported tests 26
/scratch/10-11-elcap/gcc-10-wip/gcc/gnatmake version 10.2.1 20210401 [releases/gcc-10 revision r10-9651-g892024d4af83]
=== obj-c++ tests ===
Running target unix/-m64
=== obj-c++ Summary for unix/-m64 ===
# of expected passes 3065
# of expected failures 22
# of unsupported tests 70
Running target unix/-m32
=== obj-c++ Summary for unix/-m32 ===
# of expected passes 3127
# of expected failures 4
# of unsupported tests 64
=== obj-c++ Summary ===
# of expected passes 6192
# of expected failures 26
# of unsupported tests 134
/scratch/10-11-elcap/gcc-10-wip/gcc/xg++ version 10.2.1 20210401 [releases/gcc-10 revision r10-9651-g892024d4af83] (GCC)
=== objc tests ===
Running target unix/-m32
=== objc Summary for unix/-m32 ===
# of expected passes 5663
# of expected failures 7
# of unsupported tests 81
Running target unix/-m64
WARNING: objc.dg/comp-types-1.m -fgnu-runtime (test for warnings, line 35) program timed out.
=== objc Summary for unix/-m64 ===
# of expected passes 5611
# of expected failures 13
# of unsupported tests 88
=== objc Summary ===
# of expected passes 11274
# of expected failures 20
# of unsupported tests 169
/scratch/10-11-elcap/gcc-10-wip/gcc/xgcc version 10.2.1 20210401 [releases/gcc-10 revision r10-9651-g892024d4af83] (GCC)
=== libatomic tests ===
Running target unix/-m64
=== libatomic Summary for unix/-m64 ===
# of expected passes 54
Running target unix/-m32
=== libatomic Summary for unix/-m32 ===
# of expected passes 44
# of unsupported tests 5
=== libatomic Summary ===
# of expected passes 98
# of unsupported tests 5
=== libgomp tests ===
Running target unix/-m64
FAIL: libgomp.fortran/examples-4/simd-3.f90 -O1 execution test
=== libgomp Summary for unix/-m64 ===
# of expected passes 7715
# of unexpected failures 1
# of expected failures 4
# of unsupported tests 587
Running target unix/-m32
=== libgomp Summary for unix/-m32 ===
# of expected passes 7716
# of expected failures 4
# of unsupported tests 587
=== libgomp Summary ===
# of expected passes 15431
# of unexpected failures 1
# of expected failures 8
# of unsupported tests 1174
=== libitm tests ===
Running target unix/-m64
=== libitm Summary for unix/-m64 ===
# of expected passes 40
# of expected failures 3
# of unsupported tests 2
Running target unix/-m32
WARNING: program timed out
FAIL: libitm.c++/eh-2.C (test for excess errors)
=== libitm Summary for unix/-m32 ===
# of expected passes 39
# of unexpected failures 1
# of expected failures 3
# of unsupported tests 2
=== libitm Summary ===
# of expected passes 79
# of unexpected failures 1
# of expected failures 6
# of unsupported tests 4
=== libstdc++ tests ===
Running target unix/-m32
WARNING: 20_util/function/7.cc (test for excess errors) program timed out.
FAIL: 20_util/function/7.cc (test for excess errors)
WARNING: 23_containers/vector/debug/alloc_prop.cc (test for excess errors) program timed out.
FAIL: 23_containers/vector/debug/alloc_prop.cc (test for excess errors)
FAIL: 27_io/filesystem/iterators/caching.cc (test for excess errors)
UNRESOLVED: 27_io/filesystem/iterators/caching.cc compilation failed to produce executable
FAIL: 27_io/filesystem/operations/absolute.cc (test for excess errors)
UNRESOLVED: 27_io/filesystem/operations/absolute.cc compilation failed to produce executable
FAIL: 27_io/filesystem/operations/copy.cc (test for excess errors)
UNRESOLVED: 27_io/filesystem/operations/copy.cc compilation failed to produce executable
FAIL: 27_io/filesystem/operations/copy_file.cc (test for excess errors)
UNRESOLVED: 27_io/filesystem/operations/copy_file.cc compilation failed to produce executable
FAIL: 27_io/filesystem/operations/current_path.cc (test for excess errors)
UNRESOLVED: 27_io/filesystem/operations/current_path.cc compilation failed to produce executable
FAIL: 27_io/filesystem/operations/equivalent.cc (test for excess errors)
UNRESOLVED: 27_io/filesystem/operations/equivalent.cc compilation failed to produce executable
FAIL: 27_io/filesystem/operations/last_write_time.cc (test for excess errors)
UNRESOLVED: 27_io/filesystem/operations/last_write_time.cc compilation failed to produce executable
FAIL: 27_io/filesystem/operations/permissions.cc (test for excess errors)
UNRESOLVED: 27_io/filesystem/operations/permissions.cc compilation failed to produce executable
FAIL: 27_io/filesystem/operations/relative.cc (test for excess errors)
UNRESOLVED: 27_io/filesystem/operations/relative.cc compilation failed to produce executable
FAIL: 27_io/filesystem/operations/resize_file.cc (test for excess errors)
UNRESOLVED: 27_io/filesystem/operations/resize_file.cc compilation failed to produce executable
FAIL: 27_io/filesystem/operations/space.cc (test for excess errors)
UNRESOLVED: 27_io/filesystem/operations/space.cc compilation failed to produce executable
FAIL: 27_io/filesystem/operations/weakly_canonical.cc (test for excess errors)
UNRESOLVED: 27_io/filesystem/operations/weakly_canonical.cc compilation failed to produce executable
FAIL: 27_io/filesystem/path/append/source.cc (test for excess errors)
UNRESOLVED: 27_io/filesystem/path/append/source.cc compilation failed to produce executable
FAIL: 27_io/filesystem/path/assign/assign.cc (test for excess errors)
UNRESOLVED: 27_io/filesystem/path/assign/assign.cc compilation failed to produce executable
FAIL: 27_io/filesystem/path/assign/copy.cc (test for excess errors)
UNRESOLVED: 27_io/filesystem/path/assign/copy.cc compilation failed to produce executable
FAIL: 27_io/filesystem/path/concat/92853.cc (test for excess errors)
UNRESOLVED: 27_io/filesystem/path/concat/92853.cc compilation failed to produce executable
FAIL: 27_io/filesystem/path/construct/copy.cc (test for excess errors)
UNRESOLVED: 27_io/filesystem/path/construct/copy.cc compilation failed to produce executable
FAIL: 27_io/filesystem/path/construct/range.cc (test for excess errors)
UNRESOLVED: 27_io/filesystem/path/construct/range.cc compilation failed to produce executable
FAIL: 27_io/filesystem/path/construct/string_view.cc (test for excess errors)
UNRESOLVED: 27_io/filesystem/path/construct/string_view.cc compilation failed to produce executable
FAIL: 27_io/filesystem/path/generation/normal.cc (test for excess errors)
UNRESOLVED: 27_io/filesystem/path/generation/normal.cc compilation failed to produce executable
FAIL: 27_io/filesystem/path/generation/normal2.cc (test for excess errors)
UNRESOLVED: 27_io/filesystem/path/generation/normal2.cc compilation failed to produce executable
FAIL: 27_io/filesystem/path/generic/generic_string.cc (test for excess errors)
UNRESOLVED: 27_io/filesystem/path/generic/generic_string.cc compilation failed to produce executable
FAIL: 27_io/filesystem/path/modifiers/clear.cc (test for excess errors)
UNRESOLVED: 27_io/filesystem/path/modifiers/clear.cc compilation failed to produce executable
FAIL: 27_io/filesystem/path/modifiers/make_preferred.cc (test for excess errors)
UNRESOLVED: 27_io/filesystem/path/modifiers/make_preferred.cc compilation failed to produce executable
FAIL: 27_io/filesystem/path/modifiers/remove_filename.cc (test for excess errors)
UNRESOLVED: 27_io/filesystem/path/modifiers/remove_filename.cc compilation failed to produce executable
FAIL: 27_io/filesystem/path/modifiers/replace_extension.cc (test for excess errors)
UNRESOLVED: 27_io/filesystem/path/modifiers/replace_extension.cc compilation failed to produce executable
FAIL: 27_io/filesystem/path/modifiers/replace_filename.cc (test for excess errors)
UNRESOLVED: 27_io/filesystem/path/modifiers/replace_filename.cc compilation failed to produce executable
FAIL: 27_io/filesystem/path/modifiers/swap.cc (test for excess errors)
UNRESOLVED: 27_io/filesystem/path/modifiers/swap.cc compilation failed to produce executable
FAIL: 27_io/filesystem/path/nonmember/append.cc (test for excess errors)
UNRESOLVED: 27_io/filesystem/path/nonmember/append.cc compilation failed to produce executable
FAIL: 27_io/filesystem/path/nonmember/hash_value.cc (test for excess errors)
UNRESOLVED: 27_io/filesystem/path/nonmember/hash_value.cc compilation failed to produce executable
WARNING: 30_threads/condition_variable/54185.cc execution test program timed out.
FAIL: 30_threads/condition_variable/54185.cc execution test
WARNING: 30_threads/future/members/93456.cc execution test program timed out.
FAIL: 30_threads/future/members/93456.cc execution test
FAIL: 30_threads/future/members/poll.cc execution test
WARNING: abi/demangle/regression/cw-02.cc (test for excess errors) program timed out.
FAIL: abi/demangle/regression/cw-02.cc (test for excess errors)
FAIL: experimental/filesystem/operations/absolute.cc (test for excess errors)
UNRESOLVED: experimental/filesystem/operations/absolute.cc compilation failed to produce executable
FAIL: experimental/filesystem/operations/copy.cc (test for excess errors)
UNRESOLVED: experimental/filesystem/operations/copy.cc compilation failed to produce executable
FAIL: experimental/filesystem/operations/copy_file.cc (test for excess errors)
UNRESOLVED: experimental/filesystem/operations/copy_file.cc compilation failed to produce executable
FAIL: experimental/filesystem/operations/current_path.cc (test for excess errors)
UNRESOLVED: experimental/filesystem/operations/current_path.cc compilation failed to produce executable
FAIL: experimental/filesystem/operations/equivalent.cc (test for excess errors)
UNRESOLVED: experimental/filesystem/operations/equivalent.cc compilation failed to produce executable
FAIL: experimental/filesystem/operations/last_write_time.cc (test for excess errors)
UNRESOLVED: experimental/filesystem/operations/last_write_time.cc compilation failed to produce executable
FAIL: experimental/filesystem/operations/permissions.cc (test for excess errors)
UNRESOLVED: experimental/filesystem/operations/permissions.cc compilation failed to produce executable
FAIL: experimental/filesystem/operations/space.cc (test for excess errors)
UNRESOLVED: experimental/filesystem/operations/space.cc compilation failed to produce executable
FAIL: experimental/filesystem/path/assign/assign.cc (test for excess errors)
UNRESOLVED: experimental/filesystem/path/assign/assign.cc compilation failed to produce executable
FAIL: experimental/filesystem/path/assign/copy.cc (test for excess errors)
UNRESOLVED: experimental/filesystem/path/assign/copy.cc compilation failed to produce executable
FAIL: experimental/filesystem/path/construct/copy.cc (test for excess errors)
UNRESOLVED: experimental/filesystem/path/construct/copy.cc compilation failed to produce executable
FAIL: experimental/filesystem/path/construct/range.cc (test for excess errors)
UNRESOLVED: experimental/filesystem/path/construct/range.cc compilation failed to produce executable
FAIL: experimental/filesystem/path/construct/string_view.cc (test for excess errors)
UNRESOLVED: experimental/filesystem/path/construct/string_view.cc compilation failed to produce executable
FAIL: experimental/filesystem/path/generic/generic_string.cc (test for excess errors)
UNRESOLVED: experimental/filesystem/path/generic/generic_string.cc compilation failed to produce executable
FAIL: experimental/filesystem/path/modifiers/clear.cc (test for excess errors)
UNRESOLVED: experimental/filesystem/path/modifiers/clear.cc compilation failed to produce executable
FAIL: experimental/filesystem/path/modifiers/make_preferred.cc (test for excess errors)
UNRESOLVED: experimental/filesystem/path/modifiers/make_preferred.cc compilation failed to produce executable
FAIL: experimental/filesystem/path/modifiers/remove_filename.cc (test for excess errors)
UNRESOLVED: experimental/filesystem/path/modifiers/remove_filename.cc compilation failed to produce executable
FAIL: experimental/filesystem/path/modifiers/replace_extension.cc (test for excess errors)
UNRESOLVED: experimental/filesystem/path/modifiers/replace_extension.cc compilation failed to produce executable
FAIL: experimental/filesystem/path/modifiers/replace_filename.cc (test for excess errors)
UNRESOLVED: experimental/filesystem/path/modifiers/replace_filename.cc compilation failed to produce executable
FAIL: experimental/filesystem/path/modifiers/swap.cc (test for excess errors)
UNRESOLVED: experimental/filesystem/path/modifiers/swap.cc compilation failed to produce executable
FAIL: experimental/filesystem/path/nonmember/hash_value.cc (test for excess errors)
UNRESOLVED: experimental/filesystem/path/nonmember/hash_value.cc compilation failed to produce executable
=== libstdc++ Summary for unix/-m32 ===
# of expected passes 13171
# of unexpected failures 57
# of expected failures 93
# of unresolved testcases 51
# of unsupported tests 763
Running target unix/-m64
WARNING: 27_io/basic_streambuf/cons/2020.cc (test for excess errors) program timed out.
FAIL: 27_io/basic_streambuf/cons/2020.cc (test for excess errors)
FAIL: 27_io/filesystem/iterators/caching.cc (test for excess errors)
UNRESOLVED: 27_io/filesystem/iterators/caching.cc compilation failed to produce executable
FAIL: 27_io/filesystem/operations/absolute.cc (test for excess errors)
UNRESOLVED: 27_io/filesystem/operations/absolute.cc compilation failed to produce executable
FAIL: 27_io/filesystem/operations/copy.cc (test for excess errors)
UNRESOLVED: 27_io/filesystem/operations/copy.cc compilation failed to produce executable
FAIL: 27_io/filesystem/operations/copy_file.cc (test for excess errors)
UNRESOLVED: 27_io/filesystem/operations/copy_file.cc compilation failed to produce executable
FAIL: 27_io/filesystem/operations/current_path.cc (test for excess errors)
UNRESOLVED: 27_io/filesystem/operations/current_path.cc compilation failed to produce executable
FAIL: 27_io/filesystem/operations/equivalent.cc (test for excess errors)
UNRESOLVED: 27_io/filesystem/operations/equivalent.cc compilation failed to produce executable
FAIL: 27_io/filesystem/operations/last_write_time.cc (test for excess errors)
UNRESOLVED: 27_io/filesystem/operations/last_write_time.cc compilation failed to produce executable
FAIL: 27_io/filesystem/operations/permissions.cc (test for excess errors)
UNRESOLVED: 27_io/filesystem/operations/permissions.cc compilation failed to produce executable
FAIL: 27_io/filesystem/operations/relative.cc (test for excess errors)
UNRESOLVED: 27_io/filesystem/operations/relative.cc compilation failed to produce executable
FAIL: 27_io/filesystem/operations/resize_file.cc (test for excess errors)
UNRESOLVED: 27_io/filesystem/operations/resize_file.cc compilation failed to produce executable
FAIL: 27_io/filesystem/operations/space.cc (test for excess errors)
UNRESOLVED: 27_io/filesystem/operations/space.cc compilation failed to produce executable
FAIL: 27_io/filesystem/operations/weakly_canonical.cc (test for excess errors)
UNRESOLVED: 27_io/filesystem/operations/weakly_canonical.cc compilation failed to produce executable
FAIL: 27_io/filesystem/path/append/source.cc (test for excess errors)
UNRESOLVED: 27_io/filesystem/path/append/source.cc compilation failed to produce executable
FAIL: 27_io/filesystem/path/assign/assign.cc (test for excess errors)
UNRESOLVED: 27_io/filesystem/path/assign/assign.cc compilation failed to produce executable
FAIL: 27_io/filesystem/path/assign/copy.cc (test for excess errors)
UNRESOLVED: 27_io/filesystem/path/assign/copy.cc compilation failed to produce executable
FAIL: 27_io/filesystem/path/concat/92853.cc (test for excess errors)
UNRESOLVED: 27_io/filesystem/path/concat/92853.cc compilation failed to produce executable
FAIL: 27_io/filesystem/path/construct/copy.cc (test for excess errors)
UNRESOLVED: 27_io/filesystem/path/construct/copy.cc compilation failed to produce executable
FAIL: 27_io/filesystem/path/construct/range.cc (test for excess errors)
UNRESOLVED: 27_io/filesystem/path/construct/range.cc compilation failed to produce executable
FAIL: 27_io/filesystem/path/construct/string_view.cc (test for excess errors)
UNRESOLVED: 27_io/filesystem/path/construct/string_view.cc compilation failed to produce executable
FAIL: 27_io/filesystem/path/generation/normal.cc (test for excess errors)
UNRESOLVED: 27_io/filesystem/path/generation/normal.cc compilation failed to produce executable
FAIL: 27_io/filesystem/path/generation/normal2.cc (test for excess errors)
UNRESOLVED: 27_io/filesystem/path/generation/normal2.cc compilation failed to produce executable
FAIL: 27_io/filesystem/path/generic/generic_string.cc (test for excess errors)
UNRESOLVED: 27_io/filesystem/path/generic/generic_string.cc compilation failed to produce executable
FAIL: 27_io/filesystem/path/modifiers/clear.cc (test for excess errors)
UNRESOLVED: 27_io/filesystem/path/modifiers/clear.cc compilation failed to produce executable
FAIL: 27_io/filesystem/path/modifiers/make_preferred.cc (test for excess errors)
UNRESOLVED: 27_io/filesystem/path/modifiers/make_preferred.cc compilation failed to produce executable
FAIL: 27_io/filesystem/path/modifiers/remove_filename.cc (test for excess errors)
UNRESOLVED: 27_io/filesystem/path/modifiers/remove_filename.cc compilation failed to produce executable
FAIL: 27_io/filesystem/path/modifiers/replace_extension.cc (test for excess errors)
UNRESOLVED: 27_io/filesystem/path/modifiers/replace_extension.cc compilation failed to produce executable
FAIL: 27_io/filesystem/path/modifiers/replace_filename.cc (test for excess errors)
UNRESOLVED: 27_io/filesystem/path/modifiers/replace_filename.cc compilation failed to produce executable
FAIL: 27_io/filesystem/path/modifiers/swap.cc (test for excess errors)
UNRESOLVED: 27_io/filesystem/path/modifiers/swap.cc compilation failed to produce executable
FAIL: 27_io/filesystem/path/nonmember/append.cc (test for excess errors)
UNRESOLVED: 27_io/filesystem/path/nonmember/append.cc compilation failed to produce executable
FAIL: 27_io/filesystem/path/nonmember/hash_value.cc (test for excess errors)
UNRESOLVED: 27_io/filesystem/path/nonmember/hash_value.cc compilation failed to produce executable
WARNING: 30_threads/condition_variable/54185.cc execution test program timed out.
FAIL: 30_threads/condition_variable/54185.cc execution test
FAIL: 30_threads/future/members/poll.cc execution test
FAIL: experimental/filesystem/operations/absolute.cc (test for excess errors)
UNRESOLVED: experimental/filesystem/operations/absolute.cc compilation failed to produce executable
FAIL: experimental/filesystem/operations/copy.cc (test for excess errors)
UNRESOLVED: experimental/filesystem/operations/copy.cc compilation failed to produce executable
FAIL: experimental/filesystem/operations/copy_file.cc (test for excess errors)
UNRESOLVED: experimental/filesystem/operations/copy_file.cc compilation failed to produce executable
FAIL: experimental/filesystem/operations/current_path.cc (test for excess errors)
UNRESOLVED: experimental/filesystem/operations/current_path.cc compilation failed to produce executable
FAIL: experimental/filesystem/operations/equivalent.cc (test for excess errors)
UNRESOLVED: experimental/filesystem/operations/equivalent.cc compilation failed to produce executable
FAIL: experimental/filesystem/operations/last_write_time.cc (test for excess errors)
UNRESOLVED: experimental/filesystem/operations/last_write_time.cc compilation failed to produce executable
FAIL: experimental/filesystem/operations/permissions.cc (test for excess errors)
UNRESOLVED: experimental/filesystem/operations/permissions.cc compilation failed to produce executable
FAIL: experimental/filesystem/operations/space.cc (test for excess errors)
UNRESOLVED: experimental/filesystem/operations/space.cc compilation failed to produce executable
FAIL: experimental/filesystem/path/assign/assign.cc (test for excess errors)
UNRESOLVED: experimental/filesystem/path/assign/assign.cc compilation failed to produce executable
FAIL: experimental/filesystem/path/assign/copy.cc (test for excess errors)
UNRESOLVED: experimental/filesystem/path/assign/copy.cc compilation failed to produce executable
FAIL: experimental/filesystem/path/construct/copy.cc (test for excess errors)
UNRESOLVED: experimental/filesystem/path/construct/copy.cc compilation failed to produce executable
FAIL: experimental/filesystem/path/construct/range.cc (test for excess errors)
UNRESOLVED: experimental/filesystem/path/construct/range.cc compilation failed to produce executable
FAIL: experimental/filesystem/path/construct/string_view.cc (test for excess errors)
UNRESOLVED: experimental/filesystem/path/construct/string_view.cc compilation failed to produce executable
FAIL: experimental/filesystem/path/generic/generic_string.cc (test for excess errors)
UNRESOLVED: experimental/filesystem/path/generic/generic_string.cc compilation failed to produce executable
FAIL: experimental/filesystem/path/modifiers/clear.cc (test for excess errors)
UNRESOLVED: experimental/filesystem/path/modifiers/clear.cc compilation failed to produce executable
FAIL: experimental/filesystem/path/modifiers/make_preferred.cc (test for excess errors)
UNRESOLVED: experimental/filesystem/path/modifiers/make_preferred.cc compilation failed to produce executable
FAIL: experimental/filesystem/path/modifiers/remove_filename.cc (test for excess errors)
UNRESOLVED: experimental/filesystem/path/modifiers/remove_filename.cc compilation failed to produce executable
FAIL: experimental/filesystem/path/modifiers/replace_extension.cc (test for excess errors)
UNRESOLVED: experimental/filesystem/path/modifiers/replace_extension.cc compilation failed to produce executable
FAIL: experimental/filesystem/path/modifiers/replace_filename.cc (test for excess errors)
UNRESOLVED: experimental/filesystem/path/modifiers/replace_filename.cc compilation failed to produce executable
FAIL: experimental/filesystem/path/modifiers/swap.cc (test for excess errors)
UNRESOLVED: experimental/filesystem/path/modifiers/swap.cc compilation failed to produce executable
FAIL: experimental/filesystem/path/nonmember/hash_value.cc (test for excess errors)
UNRESOLVED: experimental/filesystem/path/nonmember/hash_value.cc compilation failed to produce executable
=== libstdc++ Summary for unix/-m64 ===
# of expected passes 13172
# of unexpected failures 54
# of expected failures 93
# of unresolved testcases 51
# of unsupported tests 764
=== libstdc++ Summary ===
# of expected passes 26343
# of unexpected failures 111
# of expected failures 186
# of unresolved testcases 102
# of unsupported tests 1527
Compiler version: 10.2.1 20210401 [releases/gcc-10 revision r10-9651-g892024d4af83] (GCC)
Platform: x86_64-apple-darwin15
configure flags: --prefix=/opt/iains/x86_64-apple-darwin15/gcc-10-wip --build=x86_64-apple-darwin15 --with-sysroot=/Library/Developer/CommandLineTools/SDKs/MacOSX.sdk --with-as=/usr/bin/as --with-ld=/usr/bin/ld --enable-languages=all CC=x86_64-apple-darwin15-gcc CXX=x86_64-apple-darwin15-g++
More information about the Gcc-testresults
mailing list