Results for 10.2.1 20210401 [releases/gcc-10 revision r10-9651-g892024d4af83] (GCC) testsuite on x86_64-apple-darwin13
Iain Sandoe
iains.gcc@gmail.com
Sat Apr 3 11:16:56 GMT 2021
LAST_UPDATED: Thu Apr 1 12:37:47 UTC 2021 (revision r10-9651-g892024d4af83)
=== acats tests ===
=== acats Summary ===
# of expected passes 2320
# of unexpected failures 0
Native configuration is x86_64-apple-darwin13
=== g++ tests ===
Running target unix/-m32
FAIL: c-c++-common/asan/null-deref-1.c -O0 output pattern test
FAIL: c-c++-common/asan/null-deref-1.c -O1 output pattern test
FAIL: c-c++-common/asan/null-deref-1.c -O2 output pattern test
FAIL: c-c++-common/asan/null-deref-1.c -O2 -flto output pattern test
FAIL: c-c++-common/asan/null-deref-1.c -O2 -flto -flto-partition=none output pattern test
FAIL: c-c++-common/asan/null-deref-1.c -O3 -g output pattern test
FAIL: c-c++-common/asan/null-deref-1.c -Os output pattern test
WARNING: g++.dg/cpp0x/initlist-deduce.C -std=c++2a (test for errors, line 20) program timed out.
WARNING: g++.dg/expr/comma1.C -std=c++14 (test for excess errors) program timed out.
FAIL: g++.dg/expr/comma1.C -std=c++14 (test for excess errors)
WARNING: g++.dg/expr/pmf-3.C -std=gnu++17 (test for excess errors) program timed out.
FAIL: g++.dg/expr/pmf-3.C -std=gnu++17 (test for excess errors)
WARNING: g++.dg/ext/flexary27.C -std=c++14 (test for errors, line 4) program timed out.
FAIL: g++.dg/ext/pr84828.C -std=gnu++14 (test for excess errors)
FAIL: g++.dg/ext/pr84828.C -std=gnu++17 (test for excess errors)
FAIL: g++.dg/ext/pr84828.C -std=gnu++2a (test for excess errors)
FAIL: g++.dg/ext/pr84828.C -std=gnu++98 (test for excess errors)
FAIL: g++.dg/ipa/pr67056.C scan-ipa-dump cp "Speculative outer type:struct CompositeClass"
WARNING: g++.dg/lookup/ns3.C -std=c++17 (test for errors, line 5) program timed out.
WARNING: g++.dg/other/pr84792-2.C -std=c++14 (test for errors, line 6) program timed out.
WARNING: g++.dg/parse/no-value1.C -std=c++2a (test for errors, line 13) program timed out.
WARNING: g++.dg/pubtypes.C -std=gnu++17 (test for excess errors) program timed out.
FAIL: g++.dg/pubtypes.C -std=gnu++17 (test for excess errors)
FAIL: g++.dg/gomp/pr88182.C -std=gnu++14 (test for excess errors)
UNRESOLVED: g++.dg/gomp/pr88182.C -std=gnu++14 compilation failed to produce executable
FAIL: g++.dg/gomp/pr88182.C -std=gnu++17 (test for excess errors)
UNRESOLVED: g++.dg/gomp/pr88182.C -std=gnu++17 compilation failed to produce executable
FAIL: g++.dg/gomp/pr88182.C -std=gnu++2a (test for excess errors)
UNRESOLVED: g++.dg/gomp/pr88182.C -std=gnu++2a compilation failed to produce executable
FAIL: g++.dg/gomp/pr88182.C -std=gnu++98 (test for excess errors)
UNRESOLVED: g++.dg/gomp/pr88182.C -std=gnu++98 compilation failed to produce executable
FAIL: g++.dg/lto/pr65276 cp_lto_pr65276_0.o-cp_lto_pr65276_1.o link, -flto -O0 -std=c++11
FAIL: g++.dg/lto/pr89335 cp_lto_pr89335_0.o assemble, -O2 -flto -Wsuggest-final-methods
WARNING: g++.dg/tls/thread_local4.C -std=gnu++98 program timed out.
WARNING: g++.dg/ubsan/static-init-3.C -O2 (test for excess errors) program timed out.
FAIL: g++.dg/ubsan/static-init-3.C -O2 (test for excess errors)
WARNING: g++.old-deja/g++.other/const1.C -std=c++2a (test for errors, line 7) program timed out.
=== g++ Summary for unix/-m32 ===
# of expected passes 188569
# of unexpected failures 22
# of expected failures 905
# of unresolved testcases 4
# of unsupported tests 8672
Running target unix/-m64
WARNING: g++.dg/debug/static1.C -gstabs1 (test for excess errors) program timed out.
FAIL: g++.dg/debug/static1.C -gstabs1 (test for excess errors)
WARNING: c-c++-common/pr67639.c -std=c++17 (test for errors, line 6) program timed out.
WARNING: g++.dg/cpp0x/alias-decl-56.C -std=c++14 (test for warnings, line 3) program timed out.
WARNING: g++.dg/cpp0x/pr61924.C -std=c++2a (test for errors, line 6) program timed out.
WARNING: g++.dg/cpp0x/variadic162.C -std=c++17 (test for excess errors) program timed out.
FAIL: g++.dg/cpp0x/variadic162.C -std=c++17 (test for excess errors)
WARNING: g++.dg/cpp1y/nsdmi-aggr2.C -std=c++14 (test for excess errors) program timed out.
FAIL: g++.dg/cpp1y/nsdmi-aggr2.C -std=c++14 (test for excess errors)
WARNING: g++.dg/cpp1y/pr59110.C -std=c++2a (test for errors, line 4) program timed out.
WARNING: g++.dg/cpp2a/destroying-delete3.C -std=c++2a (test for errors, line 7) program timed out.
WARNING: g++.dg/eh/throw3.C -std=c++17 (test for excess errors) program timed out.
FAIL: g++.dg/eh/throw3.C -std=c++17 (test for excess errors)
FAIL: g++.dg/ipa/pr67056.C scan-ipa-dump cp "Speculative outer type:struct CompositeClass"
FAIL: g++.dg/pr80481.C -std=gnu++14 scan-assembler-not vmovaps[^\\n\\r]*zmm[0-9]+,[^\\n\\r]*zmm[0-9]+
FAIL: g++.dg/pr80481.C -std=gnu++17 scan-assembler-not vmovaps[^\\n\\r]*zmm[0-9]+,[^\\n\\r]*zmm[0-9]+
FAIL: g++.dg/pr80481.C -std=gnu++2a scan-assembler-not vmovaps[^\\n\\r]*zmm[0-9]+,[^\\n\\r]*zmm[0-9]+
FAIL: g++.dg/pr80481.C -std=gnu++98 scan-assembler-not vmovaps[^\\n\\r]*zmm[0-9]+,[^\\n\\r]*zmm[0-9]+
WARNING: g++.dg/pr82128.C -std=gnu++98 (test for excess errors) program timed out.
FAIL: g++.dg/pr82128.C -std=gnu++98 (test for excess errors)
WARNING: g++.dg/template/access11.C -std=c++14 (test for warnings, line 8) program timed out.
WARNING: g++.dg/template/new10.C -std=c++98 (test for excess errors) program timed out.
FAIL: g++.dg/template/new10.C -std=c++98 (test for excess errors)
FAIL: g++.dg/tree-ssa/pr21407.C -std=gnu++98 (test for excess errors)
UNRESOLVED: g++.dg/tree-ssa/pr21407.C -std=gnu++98 compilation failed to produce executable
WARNING: g++.dg/warn/Wsubobject-linkage-3.C -std=c++2a (test for warnings, line 6) program timed out.
FAIL: g++.dg/gomp/pr88182.C -std=gnu++14 (test for excess errors)
UNRESOLVED: g++.dg/gomp/pr88182.C -std=gnu++14 compilation failed to produce executable
FAIL: g++.dg/gomp/pr88182.C -std=gnu++17 (test for excess errors)
UNRESOLVED: g++.dg/gomp/pr88182.C -std=gnu++17 compilation failed to produce executable
FAIL: g++.dg/gomp/pr88182.C -std=gnu++2a (test for excess errors)
UNRESOLVED: g++.dg/gomp/pr88182.C -std=gnu++2a compilation failed to produce executable
FAIL: g++.dg/gomp/pr88182.C -std=gnu++98 (test for excess errors)
UNRESOLVED: g++.dg/gomp/pr88182.C -std=gnu++98 compilation failed to produce executable
WARNING: g++.dg/lto/20091210-1 cp_lto_20091210-1_0.o-cp_lto_20091210-1_1.o link, -O0 -flto -flto-partition=1to1 program timed out.
FAIL: g++.dg/lto/20091210-1 cp_lto_20091210-1_0.o-cp_lto_20091210-1_1.o link, -O0 -flto -flto-partition=1to1
FAIL: g++.dg/lto/pr65276 cp_lto_pr65276_0.o-cp_lto_pr65276_1.o link, -flto -O0 -std=c++11
FAIL: g++.dg/lto/pr89335 cp_lto_pr89335_0.o assemble, -O2 -flto -Wsuggest-final-methods
WARNING: c-c++-common/tm/cancel-1.c -std=gnu++98 (test for excess errors) program timed out.
FAIL: c-c++-common/tm/cancel-1.c -std=gnu++98 (test for excess errors)
WARNING: c-c++-common/torture/builtin-arith-overflow-p-17.c -O2 -flto (test for excess errors) program timed out.
FAIL: c-c++-common/torture/builtin-arith-overflow-p-17.c -O2 -flto (test for excess errors)
WARNING: g++.dg/torture/pr90194.C -O1 (test for excess errors) program timed out.
FAIL: g++.dg/torture/pr90194.C -O1 (test for excess errors)
WARNING: c-c++-common/ubsan/pr63839.c -O2 execution test program timed out.
WARNING: c-c++-common/ubsan/pr63839.c -O2 -flto -flto-partition=none execution test program timed out.
WARNING: c-c++-common/ubsan/pr80800.c -O2 -flto (test for excess errors) program timed out.
FAIL: c-c++-common/ubsan/pr80800.c -O2 -flto (test for excess errors)
WARNING: c-c++-common/ubsan/unreachable-2.c -O2 -flto execution test program timed out.
WARNING: c-c++-common/ubsan/unreachable-4.c -O0 execution test program timed out.
WARNING: c-c++-common/ubsan/unreachable-4.c -O1 (test for excess errors) program timed out.
FAIL: c-c++-common/ubsan/unreachable-4.c -O1 (test for excess errors)
UNRESOLVED: c-c++-common/ubsan/unreachable-4.c -O1 compilation failed to produce executable
WARNING: c-c++-common/ubsan/unreachable-4.c -O3 -g execution test program timed out.
WARNING: g++.old-deja/g++.brendan/redecl1.C -std=c++14 (test for warnings, line 3) program timed out.
WARNING: g++.old-deja/g++.other/friend1.C -std=c++17 (test for warnings, line 25) program timed out.
WARNING: g++.old-deja/g++.pt/crash3.C -std=c++98 (test for errors, line 9) program timed out.
WARNING: g++.old-deja/g++.pt/deduct5.C -std=c++17 (test for excess errors) program timed out.
FAIL: g++.old-deja/g++.pt/deduct5.C -std=c++17 (test for excess errors)
WARNING: g++.old-deja/g++.pt/explicit10.C -std=gnu++17 (test for excess errors) program timed out.
FAIL: g++.old-deja/g++.pt/explicit10.C -std=gnu++17 (test for excess errors)
WARNING: g++.old-deja/g++.pt/memtemp26.C -std=c++14 (test for excess errors) program timed out.
FAIL: g++.old-deja/g++.pt/memtemp26.C -std=c++14 (test for excess errors)
=== g++ Summary for unix/-m64 ===
# of expected passes 190863
# of unexpected failures 27
# of expected failures 909
# of unresolved testcases 6
# of unsupported tests 8812
=== g++ Summary ===
# of expected passes 379432
# of unexpected failures 49
# of expected failures 1814
# of unresolved testcases 10
# of unsupported tests 17484
/scratch/10-13-mav/gcc-10-wip/gcc/xg++ version 10.2.1 20210401 [releases/gcc-10 revision r10-9651-g892024d4af83] (GCC)
=== gcc tests ===
Running target unix/-m32
WARNING: gcc.c-torture/compile/20011114-3.c -O3 -g (test for excess errors) program timed out.
FAIL: gcc.c-torture/compile/20011114-3.c -O3 -g (test for excess errors)
WARNING: gcc.c-torture/compile/20030907-1.c -O2 -flto -flto-partition=none (test for excess errors) program timed out.
FAIL: gcc.c-torture/compile/20030907-1.c -O2 -flto -flto-partition=none (test for excess errors)
WARNING: gcc.c-torture/compile/20070603-2.c -O3 -fomit-frame-pointer -funroll-loops -fpeel-loops -ftracer -finline-functions (test for excess errors) program timed out.
FAIL: gcc.c-torture/compile/20070603-2.c -O3 -fomit-frame-pointer -funroll-loops -fpeel-loops -ftracer -finline-functions (test for excess errors)
WARNING: gcc.c-torture/compile/990801-2.c -O2 -flto -flto-partition=none (test for excess errors) program timed out.
FAIL: gcc.c-torture/compile/990801-2.c -O2 -flto -flto-partition=none (test for excess errors)
WARNING: gcc.c-torture/compile/pr50565-2.c -O2 (test for excess errors) program timed out.
FAIL: gcc.c-torture/compile/pr50565-2.c -O2 (test for excess errors)
WARNING: gcc.c-torture/compile/pr52306.c -O3 -g (test for excess errors) program timed out.
FAIL: gcc.c-torture/compile/pr52306.c -O3 -g (test for excess errors)
WARNING: gcc.c-torture/compile/pr59102.c -O1 (test for excess errors) program timed out.
FAIL: gcc.c-torture/compile/pr59102.c -O1 (test for excess errors)
WARNING: gcc.c-torture/compile/pr59362.c -O0 (test for excess errors) program timed out.
FAIL: gcc.c-torture/compile/pr59362.c -O0 (test for excess errors)
WARNING: gcc.c-torture/compile/pr89998-2.c -O2 (test for excess errors) program timed out.
FAIL: gcc.c-torture/compile/pr89998-2.c -O2 (test for excess errors)
WARNING: gcc.c-torture/execute/20100827-1.c -O3 -g (test for excess errors) program timed out.
FAIL: gcc.c-torture/execute/20100827-1.c -O3 -g (test for excess errors)
WARNING: gcc.c-torture/execute/pr22061-2.c -O2 -flto -flto-partition=none (test for excess errors) program timed out.
FAIL: gcc.c-torture/execute/pr22061-2.c -O2 -flto -flto-partition=none (test for excess errors)
WARNING: gcc.c-torture/execute/pr53688.c -Os (test for excess errors) program timed out.
FAIL: gcc.c-torture/execute/pr53688.c -Os (test for excess errors)
FAIL: c-c++-common/asan/null-deref-1.c -O0 output pattern test
FAIL: c-c++-common/asan/null-deref-1.c -O1 output pattern test
FAIL: c-c++-common/asan/null-deref-1.c -O2 output pattern test
FAIL: c-c++-common/asan/null-deref-1.c -O2 -flto output pattern test
FAIL: c-c++-common/asan/null-deref-1.c -O2 -flto -flto-partition=none output pattern test
FAIL: c-c++-common/asan/null-deref-1.c -O3 -g output pattern test
FAIL: c-c++-common/asan/null-deref-1.c -Os output pattern test
WARNING: gcc.dg/cpp/gnuc89-pedantic.c (test for warnings, line 9) program timed out.
FAIL: gcc.dg/debug/dwarf2/inline4.c scan-assembler DW_TAG_inlined_subroutine[^\\\\(]*\\\\([^\\\\)]*\\\\)[^\\\\(]*\\\\(DIE \\\\(0x[0-9a-f]*\\\\) DW_TAG_formal_parameter[^\\\\(]*\\\\(DIE \\\\(0x[0-9a-f]*\\\\) DW_TAG_variable
FAIL: gcc.dg/debug/dwarf2/inline5.c scan-assembler-not \\\\(DIE \\\\(0x([0-9a-f]*)\\\\) DW_TAG_lexical_block\\\\)[^#/!@;\\\\|]*[#/!@;\\\\|]+ +[^(].*DW_TAG_lexical_block\\\\)[^#/!@;\\\\|x]*x\\\\1[^#/!@;\\\\|]*[#/!@;\\\\|] +DW_AT_abstract_origin
FAIL: gcc.dg/debug/dwarf2/pr97060.c scan-assembler-times DW_AT_declaration 2
FAIL: gcc.dg/pr68766.c (internal compiler error)
FAIL: gcc.dg/pr68766.c (test for excess errors)
FAIL: gcc.dg/stack-layout-dynamic-1.c (test for excess errors)
UNRESOLVED: gcc.dg/stack-layout-dynamic-1.c scan-assembler-not cfi_def_cfa_register
FAIL: c-c++-common/goacc/firstprivate-mappings-1.c scan-tree-dump omplower "(?n)#pragma omp target oacc_parallel map\\\\(from:array_so \\\\[len: 4\\\\]\\\\) firstprivate\\\\(array_li.[0-9]+\\\\) map\\\\(tofrom:\\\\(\\\\*array.[0-9]+\\\\) \\\\[len: D\\\\.[0-9]+\\\\]\\\\) map\\\\(firstprivate:array \\\\[pointer assign, bias: 0\\\\]\\\\) \\\\["
FAIL: gcc.dg/graphite/scop-19.c scan-tree-dump-times graphite "number of SCoPs: 0" 1
FAIL: gcc.dg/ipa/ipa-icf-38.c scan-ltrans-tree-dump-not optimized "Function bar"
FAIL: gcc.dg/lto/pr94157 c_lto_pr94157_0.o assemble, -O0 -fipa-vrp -flto -Wa,--noexecstack -Wa,--noexecstack -Wa,--execstack -Wa,--execstack -Wa,--execstack -Wa,--execstack -Wa,--execstack -Wa,--execstack -Wa,--execstack -Wa,--execstack -Wa,--execstack -Wa,--execstack -Wa,--execstack -Wa,--execstack -Wa,--execstack -Wa,--execstack
UNRESOLVED: gcc.dg/lto/pr94157 c_lto_pr94157_0.o-c_lto_pr94157_0.o execute -O0 -fipa-vrp -flto -Wa,--noexecstack -Wa,--noexecstack -Wa,--execstack -Wa,--execstack -Wa,--execstack -Wa,--execstack -Wa,--execstack -Wa,--execstack -Wa,--execstack -Wa,--execstack -Wa,--execstack -Wa,--execstack -Wa,--execstack -Wa,--execstack -Wa,--execstack -Wa,--execstack
UNRESOLVED: gcc.dg/lto/pr94157 c_lto_pr94157_0.o-c_lto_pr94157_0.o link -O0 -fipa-vrp -flto -Wa,--noexecstack -Wa,--noexecstack -Wa,--execstack -Wa,--execstack -Wa,--execstack -Wa,--execstack -Wa,--execstack -Wa,--execstack -Wa,--execstack -Wa,--execstack -Wa,--execstack -Wa,--execstack -Wa,--execstack -Wa,--execstack -Wa,--execstack -Wa,--execstack
WARNING: gcc.dg/noncompile/20020130-1.c -O0 x undeclared (test for errors, line 8) program timed out.
WARNING: ./counter-3.h -O0 -g (test for excess errors) program timed out.
FAIL: ./counter-3.h -O0 -g (test for excess errors)
FAIL: gcc.dg/torture/builtin-self.c -O0 scan-assembler-not \\tcall
FAIL: gcc.dg/torture/ftrapv-1.c -O0 execution test
FAIL: gcc.dg/torture/ftrapv-1.c -O1 execution test
FAIL: gcc.dg/torture/ftrapv-1.c -O2 execution test
FAIL: gcc.dg/torture/ftrapv-1.c -O2 -flto execution test
FAIL: gcc.dg/torture/ftrapv-1.c -O2 -flto -flto-partition=none execution test
FAIL: gcc.dg/torture/ftrapv-1.c -O3 -fomit-frame-pointer -funroll-loops -fpeel-loops -ftracer -finline-functions execution test
FAIL: gcc.dg/torture/ftrapv-1.c -O3 -g execution test
FAIL: gcc.dg/torture/ftrapv-1.c -Os execution test
FAIL: gcc.dg/torture/ftrapv-2.c -O0 execution test
FAIL: gcc.dg/torture/ftrapv-2.c -O1 execution test
FAIL: gcc.dg/torture/ftrapv-2.c -O2 execution test
FAIL: gcc.dg/torture/ftrapv-2.c -O3 -fomit-frame-pointer -funroll-loops -fpeel-loops -ftracer -finline-functions execution test
FAIL: gcc.dg/torture/ftrapv-2.c -O3 -g execution test
FAIL: gcc.dg/torture/ftrapv-2.c -Os execution test
WARNING: c-c++-common/ubsan/pr80932.c -O3 -g (test for excess errors) program timed out.
FAIL: c-c++-common/ubsan/pr80932.c -O3 -g (test for excess errors)
XPASS: gcc.dg/vect/vect-reduc-in-order-1.c -flto -ffat-lto-objects execution test
XPASS: gcc.dg/vect/vect-reduc-in-order-1.c execution test
XPASS: gcc.dg/vect/vect-reduc-in-order-2.c -flto -ffat-lto-objects execution test
XPASS: gcc.dg/vect/vect-reduc-in-order-2.c execution test
XPASS: gcc.dg/vect/vect-reduc-in-order-3.c -flto -ffat-lto-objects execution test
XPASS: gcc.dg/vect/vect-reduc-in-order-3.c execution test
XPASS: gcc.dg/vect/vect-reduc-in-order-4.c -flto -ffat-lto-objects execution test
XPASS: gcc.dg/vect/vect-reduc-in-order-4.c execution test
FAIL: gcc.target/i386/pad-3.c scan-assembler-not nop
FAIL: gcc.target/i386/pr15184-1.c scan-assembler-times movb[ \\\\t]+%al 4
FAIL: gcc.target/i386/pr15184-2.c scan-assembler-times movb[ \\\\t]+%al 2
FAIL: gcc.target/i386/pr36502.c scan-assembler-not esp
FAIL: gcc.target/i386/pr54855-3.c scan-assembler-not movsd
FAIL: gcc.target/i386/pr54855-7.c scan-assembler-not movss
FAIL: gcc.target/i386/pr66334.c scan-assembler movl[ \\\\t].+, %ebx
FAIL: gcc.target/i386/pr71245-1.c scan-assembler-not (fistp|fild)
FAIL: gcc.target/i386/pr71245-2.c scan-assembler-not movlps
FAIL: gcc.target/i386/pr78035.c scan-assembler-times cmp 2
FAIL: gcc.target/i386/pr81736-5.c scan-assembler-not %[re]bp
XPASS: gcc.target/i386/pr84101.c scan-tree-dump-not slp2 "basic block vectorized"
FAIL: gcc.target/i386/pr84278.c scan-assembler-not \\\\(%.sp\\\\)
FAIL: gcc.target/i386/pr85667-6.c scan-assembler-times flds[^\\n\\r]* 1
WARNING: gcc.target/i386/pr88414.c (test for errors, line 15) program timed out.
FAIL: gcc.target/i386/pr92651.c scan-assembler-times sub 2
FAIL: gcc.target/i386/ret-thunk-22.c scan-assembler call[ \\\\t]*___x86.get_pc_thunk.cx
FAIL: gcc.target/i386/ret-thunk-23.c scan-assembler call[ \\\\t]*___x86.get_pc_thunk.cx
FAIL: gcc.target/i386/ret-thunk-24.c scan-assembler call[ \\\\t]*___x86.get_pc_thunk.cx
=== gcc Summary for unix/-m32 ===
# of expected passes 140487
# of unexpected failures 63
# of unexpected successes 9
# of expected failures 744
# of unresolved testcases 3
# of unsupported tests 5483
Running target unix/-m64
WARNING: gcc.c-torture/compile/20020415-1.c -O2 (test for excess errors) program timed out.
FAIL: gcc.c-torture/compile/20020415-1.c -O2 (test for excess errors)
WARNING: gcc.c-torture/compile/930523-1.c -O2 -flto -flto-partition=none (test for excess errors) program timed out.
FAIL: gcc.c-torture/compile/930523-1.c -O2 -flto -flto-partition=none (test for excess errors)
WARNING: gcc.c-torture/execute/pr33870.c -O2 -flto (test for excess errors) program timed out.
FAIL: gcc.c-torture/execute/pr33870.c -O2 -flto (test for excess errors)
WARNING: gcc.dg/analyzer/malloc-paths-9.c (test for warnings, line 10) program timed out.
WARNING: gcc.dg/compat/struct-by-value-6a c_compat_y_tst.o compile program timed out.
FAIL: gcc.dg/compat/struct-by-value-6a c_compat_y_tst.o compile
FAIL: gcc.dg/debug/dwarf2/inline4.c scan-assembler DW_TAG_inlined_subroutine[^\\\\(]*\\\\([^\\\\)]*\\\\)[^\\\\(]*\\\\(DIE \\\\(0x[0-9a-f]*\\\\) DW_TAG_formal_parameter[^\\\\(]*\\\\(DIE \\\\(0x[0-9a-f]*\\\\) DW_TAG_variable
FAIL: gcc.dg/debug/dwarf2/inline5.c scan-assembler-not \\\\(DIE \\\\(0x([0-9a-f]*)\\\\) DW_TAG_lexical_block\\\\)[^#/!@;\\\\|]*[#/!@;\\\\|]+ +[^(].*DW_TAG_lexical_block\\\\)[^#/!@;\\\\|x]*x\\\\1[^#/!@;\\\\|]*[#/!@;\\\\|] +DW_AT_abstract_origin
FAIL: gcc.dg/debug/dwarf2/pr97060.c scan-assembler-times DW_AT_declaration 2
WARNING: gcc.dg/float64x-typeof.c (test for excess errors) program timed out.
FAIL: gcc.dg/float64x-typeof.c (test for excess errors)
FAIL: gcc.dg/pr68766.c (internal compiler error)
FAIL: gcc.dg/pr68766.c (test for excess errors)
FAIL: gcc.dg/strlenopt-82.c scan-tree-dump-times optimized "call_in_true_branch_not_eliminated_" 0
FAIL: gcc.dg/graphite/scop-19.c scan-tree-dump-times graphite "number of SCoPs: 0" 1
FAIL: gcc.dg/ipa/ipa-icf-38.c scan-ltrans-tree-dump-not optimized "Function bar"
WARNING: gcc.dg/lto/20091020-3 c_lto_20091020-3_0.o assemble, -O2 -flto program timed out.
FAIL: gcc.dg/lto/20091020-3 c_lto_20091020-3_0.o assemble, -O2 -flto
FAIL: gcc.dg/lto/pr94157 c_lto_pr94157_0.o assemble, -O0 -fipa-vrp -flto -Wa,--noexecstack -Wa,--noexecstack -Wa,--execstack -Wa,--execstack -Wa,--execstack -Wa,--execstack -Wa,--execstack -Wa,--execstack -Wa,--execstack -Wa,--execstack -Wa,--execstack -Wa,--execstack -Wa,--execstack -Wa,--execstack -Wa,--execstack -Wa,--execstack
UNRESOLVED: gcc.dg/lto/pr94157 c_lto_pr94157_0.o-c_lto_pr94157_0.o execute -O0 -fipa-vrp -flto -Wa,--noexecstack -Wa,--noexecstack -Wa,--execstack -Wa,--execstack -Wa,--execstack -Wa,--execstack -Wa,--execstack -Wa,--execstack -Wa,--execstack -Wa,--execstack -Wa,--execstack -Wa,--execstack -Wa,--execstack -Wa,--execstack -Wa,--execstack -Wa,--execstack
UNRESOLVED: gcc.dg/lto/pr94157 c_lto_pr94157_0.o-c_lto_pr94157_0.o link -O0 -fipa-vrp -flto -Wa,--noexecstack -Wa,--noexecstack -Wa,--execstack -Wa,--execstack -Wa,--execstack -Wa,--execstack -Wa,--execstack -Wa,--execstack -Wa,--execstack -Wa,--execstack -Wa,--execstack -Wa,--execstack -Wa,--execstack -Wa,--execstack -Wa,--execstack -Wa,--execstack
WARNING: gcc.dg/pch/valid-6.c -O1 -I. -Dwith_PCH (test for excess errors) program timed out.
FAIL: gcc.dg/pch/valid-6.c -O1 -I. -Dwith_PCH (test for excess errors)
FAIL: gcc.dg/rtl/x86_64/final.c (internal compiler error)
FAIL: gcc.dg/rtl/x86_64/final.c (test for excess errors)
UNRESOLVED: gcc.dg/rtl/x86_64/final.c scan-assembler .cfi_endproc
UNRESOLVED: gcc.dg/rtl/x86_64/final.c scan-assembler .cfi_startproc
UNRESOLVED: gcc.dg/rtl/x86_64/final.c scan-assembler ret
UNRESOLVED: gcc.dg/rtl/x86_64/final.c scan-assembler test_1:
WARNING: gcc.dg/torture/float64-basic.c -O0 program timed out.
FAIL: gcc.dg/torture/ftrapv-1.c -O0 execution test
FAIL: gcc.dg/torture/ftrapv-1.c -O1 execution test
FAIL: gcc.dg/torture/ftrapv-1.c -O2 execution test
FAIL: gcc.dg/torture/ftrapv-1.c -O2 -flto execution test
FAIL: gcc.dg/torture/ftrapv-1.c -O2 -flto -flto-partition=none execution test
FAIL: gcc.dg/torture/ftrapv-1.c -O3 -fomit-frame-pointer -funroll-loops -fpeel-loops -ftracer -finline-functions execution test
FAIL: gcc.dg/torture/ftrapv-1.c -O3 -g execution test
FAIL: gcc.dg/torture/ftrapv-1.c -Os execution test
FAIL: gcc.dg/torture/ftrapv-2.c -O0 execution test
FAIL: gcc.dg/torture/ftrapv-2.c -O1 execution test
FAIL: gcc.dg/torture/ftrapv-2.c -O2 execution test
FAIL: gcc.dg/torture/ftrapv-2.c -O3 -fomit-frame-pointer -funroll-loops -fpeel-loops -ftracer -finline-functions execution test
FAIL: gcc.dg/torture/ftrapv-2.c -O3 -g execution test
FAIL: gcc.dg/torture/ftrapv-2.c -Os execution test
WARNING: gcc.dg/torture/pr47958-1.c -O3 -g (test for excess errors) program timed out.
FAIL: gcc.dg/torture/pr47958-1.c -O3 -g (test for excess errors)
FAIL: gcc.dg/torture/pr91896.c -O3 -fomit-frame-pointer -funroll-loops -fpeel-loops -ftracer -finline-functions (test for excess errors)
FAIL: gcc.dg/torture/pr92241.c -O2 -flto (test for excess errors)
WARNING: gcc.dg/torture/stackalign/vararg-1.c -O2 -flto -mforce-drap (test for excess errors) program timed out.
FAIL: gcc.dg/torture/stackalign/vararg-1.c -O2 -flto -mforce-drap (test for excess errors)
XPASS: gcc.dg/tree-ssa/pr91091-2.c scan-tree-dump-times fre1 " = [^;]*x;" 1
XPASS: gcc.dg/tree-ssa/pr91091-2.c scan-tree-dump-times fre1 "x = " 1
XPASS: gcc.dg/tree-ssa/ssa-fre-77.c scan-tree-dump fre1 "return 1;"
WARNING: gcc.dg/tree-ssa/vrp23.c (test for excess errors) program timed out.
FAIL: gcc.dg/tree-ssa/vrp23.c (test for excess errors)
WARNING: gcc.dg/vect/O3-pr46077.c (test for excess errors) program timed out.
FAIL: gcc.dg/vect/O3-pr46077.c (test for excess errors)
WARNING: gcc.target/i386/avx512bf16-vcvtneps2bf16-1.c (test for excess errors) program timed out.
FAIL: gcc.target/i386/avx512bf16-vcvtneps2bf16-1.c (test for excess errors)
FAIL: gcc.target/i386/pr34256.c scan-assembler-times mov 5
FAIL: gcc.target/i386/pr78035.c scan-assembler-times cmp 2
FAIL: gcc.target/i386/pr85667-10.c scan-assembler-times movq[ \\t]*%r8, .* 1
FAIL: gcc.target/i386/pr85667-10.c scan-assembler-times movq[ \\t]*%r9, .* 1
FAIL: gcc.target/i386/pr85667-10.c scan-assembler-times movq[ \\t]*%rcx, .* 1
FAIL: gcc.target/i386/pr85667-10.c scan-assembler-times movq[ \\t]*%rdx, .* 1
FAIL: gcc.target/i386/pr85667-10.c scan-assembler-times movq[^\\n\\r]*, %rax 1
WARNING: gcc.target/i386/pr90358.c (test for excess errors) program timed out.
FAIL: gcc.target/i386/pr90358.c (test for excess errors)
FAIL: gcc.target/i386/pr92651.c scan-assembler-times sub 2
WARNING: gcc.target/i386/sse-23.c (test for excess errors) program timed out.
FAIL: gcc.target/i386/sse-23.c (test for excess errors)
WARNING: gcc.target/i386/sse-24.c (test for excess errors) program timed out.
FAIL: gcc.target/i386/sse-24.c (test for excess errors)
WARNING: gcc.target/i386/sse-26.c (test for excess errors) program timed out.
FAIL: gcc.target/i386/sse-26.c (test for excess errors)
WARNING: gcc.target/i386/vect-args.c (test for excess errors) program timed out.
FAIL: gcc.target/i386/stackalign/pr88483-1.c -mno-stackrealign scan-assembler-not and[lq]?[^\\\\n]*-[0-9]+,[^\\\\n]*sp
FAIL: gcc.target/i386/stackalign/pr88483-1.c -mstackrealign scan-assembler-not and[lq]?[^\\\\n]*-[0-9]+,[^\\\\n]*sp
FAIL: gcc.target/i386/stackalign/pr88483-2.c -mno-stackrealign scan-assembler-not (sub|add)(l|q)[\\\\t ]*\\\\\$[0-9]*,[\\\\t ]*%[re]?sp
FAIL: gcc.target/i386/stackalign/pr88483-2.c -mno-stackrealign scan-assembler-not and[lq]?[^\\\\n]*-[0-9]+,[^\\\\n]*sp
FAIL: gcc.target/i386/stackalign/pr88483-2.c -mstackrealign scan-assembler-not (sub|add)(l|q)[\\\\t ]*\\\\\$[0-9]*,[\\\\t ]*%[re]?sp
FAIL: gcc.target/i386/stackalign/pr88483-2.c -mstackrealign scan-assembler-not and[lq]?[^\\\\n]*-[0-9]+,[^\\\\n]*sp
=== gcc Summary for unix/-m64 ===
# of expected passes 142699
# of unexpected failures 57
# of unexpected successes 3
# of expected failures 759
# of unresolved testcases 6
# of unsupported tests 5133
=== gcc Summary ===
# of expected passes 283186
# of unexpected failures 120
# of unexpected successes 12
# of expected failures 1503
# of unresolved testcases 9
# of unsupported tests 10616
/scratch/10-13-mav/gcc-10-wip/gcc/xgcc version 10.2.1 20210401 [releases/gcc-10 revision r10-9651-g892024d4af83] (GCC)
=== gfortran tests ===
Running target unix/-m32
FAIL: gfortran.dg/analyzer/pr93993.f90 -O (test for excess errors)
WARNING: gfortran.dg/assign_9.f90 -Os (test for excess errors) program timed out.
FAIL: gfortran.dg/assign_9.f90 -Os (test for excess errors)
WARNING: gfortran.dg/char_associated_1.f90 -O3 -fomit-frame-pointer -funroll-loops -fpeel-loops -ftracer -finline-functions (test for excess errors) program timed out.
FAIL: gfortran.dg/char_associated_1.f90 -O3 -fomit-frame-pointer -funroll-loops -fpeel-loops -ftracer -finline-functions (test for excess errors)
WARNING: gfortran.dg/char_expr_1.f90 -Os (test for excess errors) program timed out.
FAIL: gfortran.dg/char_expr_1.f90 -Os (test for excess errors)
FAIL: gfortran.dg/class_assign_4.f90 -O0 execution test
FAIL: gfortran.dg/class_assign_4.f90 -O1 execution test
FAIL: gfortran.dg/class_assign_4.f90 -O2 execution test
FAIL: gfortran.dg/class_assign_4.f90 -O3 -fomit-frame-pointer -funroll-loops -fpeel-loops -ftracer -finline-functions execution test
FAIL: gfortran.dg/class_assign_4.f90 -O3 -g execution test
FAIL: gfortran.dg/class_assign_4.f90 -Os execution test
WARNING: gfortran.dg/internal_dummy_3.f08 -O3 -fomit-frame-pointer -funroll-loops -fpeel-loops -ftracer -finline-functions (test for excess errors) program timed out.
FAIL: gfortran.dg/internal_dummy_3.f08 -O3 -fomit-frame-pointer -funroll-loops -fpeel-loops -ftracer -finline-functions (test for excess errors)
WARNING: gfortran.dg/is_contiguous_2.f90 -O (test for excess errors) program timed out.
FAIL: gfortran.dg/is_contiguous_2.f90 -O (test for excess errors)
UNRESOLVED: gfortran.dg/is_contiguous_2.f90 -O compilation failed to produce executable
WARNING: gfortran.dg/list_read_12.f90 -O2 (test for excess errors) program timed out.
FAIL: gfortran.dg/list_read_12.f90 -O2 (test for excess errors)
WARNING: gfortran.dg/minlocval_3.f90 -O3 -g (test for excess errors) program timed out.
FAIL: gfortran.dg/minlocval_3.f90 -O3 -g (test for excess errors)
=== gfortran Summary for unix/-m32 ===
# of expected passes 54453
# of unexpected failures 14
# of expected failures 232
# of unresolved testcases 1
# of unsupported tests 209
Running target unix/-m64
FAIL: gfortran.dg/analyzer/pr93993.f90 -O (test for excess errors)
FAIL: gfortran.dg/class_assign_4.f90 -O0 execution test
FAIL: gfortran.dg/class_assign_4.f90 -O1 execution test
FAIL: gfortran.dg/class_assign_4.f90 -O2 execution test
FAIL: gfortran.dg/class_assign_4.f90 -O3 -fomit-frame-pointer -funroll-loops -fpeel-loops -ftracer -finline-functions execution test
FAIL: gfortran.dg/class_assign_4.f90 -O3 -g execution test
FAIL: gfortran.dg/class_assign_4.f90 -Os execution test
WARNING: gfortran.dg/subnormal_1.f90 -O3 -fomit-frame-pointer -funroll-loops -fpeel-loops -ftracer -finline-functions (test for excess errors) program timed out.
FAIL: gfortran.dg/subnormal_1.f90 -O3 -fomit-frame-pointer -funroll-loops -fpeel-loops -ftracer -finline-functions (test for excess errors)
WARNING: gfortran.dg/warnings_are_errors_1.f90 -O (test for errors, line 8) program timed out.
FAIL: gfortran.fortran-torture/execute/intrinsic_leadz.f90 compilation, -O3 -g
=== gfortran Summary for unix/-m64 ===
# of expected passes 54689
# of unexpected failures 9
# of expected failures 230
# of untested testcases 1
# of unsupported tests 100
=== gfortran Summary ===
# of expected passes 109142
# of unexpected failures 23
# of expected failures 462
# of untested testcases 1
# of unresolved testcases 1
# of unsupported tests 309
/scratch/10-13-mav/gcc-10-wip/gcc/gfortran version 10.2.1 20210401 [releases/gcc-10 revision r10-9651-g892024d4af83] (GCC)
=== gnat tests ===
Running target unix/-m32
FAIL: gnat.dg/bias1.adb scan-assembler DW_AT_GNU_bias
WARNING: gnat.dg/generic_disp.adb (test for excess errors) program timed out.
FAIL: gnat.dg/generic_disp.adb (test for excess errors)
=== gnat Summary for unix/-m32 ===
# of expected passes 3289
# of unexpected failures 2
# of expected failures 23
# of unsupported tests 13
Running target unix/-m64
FAIL: gnat.dg/bias1.adb scan-assembler DW_AT_GNU_bias
WARNING: gnat.dg/discr49_rec1.adb (test for excess errors) program timed out.
WARNING: gnat.dg/specs/lto12.ads (test for excess errors) program timed out.
=== gnat Summary for unix/-m64 ===
# of expected passes 3290
# of unexpected failures 1
# of expected failures 23
# of unsupported tests 13
=== gnat Summary ===
# of expected passes 6579
# of unexpected failures 3
# of expected failures 46
# of unsupported tests 26
/scratch/10-13-mav/gcc-10-wip/gcc/gnatmake version 10.2.1 20210401 [releases/gcc-10 revision r10-9651-g892024d4af83]
=== obj-c++ tests ===
Running target unix/-m64
=== obj-c++ Summary for unix/-m64 ===
# of expected passes 3065
# of expected failures 22
# of unsupported tests 70
Running target unix/-m32
=== obj-c++ Summary for unix/-m32 ===
# of expected passes 3127
# of expected failures 4
# of unsupported tests 64
=== obj-c++ Summary ===
# of expected passes 6192
# of expected failures 26
# of unsupported tests 134
/scratch/10-13-mav/gcc-10-wip/gcc/xg++ version 10.2.1 20210401 [releases/gcc-10 revision r10-9651-g892024d4af83] (GCC)
=== objc tests ===
Running target unix/-m32
WARNING: ./interface-1.h -fgnu-runtime -Os (test for excess errors) program timed out.
FAIL: ./interface-1.h -fgnu-runtime -Os (test for excess errors)
=== objc Summary for unix/-m32 ===
# of expected passes 5667
# of unexpected failures 1
# of expected failures 6
# of unsupported tests 79
Running target unix/-m64
=== objc Summary for unix/-m64 ===
# of expected passes 5616
# of expected failures 12
# of unsupported tests 86
=== objc Summary ===
# of expected passes 11283
# of unexpected failures 1
# of expected failures 18
# of unsupported tests 165
/scratch/10-13-mav/gcc-10-wip/gcc/xgcc version 10.2.1 20210401 [releases/gcc-10 revision r10-9651-g892024d4af83] (GCC)
=== libatomic tests ===
Running target unix/-m64
=== libatomic Summary for unix/-m64 ===
# of expected passes 54
Running target unix/-m32
=== libatomic Summary for unix/-m32 ===
# of expected passes 44
# of unsupported tests 5
=== libatomic Summary ===
# of expected passes 98
# of unsupported tests 5
=== libgomp tests ===
Running target unix/-m64
WARNING: program timed out
FAIL: libgomp.c++/target-6.C (test for excess errors)
WARNING: program timed out
FAIL: libgomp.fortran/pr35130.f90 -Os (test for excess errors)
WARNING: program timed out
FAIL: libgomp.fortran/pr81841.f90 -O0 (test for excess errors)
WARNING: program timed out
FAIL: libgomp.fortran/simd2.f90 -O3 -fomit-frame-pointer -funroll-loops -fpeel-loops -ftracer -finline-functions (test for excess errors)
WARNING: program timed out
FAIL: libgomp.fortran/udr7.f90 -O1 (test for excess errors)
WARNING: program timed out
FAIL: libgomp.graphite/force-parallel-7.c (test for excess errors)
WARNING: program timed out
FAIL: libgomp.oacc-fortran/asyncwait-2.f90 -DACC_DEVICE_TYPE_host=1 -DACC_MEM_SHARED=1 -foffload=disable -O3 -g (test for excess errors)
WARNING: program timed out
FAIL: libgomp.oacc-fortran/classtypes-1.f95 -DACC_DEVICE_TYPE_host=1 -DACC_MEM_SHARED=1 -foffload=disable -O1 (test for excess errors)
=== libgomp Summary for unix/-m64 ===
# of expected passes 7674
# of unexpected failures 8
# of expected failures 4
# of unsupported tests 601
Running target unix/-m32
WARNING: program timed out
FAIL: libgomp.c/../libgomp.c-c++-common/depend-iterator-2.c (test for excess errors)
WARNING: program timed out
FAIL: libgomp.c++/target-6.C (test for excess errors)
WARNING: program timed out
FAIL: libgomp.fortran/simd4.f90 -Os (test for excess errors)
WARNING: program timed out
FAIL: libgomp.oacc-c++/../libgomp.oacc-c-c++-common/pr88946.c -DACC_DEVICE_TYPE_host=1 -DACC_MEM_SHARED=1 -foffload=disable -O2 (test for excess errors)
WARNING: program timed out
=== libgomp Summary for unix/-m32 ===
# of expected passes 7678
# of unexpected failures 4
# of expected failures 4
# of unsupported tests 601
=== libgomp Summary ===
# of expected passes 15352
# of unexpected failures 12
# of expected failures 8
# of unsupported tests 1202
=== libitm tests ===
Running target unix/-m64
=== libitm Summary for unix/-m64 ===
# of expected passes 40
# of expected failures 3
# of unsupported tests 2
Running target unix/-m32
=== libitm Summary for unix/-m32 ===
# of expected passes 40
# of expected failures 3
# of unsupported tests 2
=== libitm Summary ===
# of expected passes 80
# of expected failures 6
# of unsupported tests 4
=== libstdc++ tests ===
Running target unix/-m32
WARNING: 20_util/time_point/cons/constexpr.cc (test for excess errors) program timed out.
FAIL: 20_util/time_point/cons/constexpr.cc (test for excess errors)
WARNING: 26_numerics/complex/value_operations/pr88341.cc (test for excess errors) program timed out.
FAIL: 26_numerics/complex/value_operations/pr88341.cc (test for excess errors)
FAIL: 27_io/filesystem/iterators/caching.cc (test for excess errors)
UNRESOLVED: 27_io/filesystem/iterators/caching.cc compilation failed to produce executable
FAIL: 27_io/filesystem/operations/absolute.cc (test for excess errors)
UNRESOLVED: 27_io/filesystem/operations/absolute.cc compilation failed to produce executable
FAIL: 27_io/filesystem/operations/copy.cc (test for excess errors)
UNRESOLVED: 27_io/filesystem/operations/copy.cc compilation failed to produce executable
FAIL: 27_io/filesystem/operations/copy_file.cc (test for excess errors)
UNRESOLVED: 27_io/filesystem/operations/copy_file.cc compilation failed to produce executable
FAIL: 27_io/filesystem/operations/current_path.cc (test for excess errors)
UNRESOLVED: 27_io/filesystem/operations/current_path.cc compilation failed to produce executable
FAIL: 27_io/filesystem/operations/equivalent.cc (test for excess errors)
UNRESOLVED: 27_io/filesystem/operations/equivalent.cc compilation failed to produce executable
FAIL: 27_io/filesystem/operations/last_write_time.cc (test for excess errors)
UNRESOLVED: 27_io/filesystem/operations/last_write_time.cc compilation failed to produce executable
FAIL: 27_io/filesystem/operations/permissions.cc (test for excess errors)
UNRESOLVED: 27_io/filesystem/operations/permissions.cc compilation failed to produce executable
FAIL: 27_io/filesystem/operations/relative.cc (test for excess errors)
UNRESOLVED: 27_io/filesystem/operations/relative.cc compilation failed to produce executable
FAIL: 27_io/filesystem/operations/resize_file.cc (test for excess errors)
UNRESOLVED: 27_io/filesystem/operations/resize_file.cc compilation failed to produce executable
FAIL: 27_io/filesystem/operations/space.cc (test for excess errors)
UNRESOLVED: 27_io/filesystem/operations/space.cc compilation failed to produce executable
FAIL: 27_io/filesystem/operations/weakly_canonical.cc (test for excess errors)
UNRESOLVED: 27_io/filesystem/operations/weakly_canonical.cc compilation failed to produce executable
FAIL: 27_io/filesystem/path/append/source.cc (test for excess errors)
UNRESOLVED: 27_io/filesystem/path/append/source.cc compilation failed to produce executable
FAIL: 27_io/filesystem/path/assign/assign.cc (test for excess errors)
UNRESOLVED: 27_io/filesystem/path/assign/assign.cc compilation failed to produce executable
FAIL: 27_io/filesystem/path/assign/copy.cc (test for excess errors)
UNRESOLVED: 27_io/filesystem/path/assign/copy.cc compilation failed to produce executable
FAIL: 27_io/filesystem/path/concat/92853.cc (test for excess errors)
UNRESOLVED: 27_io/filesystem/path/concat/92853.cc compilation failed to produce executable
FAIL: 27_io/filesystem/path/construct/copy.cc (test for excess errors)
UNRESOLVED: 27_io/filesystem/path/construct/copy.cc compilation failed to produce executable
FAIL: 27_io/filesystem/path/construct/range.cc (test for excess errors)
UNRESOLVED: 27_io/filesystem/path/construct/range.cc compilation failed to produce executable
FAIL: 27_io/filesystem/path/construct/string_view.cc (test for excess errors)
UNRESOLVED: 27_io/filesystem/path/construct/string_view.cc compilation failed to produce executable
FAIL: 27_io/filesystem/path/generation/normal.cc (test for excess errors)
UNRESOLVED: 27_io/filesystem/path/generation/normal.cc compilation failed to produce executable
FAIL: 27_io/filesystem/path/generation/normal2.cc (test for excess errors)
UNRESOLVED: 27_io/filesystem/path/generation/normal2.cc compilation failed to produce executable
FAIL: 27_io/filesystem/path/generic/generic_string.cc (test for excess errors)
UNRESOLVED: 27_io/filesystem/path/generic/generic_string.cc compilation failed to produce executable
FAIL: 27_io/filesystem/path/modifiers/clear.cc (test for excess errors)
UNRESOLVED: 27_io/filesystem/path/modifiers/clear.cc compilation failed to produce executable
FAIL: 27_io/filesystem/path/modifiers/make_preferred.cc (test for excess errors)
UNRESOLVED: 27_io/filesystem/path/modifiers/make_preferred.cc compilation failed to produce executable
FAIL: 27_io/filesystem/path/modifiers/remove_filename.cc (test for excess errors)
UNRESOLVED: 27_io/filesystem/path/modifiers/remove_filename.cc compilation failed to produce executable
FAIL: 27_io/filesystem/path/modifiers/replace_extension.cc (test for excess errors)
UNRESOLVED: 27_io/filesystem/path/modifiers/replace_extension.cc compilation failed to produce executable
FAIL: 27_io/filesystem/path/modifiers/replace_filename.cc (test for excess errors)
UNRESOLVED: 27_io/filesystem/path/modifiers/replace_filename.cc compilation failed to produce executable
FAIL: 27_io/filesystem/path/modifiers/swap.cc (test for excess errors)
UNRESOLVED: 27_io/filesystem/path/modifiers/swap.cc compilation failed to produce executable
FAIL: 27_io/filesystem/path/nonmember/append.cc (test for excess errors)
UNRESOLVED: 27_io/filesystem/path/nonmember/append.cc compilation failed to produce executable
FAIL: 27_io/filesystem/path/nonmember/hash_value.cc (test for excess errors)
UNRESOLVED: 27_io/filesystem/path/nonmember/hash_value.cc compilation failed to produce executable
WARNING: 30_threads/future/members/93456.cc execution test program timed out.
FAIL: 30_threads/future/members/93456.cc execution test
FAIL: 30_threads/future/members/poll.cc execution test
FAIL: experimental/filesystem/operations/absolute.cc (test for excess errors)
UNRESOLVED: experimental/filesystem/operations/absolute.cc compilation failed to produce executable
FAIL: experimental/filesystem/operations/copy.cc (test for excess errors)
UNRESOLVED: experimental/filesystem/operations/copy.cc compilation failed to produce executable
FAIL: experimental/filesystem/operations/copy_file.cc (test for excess errors)
UNRESOLVED: experimental/filesystem/operations/copy_file.cc compilation failed to produce executable
FAIL: experimental/filesystem/operations/current_path.cc (test for excess errors)
UNRESOLVED: experimental/filesystem/operations/current_path.cc compilation failed to produce executable
FAIL: experimental/filesystem/operations/equivalent.cc (test for excess errors)
UNRESOLVED: experimental/filesystem/operations/equivalent.cc compilation failed to produce executable
FAIL: experimental/filesystem/operations/last_write_time.cc (test for excess errors)
UNRESOLVED: experimental/filesystem/operations/last_write_time.cc compilation failed to produce executable
FAIL: experimental/filesystem/operations/permissions.cc (test for excess errors)
UNRESOLVED: experimental/filesystem/operations/permissions.cc compilation failed to produce executable
FAIL: experimental/filesystem/operations/space.cc (test for excess errors)
UNRESOLVED: experimental/filesystem/operations/space.cc compilation failed to produce executable
FAIL: experimental/filesystem/path/assign/assign.cc (test for excess errors)
UNRESOLVED: experimental/filesystem/path/assign/assign.cc compilation failed to produce executable
FAIL: experimental/filesystem/path/assign/copy.cc (test for excess errors)
UNRESOLVED: experimental/filesystem/path/assign/copy.cc compilation failed to produce executable
FAIL: experimental/filesystem/path/construct/copy.cc (test for excess errors)
UNRESOLVED: experimental/filesystem/path/construct/copy.cc compilation failed to produce executable
FAIL: experimental/filesystem/path/construct/range.cc (test for excess errors)
UNRESOLVED: experimental/filesystem/path/construct/range.cc compilation failed to produce executable
FAIL: experimental/filesystem/path/construct/string_view.cc (test for excess errors)
UNRESOLVED: experimental/filesystem/path/construct/string_view.cc compilation failed to produce executable
FAIL: experimental/filesystem/path/generic/generic_string.cc (test for excess errors)
UNRESOLVED: experimental/filesystem/path/generic/generic_string.cc compilation failed to produce executable
FAIL: experimental/filesystem/path/modifiers/clear.cc (test for excess errors)
UNRESOLVED: experimental/filesystem/path/modifiers/clear.cc compilation failed to produce executable
FAIL: experimental/filesystem/path/modifiers/make_preferred.cc (test for excess errors)
UNRESOLVED: experimental/filesystem/path/modifiers/make_preferred.cc compilation failed to produce executable
FAIL: experimental/filesystem/path/modifiers/remove_filename.cc (test for excess errors)
UNRESOLVED: experimental/filesystem/path/modifiers/remove_filename.cc compilation failed to produce executable
FAIL: experimental/filesystem/path/modifiers/replace_extension.cc (test for excess errors)
UNRESOLVED: experimental/filesystem/path/modifiers/replace_extension.cc compilation failed to produce executable
FAIL: experimental/filesystem/path/modifiers/replace_filename.cc (test for excess errors)
UNRESOLVED: experimental/filesystem/path/modifiers/replace_filename.cc compilation failed to produce executable
FAIL: experimental/filesystem/path/modifiers/swap.cc (test for excess errors)
UNRESOLVED: experimental/filesystem/path/modifiers/swap.cc compilation failed to produce executable
FAIL: experimental/filesystem/path/nonmember/hash_value.cc (test for excess errors)
UNRESOLVED: experimental/filesystem/path/nonmember/hash_value.cc compilation failed to produce executable
=== libstdc++ Summary for unix/-m32 ===
# of expected passes 13173
# of unexpected failures 55
# of expected failures 93
# of unresolved testcases 51
# of unsupported tests 763
Running target unix/-m64
WARNING: 23_containers/forward_list/cons/3.cc (test for excess errors) program timed out.
FAIL: 23_containers/forward_list/cons/3.cc (test for excess errors)
FAIL: 27_io/filesystem/iterators/caching.cc (test for excess errors)
UNRESOLVED: 27_io/filesystem/iterators/caching.cc compilation failed to produce executable
FAIL: 27_io/filesystem/operations/absolute.cc (test for excess errors)
UNRESOLVED: 27_io/filesystem/operations/absolute.cc compilation failed to produce executable
FAIL: 27_io/filesystem/operations/copy.cc (test for excess errors)
UNRESOLVED: 27_io/filesystem/operations/copy.cc compilation failed to produce executable
FAIL: 27_io/filesystem/operations/copy_file.cc (test for excess errors)
UNRESOLVED: 27_io/filesystem/operations/copy_file.cc compilation failed to produce executable
FAIL: 27_io/filesystem/operations/current_path.cc (test for excess errors)
UNRESOLVED: 27_io/filesystem/operations/current_path.cc compilation failed to produce executable
FAIL: 27_io/filesystem/operations/equivalent.cc (test for excess errors)
UNRESOLVED: 27_io/filesystem/operations/equivalent.cc compilation failed to produce executable
FAIL: 27_io/filesystem/operations/last_write_time.cc (test for excess errors)
UNRESOLVED: 27_io/filesystem/operations/last_write_time.cc compilation failed to produce executable
FAIL: 27_io/filesystem/operations/permissions.cc (test for excess errors)
UNRESOLVED: 27_io/filesystem/operations/permissions.cc compilation failed to produce executable
FAIL: 27_io/filesystem/operations/relative.cc (test for excess errors)
UNRESOLVED: 27_io/filesystem/operations/relative.cc compilation failed to produce executable
FAIL: 27_io/filesystem/operations/resize_file.cc (test for excess errors)
UNRESOLVED: 27_io/filesystem/operations/resize_file.cc compilation failed to produce executable
FAIL: 27_io/filesystem/operations/space.cc (test for excess errors)
UNRESOLVED: 27_io/filesystem/operations/space.cc compilation failed to produce executable
FAIL: 27_io/filesystem/operations/weakly_canonical.cc (test for excess errors)
UNRESOLVED: 27_io/filesystem/operations/weakly_canonical.cc compilation failed to produce executable
FAIL: 27_io/filesystem/path/append/source.cc (test for excess errors)
UNRESOLVED: 27_io/filesystem/path/append/source.cc compilation failed to produce executable
FAIL: 27_io/filesystem/path/assign/assign.cc (test for excess errors)
UNRESOLVED: 27_io/filesystem/path/assign/assign.cc compilation failed to produce executable
FAIL: 27_io/filesystem/path/assign/copy.cc (test for excess errors)
UNRESOLVED: 27_io/filesystem/path/assign/copy.cc compilation failed to produce executable
FAIL: 27_io/filesystem/path/concat/92853.cc (test for excess errors)
UNRESOLVED: 27_io/filesystem/path/concat/92853.cc compilation failed to produce executable
FAIL: 27_io/filesystem/path/construct/copy.cc (test for excess errors)
UNRESOLVED: 27_io/filesystem/path/construct/copy.cc compilation failed to produce executable
FAIL: 27_io/filesystem/path/construct/range.cc (test for excess errors)
UNRESOLVED: 27_io/filesystem/path/construct/range.cc compilation failed to produce executable
FAIL: 27_io/filesystem/path/construct/string_view.cc (test for excess errors)
UNRESOLVED: 27_io/filesystem/path/construct/string_view.cc compilation failed to produce executable
FAIL: 27_io/filesystem/path/generation/normal.cc (test for excess errors)
UNRESOLVED: 27_io/filesystem/path/generation/normal.cc compilation failed to produce executable
FAIL: 27_io/filesystem/path/generation/normal2.cc (test for excess errors)
UNRESOLVED: 27_io/filesystem/path/generation/normal2.cc compilation failed to produce executable
FAIL: 27_io/filesystem/path/generic/generic_string.cc (test for excess errors)
UNRESOLVED: 27_io/filesystem/path/generic/generic_string.cc compilation failed to produce executable
FAIL: 27_io/filesystem/path/modifiers/clear.cc (test for excess errors)
UNRESOLVED: 27_io/filesystem/path/modifiers/clear.cc compilation failed to produce executable
FAIL: 27_io/filesystem/path/modifiers/make_preferred.cc (test for excess errors)
UNRESOLVED: 27_io/filesystem/path/modifiers/make_preferred.cc compilation failed to produce executable
FAIL: 27_io/filesystem/path/modifiers/remove_filename.cc (test for excess errors)
UNRESOLVED: 27_io/filesystem/path/modifiers/remove_filename.cc compilation failed to produce executable
FAIL: 27_io/filesystem/path/modifiers/replace_extension.cc (test for excess errors)
UNRESOLVED: 27_io/filesystem/path/modifiers/replace_extension.cc compilation failed to produce executable
FAIL: 27_io/filesystem/path/modifiers/replace_filename.cc (test for excess errors)
UNRESOLVED: 27_io/filesystem/path/modifiers/replace_filename.cc compilation failed to produce executable
FAIL: 27_io/filesystem/path/modifiers/swap.cc (test for excess errors)
UNRESOLVED: 27_io/filesystem/path/modifiers/swap.cc compilation failed to produce executable
FAIL: 27_io/filesystem/path/nonmember/append.cc (test for excess errors)
UNRESOLVED: 27_io/filesystem/path/nonmember/append.cc compilation failed to produce executable
FAIL: 27_io/filesystem/path/nonmember/hash_value.cc (test for excess errors)
UNRESOLVED: 27_io/filesystem/path/nonmember/hash_value.cc compilation failed to produce executable
FAIL: 30_threads/future/members/poll.cc execution test
FAIL: experimental/filesystem/operations/absolute.cc (test for excess errors)
UNRESOLVED: experimental/filesystem/operations/absolute.cc compilation failed to produce executable
FAIL: experimental/filesystem/operations/copy.cc (test for excess errors)
UNRESOLVED: experimental/filesystem/operations/copy.cc compilation failed to produce executable
FAIL: experimental/filesystem/operations/copy_file.cc (test for excess errors)
UNRESOLVED: experimental/filesystem/operations/copy_file.cc compilation failed to produce executable
FAIL: experimental/filesystem/operations/current_path.cc (test for excess errors)
UNRESOLVED: experimental/filesystem/operations/current_path.cc compilation failed to produce executable
FAIL: experimental/filesystem/operations/equivalent.cc (test for excess errors)
UNRESOLVED: experimental/filesystem/operations/equivalent.cc compilation failed to produce executable
FAIL: experimental/filesystem/operations/last_write_time.cc (test for excess errors)
UNRESOLVED: experimental/filesystem/operations/last_write_time.cc compilation failed to produce executable
FAIL: experimental/filesystem/operations/permissions.cc (test for excess errors)
UNRESOLVED: experimental/filesystem/operations/permissions.cc compilation failed to produce executable
FAIL: experimental/filesystem/operations/space.cc (test for excess errors)
UNRESOLVED: experimental/filesystem/operations/space.cc compilation failed to produce executable
FAIL: experimental/filesystem/path/assign/assign.cc (test for excess errors)
UNRESOLVED: experimental/filesystem/path/assign/assign.cc compilation failed to produce executable
FAIL: experimental/filesystem/path/assign/copy.cc (test for excess errors)
UNRESOLVED: experimental/filesystem/path/assign/copy.cc compilation failed to produce executable
FAIL: experimental/filesystem/path/construct/copy.cc (test for excess errors)
UNRESOLVED: experimental/filesystem/path/construct/copy.cc compilation failed to produce executable
FAIL: experimental/filesystem/path/construct/range.cc (test for excess errors)
UNRESOLVED: experimental/filesystem/path/construct/range.cc compilation failed to produce executable
FAIL: experimental/filesystem/path/construct/string_view.cc (test for excess errors)
UNRESOLVED: experimental/filesystem/path/construct/string_view.cc compilation failed to produce executable
FAIL: experimental/filesystem/path/generic/generic_string.cc (test for excess errors)
UNRESOLVED: experimental/filesystem/path/generic/generic_string.cc compilation failed to produce executable
FAIL: experimental/filesystem/path/modifiers/clear.cc (test for excess errors)
UNRESOLVED: experimental/filesystem/path/modifiers/clear.cc compilation failed to produce executable
FAIL: experimental/filesystem/path/modifiers/make_preferred.cc (test for excess errors)
UNRESOLVED: experimental/filesystem/path/modifiers/make_preferred.cc compilation failed to produce executable
FAIL: experimental/filesystem/path/modifiers/remove_filename.cc (test for excess errors)
UNRESOLVED: experimental/filesystem/path/modifiers/remove_filename.cc compilation failed to produce executable
FAIL: experimental/filesystem/path/modifiers/replace_extension.cc (test for excess errors)
UNRESOLVED: experimental/filesystem/path/modifiers/replace_extension.cc compilation failed to produce executable
FAIL: experimental/filesystem/path/modifiers/replace_filename.cc (test for excess errors)
UNRESOLVED: experimental/filesystem/path/modifiers/replace_filename.cc compilation failed to produce executable
FAIL: experimental/filesystem/path/modifiers/swap.cc (test for excess errors)
UNRESOLVED: experimental/filesystem/path/modifiers/swap.cc compilation failed to produce executable
FAIL: experimental/filesystem/path/nonmember/hash_value.cc (test for excess errors)
UNRESOLVED: experimental/filesystem/path/nonmember/hash_value.cc compilation failed to produce executable
=== libstdc++ Summary for unix/-m64 ===
# of expected passes 13173
# of unexpected failures 53
# of expected failures 93
# of unresolved testcases 51
# of unsupported tests 764
=== libstdc++ Summary ===
# of expected passes 26346
# of unexpected failures 108
# of expected failures 186
# of unresolved testcases 102
# of unsupported tests 1527
Compiler version: 10.2.1 20210401 [releases/gcc-10 revision r10-9651-g892024d4af83] (GCC)
Platform: x86_64-apple-darwin13
configure flags: --prefix=/opt/iains/x86_64-apple-darwin13/gcc-10-wip --build=x86_64-apple-darwin13 --with-sysroot=/Library/Developer/CommandLineTools/SDKs/MacOSX.sdk --enable-languages=all CC=x86_64-apple-darwin13-gcc CXX=x86_64-apple-darwin13-g++
More information about the Gcc-testresults
mailing list