Results for 11.0.0 20200926 (experimental) (GCC) testsuite on hppa64-hp-hpux11.11
John David Anglin
dave@hiauly3.hia.nrc.ca
Wed Sep 30 14:42:46 GMT 2020
Native configuration is hppa64-hp-hpux11.11
=== g++ tests ===
Running target unix
WARNING: program timed out.
FAIL: g++.dg/lto/alias-1 cp_lto_alias-1_0.o-cp_lto_alias-1_1.o execute -O3 -flto
FAIL: g++.dg/lto/alias-2 cp_lto_alias-2_0.o-cp_lto_alias-2_1.o execute -O3 -flto
FAIL: g++.dg/lto/alias-3 cp_lto_alias-3_0.o-cp_lto_alias-3_1.o execute -O3 -flto -fno-early-inlining
FAIL: g++.dg/lto/alias-5 cp_lto_alias-5_0.o-cp_lto_alias-5_2.o execute -O3 -flto
FAIL: g++-dg-lto-devirt-19-01.exe 1 blank line(s) in output
FAIL: g++.dg/lto/devirt-19 cp_lto_devirt-19_0.o-cp_lto_devirt-19_0.o link, -O2 -fdump-ipa-cp -fipa-cp-clone -Wno-return-type -flto -r -nostdlib
FAIL: g++-dg-lto-inline-crossmodule-1-01.exe scan-wpa-ipa-dump-times inline "Inlined key[^\\\\n]*\\\\(cross module\\\\)" 1
FAIL: g++-dg-lto-inline-crossmodule-1-01.exe scan-wpa-ipa-dump-times inline "\\\\(cross module\\\\)" 1
FAIL: g++.dg/lto/pr70929 cp_lto_pr70929_0.o-cp_lto_pr70929_1.o execute -O3 -flto
FAIL: g++.dg/lto/pr89335 cp_lto_pr89335_0.o assemble, -O2 -flto -Wsuggest-final-methods
FAIL: g++.dg/torture/pr81812.C -O0 (test for excess errors)
FAIL: g++.dg/torture/pr81812.C -O1 (test for excess errors)
FAIL: g++.dg/torture/pr81812.C -O2 (test for excess errors)
FAIL: g++.dg/torture/pr81812.C -O3 -g (test for excess errors)
FAIL: g++.dg/torture/pr81812.C -Os (test for excess errors)
FAIL: g++.dg/torture/pr81812.C -O2 -flto -flto-partition=none (test for excess errors)
FAIL: g++.dg/torture/pr81812.C -O2 -flto (test for excess errors)
=== g++ Summary ===
# of expected passes 177906
# of unexpected failures 17
# of expected failures 753
# of unsupported tests 9020
/test/gnu/gcc/objdir/gcc/testsuite/g++/../../xg++ version 11.0.0 20200926 (experimental) (GCC)
=== gcc tests ===
Running target unix
XPASS: gcc.dg/analyzer/feasibility-1.c (test for warnings, line 58)
FAIL: gcc.dg/analyzer/strndup-1.c (test for excess errors)
XPASS: gcc.dg/analyzer/unknown-fns-4.c (test for warnings, line 13)
FAIL: gcc.dg/atomic/c11-atomic-exec-5.c -O0 execution test
FAIL: gcc.dg/atomic/c11-atomic-exec-5.c -O1 execution test
FAIL: gcc.dg/atomic/c11-atomic-exec-5.c -O2 execution test
FAIL: gcc.dg/atomic/c11-atomic-exec-5.c -O3 -fomit-frame-pointer -funroll-loops -fpeel-loops -ftracer -finline-functions execution test
FAIL: gcc.dg/atomic/c11-atomic-exec-5.c -O3 -g execution test
FAIL: gcc.dg/atomic/c11-atomic-exec-5.c -Os execution test
FAIL: gcc.dg/atomic/c11-atomic-exec-5.c -O2 -flto -flto-partition=none execution test
FAIL: gcc.dg/atomic/c11-atomic-exec-5.c -O2 -flto execution test
FAIL: gcc.dg/atomic/pr65345-4.c -O2 -flto -flto-partition=none (internal compiler error)
FAIL: gcc.dg/atomic/pr65345-4.c -O2 -flto -flto-partition=none (test for excess errors)
FAIL: gcc.dg/atomic/pr65345-4.c -O2 -flto (internal compiler error)
FAIL: gcc.dg/atomic/pr65345-4.c -O2 -flto (test for excess errors)
XPASS: gcc.dg/sibcall-3.c execution test
XPASS: gcc.dg/sibcall-4.c execution test
FAIL: gcc.dg/graphite/scop-19.c scan-tree-dump-times graphite "number of SCoPs: 0" 1
WARNING: program timed out.
FAIL: gcc.dg/ipa/ipa-icf-38.c scan-ltrans-tree-dump-not optimized "Function bar"
FAIL: gcc.dg/lto/20081201-2 c_lto_20081201-2_0.o-c_lto_20081201-2_1.o execute -O3 -flto -flto-partition=1to1
FAIL: gcc.dg/lto/pr48622 c_lto_pr48622_0.o-c_lto_pr48622_0.o link, -O -flto -finline-small-functions -fno-early-inlining
FAIL: gcc.dg/plugin/diagnostic-test-expressions-1.c -fplugin=./diagnostic_plugin_test_tree_expression_range.so 1 blank line(s) in output
FAIL: gcc.dg/plugin/diagnostic-test-expressions-1.c -fplugin=./diagnostic_plugin_test_tree_expression_range.so expected multiline pattern lines 550-551 not found: " __builtin_types_compatible_p \\(long, int\\) \\+ f \\(i\\)\\);.*\\n ~~~~~~~~~~~~~~~~~~~~~~~~~~~~~~~~~~~~~~~~~\\^~~~~~~\\n"
FAIL: gcc.dg/plugin/diagnostic-test-expressions-1.c -fplugin=./diagnostic_plugin_test_tree_expression_range.so (test for excess errors)
FAIL: gcc.dg/plugin/diagnostic-test-paths-2.c -fplugin=./diagnostic_plugin_test_paths.so expected multiline pattern lines 36-54 not found: "\\s*29 \\| PyList_Append\\(list, item\\);.*\\n \\| \\^~~~~~~~~~~~~~~~~~~~~~~~~\\n 'make_a_list_of_random_ints_badly': events 1-3.*\\n \\|.*\\n \\| 25 \\| list = PyList_New\\(0\\);.*\\n \\| \\| \\^~~~~~~~~~~~~\\n \\| \\| \\|.*\\n \\| \\| \\(1\\) when 'PyList_New' fails, returning NULL.*\\n \\| 26 \\| .*\\n \\| 27 \\| for \\(i = 0; i < count; i\\+\\+\\) \\{.*\\n \\| \\| ~~~ .*\\n \\| \\| \\|.*\\n \\| \\| \\(2\\) when 'i < count'.*\\n \\| 28 \\| item = PyLong_FromLong\\(random\\(\\)\\);.*\\n \\| 29 \\| PyList_Append\\(list, item\\);.*\\n \\| \\| ~~~~~~~~~~~~~~~~~~~~~~~~~\\n \\| \\| \\|.*\\n \\| \\| \\(3\\) when calling 'PyList_Append', passing NULL from \\(1\\) as arg!
ument 1.*\\n \\|.*\\n"
FAIL: gcc.dg/plugin/diagnostic-test-paths-2.c -fplugin=./diagnostic_plugin_test_paths.so (test for excess errors)
FAIL: gcc.dg/plugin/location-overflow-test-1.c -fplugin=./location_overflow_plugin.so adding '-flarge-source-files' (test for warnings, line 16)
FAIL: gcc.dg/plugin/must-tail-call-1.c -fplugin=./must_tail_call_plugin.so (test for excess errors)
XPASS: gcc.dg/torture/pr47917.c -O1 execution test
XPASS: gcc.dg/torture/pr47917.c -O2 execution test
XPASS: gcc.dg/torture/pr47917.c -O3 -g execution test
XPASS: gcc.dg/torture/pr47917.c -Os execution test
XPASS: gcc.dg/torture/pr47917.c -O2 -flto -flto-partition=none execution test
XPASS: gcc.dg/torture/pr47917.c -O2 -flto execution test
FAIL: gcc.dg/tree-ssa/builtin-sprintf.c execution test
FAIL: gcc.dg/tree-ssa/slsr-13.c scan-tree-dump-times optimized " \\\\* 4" 2
FAIL: gcc.dg/tree-ssa/slsr-13.c scan-tree-dump-times optimized " \\\\* 5" 0
FAIL: gcc.dg/tree-ssa/sra-17.c scan-tree-dump-times esra "Removing load: a = \\\\*.?L.?C.?.?.?0;" 1
FAIL: gcc.dg/tree-ssa/sra-17.c scan-tree-dump-times esra "SR[.\$][0-9_]+ = \\\\*.?L.?C.?.?.?0\\\\[" 4
FAIL: gcc.dg/tree-ssa/sra-18.c scan-tree-dump-times esra "Removing load: a = \\\\*.?L.?C.?.?.?0;" 1
FAIL: gcc.dg/tree-ssa/sra-18.c scan-tree-dump-times esra "SR[.\$][0-9_]+ = \\\\*.?L.?C.?.?.?0\\\\.b\\\\[0\\\\]\\\\.f\\\\[0\\\\]\\\\.x" 1
FAIL: gcc.dg/tree-ssa/sra-18.c scan-tree-dump-times esra "SR[.\$][0-9_]+ = \\\\*.?L.?C.?.?.?0\\\\.b\\\\[0\\\\]\\\\.f\\\\[1\\\\]\\\\.x" 1
FAIL: gcc.dg/tree-ssa/sra-18.c scan-tree-dump-times esra "SR[.\$][0-9_]+ = \\\\*.?L.?C.?.?.?0\\\\.b\\\\[1\\\\]\\\\.f\\\\[0\\\\]\\\\.x" 1
FAIL: gcc.dg/tree-ssa/sra-18.c scan-tree-dump-times esra "SR[.\$][0-9_]+ = \\\\*.?L.?C.?.?.?0\\\\.b\\\\[1\\\\]\\\\.f\\\\[1\\\\]\\\\.x" 1
FAIL: gcc.target/hppa/shadd-2.c scan-assembler-times sh.add 4
=== gcc Summary ===
# of expected passes 115367
# of unexpected failures 35
# of unexpected successes 10
# of expected failures 673
# of unsupported tests 2718
/test/gnu/gcc/objdir/gcc/xgcc version 11.0.0 20200926 (experimental) (GCC)
=== gdc tests ===
Running target unix
FAIL: gdc.dg/gdc43.d (test for excess errors)
FAIL: gdc.test/compilable/art4769.d output-exists art4769.s
FAIL: gdc.test/compilable/betterCarray.d output-exists betterCarray.s
FAIL: gdc.test/compilable/betterCswitch.d output-exists betterCswitch.s
FAIL: gdc.test/compilable/compile1.d output-exists compile1.s
FAIL: gdc.test/compilable/cppmangle.d output-exists cppmangle.s
FAIL: gdc.test/compilable/ddocunittest.d output-exists ddocunittest.s
FAIL: compilable/ddocunittest.d (file exists ddocunittest.html)
FAIL: gdc.test/compilable/ddocunittest.d -funittest output-exists ddocunittest.s
FAIL: compilable/ddocunittest.d (file exists ddocunittest.html)
FAIL: gdc.test/compilable/depsOutput9948.d output-exists depsOutput9948.s
FAIL: gdc.test/compilable/line.d output-exists line.s
FAIL: gdc.test/compilable/riia_ctor.d output-exists riia_ctor.s
FAIL: gdc.test/compilable/test12009.d output-exists test12009.s
FAIL: gdc.test/compilable/test13512.d output-exists test13512.s
FAIL: gdc.test/compilable/test15019.d output-exists test15019.s
FAIL: gdc.test/compilable/test15056.d output-exists test15056.s
FAIL: gdc.test/compilable/test15780.d output-exists test15780.s
FAIL: gdc.test/compilable/test17057.d output-exists test17057.s
FAIL: gdc.test/compilable/test17143.d output-exists test17143.s
FAIL: gdc.test/compilable/test25.d output-exists test25.s
FAIL: gdc.test/compilable/test313a.d output-exists test313a.s
FAIL: gdc.test/compilable/test313b.d output-exists test313b.s
FAIL: gdc.test/compilable/testheader1.d output-exists testheader1.s
FAIL: gdc.test/compilable/testheader1.d -Wdeprecated output-exists testheader1.s
FAIL: gdc.test/compilable/testheader1.d -Wno-deprecated output-exists testheader1.s
FAIL: gdc.test/compilable/testheader1.d -Wdeprecated -Wno-deprecated output-exists testheader1.s
FAIL: gdc.test/compilable/testheader1.d -Wno-error output-exists testheader1.s
FAIL: gdc.test/compilable/testheader1.d -Wdeprecated -Wno-error output-exists testheader1.s
FAIL: gdc.test/compilable/testheader1.d -Wno-deprecated -Wno-error output-exists testheader1.s
FAIL: gdc.test/compilable/testheader1.d -Wdeprecated -Wno-deprecated -Wno-error output-exists testheader1.s
FAIL: gdc.test/compilable/testheader1i.d output-exists testheader1i.s
FAIL: gdc.test/compilable/testheader1i.d -Wdeprecated output-exists testheader1i.s
FAIL: gdc.test/compilable/testheader1i.d -Wno-deprecated output-exists testheader1i.s
FAIL: gdc.test/compilable/testheader1i.d -Wdeprecated -Wno-deprecated output-exists testheader1i.s
FAIL: gdc.test/compilable/testheader1i.d -Wno-error output-exists testheader1i.s
FAIL: gdc.test/compilable/testheader1i.d -Wdeprecated -Wno-error output-exists testheader1i.s
FAIL: gdc.test/compilable/testheader1i.d -Wno-deprecated -Wno-error output-exists testheader1i.s
FAIL: gdc.test/compilable/testheader1i.d -Wdeprecated -Wno-deprecated -Wno-error output-exists testheader1i.s
=== gdc Summary ===
# of expected passes 3560
# of unexpected failures 39
# of unsupported tests 1035
/test/gnu/gcc/objdir/gcc/testsuite/gdc/../../gdc version 11.0.0 20200926 (experimental) (GCC)
=== gfortran tests ===
Running target unix
FAIL: gfortran.dg/assumed_type_9.f90 -O2 execution test
FAIL: gfortran.dg/assumed_type_9.f90 -Os execution test
FAIL: gfortran.dg/bind_c_coms.f90 -O0 (test for excess errors)
FAIL: gfortran.dg/bind_c_coms.f90 -O1 (test for excess errors)
FAIL: gfortran.dg/bind_c_coms.f90 -O2 (test for excess errors)
FAIL: gfortran.dg/bind_c_coms.f90 -O3 -fomit-frame-pointer -funroll-loops -fpeel-loops -ftracer -finline-functions (test for excess errors)
FAIL: gfortran.dg/bind_c_coms.f90 -O3 -g (test for excess errors)
FAIL: gfortran.dg/bind_c_coms.f90 -Os (test for excess errors)
FAIL: gfortran.dg/bind_c_vars.f90 -O0 (test for excess errors)
FAIL: gfortran.dg/bind_c_vars.f90 -O1 (test for excess errors)
FAIL: gfortran.dg/bind_c_vars.f90 -O2 (test for excess errors)
FAIL: gfortran.dg/bind_c_vars.f90 -O3 -fomit-frame-pointer -funroll-loops -fpeel-loops -ftracer -finline-functions (test for excess errors)
FAIL: gfortran.dg/bind_c_vars.f90 -O3 -g (test for excess errors)
FAIL: gfortran.dg/bind_c_vars.f90 -Os (test for excess errors)
FAIL: gfortran.dg/dec_math.f90 -O0 (test for excess errors)
FAIL: gfortran.dg/dec_math.f90 -O0 execution test
FAIL: gfortran.dg/dec_math.f90 -O1 (test for excess errors)
FAIL: gfortran.dg/dec_math.f90 -O1 execution test
FAIL: gfortran.dg/dec_math.f90 -O2 (test for excess errors)
FAIL: gfortran.dg/dec_math.f90 -O2 execution test
FAIL: gfortran.dg/dec_math.f90 -O3 -fomit-frame-pointer -funroll-loops -fpeel-loops -ftracer -finline-functions (test for excess errors)
FAIL: gfortran.dg/dec_math.f90 -O3 -fomit-frame-pointer -funroll-loops -fpeel-loops -ftracer -finline-functions execution test
FAIL: gfortran.dg/dec_math.f90 -O3 -g (test for excess errors)
FAIL: gfortran.dg/dec_math.f90 -O3 -g execution test
FAIL: gfortran.dg/dec_math.f90 -Os (test for excess errors)
FAIL: gfortran.dg/dec_math.f90 -Os execution test
FAIL: gfortran.dg/fmt_f_default_field_width_3.f90 -O (test for excess errors)
FAIL: gfortran.dg/fmt_g_default_field_width_3.f90 -O (test for excess errors)
FAIL: gfortran.dg/pr93337.f90 -O (internal compiler error)
FAIL: gfortran.dg/pr93337.f90 -O (test for errors, line 8)
FAIL: gfortran.dg/pr93337.f90 -O (test for errors, line 9)
FAIL: gfortran.dg/pr93337.f90 -O (test for excess errors)
FAIL: gfortran.dg/pr95690.f90 -O (test for errors, line 6)
FAIL: gfortran.dg/pr95690.f90 -O (test for excess errors)
FAIL: gfortran.dg/unlimited_polymorphic_30.f03 -O0 execution test
FAIL: gfortran.dg/unlimited_polymorphic_30.f03 -O1 execution test
FAIL: gfortran.dg/unlimited_polymorphic_30.f03 -O2 execution test
FAIL: gfortran.dg/unlimited_polymorphic_30.f03 -O3 -fomit-frame-pointer -funroll-loops -fpeel-loops -ftracer -finline-functions execution test
FAIL: gfortran.dg/unlimited_polymorphic_30.f03 -O3 -g execution test
FAIL: gfortran.dg/unlimited_polymorphic_30.f03 -Os execution test
=== gfortran Summary ===
# of expected passes 53186
# of unexpected failures 40
# of expected failures 229
# of unsupported tests 435
/test/gnu/gcc/objdir/gcc/testsuite/gfortran/../../gfortran version 11.0.0 20200926 (experimental) (GCC)
=== obj-c++ tests ===
Running target unix
=== obj-c++ Summary ===
# of expected passes 1442
# of expected failures 10
# of unsupported tests 77
/test/gnu/gcc/objdir/gcc/testsuite/obj-c++/../../xg++ version 11.0.0 20200926 (experimental) (GCC)
=== objc tests ===
Running target unix
=== objc Summary ===
# of expected passes 2782
# of unsupported tests 69
/test/gnu/gcc/objdir/gcc/xgcc version 11.0.0 20200926 (experimental) (GCC)
=== libatomic tests ===
Running target unix
=== libatomic Summary ===
# of expected passes 44
# of unsupported tests 5
=== libstdc++ tests ===
Running target unix
FAIL: 26_numerics/complex/proj.cc execution test
FAIL: experimental/memory_resource/resource_adaptor.cc execution test
=== libstdc++ Summary ===
# of expected passes 12931
# of unexpected failures 2
# of expected failures 98
# of unsupported tests 1000
Compiler version: 11.0.0 20200926 (experimental) (GCC)
Platform: hppa64-hp-hpux11.11
configure flags: --without-zstd --with-gnu-as --with-as=/opt/gnu64/bin/as --with-ld=/usr/ccs/bin/ld --with-boot-ldflags='-Wl,+nodefaultrpath -Wl,+b -Wl,/opt/gnu64/gcc/gcc-8/lib' --enable-shared --with-local-prefix=/opt/gnu64 --prefix=/opt/gnu64/gcc/gcc-11 --enable-threads=posix --with-gmp=/opt/gnu64/gcc/gmp --enable-checking=yes --disable-libgomp --enable-languages=c,c++,d,objc,obj-c++,fortran
More information about the Gcc-testresults
mailing list