Results for 11.0.0 20200920 (experimental) (GCC) gcc testsuite on moxie-unknown-elf
Anthony Green
green@moxielogic.com
Sun Sep 20 08:29:20 GMT 2020
rlgl policy check: RED: https://rl.gl/doc?id=RLGL-DJ6UKWEL
Target is moxie-unknown-elf
Host is x86_64-pc-linux-gnu
=== gcc tests ===
Running target moxie-sim
FAIL: gcc.dg/analyzer/malloc-vs-local-1b.c (test for bogus messages, line 170)
XPASS: gcc.dg/analyzer/unknown-fns-4.c (test for warnings, line 13)
FAIL: c-c++-common/spec-barrier-1.c -Wc++-compat (test for excess errors)
FAIL: gcc.dg/Warray-bounds-66.c (test for warnings, line 122)
FAIL: gcc.dg/Warray-bounds-66.c (test for excess errors)
FAIL: gcc.dg/Wstringop-overflow-25.c pr92814 (test for warnings, line 378)
XPASS: gcc.dg/Wstringop-overflow-43.c pr????? (test for warnings, line 171)
FAIL: gcc.dg/attr-vector_size.c (test for excess errors)
FAIL: gcc.dg/builtin-apply2.c execution test
FAIL: gcc.dg/cleanup-12.c execution test
FAIL: gcc.dg/cleanup-13.c execution test
FAIL: gcc.dg/cleanup-5.c execution test
FAIL: gcc.dg/ifcvt-4.c scan-rtl-dump ce1 "2 true changes made"
FAIL: gcc.dg/loop-8.c scan-rtl-dump-not loop2_invariant "without introducing a new temporary register"
FAIL: gcc.dg/loop-8.c scan-rtl-dump-times loop2_invariant "Decided" 1
FAIL: gcc.dg/pr84877.c execution test
FAIL: gcc.dg/sibcall-10.c execution test
FAIL: gcc.dg/sibcall-9.c execution test
FAIL: gcc.dg/ipa/ipa-sra-1.c scan-ipa-dump sra "Will split parameter"
FAIL: gcc.dg/ipa/ipa-sra-12.c scan-ipa-dump-times sra "Will split parameter" 2
FAIL: gcc.dg/ipa/ipa-sra-12.c scan-ipa-dump-times sra "component at byte offset" 4
FAIL: gcc.dg/ipa/ipa-sra-13.c scan-ipa-dump-times sra "Will split parameter" 2
FAIL: gcc.dg/ipa/ipa-sra-13.c scan-ipa-dump-times sra "component at byte offset" 4
FAIL: gcc.dg/ipa/ipa-sra-15.c scan-ipa-dump-times sra "Will split parameter" 2
FAIL: gcc.dg/ipa/ipa-sra-15.c scan-ipa-dump-times sra "component at byte offset" 4
FAIL: gcc.dg/plugin/diagnostic-test-paths-2.c -fplugin=./diagnostic_plugin_test_paths.so expected multiline pattern lines 36-54 not found: "\\s*29 \\| PyList_Append\\(list, item\\);.*\\n \\| \\^~~~~~~~~~~~~~~~~~~~~~~~~\\n 'make_a_list_of_random_ints_badly': events 1-3.*\\n \\|.*\\n \\| 25 \\| list = PyList_New\\(0\\);.*\\n \\| \\| \\^~~~~~~~~~~~~\\n \\| \\| \\|.*\\n \\| \\| \\(1\\) when 'PyList_New' fails, returning NULL.*\\n \\| 26 \\| .*\\n \\| 27 \\| for \\(i = 0; i < count; i\\+\\+\\) \\{.*\\n \\| \\| ~~~ .*\\n \\| \\| \\|.*\\n \\| \\| \\(2\\) when 'i < count'.*\\n \\| 28 \\| item = PyLong_FromLong\\(random\\(\\)\\);.*\\n \\| 29 \\| PyList_Append\\(list, item\\);.*\\n \\| \\| ~~~~~~~~~~~~~~~~~~~~~~~~~\\n \\| \\| \\|.*\\n \\| \\| \\(3\\) when calling 'PyList_Append', passing NULL from \\(1\\) as argument 1.*\\n \\|.*\\n"
FAIL: gcc.dg/plugin/diagnostic-test-paths-2.c -fplugin=./diagnostic_plugin_test_paths.so (test for excess errors)
FAIL: gcc.dg/plugin/location-overflow-test-1.c -fplugin=./location_overflow_plugin.so adding '-flarge-source-files' (test for warnings, line 16)
FAIL: gcc.dg/plugin/must-tail-call-1.c -fplugin=./must_tail_call_plugin.so (test for excess errors)
FAIL: gcc.dg/torture/pr37868.c -O0 execution test
FAIL: gcc.dg/torture/pr95248.c -O0 execution test
FAIL: gcc.dg/torture/pr95248.c -O1 execution test
FAIL: gcc.dg/torture/pr95248.c -O2 execution test
FAIL: gcc.dg/torture/pr95248.c -O2 -flto -fno-use-linker-plugin -flto-partition=none execution test
FAIL: gcc.dg/torture/pr95248.c -O3 -fomit-frame-pointer -funroll-loops -fpeel-loops -ftracer -finline-functions execution test
FAIL: gcc.dg/torture/pr95248.c -O3 -g execution test
FAIL: gcc.dg/torture/pr95248.c -Os execution test
FAIL: gcc.dg/torture/stackalign/builtin-apply-2.c -O0 execution test
FAIL: gcc.dg/torture/stackalign/builtin-apply-2.c -O0 -fpic execution test
FAIL: gcc.dg/torture/stackalign/builtin-apply-2.c -O1 execution test
FAIL: gcc.dg/torture/stackalign/builtin-apply-2.c -O1 -fpic execution test
FAIL: gcc.dg/torture/stackalign/builtin-apply-2.c -O2 execution test
FAIL: gcc.dg/torture/stackalign/builtin-apply-2.c -O2 -flto -fno-use-linker-plugin -flto-partition=none execution test
FAIL: gcc.dg/torture/stackalign/builtin-apply-2.c -O2 -flto -fno-use-linker-plugin -flto-partition=none -fpic execution test
FAIL: gcc.dg/torture/stackalign/builtin-apply-2.c -O2 -flto -fuse-linker-plugin -fno-fat-lto-objects execution test
FAIL: gcc.dg/torture/stackalign/builtin-apply-2.c -O2 -flto -fuse-linker-plugin -fno-fat-lto-objects -fpic execution test
FAIL: gcc.dg/torture/stackalign/builtin-apply-2.c -O2 -fpic execution test
FAIL: gcc.dg/torture/stackalign/builtin-apply-2.c -O3 -g execution test
FAIL: gcc.dg/torture/stackalign/builtin-apply-2.c -O3 -g -fpic execution test
FAIL: gcc.dg/torture/stackalign/builtin-apply-2.c -Os execution test
FAIL: gcc.dg/torture/stackalign/builtin-apply-2.c -Os -fpic execution test
FAIL: gcc.dg/tree-ssa/builtin-sprintf.c execution test
FAIL: gcc.dg/tree-ssa/loop-1.c scan-assembler-times foo 5
FAIL: gcc.dg/tree-ssa/loop-interchange-1.c execution test
FAIL: gcc.dg/tree-ssa/loop-interchange-1b.c execution test
UNRESOLVED: gcc.dg/tree-ssa/pr89430-1.c scan-tree-dump cselim "Conditional store replacement"
UNRESOLVED: gcc.dg/tree-ssa/pr89430-2.c scan-tree-dump cselim "Conditional store replacement"
UNRESOLVED: gcc.dg/tree-ssa/pr89430-3.c scan-tree-dump-not cselim "Conditional store replacement"
UNRESOLVED: gcc.dg/tree-ssa/pr89430-4.c scan-tree-dump-not cselim "Conditional store replacement"
UNRESOLVED: gcc.dg/tree-ssa/pr89430-5.c scan-tree-dump cselim "Conditional store replacement"
UNRESOLVED: gcc.dg/tree-ssa/pr89430-6.c scan-tree-dump cselim "Conditional store replacement"
UNRESOLVED: gcc.dg/tree-ssa/pr89430-7-comp-ref.c scan-tree-dump cselim "Conditional store replacement"
UNRESOLVED: gcc.dg/tree-ssa/pr89430-8-mem-ref-size.c scan-tree-dump cselim "Conditional store replacement"
FAIL: gcc.dg/tree-ssa/pr93121-1.c scan-tree-dump-times optimized "g = -2119529884;" 1
FAIL: gcc.dg/tree-ssa/pr93121-1.c scan-tree-dump-times optimized "h = 709385029;" 1
FAIL: gcc.dg/tree-ssa/pr93121-1.c scan-tree-dump-times optimized "i = -32342;" 1
FAIL: gcc.dg/tree-ssa/pr93121-1.c scan-tree-dump-times optimized "j = -30108;" 1
FAIL: gcc.dg/tree-ssa/pr93121-1.c scan-tree-dump-times optimized "k = 10824;" 1
FAIL: gcc.dg/tree-ssa/pr93121-1.c scan-tree-dump-times optimized "l = 23365;" 1
FAIL: gcc.dg/tree-ssa/pr93121-1.c scan-tree-dump-times optimized "m = -9103311533965288635;" 1
FAIL: gcc.dg/tree-ssa/ssa-dom-thread-7.c scan-tree-dump-not dom3 "Jumps threaded"
FAIL: gcc.dg/tree-ssa/ssa-dom-thread-7.c scan-tree-dump-not vrp2 "Jumps threaded"
FAIL: compiler driver --help=common option(s): "^ +-.*[^:.]\$" absent from output: " --param=modref-max-tests= Maximum number of tests perofmed by modref query"
FAIL: compiler driver --help=optimizers option(s): "^ +-.*[^:.]\$" absent from output: " -fipa-modref Perform interprocedural modref analysis"
FAIL: compiler driver -Q --help=warnings option(s): "-Wabsolute-value[ \\t]+\\[available in C, ObjC\\]" present in output
=== gcc Summary ===
# of expected passes 109666
# of unexpected failures 65
# of unexpected successes 2
# of expected failures 574
# of unresolved testcases 8
# of unsupported tests 3120
/home/moxie/build/gcc/xgcc version 11.0.0 20200920 (experimental) (GCC)
Compiler version: 11.0.0 20200920 (experimental) (GCC) gcc
Platform: moxie-unknown-elf
configure flags: --prefix=/opt/moxielogic --target=moxie-elf --enable-languages=c --disable-libquadmath --disable-libssp --with-newlib --with-headers=/opt/moxielogic/moxie-elf/include
More information about the Gcc-testresults
mailing list