Results for 11.0.0 20200910 (experimental) (GCC) gcc testsuite on moxie-unknown-elf
Anthony Green
green@moxielogic.com
Thu Sep 10 08:25:54 GMT 2020
rlgl policy check: RED: https://rl.gl/doc?id=RLGL-X0S26VMD
Target is moxie-unknown-elf
Host is x86_64-pc-linux-gnu
=== gcc tests ===
Running target moxie-sim
FAIL: gcc.c-torture/compile/950613-1.c -O2 (internal compiler error)
FAIL: gcc.c-torture/compile/950613-1.c -O2 (test for excess errors)
FAIL: gcc.c-torture/compile/950613-1.c -O2 -flto -fno-use-linker-plugin -flto-partition=none (internal compiler error)
FAIL: gcc.c-torture/compile/950613-1.c -O2 -flto -fno-use-linker-plugin -flto-partition=none (test for excess errors)
FAIL: gcc.c-torture/compile/950613-1.c -O3 -g (internal compiler error)
FAIL: gcc.c-torture/compile/950613-1.c -O3 -g (test for excess errors)
FAIL: gcc.c-torture/compile/pr25224.c -O2 (internal compiler error)
FAIL: gcc.c-torture/compile/pr25224.c -O2 (test for excess errors)
FAIL: gcc.c-torture/compile/pr25224.c -O2 -flto -fno-use-linker-plugin -flto-partition=none (internal compiler error)
FAIL: gcc.c-torture/compile/pr25224.c -O2 -flto -fno-use-linker-plugin -flto-partition=none (test for excess errors)
FAIL: gcc.c-torture/compile/pr25224.c -O3 -fomit-frame-pointer -funroll-loops -fpeel-loops -ftracer -finline-functions (internal compiler error)
FAIL: gcc.c-torture/compile/pr25224.c -O3 -fomit-frame-pointer -funroll-loops -fpeel-loops -ftracer -finline-functions (test for excess errors)
FAIL: gcc.c-torture/compile/pr25224.c -O3 -g (internal compiler error)
FAIL: gcc.c-torture/compile/pr25224.c -O3 -g (test for excess errors)
FAIL: gcc.c-torture/compile/pr27863.c -O2 (internal compiler error)
FAIL: gcc.c-torture/compile/pr27863.c -O2 (test for excess errors)
FAIL: gcc.c-torture/compile/pr27863.c -O2 -flto -fno-use-linker-plugin -flto-partition=none (internal compiler error)
FAIL: gcc.c-torture/compile/pr27863.c -O2 -flto -fno-use-linker-plugin -flto-partition=none (test for excess errors)
FAIL: gcc.c-torture/compile/pr27863.c -O3 -g (internal compiler error)
FAIL: gcc.c-torture/compile/pr27863.c -O3 -g (test for excess errors)
FAIL: gcc.c-torture/compile/pr28489.c -O2 (internal compiler error)
FAIL: gcc.c-torture/compile/pr28489.c -O2 (test for excess errors)
FAIL: gcc.c-torture/compile/pr28489.c -O2 -flto -fno-use-linker-plugin -flto-partition=none (internal compiler error)
FAIL: gcc.c-torture/compile/pr28489.c -O2 -flto -fno-use-linker-plugin -flto-partition=none (test for excess errors)
FAIL: gcc.c-torture/compile/pr28489.c -O3 -g (internal compiler error)
FAIL: gcc.c-torture/compile/pr28489.c -O3 -g (test for excess errors)
FAIL: gcc.c-torture/compile/pr29128.c -O2 (internal compiler error)
FAIL: gcc.c-torture/compile/pr29128.c -O2 (test for excess errors)
FAIL: gcc.c-torture/compile/pr29128.c -O2 -flto -fno-use-linker-plugin -flto-partition=none (internal compiler error)
FAIL: gcc.c-torture/compile/pr29128.c -O2 -flto -fno-use-linker-plugin -flto-partition=none (test for excess errors)
FAIL: gcc.c-torture/compile/pr29128.c -O3 -g (internal compiler error)
FAIL: gcc.c-torture/compile/pr29128.c -O3 -g (test for excess errors)
FAIL: gcc.c-torture/compile/pr46107.c -O2 (internal compiler error)
FAIL: gcc.c-torture/compile/pr46107.c -O2 (test for excess errors)
FAIL: gcc.c-torture/compile/pr46107.c -O2 -flto -fno-use-linker-plugin -flto-partition=none (internal compiler error)
FAIL: gcc.c-torture/compile/pr46107.c -O2 -flto -fno-use-linker-plugin -flto-partition=none (test for excess errors)
FAIL: gcc.c-torture/compile/pr46107.c -O3 -g (internal compiler error)
FAIL: gcc.c-torture/compile/pr46107.c -O3 -g (test for excess errors)
FAIL: gcc.c-torture/execute/20040302-1.c -O2 (internal compiler error)
FAIL: gcc.c-torture/execute/20040302-1.c -O2 (test for excess errors)
UNRESOLVED: gcc.c-torture/execute/20040302-1.c -O2 compilation failed to produce executable
FAIL: gcc.c-torture/execute/20040302-1.c -O2 -flto -fno-use-linker-plugin -flto-partition=none (internal compiler error)
FAIL: gcc.c-torture/execute/20040302-1.c -O2 -flto -fno-use-linker-plugin -flto-partition=none (test for excess errors)
UNRESOLVED: gcc.c-torture/execute/20040302-1.c -O2 -flto -fno-use-linker-plugin -flto-partition=none compilation failed to produce executable
FAIL: gcc.c-torture/execute/20040302-1.c -O2 -flto -fuse-linker-plugin -fno-fat-lto-objects (internal compiler error)
FAIL: gcc.c-torture/execute/20040302-1.c -O2 -flto -fuse-linker-plugin -fno-fat-lto-objects (test for excess errors)
UNRESOLVED: gcc.c-torture/execute/20040302-1.c -O2 -flto -fuse-linker-plugin -fno-fat-lto-objects compilation failed to produce executable
FAIL: gcc.c-torture/execute/20040302-1.c -O3 -g (internal compiler error)
FAIL: gcc.c-torture/execute/20040302-1.c -O3 -g (test for excess errors)
UNRESOLVED: gcc.c-torture/execute/20040302-1.c -O3 -g compilation failed to produce executable
FAIL: gcc.c-torture/execute/20071210-1.c -O2 (internal compiler error)
FAIL: gcc.c-torture/execute/20071210-1.c -O2 (test for excess errors)
UNRESOLVED: gcc.c-torture/execute/20071210-1.c -O2 compilation failed to produce executable
FAIL: gcc.c-torture/execute/20071210-1.c -O2 -flto -fno-use-linker-plugin -flto-partition=none (internal compiler error)
FAIL: gcc.c-torture/execute/20071210-1.c -O2 -flto -fno-use-linker-plugin -flto-partition=none (test for excess errors)
UNRESOLVED: gcc.c-torture/execute/20071210-1.c -O2 -flto -fno-use-linker-plugin -flto-partition=none compilation failed to produce executable
FAIL: gcc.c-torture/execute/20071210-1.c -O2 -flto -fuse-linker-plugin -fno-fat-lto-objects (internal compiler error)
FAIL: gcc.c-torture/execute/20071210-1.c -O2 -flto -fuse-linker-plugin -fno-fat-lto-objects (test for excess errors)
UNRESOLVED: gcc.c-torture/execute/20071210-1.c -O2 -flto -fuse-linker-plugin -fno-fat-lto-objects compilation failed to produce executable
FAIL: gcc.c-torture/execute/20071210-1.c -O3 -g (internal compiler error)
FAIL: gcc.c-torture/execute/20071210-1.c -O3 -g (test for excess errors)
UNRESOLVED: gcc.c-torture/execute/20071210-1.c -O3 -g compilation failed to produce executable
FAIL: gcc.c-torture/execute/920302-1.c -O2 (internal compiler error)
FAIL: gcc.c-torture/execute/920302-1.c -O2 (test for excess errors)
UNRESOLVED: gcc.c-torture/execute/920302-1.c -O2 compilation failed to produce executable
FAIL: gcc.c-torture/execute/920302-1.c -O2 -flto -fno-use-linker-plugin -flto-partition=none (internal compiler error)
FAIL: gcc.c-torture/execute/920302-1.c -O2 -flto -fno-use-linker-plugin -flto-partition=none (test for excess errors)
UNRESOLVED: gcc.c-torture/execute/920302-1.c -O2 -flto -fno-use-linker-plugin -flto-partition=none compilation failed to produce executable
FAIL: gcc.c-torture/execute/920302-1.c -O2 -flto -fuse-linker-plugin -fno-fat-lto-objects (internal compiler error)
FAIL: gcc.c-torture/execute/920302-1.c -O2 -flto -fuse-linker-plugin -fno-fat-lto-objects (test for excess errors)
UNRESOLVED: gcc.c-torture/execute/920302-1.c -O2 -flto -fuse-linker-plugin -fno-fat-lto-objects compilation failed to produce executable
FAIL: gcc.c-torture/execute/920302-1.c -O3 -fomit-frame-pointer -funroll-loops -fpeel-loops -ftracer -finline-functions (internal compiler error)
FAIL: gcc.c-torture/execute/920302-1.c -O3 -fomit-frame-pointer -funroll-loops -fpeel-loops -ftracer -finline-functions (test for excess errors)
UNRESOLVED: gcc.c-torture/execute/920302-1.c -O3 -fomit-frame-pointer -funroll-loops -fpeel-loops -ftracer -finline-functions compilation failed to produce executable
FAIL: gcc.c-torture/execute/920302-1.c -O3 -g (internal compiler error)
FAIL: gcc.c-torture/execute/920302-1.c -O3 -g (test for excess errors)
UNRESOLVED: gcc.c-torture/execute/920302-1.c -O3 -g compilation failed to produce executable
FAIL: gcc.c-torture/execute/comp-goto-1.c -O2 (internal compiler error)
FAIL: gcc.c-torture/execute/comp-goto-1.c -O2 (test for excess errors)
UNRESOLVED: gcc.c-torture/execute/comp-goto-1.c -O2 compilation failed to produce executable
FAIL: gcc.c-torture/execute/comp-goto-1.c -O2 -flto -fno-use-linker-plugin -flto-partition=none (internal compiler error)
FAIL: gcc.c-torture/execute/comp-goto-1.c -O2 -flto -fno-use-linker-plugin -flto-partition=none (test for excess errors)
UNRESOLVED: gcc.c-torture/execute/comp-goto-1.c -O2 -flto -fno-use-linker-plugin -flto-partition=none compilation failed to produce executable
FAIL: gcc.c-torture/execute/comp-goto-1.c -O2 -flto -fuse-linker-plugin -fno-fat-lto-objects (internal compiler error)
FAIL: gcc.c-torture/execute/comp-goto-1.c -O2 -flto -fuse-linker-plugin -fno-fat-lto-objects (test for excess errors)
UNRESOLVED: gcc.c-torture/execute/comp-goto-1.c -O2 -flto -fuse-linker-plugin -fno-fat-lto-objects compilation failed to produce executable
FAIL: gcc.c-torture/execute/comp-goto-1.c -O3 -fomit-frame-pointer -funroll-loops -fpeel-loops -ftracer -finline-functions (internal compiler error)
FAIL: gcc.c-torture/execute/comp-goto-1.c -O3 -fomit-frame-pointer -funroll-loops -fpeel-loops -ftracer -finline-functions (test for excess errors)
UNRESOLVED: gcc.c-torture/execute/comp-goto-1.c -O3 -fomit-frame-pointer -funroll-loops -fpeel-loops -ftracer -finline-functions compilation failed to produce executable
FAIL: gcc.c-torture/execute/comp-goto-1.c -O3 -g (internal compiler error)
FAIL: gcc.c-torture/execute/comp-goto-1.c -O3 -g (test for excess errors)
UNRESOLVED: gcc.c-torture/execute/comp-goto-1.c -O3 -g compilation failed to produce executable
FAIL: gcc.dg/analyzer/pr93032-mztools.c (test for excess errors)
FAIL: c-c++-common/spec-barrier-1.c -Wc++-compat (test for excess errors)
FAIL: gcc.dg/Wstringop-overflow-25.c pr92814 (test for warnings, line 378)
FAIL: gcc.dg/attr-vector_size.c (test for excess errors)
FAIL: gcc.dg/builtin-apply2.c execution test
FAIL: gcc.dg/cleanup-12.c execution test
FAIL: gcc.dg/cleanup-13.c execution test
FAIL: gcc.dg/cleanup-5.c execution test
FAIL: gcc.dg/ifcvt-4.c scan-rtl-dump ce1 "2 true changes made"
FAIL: gcc.dg/loop-8.c scan-rtl-dump-not loop2_invariant "without introducing a new temporary register"
FAIL: gcc.dg/loop-8.c scan-rtl-dump-times loop2_invariant "Decided" 1
FAIL: gcc.dg/pr45259.c (internal compiler error)
FAIL: gcc.dg/pr45259.c (test for excess errors)
FAIL: gcc.dg/pr84877.c execution test
FAIL: gcc.dg/pr89350.c (test for bogus messages, line 16)
FAIL: gcc.dg/sibcall-10.c execution test
FAIL: gcc.dg/sibcall-9.c execution test
FAIL: gcc.dg/plugin/must-tail-call-1.c -fplugin=./must_tail_call_plugin.so (test for excess errors)
FAIL: gcc.dg/torture/pr37868.c -O0 execution test
FAIL: gcc.dg/torture/pr53695.c -O2 (internal compiler error)
FAIL: gcc.dg/torture/pr53695.c -O2 (test for excess errors)
FAIL: gcc.dg/torture/pr53695.c -O2 -flto -fno-use-linker-plugin -flto-partition=none (internal compiler error)
FAIL: gcc.dg/torture/pr53695.c -O2 -flto -fno-use-linker-plugin -flto-partition=none (test for excess errors)
FAIL: gcc.dg/torture/pr53695.c -O3 -g (internal compiler error)
FAIL: gcc.dg/torture/pr53695.c -O3 -g (test for excess errors)
FAIL: gcc.dg/torture/pr89135.c -O3 -fomit-frame-pointer -funroll-loops -fpeel-loops -ftracer -finline-functions (internal compiler error)
FAIL: gcc.dg/torture/pr89135.c -O3 -fomit-frame-pointer -funroll-loops -fpeel-loops -ftracer -finline-functions (test for excess errors)
FAIL: gcc.dg/torture/pr95248.c -O0 execution test
FAIL: gcc.dg/torture/pr95248.c -O1 execution test
FAIL: gcc.dg/torture/pr95248.c -O2 execution test
FAIL: gcc.dg/torture/pr95248.c -O2 -flto -fno-use-linker-plugin -flto-partition=none execution test
FAIL: gcc.dg/torture/pr95248.c -O3 -fomit-frame-pointer -funroll-loops -fpeel-loops -ftracer -finline-functions execution test
FAIL: gcc.dg/torture/pr95248.c -O3 -g execution test
FAIL: gcc.dg/torture/pr95248.c -Os execution test
FAIL: gcc.dg/torture/stackalign/builtin-apply-2.c -O0 execution test
FAIL: gcc.dg/torture/stackalign/builtin-apply-2.c -O0 -fpic execution test
FAIL: gcc.dg/torture/stackalign/builtin-apply-2.c -O1 execution test
FAIL: gcc.dg/torture/stackalign/builtin-apply-2.c -O1 -fpic execution test
FAIL: gcc.dg/torture/stackalign/builtin-apply-2.c -O2 execution test
FAIL: gcc.dg/torture/stackalign/builtin-apply-2.c -O2 -flto -fno-use-linker-plugin -flto-partition=none execution test
FAIL: gcc.dg/torture/stackalign/builtin-apply-2.c -O2 -flto -fno-use-linker-plugin -flto-partition=none -fpic execution test
FAIL: gcc.dg/torture/stackalign/builtin-apply-2.c -O2 -flto -fuse-linker-plugin -fno-fat-lto-objects execution test
FAIL: gcc.dg/torture/stackalign/builtin-apply-2.c -O2 -flto -fuse-linker-plugin -fno-fat-lto-objects -fpic execution test
FAIL: gcc.dg/torture/stackalign/builtin-apply-2.c -O2 -fpic execution test
FAIL: gcc.dg/torture/stackalign/builtin-apply-2.c -O3 -g execution test
FAIL: gcc.dg/torture/stackalign/builtin-apply-2.c -O3 -g -fpic execution test
FAIL: gcc.dg/torture/stackalign/builtin-apply-2.c -Os execution test
FAIL: gcc.dg/torture/stackalign/builtin-apply-2.c -Os -fpic execution test
FAIL: gcc.dg/tree-ssa/builtin-sprintf.c execution test
FAIL: gcc.dg/tree-ssa/loop-1.c scan-assembler-times foo 5
FAIL: gcc.dg/tree-ssa/loop-interchange-1.c execution test
FAIL: gcc.dg/tree-ssa/loop-interchange-1b.c execution test
UNRESOLVED: gcc.dg/tree-ssa/pr89430-1.c scan-tree-dump cselim "Conditional store replacement"
UNRESOLVED: gcc.dg/tree-ssa/pr89430-2.c scan-tree-dump cselim "Conditional store replacement"
UNRESOLVED: gcc.dg/tree-ssa/pr89430-3.c scan-tree-dump-not cselim "Conditional store replacement"
UNRESOLVED: gcc.dg/tree-ssa/pr89430-4.c scan-tree-dump-not cselim "Conditional store replacement"
UNRESOLVED: gcc.dg/tree-ssa/pr89430-5.c scan-tree-dump cselim "Conditional store replacement"
UNRESOLVED: gcc.dg/tree-ssa/pr89430-6.c scan-tree-dump cselim "Conditional store replacement"
UNRESOLVED: gcc.dg/tree-ssa/pr89430-7-comp-ref.c scan-tree-dump cselim "Conditional store replacement"
UNRESOLVED: gcc.dg/tree-ssa/pr89430-8-mem-ref-size.c scan-tree-dump cselim "Conditional store replacement"
FAIL: gcc.dg/tree-ssa/pr93121-1.c scan-tree-dump-times optimized "g = -2119529884;" 1
FAIL: gcc.dg/tree-ssa/pr93121-1.c scan-tree-dump-times optimized "h = 709385029;" 1
FAIL: gcc.dg/tree-ssa/pr93121-1.c scan-tree-dump-times optimized "i = -32342;" 1
FAIL: gcc.dg/tree-ssa/pr93121-1.c scan-tree-dump-times optimized "j = -30108;" 1
FAIL: gcc.dg/tree-ssa/pr93121-1.c scan-tree-dump-times optimized "k = 10824;" 1
FAIL: gcc.dg/tree-ssa/pr93121-1.c scan-tree-dump-times optimized "l = 23365;" 1
FAIL: gcc.dg/tree-ssa/pr93121-1.c scan-tree-dump-times optimized "m = -9103311533965288635;" 1
FAIL: gcc.dg/tree-ssa/ssa-dom-thread-7.c scan-tree-dump-not dom3 "Jumps threaded"
FAIL: gcc.dg/tree-ssa/ssa-dom-thread-7.c scan-tree-dump-not vrp2 "Jumps threaded"
FAIL: compiler driver -Q --help=warnings option(s): "-Wabsolute-value[ \\t]+\\[available in C, ObjC\\]" present in output
=== gcc Summary ===
# of expected passes 109069
# of unexpected failures 136
# of expected failures 539
# of unresolved testcases 26
# of unsupported tests 3120
/home/moxie/build/gcc/xgcc version 11.0.0 20200910 (experimental) (GCC)
Compiler version: 11.0.0 20200910 (experimental) (GCC) gcc
Platform: moxie-unknown-elf
configure flags: --prefix=/opt/moxielogic --target=moxie-elf --enable-languages=c --disable-libquadmath --disable-libssp --with-newlib --with-headers=/opt/moxielogic/moxie-elf/include
More information about the Gcc-testresults
mailing list