Results for 11.0.0 (DEFMODE=default DEFCPU=default DEFFPU=default TESTFLAGS=) [r11-3614] (GCC) testsuite on aarch64-none-linux-gnu
Christophe LYON
christophe.lyon@st.com
Sat Oct 3 17:39:24 GMT 2020
LAST_UPDATED: Sat Oct 3 16:02:11 UTC 2020 (revision r11-3614-gf8dcbea5d2fb17dca3a7de97f15fc49997222365) TARGET=aarch64-none-linux-gnu CPU=default FPU=default MODE=default
Target is aarch64-none-linux-gnu
Host is aarch64-none-linux-gnu
=== libatomic tests ===
Running target qemu
=== libatomic Summary ===
# of expected passes 54
Host is aarch64-none-linux-gnu
=== libitm tests ===
Running target qemu
=== libitm Summary ===
# of expected passes 42
# of expected failures 3
# of unsupported tests 1
Host is aarch64-none-linux-gnu
=== libstdc++ tests ===
Running target qemu
=== libstdc++ Summary ===
# of expected passes 13610
# of expected failures 98
# of unsupported tests 722
Host is x86_64-pc-linux-gnu
=== gcc tests ===
Running target qemu
FAIL: gcc.c-torture/execute/alias-2.c -O1 execution test
FAIL: gcc.c-torture/execute/alias-2.c -O2 execution test
FAIL: gcc.c-torture/execute/alias-2.c -O2 -flto -fno-use-linker-plugin -flto-partition=none execution test
FAIL: gcc.c-torture/execute/alias-2.c -O3 -g execution test
FAIL: gcc.c-torture/execute/alias-2.c -Os execution test
XPASS: gcc.dg/analyzer/feasibility-1.c (test for warnings, line 58)
FAIL: gcc.dg/analyzer/malloc-vs-local-1b.c (test for bogus messages, line 170)
WARNING: skipping asan tests due to ulimit -v
WARNING: skipping asan tests due to ulimit -v
WARNING: skipping asan tests due to ulimit -v
WARNING: skipping asan tests due to ulimit -v
WARNING: skipping asan tests due to ulimit -v
WARNING: skipping asan tests due to ulimit -v
WARNING: skipping asan tests due to ulimit -v
WARNING: skipping asan tests due to ulimit -v
WARNING: skipping asan tests due to ulimit -v
WARNING: skipping asan tests due to ulimit -v
FAIL: gcc.dg/atomic/pr65345-4.c -O2 -flto -fno-use-linker-plugin -flto-partition=none (internal compiler error)
FAIL: gcc.dg/atomic/pr65345-4.c -O2 -flto -fno-use-linker-plugin -flto-partition=none (test for excess errors)
FAIL: gcc.dg/atomic/pr65345-4.c -O2 -flto -fuse-linker-plugin -fno-fat-lto-objects (internal compiler error)
FAIL: gcc.dg/atomic/pr65345-4.c -O2 -flto -fuse-linker-plugin -fno-fat-lto-objects (test for excess errors)
FAIL: gcc.dg/gomp/pr89104.c (test for excess errors)
FAIL: gcc.dg/plugin/diagnostic-test-paths-2.c -fplugin=./diagnostic_plugin_test_paths.so expected multiline pattern lines 36-54 not found: "\\s*29 \\| PyList_Append\\(list, item\\);.*\\n \\| \\^~~~~~~~~~~~~~~~~~~~~~~~~\\n 'make_a_list_of_random_ints_badly': events 1-3.*\\n \\|.*\\n \\| 25 \\| list = PyList_New\\(0\\);.*\\n \\| \\| \\^~~~~~~~~~~~~\\n \\| \\| \\|.*\\n \\| \\| \\(1\\) when 'PyList_New' fails, returning NULL.*\\n \\| 26 \\| .*\\n \\| 27 \\| for \\(i = 0; i < count; i\\+\\+\\) \\{.*\\n \\| \\| ~~~ .*\\n \\| \\| \\|.*\\n \\| \\| \\(2\\) when 'i < count'.*\\n \\| 28 \\| item = PyLong_FromLong\\(random\\(\\)\\);.*\\n \\| 29 \\| PyList_Append\\(list, item\\);.*\\n \\| \\| ~~~~~~~~~~~~~~~~~~~~~~~~~\\n \\| \\| \\|.*\\n \\| \\| \\(3\\) when calling 'PyList_Append', passing NULL from \\(1\\) as argument 1.*\\n \\|.*\\n"
FAIL: gcc.dg/plugin/diagnostic-test-paths-2.c -fplugin=./diagnostic_plugin_test_paths.so (test for excess errors)
FAIL: gcc.dg/plugin/location-overflow-test-1.c -fplugin=./location_overflow_plugin.so adding '-flarge-source-files' (test for warnings, line 16)
FAIL: c-c++-common/ubsan/null-1.c -O0 execution test
FAIL: c-c++-common/ubsan/null-1.c -O1 execution test
FAIL: c-c++-common/ubsan/null-1.c -O2 execution test
FAIL: c-c++-common/ubsan/null-1.c -O2 -flto -fno-use-linker-plugin -flto-partition=none execution test
FAIL: c-c++-common/ubsan/null-1.c -O2 -flto -fuse-linker-plugin -fno-fat-lto-objects execution test
FAIL: c-c++-common/ubsan/null-1.c -O3 -g execution test
FAIL: c-c++-common/ubsan/null-1.c -Os execution test
FAIL: c-c++-common/ubsan/null-10.c -O0 execution test
FAIL: c-c++-common/ubsan/null-10.c -O1 execution test
FAIL: c-c++-common/ubsan/null-10.c -O2 execution test
FAIL: c-c++-common/ubsan/null-10.c -O2 -flto -fno-use-linker-plugin -flto-partition=none execution test
FAIL: c-c++-common/ubsan/null-10.c -O2 -flto -fuse-linker-plugin -fno-fat-lto-objects execution test
FAIL: c-c++-common/ubsan/null-10.c -O3 -g execution test
FAIL: c-c++-common/ubsan/null-10.c -Os execution test
FAIL: c-c++-common/ubsan/null-11.c -O0 execution test
FAIL: c-c++-common/ubsan/null-11.c -O1 execution test
FAIL: c-c++-common/ubsan/null-11.c -O2 execution test
FAIL: c-c++-common/ubsan/null-11.c -O2 -flto -fno-use-linker-plugin -flto-partition=none execution test
FAIL: c-c++-common/ubsan/null-11.c -O2 -flto -fuse-linker-plugin -fno-fat-lto-objects execution test
FAIL: c-c++-common/ubsan/null-11.c -O3 -g execution test
FAIL: c-c++-common/ubsan/null-11.c -Os execution test
FAIL: c-c++-common/ubsan/null-2.c -O0 execution test
FAIL: c-c++-common/ubsan/null-2.c -O1 execution test
FAIL: c-c++-common/ubsan/null-2.c -O2 execution test
FAIL: c-c++-common/ubsan/null-2.c -O2 -flto -fno-use-linker-plugin -flto-partition=none execution test
FAIL: c-c++-common/ubsan/null-2.c -O2 -flto -fuse-linker-plugin -fno-fat-lto-objects execution test
FAIL: c-c++-common/ubsan/null-2.c -O3 -g execution test
FAIL: c-c++-common/ubsan/null-2.c -Os execution test
FAIL: c-c++-common/ubsan/null-3.c -O0 execution test
FAIL: c-c++-common/ubsan/null-3.c -O1 execution test
FAIL: c-c++-common/ubsan/null-3.c -O2 execution test
FAIL: c-c++-common/ubsan/null-3.c -O2 -flto -fno-use-linker-plugin -flto-partition=none execution test
FAIL: c-c++-common/ubsan/null-3.c -O2 -flto -fuse-linker-plugin -fno-fat-lto-objects execution test
FAIL: c-c++-common/ubsan/null-3.c -O3 -g execution test
FAIL: c-c++-common/ubsan/null-3.c -Os execution test
FAIL: c-c++-common/ubsan/null-4.c -O0 execution test
FAIL: c-c++-common/ubsan/null-4.c -O1 execution test
FAIL: c-c++-common/ubsan/null-4.c -O2 execution test
FAIL: c-c++-common/ubsan/null-4.c -O2 -flto -fno-use-linker-plugin -flto-partition=none execution test
FAIL: c-c++-common/ubsan/null-4.c -O2 -flto -fuse-linker-plugin -fno-fat-lto-objects execution test
FAIL: c-c++-common/ubsan/null-4.c -O3 -g execution test
FAIL: c-c++-common/ubsan/null-4.c -Os execution test
FAIL: c-c++-common/ubsan/null-5.c -O0 execution test
FAIL: c-c++-common/ubsan/null-5.c -O1 execution test
FAIL: c-c++-common/ubsan/null-5.c -O2 execution test
FAIL: c-c++-common/ubsan/null-5.c -O2 -flto -fno-use-linker-plugin -flto-partition=none execution test
FAIL: c-c++-common/ubsan/null-5.c -O2 -flto -fuse-linker-plugin -fno-fat-lto-objects execution test
FAIL: c-c++-common/ubsan/null-5.c -O3 -g execution test
FAIL: c-c++-common/ubsan/null-5.c -Os execution test
FAIL: c-c++-common/ubsan/null-7.c -O0 execution test
FAIL: c-c++-common/ubsan/null-7.c -O1 execution test
FAIL: c-c++-common/ubsan/null-7.c -O2 execution test
FAIL: c-c++-common/ubsan/null-7.c -O2 -flto -fno-use-linker-plugin -flto-partition=none execution test
FAIL: c-c++-common/ubsan/null-7.c -O2 -flto -fuse-linker-plugin -fno-fat-lto-objects execution test
FAIL: c-c++-common/ubsan/null-7.c -O3 -g execution test
FAIL: c-c++-common/ubsan/null-7.c -Os execution test
FAIL: c-c++-common/ubsan/null-8.c -O0 execution test
FAIL: c-c++-common/ubsan/null-8.c -O1 execution test
FAIL: c-c++-common/ubsan/null-8.c -O2 execution test
FAIL: c-c++-common/ubsan/null-8.c -O2 -flto -fno-use-linker-plugin -flto-partition=none execution test
FAIL: c-c++-common/ubsan/null-8.c -O2 -flto -fuse-linker-plugin -fno-fat-lto-objects execution test
FAIL: c-c++-common/ubsan/null-8.c -O3 -g execution test
FAIL: c-c++-common/ubsan/null-8.c -Os execution test
FAIL: c-c++-common/ubsan/null-9.c -O0 execution test
FAIL: c-c++-common/ubsan/null-9.c -O1 execution test
FAIL: c-c++-common/ubsan/null-9.c -O2 execution test
FAIL: c-c++-common/ubsan/null-9.c -O2 -flto -fno-use-linker-plugin -flto-partition=none execution test
FAIL: c-c++-common/ubsan/null-9.c -O2 -flto -fuse-linker-plugin -fno-fat-lto-objects execution test
FAIL: c-c++-common/ubsan/null-9.c -O3 -g execution test
FAIL: c-c++-common/ubsan/null-9.c -Os execution test
FAIL: c-c++-common/ubsan/pr59667.c -Os execution test
XPASS: gcc.dg/vect/bb-slp-pr68892.c -flto -ffat-lto-objects scan-tree-dump slp2 "not profitable"
FAIL: gcc.dg/vect/bb-slp-pr68892.c -flto -ffat-lto-objects scan-tree-dump-times slp2 "Basic block will be vectorized" 1
XPASS: gcc.dg/vect/bb-slp-pr68892.c scan-tree-dump slp2 "not profitable"
FAIL: gcc.dg/vect/bb-slp-pr68892.c scan-tree-dump-times slp2 "Basic block will be vectorized" 1
FAIL: gcc.dg/vect/slp-46.c -flto -ffat-lto-objects scan-tree-dump-times vect "vectorizing stmts using SLP" 2
FAIL: gcc.dg/vect/slp-46.c scan-tree-dump-times vect "vectorizing stmts using SLP" 2
FAIL: gcc.dg/vect/slp-perm-9.c -flto -ffat-lto-objects scan-tree-dump-times vect "permutation requires at least three vectors" 1
FAIL: gcc.dg/vect/slp-perm-9.c scan-tree-dump-times vect "permutation requires at least three vectors" 1
FAIL: gcc.target/aarch64/aapcs64/func-ret-1.c execution, -O1
FAIL: gcc.target/aarch64/aapcs64/func-ret-1.c execution, -O2
FAIL: gcc.target/aarch64/aapcs64/func-ret-1.c execution, -O3 -g
FAIL: gcc.target/aarch64/aapcs64/func-ret-1.c execution, -Os
FAIL: gcc.target/aarch64/aapcs64/func-ret-2.c execution, -O1
FAIL: gcc.target/aarch64/aapcs64/func-ret-2.c execution, -O2
FAIL: gcc.target/aarch64/aapcs64/func-ret-2.c execution, -O3 -g
FAIL: gcc.target/aarch64/aapcs64/func-ret-2.c execution, -Os
FAIL: gcc.target/aarch64/aapcs64/func-ret-3.c execution, -O1
FAIL: gcc.target/aarch64/aapcs64/func-ret-3.c execution, -O2
FAIL: gcc.target/aarch64/aapcs64/func-ret-3.c execution, -O3 -g
FAIL: gcc.target/aarch64/aapcs64/func-ret-3.c execution, -Os
FAIL: gcc.target/aarch64/aapcs64/func-ret-4.c execution, -O1
FAIL: gcc.target/aarch64/aapcs64/func-ret-4.c execution, -O2
FAIL: gcc.target/aarch64/aapcs64/func-ret-4.c execution, -O3 -g
FAIL: gcc.target/aarch64/aapcs64/func-ret-4.c execution, -Os
FAIL: gcc.target/aarch64/aapcs64/func-ret-64x1_1.c execution, -O1
FAIL: gcc.target/aarch64/aapcs64/func-ret-64x1_1.c execution, -O2
FAIL: gcc.target/aarch64/aapcs64/func-ret-64x1_1.c execution, -O3 -g
FAIL: gcc.target/aarch64/aapcs64/func-ret-64x1_1.c execution, -Os
FAIL: gcc.target/aarch64/insv_1.c scan-assembler bfi\\tx[0-9]+, x[0-9]+, 0, 8
FAIL: gcc.target/aarch64/insv_1.c scan-assembler bfi\\tx[0-9]+, x[0-9]+, 16, 5
UNRESOLVED: gcc.target/aarch64/pr70044.c scan-lto-assembler (mov|add)\\tx29, sp
FAIL: gcc.target/aarch64/advsimd-intrinsics/bfdot-2.c -O0 (test for excess errors)
UNRESOLVED: gcc.target/aarch64/advsimd-intrinsics/bfdot-2.c -O1 check-function-bodies ufoo
UNRESOLVED: gcc.target/aarch64/advsimd-intrinsics/bfdot-2.c -O1 check-function-bodies ufoo_lane
UNRESOLVED: gcc.target/aarch64/advsimd-intrinsics/bfdot-2.c -O1 check-function-bodies ufoo_laneq
UNRESOLVED: gcc.target/aarch64/advsimd-intrinsics/bfdot-2.c -O1 check-function-bodies ufoo_untied
UNRESOLVED: gcc.target/aarch64/advsimd-intrinsics/bfdot-2.c -O1 check-function-bodies ufooq
UNRESOLVED: gcc.target/aarch64/advsimd-intrinsics/bfdot-2.c -O1 check-function-bodies ufooq_lane
UNRESOLVED: gcc.target/aarch64/advsimd-intrinsics/bfdot-2.c -O1 check-function-bodies ufooq_lane_untied
UNRESOLVED: gcc.target/aarch64/advsimd-intrinsics/bfdot-2.c -O1 check-function-bodies ufooq_laneq
FAIL: gcc.target/aarch64/advsimd-intrinsics/bfdot-2.c -O1 (test for excess errors)
UNRESOLVED: gcc.target/aarch64/advsimd-intrinsics/bfdot-2.c -O2 check-function-bodies ufoo
UNRESOLVED: gcc.target/aarch64/advsimd-intrinsics/bfdot-2.c -O2 check-function-bodies ufoo_lane
UNRESOLVED: gcc.target/aarch64/advsimd-intrinsics/bfdot-2.c -O2 check-function-bodies ufoo_laneq
UNRESOLVED: gcc.target/aarch64/advsimd-intrinsics/bfdot-2.c -O2 check-function-bodies ufoo_untied
UNRESOLVED: gcc.target/aarch64/advsimd-intrinsics/bfdot-2.c -O2 check-function-bodies ufooq
UNRESOLVED: gcc.target/aarch64/advsimd-intrinsics/bfdot-2.c -O2 check-function-bodies ufooq_lane
UNRESOLVED: gcc.target/aarch64/advsimd-intrinsics/bfdot-2.c -O2 check-function-bodies ufooq_lane_untied
UNRESOLVED: gcc.target/aarch64/advsimd-intrinsics/bfdot-2.c -O2 check-function-bodies ufooq_laneq
FAIL: gcc.target/aarch64/advsimd-intrinsics/bfdot-2.c -O2 (test for excess errors)
UNRESOLVED: gcc.target/aarch64/advsimd-intrinsics/bfdot-2.c -O2 -flto -fno-use-linker-plugin -flto-partition=none check-function-bodies ufoo
UNRESOLVED: gcc.target/aarch64/advsimd-intrinsics/bfdot-2.c -O2 -flto -fno-use-linker-plugin -flto-partition=none check-function-bodies ufoo_lane
UNRESOLVED: gcc.target/aarch64/advsimd-intrinsics/bfdot-2.c -O2 -flto -fno-use-linker-plugin -flto-partition=none check-function-bodies ufoo_laneq
UNRESOLVED: gcc.target/aarch64/advsimd-intrinsics/bfdot-2.c -O2 -flto -fno-use-linker-plugin -flto-partition=none check-function-bodies ufoo_untied
UNRESOLVED: gcc.target/aarch64/advsimd-intrinsics/bfdot-2.c -O2 -flto -fno-use-linker-plugin -flto-partition=none check-function-bodies ufooq
UNRESOLVED: gcc.target/aarch64/advsimd-intrinsics/bfdot-2.c -O2 -flto -fno-use-linker-plugin -flto-partition=none check-function-bodies ufooq_lane
UNRESOLVED: gcc.target/aarch64/advsimd-intrinsics/bfdot-2.c -O2 -flto -fno-use-linker-plugin -flto-partition=none check-function-bodies ufooq_lane_untied
UNRESOLVED: gcc.target/aarch64/advsimd-intrinsics/bfdot-2.c -O2 -flto -fno-use-linker-plugin -flto-partition=none check-function-bodies ufooq_laneq
FAIL: gcc.target/aarch64/advsimd-intrinsics/bfdot-2.c -O2 -flto -fno-use-linker-plugin -flto-partition=none (test for excess errors)
UNRESOLVED: gcc.target/aarch64/advsimd-intrinsics/bfdot-2.c -O3 -g check-function-bodies ufoo
UNRESOLVED: gcc.target/aarch64/advsimd-intrinsics/bfdot-2.c -O3 -g check-function-bodies ufoo_lane
UNRESOLVED: gcc.target/aarch64/advsimd-intrinsics/bfdot-2.c -O3 -g check-function-bodies ufoo_laneq
UNRESOLVED: gcc.target/aarch64/advsimd-intrinsics/bfdot-2.c -O3 -g check-function-bodies ufoo_untied
UNRESOLVED: gcc.target/aarch64/advsimd-intrinsics/bfdot-2.c -O3 -g check-function-bodies ufooq
UNRESOLVED: gcc.target/aarch64/advsimd-intrinsics/bfdot-2.c -O3 -g check-function-bodies ufooq_lane
UNRESOLVED: gcc.target/aarch64/advsimd-intrinsics/bfdot-2.c -O3 -g check-function-bodies ufooq_lane_untied
UNRESOLVED: gcc.target/aarch64/advsimd-intrinsics/bfdot-2.c -O3 -g check-function-bodies ufooq_laneq
FAIL: gcc.target/aarch64/advsimd-intrinsics/bfdot-2.c -O3 -g (test for excess errors)
UNRESOLVED: gcc.target/aarch64/advsimd-intrinsics/bfdot-2.c -Og -g check-function-bodies ufoo
UNRESOLVED: gcc.target/aarch64/advsimd-intrinsics/bfdot-2.c -Og -g check-function-bodies ufoo_lane
UNRESOLVED: gcc.target/aarch64/advsimd-intrinsics/bfdot-2.c -Og -g check-function-bodies ufoo_laneq
UNRESOLVED: gcc.target/aarch64/advsimd-intrinsics/bfdot-2.c -Og -g check-function-bodies ufoo_untied
UNRESOLVED: gcc.target/aarch64/advsimd-intrinsics/bfdot-2.c -Og -g check-function-bodies ufooq
UNRESOLVED: gcc.target/aarch64/advsimd-intrinsics/bfdot-2.c -Og -g check-function-bodies ufooq_lane
UNRESOLVED: gcc.target/aarch64/advsimd-intrinsics/bfdot-2.c -Og -g check-function-bodies ufooq_lane_untied
UNRESOLVED: gcc.target/aarch64/advsimd-intrinsics/bfdot-2.c -Og -g check-function-bodies ufooq_laneq
FAIL: gcc.target/aarch64/advsimd-intrinsics/bfdot-2.c -Og -g (test for excess errors)
UNRESOLVED: gcc.target/aarch64/advsimd-intrinsics/bfdot-2.c -Os check-function-bodies ufoo
UNRESOLVED: gcc.target/aarch64/advsimd-intrinsics/bfdot-2.c -Os check-function-bodies ufoo_lane
UNRESOLVED: gcc.target/aarch64/advsimd-intrinsics/bfdot-2.c -Os check-function-bodies ufoo_laneq
UNRESOLVED: gcc.target/aarch64/advsimd-intrinsics/bfdot-2.c -Os check-function-bodies ufoo_untied
UNRESOLVED: gcc.target/aarch64/advsimd-intrinsics/bfdot-2.c -Os check-function-bodies ufooq
UNRESOLVED: gcc.target/aarch64/advsimd-intrinsics/bfdot-2.c -Os check-function-bodies ufooq_lane
UNRESOLVED: gcc.target/aarch64/advsimd-intrinsics/bfdot-2.c -Os check-function-bodies ufooq_lane_untied
UNRESOLVED: gcc.target/aarch64/advsimd-intrinsics/bfdot-2.c -Os check-function-bodies ufooq_laneq
FAIL: gcc.target/aarch64/advsimd-intrinsics/bfdot-2.c -Os (test for excess errors)
FAIL: gcc.target/aarch64/advsimd-intrinsics/vdot-3-2.c -O0 (test for excess errors)
UNRESOLVED: gcc.target/aarch64/advsimd-intrinsics/vdot-3-2.c -O1 check-function-bodies sfoo_lane
UNRESOLVED: gcc.target/aarch64/advsimd-intrinsics/vdot-3-2.c -O1 check-function-bodies sfoo_laneq
UNRESOLVED: gcc.target/aarch64/advsimd-intrinsics/vdot-3-2.c -O1 check-function-bodies sfooq_lane
UNRESOLVED: gcc.target/aarch64/advsimd-intrinsics/vdot-3-2.c -O1 check-function-bodies sfooq_laneq
UNRESOLVED: gcc.target/aarch64/advsimd-intrinsics/vdot-3-2.c -O1 check-function-bodies ufoo
UNRESOLVED: gcc.target/aarch64/advsimd-intrinsics/vdot-3-2.c -O1 check-function-bodies ufoo_lane
UNRESOLVED: gcc.target/aarch64/advsimd-intrinsics/vdot-3-2.c -O1 check-function-bodies ufoo_laneq
UNRESOLVED: gcc.target/aarch64/advsimd-intrinsics/vdot-3-2.c -O1 check-function-bodies ufoo_untied
UNRESOLVED: gcc.target/aarch64/advsimd-intrinsics/vdot-3-2.c -O1 check-function-bodies ufooq
UNRESOLVED: gcc.target/aarch64/advsimd-intrinsics/vdot-3-2.c -O1 check-function-bodies ufooq_lane
UNRESOLVED: gcc.target/aarch64/advsimd-intrinsics/vdot-3-2.c -O1 check-function-bodies ufooq_laneq
UNRESOLVED: gcc.target/aarch64/advsimd-intrinsics/vdot-3-2.c -O1 check-function-bodies ufooq_laneq_untied
FAIL: gcc.target/aarch64/advsimd-intrinsics/vdot-3-2.c -O1 (test for excess errors)
UNRESOLVED: gcc.target/aarch64/advsimd-intrinsics/vdot-3-2.c -O2 check-function-bodies sfoo_lane
UNRESOLVED: gcc.target/aarch64/advsimd-intrinsics/vdot-3-2.c -O2 check-function-bodies sfoo_laneq
UNRESOLVED: gcc.target/aarch64/advsimd-intrinsics/vdot-3-2.c -O2 check-function-bodies sfooq_lane
UNRESOLVED: gcc.target/aarch64/advsimd-intrinsics/vdot-3-2.c -O2 check-function-bodies sfooq_laneq
UNRESOLVED: gcc.target/aarch64/advsimd-intrinsics/vdot-3-2.c -O2 check-function-bodies ufoo
UNRESOLVED: gcc.target/aarch64/advsimd-intrinsics/vdot-3-2.c -O2 check-function-bodies ufoo_lane
UNRESOLVED: gcc.target/aarch64/advsimd-intrinsics/vdot-3-2.c -O2 check-function-bodies ufoo_laneq
UNRESOLVED: gcc.target/aarch64/advsimd-intrinsics/vdot-3-2.c -O2 check-function-bodies ufoo_untied
UNRESOLVED: gcc.target/aarch64/advsimd-intrinsics/vdot-3-2.c -O2 check-function-bodies ufooq
UNRESOLVED: gcc.target/aarch64/advsimd-intrinsics/vdot-3-2.c -O2 check-function-bodies ufooq_lane
UNRESOLVED: gcc.target/aarch64/advsimd-intrinsics/vdot-3-2.c -O2 check-function-bodies ufooq_laneq
UNRESOLVED: gcc.target/aarch64/advsimd-intrinsics/vdot-3-2.c -O2 check-function-bodies ufooq_laneq_untied
FAIL: gcc.target/aarch64/advsimd-intrinsics/vdot-3-2.c -O2 (test for excess errors)
UNRESOLVED: gcc.target/aarch64/advsimd-intrinsics/vdot-3-2.c -O2 -flto -fno-use-linker-plugin -flto-partition=none check-function-bodies sfoo_lane
UNRESOLVED: gcc.target/aarch64/advsimd-intrinsics/vdot-3-2.c -O2 -flto -fno-use-linker-plugin -flto-partition=none check-function-bodies sfoo_laneq
UNRESOLVED: gcc.target/aarch64/advsimd-intrinsics/vdot-3-2.c -O2 -flto -fno-use-linker-plugin -flto-partition=none check-function-bodies sfooq_lane
UNRESOLVED: gcc.target/aarch64/advsimd-intrinsics/vdot-3-2.c -O2 -flto -fno-use-linker-plugin -flto-partition=none check-function-bodies sfooq_laneq
UNRESOLVED: gcc.target/aarch64/advsimd-intrinsics/vdot-3-2.c -O2 -flto -fno-use-linker-plugin -flto-partition=none check-function-bodies ufoo
UNRESOLVED: gcc.target/aarch64/advsimd-intrinsics/vdot-3-2.c -O2 -flto -fno-use-linker-plugin -flto-partition=none check-function-bodies ufoo_lane
UNRESOLVED: gcc.target/aarch64/advsimd-intrinsics/vdot-3-2.c -O2 -flto -fno-use-linker-plugin -flto-partition=none check-function-bodies ufoo_laneq
UNRESOLVED: gcc.target/aarch64/advsimd-intrinsics/vdot-3-2.c -O2 -flto -fno-use-linker-plugin -flto-partition=none check-function-bodies ufoo_untied
UNRESOLVED: gcc.target/aarch64/advsimd-intrinsics/vdot-3-2.c -O2 -flto -fno-use-linker-plugin -flto-partition=none check-function-bodies ufooq
UNRESOLVED: gcc.target/aarch64/advsimd-intrinsics/vdot-3-2.c -O2 -flto -fno-use-linker-plugin -flto-partition=none check-function-bodies ufooq_lane
UNRESOLVED: gcc.target/aarch64/advsimd-intrinsics/vdot-3-2.c -O2 -flto -fno-use-linker-plugin -flto-partition=none check-function-bodies ufooq_laneq
UNRESOLVED: gcc.target/aarch64/advsimd-intrinsics/vdot-3-2.c -O2 -flto -fno-use-linker-plugin -flto-partition=none check-function-bodies ufooq_laneq_untied
FAIL: gcc.target/aarch64/advsimd-intrinsics/vdot-3-2.c -O2 -flto -fno-use-linker-plugin -flto-partition=none (test for excess errors)
UNRESOLVED: gcc.target/aarch64/advsimd-intrinsics/vdot-3-2.c -O3 -g check-function-bodies sfoo_lane
UNRESOLVED: gcc.target/aarch64/advsimd-intrinsics/vdot-3-2.c -O3 -g check-function-bodies sfoo_laneq
UNRESOLVED: gcc.target/aarch64/advsimd-intrinsics/vdot-3-2.c -O3 -g check-function-bodies sfooq_lane
UNRESOLVED: gcc.target/aarch64/advsimd-intrinsics/vdot-3-2.c -O3 -g check-function-bodies sfooq_laneq
UNRESOLVED: gcc.target/aarch64/advsimd-intrinsics/vdot-3-2.c -O3 -g check-function-bodies ufoo
UNRESOLVED: gcc.target/aarch64/advsimd-intrinsics/vdot-3-2.c -O3 -g check-function-bodies ufoo_lane
UNRESOLVED: gcc.target/aarch64/advsimd-intrinsics/vdot-3-2.c -O3 -g check-function-bodies ufoo_laneq
UNRESOLVED: gcc.target/aarch64/advsimd-intrinsics/vdot-3-2.c -O3 -g check-function-bodies ufoo_untied
UNRESOLVED: gcc.target/aarch64/advsimd-intrinsics/vdot-3-2.c -O3 -g check-function-bodies ufooq
UNRESOLVED: gcc.target/aarch64/advsimd-intrinsics/vdot-3-2.c -O3 -g check-function-bodies ufooq_lane
UNRESOLVED: gcc.target/aarch64/advsimd-intrinsics/vdot-3-2.c -O3 -g check-function-bodies ufooq_laneq
UNRESOLVED: gcc.target/aarch64/advsimd-intrinsics/vdot-3-2.c -O3 -g check-function-bodies ufooq_laneq_untied
FAIL: gcc.target/aarch64/advsimd-intrinsics/vdot-3-2.c -O3 -g (test for excess errors)
UNRESOLVED: gcc.target/aarch64/advsimd-intrinsics/vdot-3-2.c -Og -g check-function-bodies sfoo_lane
UNRESOLVED: gcc.target/aarch64/advsimd-intrinsics/vdot-3-2.c -Og -g check-function-bodies sfoo_laneq
UNRESOLVED: gcc.target/aarch64/advsimd-intrinsics/vdot-3-2.c -Og -g check-function-bodies sfooq_lane
UNRESOLVED: gcc.target/aarch64/advsimd-intrinsics/vdot-3-2.c -Og -g check-function-bodies sfooq_laneq
UNRESOLVED: gcc.target/aarch64/advsimd-intrinsics/vdot-3-2.c -Og -g check-function-bodies ufoo
UNRESOLVED: gcc.target/aarch64/advsimd-intrinsics/vdot-3-2.c -Og -g check-function-bodies ufoo_lane
UNRESOLVED: gcc.target/aarch64/advsimd-intrinsics/vdot-3-2.c -Og -g check-function-bodies ufoo_laneq
UNRESOLVED: gcc.target/aarch64/advsimd-intrinsics/vdot-3-2.c -Og -g check-function-bodies ufoo_untied
UNRESOLVED: gcc.target/aarch64/advsimd-intrinsics/vdot-3-2.c -Og -g check-function-bodies ufooq
UNRESOLVED: gcc.target/aarch64/advsimd-intrinsics/vdot-3-2.c -Og -g check-function-bodies ufooq_lane
UNRESOLVED: gcc.target/aarch64/advsimd-intrinsics/vdot-3-2.c -Og -g check-function-bodies ufooq_laneq
UNRESOLVED: gcc.target/aarch64/advsimd-intrinsics/vdot-3-2.c -Og -g check-function-bodies ufooq_laneq_untied
FAIL: gcc.target/aarch64/advsimd-intrinsics/vdot-3-2.c -Og -g (test for excess errors)
UNRESOLVED: gcc.target/aarch64/advsimd-intrinsics/vdot-3-2.c -Os check-function-bodies sfoo_lane
UNRESOLVED: gcc.target/aarch64/advsimd-intrinsics/vdot-3-2.c -Os check-function-bodies sfoo_laneq
UNRESOLVED: gcc.target/aarch64/advsimd-intrinsics/vdot-3-2.c -Os check-function-bodies sfooq_lane
UNRESOLVED: gcc.target/aarch64/advsimd-intrinsics/vdot-3-2.c -Os check-function-bodies sfooq_laneq
UNRESOLVED: gcc.target/aarch64/advsimd-intrinsics/vdot-3-2.c -Os check-function-bodies ufoo
UNRESOLVED: gcc.target/aarch64/advsimd-intrinsics/vdot-3-2.c -Os check-function-bodies ufoo_lane
UNRESOLVED: gcc.target/aarch64/advsimd-intrinsics/vdot-3-2.c -Os check-function-bodies ufoo_laneq
UNRESOLVED: gcc.target/aarch64/advsimd-intrinsics/vdot-3-2.c -Os check-function-bodies ufoo_untied
UNRESOLVED: gcc.target/aarch64/advsimd-intrinsics/vdot-3-2.c -Os check-function-bodies ufooq
UNRESOLVED: gcc.target/aarch64/advsimd-intrinsics/vdot-3-2.c -Os check-function-bodies ufooq_lane
UNRESOLVED: gcc.target/aarch64/advsimd-intrinsics/vdot-3-2.c -Os check-function-bodies ufooq_laneq
UNRESOLVED: gcc.target/aarch64/advsimd-intrinsics/vdot-3-2.c -Os check-function-bodies ufooq_laneq_untied
FAIL: gcc.target/aarch64/advsimd-intrinsics/vdot-3-2.c -Os (test for excess errors)
XPASS: gcc.target/aarch64/sve/cond_cnot_1.c -march=armv8.2-a+sve scan-assembler-not \\\\tsel\\\\t
XPASS: gcc.target/aarch64/sve/cond_unary_1.c -march=armv8.2-a+sve scan-assembler-not \\\\tsel\\\\t
FAIL: gcc.target/aarch64/sve/acle/asm/cvt_bf16.c -std=c11 -O3 -g -DTEST_FULL (test for excess errors)
FAIL: gcc.target/aarch64/sve/acle/asm/cvt_bf16.c -std=c11 -O3 -g -DTEST_OVERLOADS (test for excess errors)
FAIL: gcc.target/aarch64/sve/acle/asm/cvt_bf16.c -std=c90 -O0 -g -DTEST_FULL (test for excess errors)
FAIL: gcc.target/aarch64/sve/acle/asm/cvt_bf16.c -std=c90 -O0 -g -DTEST_OVERLOADS (test for excess errors)
FAIL: gcc.target/aarch64/sve/acle/asm/cvt_bf16.c -std=c90 -O1 -g -DTEST_FULL (test for excess errors)
FAIL: gcc.target/aarch64/sve/acle/asm/cvt_bf16.c -std=c90 -O1 -g -DTEST_OVERLOADS (test for excess errors)
FAIL: gcc.target/aarch64/sve/acle/asm/cvt_bf16.c -std=c99 -O2 -g -DTEST_FULL (test for excess errors)
FAIL: gcc.target/aarch64/sve/acle/asm/cvt_bf16.c -std=c99 -O2 -g -DTEST_OVERLOADS (test for excess errors)
FAIL: gcc.target/aarch64/sve/acle/asm/cvt_bf16.c -std=gnu11 -Os -g -DTEST_FULL (test for excess errors)
FAIL: gcc.target/aarch64/sve/acle/asm/cvt_bf16.c -std=gnu11 -Os -g -DTEST_OVERLOADS (test for excess errors)
FAIL: gcc.target/aarch64/sve/acle/asm/cvt_bf16.c -std=gnu90 -O2 -fno-schedule-insns -DCHECK_ASM --save-temps -DTEST_FULL (test for excess errors)
FAIL: gcc.target/aarch64/sve/acle/asm/cvt_bf16.c -std=gnu90 -O2 -fno-schedule-insns -DCHECK_ASM --save-temps -DTEST_OVERLOADS (test for excess errors)
FAIL: gcc.target/aarch64/sve/acle/asm/cvt_bf16.c -std=gnu99 -Ofast -g -DTEST_FULL (test for excess errors)
FAIL: gcc.target/aarch64/sve/acle/asm/cvt_bf16.c -std=gnu99 -Ofast -g -DTEST_OVERLOADS (test for excess errors)
=== gcc Summary ===
# of expected passes 250947
# of unexpected failures 141
# of unexpected successes 5
# of expected failures 1964
# of unresolved testcases 121
# of unsupported tests 3575
/tmp/820509_1.tmpdir/aci-gcc-fsf/builds/gcc-fsf-gccsrc/obj-aarch64-none-linux-gnu/gcc3/gcc/xgcc version 11.0.0 (DEFMODE=default DEFCPU=default DEFFPU=default TESTFLAGS=) [r11-3614] (GCC)
Host is x86_64-pc-linux-gnu
=== gfortran tests ===
Running target qemu
WARNING: skipping asan tests due to ulimit -v
WARNING: skipping asan tests due to ulimit -v
WARNING: skipping asan tests due to ulimit -v
WARNING: skipping asan tests due to ulimit -v
FAIL: gfortran.dg/assumed_type_9.f90 -O2 execution test
FAIL: gfortran.dg/assumed_type_9.f90 -Os execution test
UNRESOLVED: gfortran.dg/pr96711.f90 -O0 scan-tree-dump-times original "_gfortran_stop_numeric" 2
FAIL: gfortran.dg/pr96711.f90 -O0 (internal compiler error)
FAIL: gfortran.dg/pr96711.f90 -O0 (test for excess errors)
UNRESOLVED: gfortran.dg/pr96711.f90 -O0 compilation failed to produce executable
UNRESOLVED: gfortran.dg/pr96711.f90 -O1 scan-tree-dump-times original "_gfortran_stop_numeric" 2
FAIL: gfortran.dg/pr96711.f90 -O1 (internal compiler error)
FAIL: gfortran.dg/pr96711.f90 -O1 (test for excess errors)
UNRESOLVED: gfortran.dg/pr96711.f90 -O1 compilation failed to produce executable
UNRESOLVED: gfortran.dg/pr96711.f90 -O2 scan-tree-dump-times original "_gfortran_stop_numeric" 2
FAIL: gfortran.dg/pr96711.f90 -O2 (internal compiler error)
FAIL: gfortran.dg/pr96711.f90 -O2 (test for excess errors)
UNRESOLVED: gfortran.dg/pr96711.f90 -O2 compilation failed to produce executable
UNRESOLVED: gfortran.dg/pr96711.f90 -O3 -fomit-frame-pointer -funroll-loops -fpeel-loops -ftracer -finline-functions scan-tree-dump-times original "_gfortran_stop_numeric" 2
FAIL: gfortran.dg/pr96711.f90 -O3 -fomit-frame-pointer -funroll-loops -fpeel-loops -ftracer -finline-functions (internal compiler error)
FAIL: gfortran.dg/pr96711.f90 -O3 -fomit-frame-pointer -funroll-loops -fpeel-loops -ftracer -finline-functions (test for excess errors)
UNRESOLVED: gfortran.dg/pr96711.f90 -O3 -fomit-frame-pointer -funroll-loops -fpeel-loops -ftracer -finline-functions compilation failed to produce executable
UNRESOLVED: gfortran.dg/pr96711.f90 -O3 -g scan-tree-dump-times original "_gfortran_stop_numeric" 2
FAIL: gfortran.dg/pr96711.f90 -O3 -g (internal compiler error)
FAIL: gfortran.dg/pr96711.f90 -O3 -g (test for excess errors)
UNRESOLVED: gfortran.dg/pr96711.f90 -O3 -g compilation failed to produce executable
UNRESOLVED: gfortran.dg/pr96711.f90 -Os scan-tree-dump-times original "_gfortran_stop_numeric" 2
FAIL: gfortran.dg/pr96711.f90 -Os (internal compiler error)
FAIL: gfortran.dg/pr96711.f90 -Os (test for excess errors)
UNRESOLVED: gfortran.dg/pr96711.f90 -Os compilation failed to produce executable
FAIL: gfortran.dg/ieee/ieee_6.f90 -O0 execution test
FAIL: gfortran.dg/ieee/ieee_6.f90 -O1 execution test
FAIL: gfortran.dg/ieee/ieee_6.f90 -O2 execution test
FAIL: gfortran.dg/ieee/ieee_6.f90 -O3 -fomit-frame-pointer -funroll-loops -fpeel-loops -ftracer -finline-functions execution test
FAIL: gfortran.dg/ieee/ieee_6.f90 -O3 -g execution test
FAIL: gfortran.dg/ieee/ieee_6.f90 -Os execution test
XPASS: gfortran.dg/ieee/ieee_8.f90 -O0 execution test
XPASS: gfortran.dg/ieee/ieee_8.f90 -O1 execution test
XPASS: gfortran.dg/ieee/ieee_8.f90 -O2 execution test
XPASS: gfortran.dg/ieee/ieee_8.f90 -O3 -fomit-frame-pointer -funroll-loops -fpeel-loops -ftracer -finline-functions execution test
XPASS: gfortran.dg/ieee/ieee_8.f90 -O3 -g execution test
XPASS: gfortran.dg/ieee/ieee_8.f90 -Os execution test
=== gfortran Summary ===
# of expected passes 54203
# of unexpected failures 20
# of unexpected successes 6
# of expected failures 183
# of unresolved testcases 12
# of unsupported tests 89
/tmp/820509_1.tmpdir/aci-gcc-fsf/builds/gcc-fsf-gccsrc/obj-aarch64-none-linux-gnu/gcc3/gcc/gfortran version 11.0.0 (DEFMODE=default DEFCPU=default DEFFPU=default TESTFLAGS=) [r11-3614] (GCC)
Host is x86_64-pc-linux-gnu
=== g++ tests ===
Running target qemu
WARNING: skipping asan tests due to ulimit -v
WARNING: skipping asan tests due to ulimit -v
WARNING: skipping asan tests due to ulimit -v
WARNING: skipping asan tests due to ulimit -v
WARNING: skipping asan tests due to ulimit -v
WARNING: skipping asan tests due to ulimit -v
WARNING: skipping asan tests due to ulimit -v
WARNING: skipping asan tests due to ulimit -v
FAIL: g++.dg/ext/sync-4.C -std=gnu++98 execution test
FAIL: c-c++-common/ubsan/null-1.c -std=gnu++14 execution test
FAIL: c-c++-common/ubsan/null-1.c -std=gnu++17 execution test
FAIL: c-c++-common/ubsan/null-1.c -std=gnu++2a execution test
FAIL: c-c++-common/ubsan/null-1.c -std=gnu++98 execution test
FAIL: c-c++-common/ubsan/null-10.c -std=gnu++14 execution test
FAIL: c-c++-common/ubsan/null-10.c -std=gnu++17 execution test
FAIL: c-c++-common/ubsan/null-10.c -std=gnu++2a execution test
FAIL: c-c++-common/ubsan/null-10.c -std=gnu++98 execution test
FAIL: c-c++-common/ubsan/null-11.c -std=gnu++14 execution test
FAIL: c-c++-common/ubsan/null-11.c -std=gnu++17 execution test
FAIL: c-c++-common/ubsan/null-11.c -std=gnu++2a execution test
FAIL: c-c++-common/ubsan/null-11.c -std=gnu++98 execution test
FAIL: c-c++-common/ubsan/null-2.c -std=gnu++14 execution test
FAIL: c-c++-common/ubsan/null-2.c -std=gnu++17 execution test
FAIL: c-c++-common/ubsan/null-2.c -std=gnu++2a execution test
FAIL: c-c++-common/ubsan/null-2.c -std=gnu++98 execution test
FAIL: c-c++-common/ubsan/null-3.c -std=gnu++14 execution test
FAIL: c-c++-common/ubsan/null-3.c -std=gnu++17 execution test
FAIL: c-c++-common/ubsan/null-3.c -std=gnu++2a execution test
FAIL: c-c++-common/ubsan/null-3.c -std=gnu++98 execution test
FAIL: c-c++-common/ubsan/null-4.c -std=gnu++14 execution test
FAIL: c-c++-common/ubsan/null-4.c -std=gnu++17 execution test
FAIL: c-c++-common/ubsan/null-4.c -std=gnu++2a execution test
FAIL: c-c++-common/ubsan/null-4.c -std=gnu++98 execution test
FAIL: c-c++-common/ubsan/null-5.c -std=gnu++14 execution test
FAIL: c-c++-common/ubsan/null-5.c -std=gnu++17 execution test
FAIL: c-c++-common/ubsan/null-5.c -std=gnu++2a execution test
FAIL: c-c++-common/ubsan/null-5.c -std=gnu++98 execution test
FAIL: c-c++-common/ubsan/null-7.c -std=gnu++14 execution test
FAIL: c-c++-common/ubsan/null-7.c -std=gnu++17 execution test
FAIL: c-c++-common/ubsan/null-7.c -std=gnu++2a execution test
FAIL: c-c++-common/ubsan/null-7.c -std=gnu++98 execution test
FAIL: c-c++-common/ubsan/null-8.c -std=gnu++14 execution test
FAIL: c-c++-common/ubsan/null-8.c -std=gnu++17 execution test
FAIL: c-c++-common/ubsan/null-8.c -std=gnu++2a execution test
FAIL: c-c++-common/ubsan/null-8.c -std=gnu++98 execution test
FAIL: c-c++-common/ubsan/null-9.c -std=gnu++14 execution test
FAIL: c-c++-common/ubsan/null-9.c -std=gnu++17 execution test
FAIL: c-c++-common/ubsan/null-9.c -std=gnu++2a execution test
FAIL: c-c++-common/ubsan/null-9.c -std=gnu++98 execution test
FAIL: gcc.target/aarch64/sve/acle/asm/cvt_bf16.c -std=c++11 -O2 -g -DTEST_FULL (test for excess errors)
FAIL: gcc.target/aarch64/sve/acle/asm/cvt_bf16.c -std=c++11 -O2 -g -DTEST_OVERLOADS (test for excess errors)
FAIL: gcc.target/aarch64/sve/acle/asm/cvt_bf16.c -std=c++14 -O3 -g -DTEST_FULL (test for excess errors)
FAIL: gcc.target/aarch64/sve/acle/asm/cvt_bf16.c -std=c++14 -O3 -g -DTEST_OVERLOADS (test for excess errors)
FAIL: gcc.target/aarch64/sve/acle/asm/cvt_bf16.c -std=c++17 -Og -g -DTEST_FULL (test for excess errors)
FAIL: gcc.target/aarch64/sve/acle/asm/cvt_bf16.c -std=c++17 -Og -g -DTEST_OVERLOADS (test for excess errors)
FAIL: gcc.target/aarch64/sve/acle/asm/cvt_bf16.c -std=c++2a -Os -g -DTEST_FULL (test for excess errors)
FAIL: gcc.target/aarch64/sve/acle/asm/cvt_bf16.c -std=c++2a -Os -g -DTEST_OVERLOADS (test for excess errors)
FAIL: gcc.target/aarch64/sve/acle/asm/cvt_bf16.c -std=c++98 -O0 -g -DTEST_FULL (test for excess errors)
FAIL: gcc.target/aarch64/sve/acle/asm/cvt_bf16.c -std=c++98 -O0 -g -DTEST_OVERLOADS (test for excess errors)
FAIL: gcc.target/aarch64/sve/acle/asm/cvt_bf16.c -std=c++98 -O1 -g -DTEST_FULL (test for excess errors)
FAIL: gcc.target/aarch64/sve/acle/asm/cvt_bf16.c -std=c++98 -O1 -g -DTEST_OVERLOADS (test for excess errors)
FAIL: gcc.target/aarch64/sve/acle/asm/cvt_bf16.c -std=gnu++11 -Ofast -g -DTEST_FULL (test for excess errors)
FAIL: gcc.target/aarch64/sve/acle/asm/cvt_bf16.c -std=gnu++11 -Ofast -g -DTEST_OVERLOADS (test for excess errors)
FAIL: gcc.target/aarch64/sve/acle/asm/cvt_bf16.c -std=gnu++17 -O3 -g -DTEST_FULL (test for excess errors)
FAIL: gcc.target/aarch64/sve/acle/asm/cvt_bf16.c -std=gnu++17 -O3 -g -DTEST_OVERLOADS (test for excess errors)
FAIL: gcc.target/aarch64/sve/acle/asm/cvt_bf16.c -std=gnu++2a -O0 -g -DTEST_FULL (test for excess errors)
FAIL: gcc.target/aarch64/sve/acle/asm/cvt_bf16.c -std=gnu++2a -O0 -g -DTEST_OVERLOADS (test for excess errors)
FAIL: gcc.target/aarch64/sve/acle/asm/cvt_bf16.c -std=gnu++98 -O2 -fno-schedule-insns -DCHECK_ASM --save-temps -DTEST_FULL (test for excess errors)
FAIL: gcc.target/aarch64/sve/acle/asm/cvt_bf16.c -std=gnu++98 -O2 -fno-schedule-insns -DCHECK_ASM --save-temps -DTEST_OVERLOADS (test for excess errors)
=== g++ Summary ===
# of expected passes 297527
# of unexpected failures 61
# of expected failures 1961
# of unsupported tests 8742
/tmp/820509_1.tmpdir/aci-gcc-fsf/builds/gcc-fsf-gccsrc/obj-aarch64-none-linux-gnu/gcc3/gcc/xg++ version 11.0.0 (DEFMODE=default DEFCPU=default DEFFPU=default TESTFLAGS=) [r11-3614] (GCC)
Compiler version: 11.0.0 (DEFMODE=default DEFCPU=default DEFFPU=default TESTFLAGS=) [r11-3614] (GCC)
Platform: aarch64-none-linux-gnu
configure flags: --target=aarch64-none-linux-gnu --prefix=/tmp/820509_1.tmpdir/aci-gcc-fsf/builds/gcc-fsf-gccsrc/tools --with-sysroot=/tmp/820509_1.tmpdir/aci-gcc-fsf/builds/gcc-fsf-gccsrc/sysroot-aarch64-none-linux-gnu --disable-nls --disable-libgomp --disable-libmudflap --disable-libcilkrts --enable-checking --enable-languages=c,c++,fortran
More information about the Gcc-testresults
mailing list