Results for 11.0.0 (DEFMODE=arm DEFCPU=cortex-a9 DEFFPU=vfpv3-d16-fp16 TESTFLAGS=) [r11-3585] (GCC) testsuite on armeb-none-linux-gnueabihf
Christophe LYON
christophe.lyon@st.com
Sat Oct 3 02:16:43 GMT 2020
LAST_UPDATED: Sat Oct 3 00:03:02 UTC 2020 (revision r11-3585-g026ca1121c2f4514494c10860ef3c49f18eccf9d) TARGET=armeb-none-linux-gnueabihf CPU=cortex-a9 FPU=vfpv3-d16-fp16 MODE=arm
Target is armeb-none-linux-gnueabihf
Host is armeb-none-linux-gnueabihf
=== libatomic tests ===
Running target qemu
FAIL: libatomic.c/atomic-exchange-1.c execution test
FAIL: libatomic.c/generic-2.c execution test
=== libatomic Summary ===
# of expected passes 42
# of unexpected failures 2
# of unsupported tests 5
Host is armeb-none-linux-gnueabihf
=== libitm tests ===
Running target qemu
=== libitm Summary ===
# of expected passes 42
# of expected failures 3
# of unsupported tests 1
Host is armeb-none-linux-gnueabihf
=== libstdc++ tests ===
Running target qemu
WARNING: 30_threads/condition_variable/54185.cc execution test (Killed, timed out) program timed out.
=== libstdc++ Summary ===
# of expected passes 13591
# of expected failures 98
# of untested testcases 1
# of unsupported tests 731
Host is x86_64-pc-linux-gnu
=== gcc tests ===
Running target qemu
FAIL: gcc.dg/analyzer/malloc-vs-local-1b.c (test for bogus messages, line 170)
XPASS: gcc.dg/analyzer/unknown-fns-4.c (test for warnings, line 13)
WARNING: skipping asan tests due to ulimit -v
WARNING: skipping asan tests due to ulimit -v
WARNING: skipping asan tests due to ulimit -v
WARNING: skipping asan tests due to ulimit -v
WARNING: skipping asan tests due to ulimit -v
WARNING: skipping asan tests due to ulimit -v
WARNING: skipping asan tests due to ulimit -v
FAIL: gcc.dg/atomic/pr65345-4.c -O2 -flto -fno-use-linker-plugin -flto-partition=none (internal compiler error)
FAIL: gcc.dg/atomic/pr65345-4.c -O2 -flto -fno-use-linker-plugin -flto-partition=none (test for excess errors)
FAIL: gcc.dg/atomic/pr65345-4.c -O2 -flto -fuse-linker-plugin -fno-fat-lto-objects (internal compiler error)
FAIL: gcc.dg/atomic/pr65345-4.c -O2 -flto -fuse-linker-plugin -fno-fat-lto-objects (test for excess errors)
FAIL: gcc.dg/ira-shrinkwrap-prep-1.c scan-rtl-dump pro_and_epilogue "Performing shrink-wrapping"
FAIL: gcc.dg/strlenopt-73.c scan-tree-dump-times optimized "_not_eliminated_" 0
FAIL: gcc.dg/strlenopt-73.c scan-tree-dump-times optimized "strlen" 0
FAIL: gcc.dg/fixed-point/composite-type.c (test for excess errors)
FAIL: gcc.dg/plugin/diagnostic-test-paths-2.c -fplugin=./diagnostic_plugin_test_paths.so expected multiline pattern lines 36-54 not found: "\\s*29 \\| PyList_Append\\(list, item\\);.*\\n \\| \\^~~~~~~~~~~~~~~~~~~~~~~~~\\n 'make_a_list_of_random_ints_badly': events 1-3.*\\n \\|.*\\n \\| 25 \\| list = PyList_New\\(0\\);.*\\n \\| \\| \\^~~~~~~~~~~~~\\n \\| \\| \\|.*\\n \\| \\| \\(1\\) when 'PyList_New' fails, returning NULL.*\\n \\| 26 \\| .*\\n \\| 27 \\| for \\(i = 0; i < count; i\\+\\+\\) \\{.*\\n \\| \\| ~~~ .*\\n \\| \\| \\|.*\\n \\| \\| \\(2\\) when 'i < count'.*\\n \\| 28 \\| item = PyLong_FromLong\\(random\\(\\)\\);.*\\n \\| 29 \\| PyList_Append\\(list, item\\);.*\\n \\| \\| ~~~~~~~~~~~~~~~~~~~~~~~~~\\n \\| \\| \\|.*\\n \\| \\| \\(3\\) when calling 'PyList_Append', passing NULL from \\(1\\) as argument 1.*\\n \\|.*\\n"
FAIL: gcc.dg/plugin/diagnostic-test-paths-2.c -fplugin=./diagnostic_plugin_test_paths.so (test for excess errors)
FAIL: gcc.dg/plugin/location-overflow-test-1.c -fplugin=./location_overflow_plugin.so adding '-flarge-source-files' (test for warnings, line 16)
FAIL: gcc.dg/torture/float16-basic.c -O0 execution test
FAIL: gcc.dg/torture/float16-basic.c -O1 execution test
FAIL: gcc.dg/torture/float16-basic.c -O2 execution test
FAIL: gcc.dg/torture/float16-basic.c -O2 -flto -fno-use-linker-plugin -flto-partition=none execution test
FAIL: gcc.dg/torture/float16-basic.c -O2 -flto -fuse-linker-plugin -fno-fat-lto-objects execution test
FAIL: gcc.dg/torture/float16-basic.c -O3 -g execution test
FAIL: gcc.dg/torture/float16-basic.c -Os execution test
FAIL: gcc.dg/tree-ssa/gen-vect-26.c scan-tree-dump-times vect "Alignment of access forced using peeling" 1
FAIL: gcc.dg/tree-ssa/gen-vect-26.c scan-tree-dump-times vect "Vectorizing an unaligned access" 0
FAIL: gcc.dg/tree-ssa/gen-vect-28.c scan-tree-dump-times vect "Alignment of access forced using peeling" 1
FAIL: gcc.dg/tree-ssa/gen-vect-28.c scan-tree-dump-times vect "Vectorizing an unaligned access" 0
FAIL: gcc.dg/tree-ssa/scev-3.c scan-tree-dump-times ivopts "&a" 1
FAIL: gcc.dg/tree-ssa/scev-5.c scan-tree-dump-times ivopts "&a" 1
FAIL: gcc.dg/vect/pr59591-1.c (internal compiler error)
FAIL: gcc.dg/vect/pr59591-1.c (test for excess errors)
FAIL: gcc.dg/vect/pr59591-1.c -flto -ffat-lto-objects (internal compiler error)
FAIL: gcc.dg/vect/pr59591-1.c -flto -ffat-lto-objects (test for excess errors)
UNRESOLVED: gcc.dg/vect/pr59591-1.c -flto -ffat-lto-objects compilation failed to produce executable
UNRESOLVED: gcc.dg/vect/pr59591-1.c compilation failed to produce executable
FAIL: gcc.dg/vect/pr65947-13.c -flto -ffat-lto-objects scan-tree-dump-times vect "condition expression based on integer induction." 2
FAIL: gcc.dg/vect/pr65947-13.c scan-tree-dump-times vect "condition expression based on integer induction." 2
FAIL: gcc.dg/vect/pr80631-2.c -flto -ffat-lto-objects scan-tree-dump-times vect "condition expression based on integer induction." 5
FAIL: gcc.dg/vect/pr80631-2.c scan-tree-dump-times vect "condition expression based on integer induction." 5
FAIL: gcc.dg/vect/slp-cond-5.c (internal compiler error)
FAIL: gcc.dg/vect/slp-cond-5.c (test for excess errors)
FAIL: gcc.dg/vect/slp-cond-5.c -flto -ffat-lto-objects (internal compiler error)
FAIL: gcc.dg/vect/slp-cond-5.c -flto -ffat-lto-objects (test for excess errors)
UNRESOLVED: gcc.dg/vect/slp-cond-5.c -flto -ffat-lto-objects compilation failed to produce executable
UNRESOLVED: gcc.dg/vect/slp-cond-5.c compilation failed to produce executable
FAIL: gcc.dg/vect/vect-cond-2.c -flto -ffat-lto-objects scan-tree-dump-times vect "vectorized 1 loops" 1
FAIL: gcc.dg/vect/vect-cond-2.c scan-tree-dump-times vect "vectorized 1 loops" 1
FAIL: gcc.dg/vect/vect-cond-reduc-6.c (internal compiler error)
FAIL: gcc.dg/vect/vect-cond-reduc-6.c (test for excess errors)
FAIL: gcc.dg/vect/vect-cond-reduc-6.c -flto -ffat-lto-objects (internal compiler error)
FAIL: gcc.dg/vect/vect-cond-reduc-6.c -flto -ffat-lto-objects (test for excess errors)
FAIL: gcc.dg/vect/vect-strided-u16-i3.c -flto -ffat-lto-objects scan-tree-dump-times vect "vectorized 4 loops" 1
FAIL: gcc.dg/vect/vect-strided-u16-i3.c scan-tree-dump-times vect "vectorized 4 loops" 1
UNRESOLVED: gcc.target/aarch64/advsimd-intrinsics/vld1x2.c -O0 compilation failed to produce executable
UNRESOLVED: gcc.target/aarch64/advsimd-intrinsics/vld1x2.c -O1 compilation failed to produce executable
UNRESOLVED: gcc.target/aarch64/advsimd-intrinsics/vld1x2.c -O2 compilation failed to produce executable
UNRESOLVED: gcc.target/aarch64/advsimd-intrinsics/vld1x2.c -O2 -flto -fno-use-linker-plugin -flto-partition=none compilation failed to produce executable
UNRESOLVED: gcc.target/aarch64/advsimd-intrinsics/vld1x2.c -O2 -flto -fuse-linker-plugin -fno-fat-lto-objects compilation failed to produce executable
UNRESOLVED: gcc.target/aarch64/advsimd-intrinsics/vld1x2.c -O3 -fomit-frame-pointer -funroll-loops -fpeel-loops -ftracer -finline-functions compilation failed to produce executable
UNRESOLVED: gcc.target/aarch64/advsimd-intrinsics/vld1x2.c -O3 -g compilation failed to produce executable
UNRESOLVED: gcc.target/aarch64/advsimd-intrinsics/vld1x2.c -Og -g compilation failed to produce executable
UNRESOLVED: gcc.target/aarch64/advsimd-intrinsics/vld1x2.c -Os compilation failed to produce executable
UNRESOLVED: gcc.target/aarch64/advsimd-intrinsics/vld1x3.c -O0 compilation failed to produce executable
UNRESOLVED: gcc.target/aarch64/advsimd-intrinsics/vld1x3.c -O1 compilation failed to produce executable
UNRESOLVED: gcc.target/aarch64/advsimd-intrinsics/vld1x3.c -O2 compilation failed to produce executable
UNRESOLVED: gcc.target/aarch64/advsimd-intrinsics/vld1x3.c -O2 -flto -fno-use-linker-plugin -flto-partition=none compilation failed to produce executable
UNRESOLVED: gcc.target/aarch64/advsimd-intrinsics/vld1x3.c -O2 -flto -fuse-linker-plugin -fno-fat-lto-objects compilation failed to produce executable
UNRESOLVED: gcc.target/aarch64/advsimd-intrinsics/vld1x3.c -O3 -fomit-frame-pointer -funroll-loops -fpeel-loops -ftracer -finline-functions compilation failed to produce executable
UNRESOLVED: gcc.target/aarch64/advsimd-intrinsics/vld1x3.c -O3 -g compilation failed to produce executable
UNRESOLVED: gcc.target/aarch64/advsimd-intrinsics/vld1x3.c -Og -g compilation failed to produce executable
UNRESOLVED: gcc.target/aarch64/advsimd-intrinsics/vld1x3.c -Os compilation failed to produce executable
UNRESOLVED: gcc.target/aarch64/advsimd-intrinsics/vld1x4.c -O0 compilation failed to produce executable
UNRESOLVED: gcc.target/aarch64/advsimd-intrinsics/vld1x4.c -O1 compilation failed to produce executable
UNRESOLVED: gcc.target/aarch64/advsimd-intrinsics/vld1x4.c -O2 compilation failed to produce executable
UNRESOLVED: gcc.target/aarch64/advsimd-intrinsics/vld1x4.c -O2 -flto -fno-use-linker-plugin -flto-partition=none compilation failed to produce executable
UNRESOLVED: gcc.target/aarch64/advsimd-intrinsics/vld1x4.c -O2 -flto -fuse-linker-plugin -fno-fat-lto-objects compilation failed to produce executable
UNRESOLVED: gcc.target/aarch64/advsimd-intrinsics/vld1x4.c -O3 -fomit-frame-pointer -funroll-loops -fpeel-loops -ftracer -finline-functions compilation failed to produce executable
UNRESOLVED: gcc.target/aarch64/advsimd-intrinsics/vld1x4.c -O3 -g compilation failed to produce executable
UNRESOLVED: gcc.target/aarch64/advsimd-intrinsics/vld1x4.c -Og -g compilation failed to produce executable
UNRESOLVED: gcc.target/aarch64/advsimd-intrinsics/vld1x4.c -Os compilation failed to produce executable
UNRESOLVED: gcc.target/aarch64/advsimd-intrinsics/vst1x2.c -O0 compilation failed to produce executable
UNRESOLVED: gcc.target/aarch64/advsimd-intrinsics/vst1x2.c -O1 compilation failed to produce executable
UNRESOLVED: gcc.target/aarch64/advsimd-intrinsics/vst1x2.c -O2 compilation failed to produce executable
UNRESOLVED: gcc.target/aarch64/advsimd-intrinsics/vst1x2.c -O2 -flto -fno-use-linker-plugin -flto-partition=none compilation failed to produce executable
UNRESOLVED: gcc.target/aarch64/advsimd-intrinsics/vst1x2.c -O2 -flto -fuse-linker-plugin -fno-fat-lto-objects compilation failed to produce executable
UNRESOLVED: gcc.target/aarch64/advsimd-intrinsics/vst1x2.c -O3 -fomit-frame-pointer -funroll-loops -fpeel-loops -ftracer -finline-functions compilation failed to produce executable
UNRESOLVED: gcc.target/aarch64/advsimd-intrinsics/vst1x2.c -O3 -g compilation failed to produce executable
UNRESOLVED: gcc.target/aarch64/advsimd-intrinsics/vst1x2.c -Og -g compilation failed to produce executable
UNRESOLVED: gcc.target/aarch64/advsimd-intrinsics/vst1x2.c -Os compilation failed to produce executable
UNRESOLVED: gcc.target/aarch64/advsimd-intrinsics/vst1x3.c -O0 compilation failed to produce executable
UNRESOLVED: gcc.target/aarch64/advsimd-intrinsics/vst1x3.c -O1 compilation failed to produce executable
UNRESOLVED: gcc.target/aarch64/advsimd-intrinsics/vst1x3.c -O2 compilation failed to produce executable
UNRESOLVED: gcc.target/aarch64/advsimd-intrinsics/vst1x3.c -O2 -flto -fno-use-linker-plugin -flto-partition=none compilation failed to produce executable
UNRESOLVED: gcc.target/aarch64/advsimd-intrinsics/vst1x3.c -O2 -flto -fuse-linker-plugin -fno-fat-lto-objects compilation failed to produce executable
UNRESOLVED: gcc.target/aarch64/advsimd-intrinsics/vst1x3.c -O3 -fomit-frame-pointer -funroll-loops -fpeel-loops -ftracer -finline-functions compilation failed to produce executable
UNRESOLVED: gcc.target/aarch64/advsimd-intrinsics/vst1x3.c -O3 -g compilation failed to produce executable
UNRESOLVED: gcc.target/aarch64/advsimd-intrinsics/vst1x3.c -Og -g compilation failed to produce executable
UNRESOLVED: gcc.target/aarch64/advsimd-intrinsics/vst1x3.c -Os compilation failed to produce executable
UNRESOLVED: gcc.target/aarch64/advsimd-intrinsics/vst1x4.c -O0 compilation failed to produce executable
UNRESOLVED: gcc.target/aarch64/advsimd-intrinsics/vst1x4.c -O1 compilation failed to produce executable
UNRESOLVED: gcc.target/aarch64/advsimd-intrinsics/vst1x4.c -O2 compilation failed to produce executable
UNRESOLVED: gcc.target/aarch64/advsimd-intrinsics/vst1x4.c -O2 -flto -fno-use-linker-plugin -flto-partition=none compilation failed to produce executable
UNRESOLVED: gcc.target/aarch64/advsimd-intrinsics/vst1x4.c -O2 -flto -fuse-linker-plugin -fno-fat-lto-objects compilation failed to produce executable
UNRESOLVED: gcc.target/aarch64/advsimd-intrinsics/vst1x4.c -O3 -fomit-frame-pointer -funroll-loops -fpeel-loops -ftracer -finline-functions compilation failed to produce executable
UNRESOLVED: gcc.target/aarch64/advsimd-intrinsics/vst1x4.c -O3 -g compilation failed to produce executable
UNRESOLVED: gcc.target/aarch64/advsimd-intrinsics/vst1x4.c -Og -g compilation failed to produce executable
UNRESOLVED: gcc.target/aarch64/advsimd-intrinsics/vst1x4.c -Os compilation failed to produce executable
FAIL: gcc.target/arm/acle/cde.c -O1 check-function-bodies test_cde_cx1da
FAIL: gcc.target/arm/acle/cde.c -O1 check-function-bodies test_cde_cx2da
FAIL: gcc.target/arm/acle/cde.c -O1 check-function-bodies test_cde_cx3da
FAIL: gcc.target/arm/acle/cde.c -O2 check-function-bodies test_cde_cx1da
FAIL: gcc.target/arm/acle/cde.c -O2 check-function-bodies test_cde_cx2da
FAIL: gcc.target/arm/acle/cde.c -O2 check-function-bodies test_cde_cx3da
FAIL: gcc.target/arm/acle/cde.c -O3 -g check-function-bodies test_cde_cx1da
FAIL: gcc.target/arm/acle/cde.c -O3 -g check-function-bodies test_cde_cx2da
FAIL: gcc.target/arm/acle/cde.c -O3 -g check-function-bodies test_cde_cx3da
FAIL: gcc.target/arm/acle/cde.c -Os check-function-bodies test_cde_cx1da
FAIL: gcc.target/arm/acle/cde.c -Os check-function-bodies test_cde_cx2da
FAIL: gcc.target/arm/acle/cde.c -Os check-function-bodies test_cde_cx3da
FAIL: gcc.target/arm/acle/cde.c -O2 -flto -fno-use-linker-plugin -flto-partition=none -ffat-lto-objects check-function-bodies test_cde_cx1da
FAIL: gcc.target/arm/acle/cde.c -O2 -flto -fno-use-linker-plugin -flto-partition=none -ffat-lto-objects check-function-bodies test_cde_cx2da
FAIL: gcc.target/arm/acle/cde.c -O2 -flto -fno-use-linker-plugin -flto-partition=none -ffat-lto-objects check-function-bodies test_cde_cx3da
FAIL: gcc.target/arm/acle/cde.c -O2 -flto -fuse-linker-plugin -fno-fat-lto-objects -ffat-lto-objects check-function-bodies test_cde_cx1da
FAIL: gcc.target/arm/acle/cde.c -O2 -flto -fuse-linker-plugin -fno-fat-lto-objects -ffat-lto-objects check-function-bodies test_cde_cx2da
FAIL: gcc.target/arm/acle/cde.c -O2 -flto -fuse-linker-plugin -fno-fat-lto-objects -ffat-lto-objects check-function-bodies test_cde_cx3da
FAIL: gcc.target/arm/addr-modes-float.c scan-assembler vst3.8\\t{d[02468], d[02468], d[02468]}, \\\\[r[0-9]+\\\\]!
FAIL: gcc.target/arm/addr-modes-float.c scan-assembler vst4.8\\t{d[02468], d[02468], d[02468], d[02468]}, \\\\[r[0-9]+\\\\]!
FAIL: gcc.target/arm/armv8_2-fp16-arith-2.c scan-assembler-times vabs\\\\.f16\\\\ts[0-9]+, s[0-9]+ 2
FAIL: gcc.target/arm/armv8_2-fp16-arith-2.c scan-assembler-times vmul\\\\.f16\\\\td[0-9]+, d[0-9]+, d[0-9]+ 1
FAIL: gcc.target/arm/armv8_2-fp16-arith-2.c scan-assembler-times vmul\\\\.f16\\\\tq[0-9]+, q[0-9]+, q[0-9]+ 1
FAIL: gcc.target/arm/armv8_2-fp16-arith-2.c scan-assembler-times vmul\\\\.f16\\\\ts[0-9]+, s[0-9]+, s[0-9]+ 1
FAIL: gcc.target/arm/armv8_2-fp16-arith-2.c scan-assembler-times vsub\\\\.f16\\\\td[0-9]+, d[0-9]+, d[0-9]+ 1
FAIL: gcc.target/arm/armv8_2-fp16-arith-2.c scan-assembler-times vsub\\\\.f16\\\\tq[0-9]+, q[0-9]+, q[0-9]+ 1
FAIL: gcc.target/arm/armv8_2-fp16-arith-2.c scan-assembler-times vsub\\\\.f16\\\\ts[0-9]+, s[0-9]+, s[0-9]+ 1
FAIL: gcc.target/arm/attr-neon.c scan-assembler-times vshl 1
FAIL: gcc.target/arm/attr-neon3.c scan-assembler-times vld1 1
FAIL: gcc.target/arm/bf16_dup.c (test for excess errors)
UNRESOLVED: gcc.target/arm/bf16_dup.c scan-assembler vdot.bf16\\\\td[0-9]+, d[0-9]+, d[0-9]+
UNRESOLVED: gcc.target/arm/bf16_dup.c scan-assembler vdup\\\\.16\\\\td[0-9]+, r[0-9]+
UNRESOLVED: gcc.target/arm/bf16_dup.c scan-assembler vdup\\\\.16\\\\tq[0-9]+, r[0-9]+
UNRESOLVED: gcc.target/arm/bf16_dup.c scan-assembler-times vdup\\\\.16\\\\td[0-9]+, d[0-9]+\\\\[1\\\\] 1
UNRESOLVED: gcc.target/arm/bf16_dup.c scan-assembler-times vdup\\\\.16\\\\tq[0-9]+, d[0-9]+\\\\[1\\\\] 1
FAIL: gcc.target/arm/bfloat16_simd_1_2.c (test for excess errors)
UNRESOLVED: gcc.target/arm/bfloat16_simd_1_2.c check-function-bodies stacktest1
UNRESOLVED: gcc.target/arm/bfloat16_simd_1_2.c check-function-bodies stacktest2
UNRESOLVED: gcc.target/arm/bfloat16_simd_1_2.c check-function-bodies stacktest3
FAIL: gcc.target/arm/bfloat16_simd_2_2.c (test for excess errors)
UNRESOLVED: gcc.target/arm/bfloat16_simd_2_2.c check-function-bodies stacktest1
UNRESOLVED: gcc.target/arm/bfloat16_simd_2_2.c check-function-bodies stacktest2
UNRESOLVED: gcc.target/arm/bfloat16_simd_2_2.c check-function-bodies stacktest3
FAIL: gcc.target/arm/bfloat16_simd_3_2.c (test for excess errors)
UNRESOLVED: gcc.target/arm/bfloat16_simd_3_2.c check-function-bodies stacktest1
UNRESOLVED: gcc.target/arm/bfloat16_simd_3_2.c check-function-bodies stacktest2
UNRESOLVED: gcc.target/arm/bfloat16_simd_3_2.c check-function-bodies stacktest3
FAIL: gcc.target/arm/ivopts.c object-size text <= 20
FAIL: gcc.target/arm/lob2.c (test for excess errors)
UNRESOLVED: gcc.target/arm/lob2.c scan-assembler-not dls\\\\s\\\\S*,\\\\s\\\\S*
UNRESOLVED: gcc.target/arm/lob2.c scan-assembler-not le\\\\slr,\\\\s\\\\S*
FAIL: gcc.target/arm/lob5.c (test for excess errors)
UNRESOLVED: gcc.target/arm/lob5.c scan-assembler-not dls\\\\s\\\\S*,\\\\s\\\\S*
UNRESOLVED: gcc.target/arm/lob5.c scan-assembler-not le\\\\slr,\\\\s\\\\S*
FAIL: gcc.target/arm/negdi-2.c scan-assembler-times mov 1
FAIL: gcc.target/arm/neon-vfma-1.c scan-assembler vfma\\\\.f32[\\t]+[dDqQ]
FAIL: gcc.target/arm/neon-vfms-1.c scan-assembler vfms\\\\.f32[\\t]+[dDqQ]
FAIL: gcc.target/arm/neon-vlshr-imm-1.c scan-assembler vshr.u32.*#3
FAIL: gcc.target/arm/neon-vmla-1.c scan-assembler vmla\\\\.i32
FAIL: gcc.target/arm/neon-vmls-1.c scan-assembler vmls\\\\.i32
FAIL: gcc.target/arm/neon-vorn-vbic.c scan-assembler vbic\\\\t
FAIL: gcc.target/arm/neon-vorn-vbic.c scan-assembler vorn\\\\t
FAIL: gcc.target/arm/neon-vshl-imm-1.c scan-assembler vshl.i32.*#3
FAIL: gcc.target/arm/neon-vshr-imm-1.c scan-assembler vshr.s32.*#3
FAIL: gcc.target/arm/pr43920-2.c scan-assembler-times pop 2
FAIL: gcc.target/arm/pr45701-2.c scan-assembler push\\t{r3
FAIL: gcc.target/arm/pr45701-3.c scan-assembler push\\t.*r8
FAIL: gcc.target/arm/pr51968.c (test for excess errors)
FAIL: gcc.target/arm/pr91603.c scan-assembler-times vld1.32 1
FAIL: gcc.target/arm/pr91603.c scan-assembler-times vldr 1
FAIL: gcc.target/arm/pr91603.c scan-assembler-times vst1.32 1
FAIL: gcc.target/arm/pr91603.c scan-assembler-times vstr 1
FAIL: gcc.target/arm/simd/bf16_vldn_1.c check-function-bodies test_vld2_bf16
FAIL: gcc.target/arm/simd/bf16_vldn_1.c check-function-bodies test_vld2_dup_bf16
FAIL: gcc.target/arm/simd/bf16_vldn_1.c check-function-bodies test_vld2q_bf16
FAIL: gcc.target/arm/simd/bf16_vldn_1.c check-function-bodies test_vld2q_dup_bf16
FAIL: gcc.target/arm/simd/bf16_vldn_1.c check-function-bodies test_vld3_bf16
FAIL: gcc.target/arm/simd/bf16_vldn_1.c check-function-bodies test_vld3_dup_bf16
FAIL: gcc.target/arm/simd/bf16_vldn_1.c check-function-bodies test_vld3q_bf16
FAIL: gcc.target/arm/simd/bf16_vldn_1.c check-function-bodies test_vld3q_dup_bf16
FAIL: gcc.target/arm/simd/bf16_vldn_1.c check-function-bodies test_vld4_bf16
FAIL: gcc.target/arm/simd/bf16_vldn_1.c check-function-bodies test_vld4_dup_bf16
FAIL: gcc.target/arm/simd/bf16_vldn_1.c check-function-bodies test_vld4q_bf16
FAIL: gcc.target/arm/simd/bf16_vldn_1.c check-function-bodies test_vld4q_dup_bf16
FAIL: gcc.target/arm/simd/bf16_vstn_1.c check-function-bodies test_vst2_bf16
FAIL: gcc.target/arm/simd/bf16_vstn_1.c check-function-bodies test_vst2q_bf16
FAIL: gcc.target/arm/simd/bf16_vstn_1.c check-function-bodies test_vst3_bf16
FAIL: gcc.target/arm/simd/bf16_vstn_1.c check-function-bodies test_vst3q_bf16
FAIL: gcc.target/arm/simd/bf16_vstn_1.c check-function-bodies test_vst4_bf16
FAIL: gcc.target/arm/simd/bf16_vstn_1.c check-function-bodies test_vst4q_bf16
FAIL: gcc.target/arm/simd/vmmla_1.c (test for excess errors)
FAIL: gcc.target/arm/simd/vmmla_1.c scan-assembler-times \\\\tvsmmla.s8\\\\tq[0-9]+, q[0-9]+, q[0-9]+ 1
FAIL: gcc.target/arm/simd/vmmla_1.c scan-assembler-times \\\\tvummla.u8\\\\tq[0-9]+, q[0-9]+, q[0-9]+ 1
FAIL: gcc.target/arm/simd/vmmla_1.c scan-assembler-times \\\\tvusmmla.s8\\\\tq[0-9]+, q[0-9]+, q[0-9]+ 1
=== gcc Summary ===
# of expected passes 133297
# of unexpected failures 121
# of unexpected successes 1
# of expected failures 743
# of unresolved testcases 76
# of unsupported tests 8873
/tmp/646926_27.tmpdir/aci-gcc-fsf/builds/gcc-fsf-gccsrc/obj-armeb-none-linux-gnueabihf/gcc3/gcc/xgcc version 11.0.0 (DEFMODE=arm DEFCPU=cortex-a9 DEFFPU=vfpv3-d16-fp16 TESTFLAGS=) [r11-3585] (GCC)
Host is x86_64-pc-linux-gnu
=== gfortran tests ===
Running target qemu
WARNING: skipping asan tests due to ulimit -v
WARNING: skipping asan tests due to ulimit -v
WARNING: skipping asan tests due to ulimit -v
WARNING: skipping asan tests due to ulimit -v
FAIL: gfortran.dg/PR94022.f90 -Os execution test
FAIL: gfortran.dg/assumed_type_9.f90 -O2 execution test
FAIL: gfortran.dg/assumed_type_9.f90 -Os execution test
FAIL: gfortran.dg/ieee/ieee_6.f90 -O0 execution test
FAIL: gfortran.dg/ieee/ieee_6.f90 -O1 execution test
FAIL: gfortran.dg/ieee/ieee_6.f90 -O2 execution test
FAIL: gfortran.dg/ieee/ieee_6.f90 -O3 -fomit-frame-pointer -funroll-loops -fpeel-loops -ftracer -finline-functions execution test
FAIL: gfortran.dg/ieee/ieee_6.f90 -O3 -g execution test
FAIL: gfortran.dg/ieee/ieee_6.f90 -Os execution test
XPASS: gfortran.dg/ieee/ieee_8.f90 -O0 execution test
XPASS: gfortran.dg/ieee/ieee_8.f90 -O1 execution test
XPASS: gfortran.dg/ieee/ieee_8.f90 -O2 execution test
XPASS: gfortran.dg/ieee/ieee_8.f90 -O3 -fomit-frame-pointer -funroll-loops -fpeel-loops -ftracer -finline-functions execution test
XPASS: gfortran.dg/ieee/ieee_8.f90 -O3 -g execution test
XPASS: gfortran.dg/ieee/ieee_8.f90 -Os execution test
FAIL: gfortran.dg/ieee/ieee_9.f90 -O0 (test for excess errors)
UNRESOLVED: gfortran.dg/ieee/ieee_9.f90 -O0 compilation failed to produce executable
FAIL: gfortran.dg/ieee/ieee_9.f90 -O1 (test for excess errors)
UNRESOLVED: gfortran.dg/ieee/ieee_9.f90 -O1 compilation failed to produce executable
FAIL: gfortran.dg/ieee/ieee_9.f90 -O2 (test for excess errors)
UNRESOLVED: gfortran.dg/ieee/ieee_9.f90 -O2 compilation failed to produce executable
FAIL: gfortran.dg/ieee/ieee_9.f90 -O3 -fomit-frame-pointer -funroll-loops -fpeel-loops -ftracer -finline-functions (test for excess errors)
UNRESOLVED: gfortran.dg/ieee/ieee_9.f90 -O3 -fomit-frame-pointer -funroll-loops -fpeel-loops -ftracer -finline-functions compilation failed to produce executable
FAIL: gfortran.dg/ieee/ieee_9.f90 -O3 -g (test for excess errors)
UNRESOLVED: gfortran.dg/ieee/ieee_9.f90 -O3 -g compilation failed to produce executable
FAIL: gfortran.dg/ieee/ieee_9.f90 -Os (test for excess errors)
UNRESOLVED: gfortran.dg/ieee/ieee_9.f90 -Os compilation failed to produce executable
=== gfortran Summary ===
# of expected passes 53604
# of unexpected failures 15
# of unexpected successes 6
# of expected failures 185
# of unresolved testcases 6
# of unsupported tests 411
/tmp/646926_27.tmpdir/aci-gcc-fsf/builds/gcc-fsf-gccsrc/obj-armeb-none-linux-gnueabihf/gcc3/gcc/gfortran version 11.0.0 (DEFMODE=arm DEFCPU=cortex-a9 DEFFPU=vfpv3-d16-fp16 TESTFLAGS=) [r11-3585] (GCC)
Host is x86_64-pc-linux-gnu
=== g++ tests ===
Running target qemu
WARNING: skipping asan tests due to ulimit -v
WARNING: skipping asan tests due to ulimit -v
WARNING: skipping asan tests due to ulimit -v
FAIL: g++.dg/abi/scoped1.C -std=gnu++14 execution test
FAIL: g++.dg/abi/scoped1.C -std=gnu++17 execution test
FAIL: g++.dg/abi/scoped1.C -std=gnu++2a execution test
FAIL: g++.dg/lto/pr65276 cp_lto_pr65276_0.o-cp_lto_pr65276_1.o link, -flto -O0 -std=c++11
=== g++ Summary ===
# of expected passes 182968
# of unexpected failures 4
# of expected failures 767
# of unsupported tests 11355
/tmp/646926_27.tmpdir/aci-gcc-fsf/builds/gcc-fsf-gccsrc/obj-armeb-none-linux-gnueabihf/gcc3/gcc/xg++ version 11.0.0 (DEFMODE=arm DEFCPU=cortex-a9 DEFFPU=vfpv3-d16-fp16 TESTFLAGS=) [r11-3585] (GCC)
Compiler version: 11.0.0 (DEFMODE=arm DEFCPU=cortex-a9 DEFFPU=vfpv3-d16-fp16 TESTFLAGS=) [r11-3585] (GCC)
Platform: armeb-none-linux-gnueabihf
configure flags: --target=armeb-none-linux-gnueabihf --prefix=/tmp/646926_27.tmpdir/aci-gcc-fsf/builds/gcc-fsf-gccsrc/tools --with-sysroot=/tmp/646926_27.tmpdir/aci-gcc-fsf/builds/gcc-fsf-gccsrc/sysroot-armeb-none-linux-gnueabihf --disable-nls --disable-libgomp --disable-libmudflap --disable-libcilkrts --enable-checking --enable-languages=c,c++,fortran --with-float=hard --enable-build-with-cxx --with-mode=arm --with-cpu=cortex-a9 --with-fpu=vfpv3-d16-fp16
More information about the Gcc-testresults
mailing list