Results for 11.0.0 20201002 (experimental) (GCC) testsuite on s390x-ibm-linux-gnu default
stefansf@linux.ibm.com
stefansf@linux.ibm.com
Fri Oct 2 23:03:55 GMT 2020
=== acats tests ===
=== acats Summary ===
# of expected passes 2320
# of unexpected failures 0
Native configuration is s390x-ibm-linux-gnu default
=== gcc tests ===
Running target unix/-m31
FAIL: gcc.c-torture/compile/stack-check-1.c -O0 (internal compiler error)
FAIL: gcc.c-torture/compile/stack-check-1.c -O0 (test for excess errors)
FAIL: gcc.c-torture/compile/stack-check-1.c -O1 (internal compiler error)
FAIL: gcc.c-torture/compile/stack-check-1.c -O1 (test for excess errors)
FAIL: gcc.c-torture/compile/stack-check-1.c -O2 (internal compiler error)
FAIL: gcc.c-torture/compile/stack-check-1.c -O2 (test for excess errors)
FAIL: gcc.c-torture/compile/stack-check-1.c -O2 -flto -fno-use-linker-plugin -flto-partition=none (internal compiler error)
FAIL: gcc.c-torture/compile/stack-check-1.c -O2 -flto -fno-use-linker-plugin -flto-partition=none (test for excess errors)
FAIL: gcc.c-torture/compile/stack-check-1.c -O3 -g (internal compiler error)
FAIL: gcc.c-torture/compile/stack-check-1.c -O3 -g (test for excess errors)
FAIL: gcc.c-torture/compile/stack-check-1.c -Os (internal compiler error)
FAIL: gcc.c-torture/compile/stack-check-1.c -Os (test for excess errors)
FAIL: gcc.c-torture/execute/alias-2.c -O1 execution test
FAIL: gcc.c-torture/execute/alias-2.c -O2 execution test
FAIL: gcc.c-torture/execute/alias-2.c -O2 -flto -fno-use-linker-plugin -flto-partition=none execution test
FAIL: gcc.c-torture/execute/alias-2.c -O3 -g execution test
FAIL: gcc.c-torture/execute/alias-2.c -Os execution test
XPASS: gcc.dg/analyzer/unknown-fns-4.c (test for warnings, line 13)
FAIL: c-c++-common/asan/pointer-compare-1.c -O0 output pattern test
FAIL: c-c++-common/asan/pointer-compare-1.c -O1 output pattern test
FAIL: c-c++-common/asan/pointer-compare-1.c -O2 output pattern test
FAIL: c-c++-common/asan/pointer-compare-1.c -O2 -flto -fno-use-linker-plugin -flto-partition=none output pattern test
FAIL: c-c++-common/asan/pointer-compare-1.c -O2 -flto -fuse-linker-plugin -fno-fat-lto-objects output pattern test
FAIL: c-c++-common/asan/pointer-compare-1.c -O3 -g output pattern test
FAIL: c-c++-common/asan/pointer-compare-1.c -Os output pattern test
FAIL: c-c++-common/asan/pointer-subtract-3.c -O0 execution test
FAIL: c-c++-common/asan/pointer-subtract-3.c -O1 execution test
FAIL: c-c++-common/asan/pointer-subtract-3.c -O2 execution test
FAIL: c-c++-common/asan/pointer-subtract-3.c -O2 -flto -fno-use-linker-plugin -flto-partition=none execution test
FAIL: c-c++-common/asan/pointer-subtract-3.c -O2 -flto -fuse-linker-plugin -fno-fat-lto-objects execution test
FAIL: c-c++-common/asan/pointer-subtract-3.c -O3 -g execution test
FAIL: c-c++-common/asan/pointer-subtract-3.c -Os execution test
FAIL: c-c++-common/asan/pr64820.c -O0 output pattern test
FAIL: c-c++-common/asan/pr64820.c -O1 output pattern test
FAIL: c-c++-common/asan/pr64820.c -O2 output pattern test
FAIL: c-c++-common/asan/pr64820.c -O2 -flto -fno-use-linker-plugin -flto-partition=none output pattern test
FAIL: c-c++-common/asan/pr64820.c -O2 -flto -fuse-linker-plugin -fno-fat-lto-objects output pattern test
FAIL: c-c++-common/asan/pr64820.c -O3 -g output pattern test
FAIL: c-c++-common/asan/pr64820.c -Os output pattern test
FAIL: c-c++-common/asan/use-after-return-1.c -O0 output pattern test
FAIL: c-c++-common/asan/use-after-return-1.c -O1 output pattern test
FAIL: c-c++-common/asan/use-after-return-1.c -O2 output pattern test
FAIL: c-c++-common/asan/use-after-return-1.c -O2 -flto -fno-use-linker-plugin -flto-partition=none output pattern test
FAIL: c-c++-common/asan/use-after-return-1.c -O2 -flto -fuse-linker-plugin -fno-fat-lto-objects output pattern test
FAIL: c-c++-common/asan/use-after-return-1.c -O3 -g output pattern test
FAIL: c-c++-common/asan/use-after-return-1.c -Os output pattern test
FAIL: gcc.dg/atomic/pr65345-4.c -O2 -flto -fno-use-linker-plugin -flto-partition=none (internal compiler error)
FAIL: gcc.dg/atomic/pr65345-4.c -O2 -flto -fno-use-linker-plugin -flto-partition=none (test for excess errors)
FAIL: gcc.dg/atomic/pr65345-4.c -O2 -flto -fuse-linker-plugin -fno-fat-lto-objects (internal compiler error)
FAIL: gcc.dg/atomic/pr65345-4.c -O2 -flto -fuse-linker-plugin -fno-fat-lto-objects (test for excess errors)
FAIL: c-c++-common/Wattributes.c -Wc++-compat (test for errors, line 404)
FAIL: gcc.dg/Wattributes-6.c (test for errors, line 404)
FAIL: gcc.dg/Wstringop-overflow-25.c pr92814 (test for warnings, line 378)
XPASS: gcc.dg/Wstringop-overflow-43.c pr????? (test for warnings, line 171)
FAIL: gcc.dg/gcc-have-sync-compare-and-swap.c (test for excess errors)
FAIL: gcc.dg/gimplefe-41.c (internal compiler error)
FAIL: gcc.dg/gimplefe-41.c (test for excess errors)
FAIL: gcc.dg/loop-9.c scan-rtl-dump loop2_invariant "Decided"
FAIL: gcc.dg/loop-9.c scan-rtl-dump loop2_invariant "without introducing a new temporary register"
FAIL: gcc.dg/lower-subreg-1.c scan-rtl-dump subreg1 "Splitting reg"
FAIL: gcc.dg/pr83527.c (test for excess errors)
FAIL: gcc.dg/pr84877.c execution test
FAIL: gcc.dg/pr90263.c scan-assembler memcpy
FAIL: gcc.dg/stack-check-16.c (internal compiler error)
FAIL: gcc.dg/stack-check-16.c (test for excess errors)
FAIL: gcc.dg/stack-check-3.c (internal compiler error)
FAIL: gcc.dg/stack-check-3.c (test for excess errors)
FAIL: gcc.dg/stack-check-3.c scan-rtl-dump-times expand "allocation and probing in loop" 4
FAIL: gcc.dg/stack-check-3.c scan-rtl-dump-times expand "allocation and probing in rotated loop" 1
FAIL: gcc.dg/stack-check-3.c scan-rtl-dump-times expand "allocation and probing inline" 1
FAIL: gcc.dg/stack-check-3.c scan-rtl-dump-times expand "allocation and probing residuals" 7
FAIL: gcc.dg/stack-check-3.c scan-rtl-dump-times expand "skipped dynamic allocation and probing loop" 1
FAIL: gcc.dg/stack-check-8.c (internal compiler error)
FAIL: gcc.dg/stack-check-8.c (test for excess errors)
UNRESOLVED: gcc.dg/stack-check-8.c compilation failed to produce executable
FAIL: gcc.dg/store_merging_5.c scan-tree-dump-times store-merging "MEM <unsigned int> \\\\[.*\\\\]" 1
FAIL: c-c++-common/goacc/firstprivate-mappings-1.c scan-tree-dump omplower "(?n)#pragma omp target oacc_parallel map\\\\(from:array_so \\\\[len: 4\\\\]\\\\) firstprivate\\\\(array_li.[0-9]+\\\\) map\\\\(tofrom:\\\\(\\\\*array.[0-9]+\\\\) \\\\[len: D\\\\.[0-9]+\\\\]\\\\) map\\\\(firstprivate:array \\\\[pointer assign, bias: 0\\\\]\\\\) \\\\["
XPASS: gcc.dg/graphite/pr69728.c scan-tree-dump graphite "loop nest optimized"
FAIL: gcc.dg/graphite/run-id-pr47653.c (internal compiler error)
FAIL: gcc.dg/graphite/run-id-pr47653.c (test for excess errors)
UNRESOLVED: gcc.dg/graphite/run-id-pr47653.c compilation failed to produce executable
XPASS: gcc.dg/guality/example.c -O0 execution test
XPASS: gcc.dg/guality/guality.c -O0 execution test
XPASS: gcc.dg/guality/guality.c -O1 -DPREVENT_OPTIMIZATION execution test
XPASS: gcc.dg/guality/guality.c -O2 -DPREVENT_OPTIMIZATION execution test
XPASS: gcc.dg/guality/guality.c -O2 -flto -fno-use-linker-plugin -flto-partition=none -DPREVENT_OPTIMIZATION execution test
XPASS: gcc.dg/guality/guality.c -O2 -flto -fuse-linker-plugin -fno-fat-lto-objects -DPREVENT_OPTIMIZATION execution test
XPASS: gcc.dg/guality/guality.c -O3 -g -DPREVENT_OPTIMIZATION execution test
XPASS: gcc.dg/guality/guality.c -Os -DPREVENT_OPTIMIZATION execution test
XPASS: gcc.dg/guality/guality.c -Og -DPREVENT_OPTIMIZATION execution test
XPASS: gcc.dg/guality/inline-params.c -O2 -DPREVENT_OPTIMIZATION execution test
XPASS: gcc.dg/guality/inline-params.c -O2 -flto -fno-use-linker-plugin -flto-partition=none -DPREVENT_OPTIMIZATION execution test
XPASS: gcc.dg/guality/inline-params.c -O2 -flto -fuse-linker-plugin -fno-fat-lto-objects -DPREVENT_OPTIMIZATION execution test
XPASS: gcc.dg/guality/inline-params.c -O3 -g -DPREVENT_OPTIMIZATION execution test
XPASS: gcc.dg/guality/inline-params.c -Os -DPREVENT_OPTIMIZATION execution test
FAIL: gcc.dg/guality/loop-1.c -O3 -fomit-frame-pointer -funroll-loops -fpeel-loops -ftracer -finline-functions -DPREVENT_OPTIMIZATION line 20 i == 1
FAIL: gcc.dg/guality/param-2.c -O1 -DPREVENT_OPTIMIZATION line 20 str.pa == 31415927
FAIL: gcc.dg/guality/param-2.c -O1 -DPREVENT_OPTIMIZATION line 20 str.pb == 27182818
FAIL: gcc.dg/guality/param-3.c -O1 -DPREVENT_OPTIMIZATION line 20 str.pa == 31415927
FAIL: gcc.dg/guality/param-3.c -O1 -DPREVENT_OPTIMIZATION line 20 str.pb == 27182818
FAIL: gcc.dg/guality/pr36728-1.c -O2 -flto -fuse-linker-plugin -fno-fat-lto-objects -DPREVENT_OPTIMIZATION line 16 y == 2
FAIL: gcc.dg/guality/pr36728-2.c -O2 -flto -fuse-linker-plugin -fno-fat-lto-objects -DPREVENT_OPTIMIZATION line 16 arg3 == 3
FAIL: gcc.dg/guality/pr36728-2.c -O2 -flto -fuse-linker-plugin -fno-fat-lto-objects -DPREVENT_OPTIMIZATION line 16 arg4 == 4
FAIL: gcc.dg/guality/pr36728-2.c -O2 -flto -fuse-linker-plugin -fno-fat-lto-objects -DPREVENT_OPTIMIZATION line 16 arg5 == 5
FAIL: gcc.dg/guality/pr36728-2.c -O2 -flto -fuse-linker-plugin -fno-fat-lto-objects -DPREVENT_OPTIMIZATION line 16 arg6 == 6
FAIL: gcc.dg/guality/pr36728-2.c -O2 -flto -fuse-linker-plugin -fno-fat-lto-objects -DPREVENT_OPTIMIZATION line 16 arg7 == 30
FAIL: gcc.dg/guality/pr36728-2.c -O2 -flto -fuse-linker-plugin -fno-fat-lto-objects -DPREVENT_OPTIMIZATION line 18 arg3 == 3
FAIL: gcc.dg/guality/pr36728-2.c -O2 -flto -fuse-linker-plugin -fno-fat-lto-objects -DPREVENT_OPTIMIZATION line 18 arg4 == 4
FAIL: gcc.dg/guality/pr36728-2.c -O2 -flto -fuse-linker-plugin -fno-fat-lto-objects -DPREVENT_OPTIMIZATION line 18 arg5 == 5
FAIL: gcc.dg/guality/pr36728-2.c -O2 -flto -fuse-linker-plugin -fno-fat-lto-objects -DPREVENT_OPTIMIZATION line 18 arg6 == 6
FAIL: gcc.dg/guality/pr36728-2.c -O2 -flto -fuse-linker-plugin -fno-fat-lto-objects -DPREVENT_OPTIMIZATION line 18 arg7 == 30
FAIL: gcc.dg/guality/pr36728-2.c -O3 -g -DPREVENT_OPTIMIZATION line 16 arg3 == 3
FAIL: gcc.dg/guality/pr36728-2.c -O3 -g -DPREVENT_OPTIMIZATION line 16 arg4 == 4
FAIL: gcc.dg/guality/pr36728-2.c -O3 -g -DPREVENT_OPTIMIZATION line 16 arg5 == 5
FAIL: gcc.dg/guality/pr36728-2.c -O3 -g -DPREVENT_OPTIMIZATION line 16 arg6 == 6
FAIL: gcc.dg/guality/pr36728-2.c -O3 -g -DPREVENT_OPTIMIZATION line 16 arg7 == 30
FAIL: gcc.dg/guality/pr36728-2.c -O3 -g -DPREVENT_OPTIMIZATION line 18 arg3 == 3
FAIL: gcc.dg/guality/pr36728-2.c -O3 -g -DPREVENT_OPTIMIZATION line 18 arg4 == 4
FAIL: gcc.dg/guality/pr36728-2.c -O3 -g -DPREVENT_OPTIMIZATION line 18 arg5 == 5
FAIL: gcc.dg/guality/pr36728-2.c -O3 -g -DPREVENT_OPTIMIZATION line 18 arg6 == 6
FAIL: gcc.dg/guality/pr36728-2.c -O3 -g -DPREVENT_OPTIMIZATION line 18 arg7 == 30
XPASS: gcc.dg/guality/pr41353-1.c -O0 line 28 j == 28 + 37
FAIL: gcc.dg/guality/pr41447-1.c -Og -DPREVENT_OPTIMIZATION execution test
FAIL: gcc.dg/guality/pr41616-1.c -O2 -flto -fuse-linker-plugin -fno-fat-lto-objects -DPREVENT_OPTIMIZATION execution test
FAIL: gcc.dg/guality/pr49888.c -O1 -DPREVENT_OPTIMIZATION line 12 !!c == 0
FAIL: gcc.dg/guality/pr49888.c -O2 -DPREVENT_OPTIMIZATION line 12 !!c == 0
FAIL: gcc.dg/guality/pr49888.c -O2 -flto -fno-use-linker-plugin -flto-partition=none -DPREVENT_OPTIMIZATION line 12 !!c == 0
FAIL: gcc.dg/guality/pr49888.c -O2 -flto -fuse-linker-plugin -fno-fat-lto-objects -DPREVENT_OPTIMIZATION line 12 !!c == 0
FAIL: gcc.dg/guality/pr49888.c -O3 -g -DPREVENT_OPTIMIZATION line 12 !!c == 0
FAIL: gcc.dg/guality/pr49888.c -Os -DPREVENT_OPTIMIZATION line 12 !!c == 0
FAIL: gcc.dg/guality/pr54519-1.c -O2 -flto -fno-use-linker-plugin -flto-partition=none -DPREVENT_OPTIMIZATION line 20 y == 25
FAIL: gcc.dg/guality/pr54519-1.c -O2 -flto -fno-use-linker-plugin -flto-partition=none -DPREVENT_OPTIMIZATION line 20 z == 6
FAIL: gcc.dg/guality/pr54519-1.c -O2 -flto -fno-use-linker-plugin -flto-partition=none -DPREVENT_OPTIMIZATION line 23 y == 117
FAIL: gcc.dg/guality/pr54519-1.c -O2 -flto -fno-use-linker-plugin -flto-partition=none -DPREVENT_OPTIMIZATION line 23 z == 8
FAIL: gcc.dg/guality/pr54519-1.c -O2 -flto -fuse-linker-plugin -fno-fat-lto-objects -DPREVENT_OPTIMIZATION line 20 y == 25
FAIL: gcc.dg/guality/pr54519-1.c -O2 -flto -fuse-linker-plugin -fno-fat-lto-objects -DPREVENT_OPTIMIZATION line 20 z == 6
FAIL: gcc.dg/guality/pr54519-1.c -O2 -flto -fuse-linker-plugin -fno-fat-lto-objects -DPREVENT_OPTIMIZATION line 23 y == 117
FAIL: gcc.dg/guality/pr54519-1.c -O2 -flto -fuse-linker-plugin -fno-fat-lto-objects -DPREVENT_OPTIMIZATION line 23 z == 8
FAIL: gcc.dg/guality/pr54519-2.c -O2 -flto -fno-use-linker-plugin -flto-partition=none -DPREVENT_OPTIMIZATION line 17 y == 25
FAIL: gcc.dg/guality/pr54519-2.c -O2 -flto -fuse-linker-plugin -fno-fat-lto-objects -DPREVENT_OPTIMIZATION line 17 y == 25
FAIL: gcc.dg/guality/pr54519-3.c -O2 -flto -fno-use-linker-plugin -flto-partition=none -DPREVENT_OPTIMIZATION line 23 y == 117
FAIL: gcc.dg/guality/pr54519-3.c -O2 -flto -fno-use-linker-plugin -flto-partition=none -DPREVENT_OPTIMIZATION line 23 z == 8
FAIL: gcc.dg/guality/pr54519-3.c -O2 -flto -fuse-linker-plugin -fno-fat-lto-objects -DPREVENT_OPTIMIZATION line 23 y == 117
FAIL: gcc.dg/guality/pr54519-3.c -O2 -flto -fuse-linker-plugin -fno-fat-lto-objects -DPREVENT_OPTIMIZATION line 23 z == 8
FAIL: gcc.dg/guality/pr54519-4.c -O2 -flto -fno-use-linker-plugin -flto-partition=none -DPREVENT_OPTIMIZATION line 17 y == 25
FAIL: gcc.dg/guality/pr54519-4.c -O2 -flto -fuse-linker-plugin -fno-fat-lto-objects -DPREVENT_OPTIMIZATION line 17 y == 25
FAIL: gcc.dg/guality/pr54519-5.c -O2 -flto -fno-use-linker-plugin -flto-partition=none -DPREVENT_OPTIMIZATION line 17 y == 25
FAIL: gcc.dg/guality/pr54519-5.c -O2 -flto -fuse-linker-plugin -fno-fat-lto-objects -DPREVENT_OPTIMIZATION line 17 y == 25
FAIL: gcc.dg/guality/pr54519-6.c -Os -DPREVENT_OPTIMIZATION line 11 x == 2
FAIL: gcc.dg/guality/pr54693-2.c -O2 -flto -fuse-linker-plugin -fno-fat-lto-objects -DPREVENT_OPTIMIZATION line 21 y == 20 - 2 * i
FAIL: gcc.dg/guality/pr54693-2.c -O2 -flto -fuse-linker-plugin -fno-fat-lto-objects -DPREVENT_OPTIMIZATION line 21 z == 30 - 3 * i
FAIL: gcc.dg/guality/pr54693-2.c -Os -DPREVENT_OPTIMIZATION line 21 y == 20 - 2 * i
XPASS: gcc.dg/guality/pr54970.c -O0 line 15 a[0] == 1
XPASS: gcc.dg/guality/pr54970.c -O0 line 20 a[0] == 1
XPASS: gcc.dg/guality/pr54970.c -O0 line 25 a[0] == 1
XPASS: gcc.dg/guality/pr54970.c -O0 line 31 a[0] == 4
XPASS: gcc.dg/guality/pr54970.c -O0 line 36 a[0] == 4
XPASS: gcc.dg/guality/pr54970.c -O0 line 45 a[0] == 4
XPASS: gcc.dg/guality/pr54970.c -O0 line 45 p[-2] == 4
XPASS: gcc.dg/guality/pr54970.c -O0 line 45 q[-1] == 4
XPASS: gcc.dg/guality/pr54970.c -Og -DPREVENT_OPTIMIZATION line 15 a[0] == 1
XPASS: gcc.dg/guality/pr54970.c -Og -DPREVENT_OPTIMIZATION line 20 a[0] == 1
XPASS: gcc.dg/guality/pr54970.c -Og -DPREVENT_OPTIMIZATION line 25 a[0] == 1
XPASS: gcc.dg/guality/pr54970.c -Og -DPREVENT_OPTIMIZATION line 31 a[0] == 4
XPASS: gcc.dg/guality/pr54970.c -Og -DPREVENT_OPTIMIZATION line 36 a[0] == 4
XPASS: gcc.dg/guality/pr54970.c -Og -DPREVENT_OPTIMIZATION line 45 a[0] == 4
XPASS: gcc.dg/guality/pr54970.c -Og -DPREVENT_OPTIMIZATION line 45 p[-2] == 4
XPASS: gcc.dg/guality/pr54970.c -Og -DPREVENT_OPTIMIZATION line 45 q[-1] == 4
FAIL: gcc.dg/guality/pr56154-1.c -Og -DPREVENT_OPTIMIZATION line pr56154-1.c:20 x.a == 6
XPASS: gcc.dg/guality/pr59776.c -O0 line pr59776.c:17 s2.g == 6.0
XPASS: gcc.dg/guality/pr59776.c -O0 line pr59776.c:20 s2.g == 6.0
FAIL: gcc.dg/guality/pr59776.c -Og -DPREVENT_OPTIMIZATION line pr59776.c:17 s1.f == 5.0
FAIL: gcc.dg/guality/pr59776.c -Og -DPREVENT_OPTIMIZATION line pr59776.c:17 s1.g == 6.0
FAIL: gcc.dg/guality/pr59776.c -Og -DPREVENT_OPTIMIZATION line pr59776.c:17 s2.f == 0.0
FAIL: gcc.dg/guality/pr59776.c -Og -DPREVENT_OPTIMIZATION line pr59776.c:20 s1.f == 5.0
FAIL: gcc.dg/guality/pr59776.c -Og -DPREVENT_OPTIMIZATION line pr59776.c:20 s1.g == 6.0
FAIL: gcc.dg/guality/pr59776.c -Og -DPREVENT_OPTIMIZATION line pr59776.c:20 s2.f == 5.0
FAIL: gcc.dg/guality/sra-1.c -O1 -DPREVENT_OPTIMIZATION line 43 a.i == 4
FAIL: gcc.dg/guality/sra-1.c -O2 -DPREVENT_OPTIMIZATION line 43 a.i == 4
FAIL: gcc.dg/guality/sra-1.c -O2 -flto -fno-use-linker-plugin -flto-partition=none -DPREVENT_OPTIMIZATION line 43 a.i == 4
FAIL: gcc.dg/guality/sra-1.c -O2 -flto -fuse-linker-plugin -fno-fat-lto-objects -DPREVENT_OPTIMIZATION line 21 a.i == 4
FAIL: gcc.dg/guality/sra-1.c -O2 -flto -fuse-linker-plugin -fno-fat-lto-objects -DPREVENT_OPTIMIZATION line 21 a.j == 14
FAIL: gcc.dg/guality/sra-1.c -O2 -flto -fuse-linker-plugin -fno-fat-lto-objects -DPREVENT_OPTIMIZATION line 32 a[0] == 4
FAIL: gcc.dg/guality/sra-1.c -O2 -flto -fuse-linker-plugin -fno-fat-lto-objects -DPREVENT_OPTIMIZATION line 32 a[1] == 14
FAIL: gcc.dg/guality/sra-1.c -O2 -flto -fuse-linker-plugin -fno-fat-lto-objects -DPREVENT_OPTIMIZATION line 43 a.i == 4
FAIL: gcc.dg/guality/sra-1.c -O2 -flto -fuse-linker-plugin -fno-fat-lto-objects -DPREVENT_OPTIMIZATION line 43 a.j == 14
FAIL: gcc.dg/guality/sra-1.c -O3 -g -DPREVENT_OPTIMIZATION line 43 a.i == 4
FAIL: gcc.dg/guality/sra-1.c -Os -DPREVENT_OPTIMIZATION line 43 a.i == 4
FAIL: gcc.dg/guality/sra-1.c -Og -DPREVENT_OPTIMIZATION line 21 a.i == 4
FAIL: gcc.dg/guality/sra-1.c -Og -DPREVENT_OPTIMIZATION line 21 a.j == 14
FAIL: gcc.dg/guality/sra-1.c -Og -DPREVENT_OPTIMIZATION line 32 a[0] == 4
FAIL: gcc.dg/guality/sra-1.c -Og -DPREVENT_OPTIMIZATION line 32 a[1] == 14
FAIL: gcc.dg/guality/sra-1.c -Og -DPREVENT_OPTIMIZATION line 43 a.i == 4
FAIL: gcc.dg/guality/sra-1.c -Og -DPREVENT_OPTIMIZATION line 43 a.j == 14
FAIL: gcc.dg/guality/vla-1.c -O1 -DPREVENT_OPTIMIZATION line 17 sizeof (a) == 6
FAIL: gcc.dg/guality/vla-1.c -O2 -DPREVENT_OPTIMIZATION line 17 sizeof (a) == 6
FAIL: gcc.dg/guality/vla-1.c -O2 -flto -fno-use-linker-plugin -flto-partition=none -DPREVENT_OPTIMIZATION line 17 sizeof (a) == 6
FAIL: gcc.dg/guality/vla-1.c -O2 -flto -fuse-linker-plugin -fno-fat-lto-objects -DPREVENT_OPTIMIZATION line 17 sizeof (a) == 6
FAIL: gcc.dg/guality/vla-1.c -O3 -g -DPREVENT_OPTIMIZATION line 17 sizeof (a) == 6
FAIL: gcc.dg/guality/vla-1.c -Os -DPREVENT_OPTIMIZATION line 17 sizeof (a) == 6
FAIL: gcc.dg/plugin/diagnostic-test-paths-2.c -fplugin=./diagnostic_plugin_test_paths.so expected multiline pattern lines 36-54 not found: "\\s*29 \\| PyList_Append\\(list, item\\);.*\\n \\| \\^~~~~~~~~~~~~~~~~~~~~~~~~\\n 'make_a_list_of_random_ints_badly': events 1-3.*\\n \\|.*\\n \\| 25 \\| list = PyList_New\\(0\\);.*\\n \\| \\| \\^~~~~~~~~~~~~\\n \\| \\| \\|.*\\n \\| \\| \\(1\\) when 'PyList_New' fails, returning NULL.*\\n \\| 26 \\| .*\\n \\| 27 \\| for \\(i = 0; i < count; i\\+\\+\\) \\{.*\\n \\| \\| ~~~ .*\\n \\| \\| \\|.*\\n \\| \\| \\(2\\) when 'i < count'.*\\n \\| 28 \\| item = PyLong_FromLong\\(random\\(\\)\\);.*\\n \\| 29 \\| PyList_Append\\(list, item\\);.*\\n \\| \\| ~~~~~~~~~~~~~~~~~~~~~~~~~\\n \\| \\| \\|.*\\n \\| \\| \\(3\\) when calling 'PyList_Append', passing NULL from \\(1\\) as argument 1.*\\n \\|.*\\n"
FAIL: gcc.dg/plugin/diagnostic-test-paths-2.c -fplugin=./diagnostic_plugin_test_paths.so (test for excess errors)
FAIL: gcc.dg/plugin/location-overflow-test-1.c -fplugin=./location_overflow_plugin.so adding '-flarge-source-files' (test for warnings, line 16)
FAIL: gcc.dg/tree-ssa/dump-6.c scan-tree-dump store-merging "MEM <unsigned int> \\\\[\\\\(char \\\\*\\\\)\\\\&a8] = "
FAIL: gcc.dg/vect/bb-slp-39.c -flto -ffat-lto-objects scan-tree-dump-times slp2 "vectorizing stmts using SLP" 3
FAIL: gcc.dg/vect/bb-slp-39.c scan-tree-dump-times slp2 "vectorizing stmts using SLP" 3
FAIL: gcc.dg/vect/pr59591-1.c (internal compiler error)
FAIL: gcc.dg/vect/pr59591-1.c (test for excess errors)
FAIL: gcc.dg/vect/pr59591-1.c -flto -ffat-lto-objects (internal compiler error)
FAIL: gcc.dg/vect/pr59591-1.c -flto -ffat-lto-objects (test for excess errors)
UNRESOLVED: gcc.dg/vect/pr59591-1.c -flto -ffat-lto-objects compilation failed to produce executable
UNRESOLVED: gcc.dg/vect/pr59591-1.c compilation failed to produce executable
FAIL: gcc.dg/vect/pr71264.c -flto -ffat-lto-objects scan-tree-dump vect "vectorized 1 loops in function"
FAIL: gcc.dg/vect/pr71264.c scan-tree-dump vect "vectorized 1 loops in function"
FAIL: gcc.dg/vect/vect-23.c (internal compiler error)
FAIL: gcc.dg/vect/vect-23.c (test for excess errors)
FAIL: gcc.dg/vect/vect-23.c -flto -ffat-lto-objects (internal compiler error)
FAIL: gcc.dg/vect/vect-23.c -flto -ffat-lto-objects (test for excess errors)
UNRESOLVED: gcc.dg/vect/vect-23.c -flto -ffat-lto-objects compilation failed to produce executable
UNRESOLVED: gcc.dg/vect/vect-23.c compilation failed to produce executable
FAIL: gcc.dg/vect/vect-cond-reduc-4.c -flto -ffat-lto-objects scan-tree-dump-times vect "LOOP VECTORIZED" 2
FAIL: gcc.dg/vect/vect-cond-reduc-4.c scan-tree-dump-times vect "LOOP VECTORIZED" 2
FAIL: gcc.dg/vect/vect-cond-reduc-6.c (internal compiler error)
FAIL: gcc.dg/vect/vect-cond-reduc-6.c (test for excess errors)
FAIL: gcc.dg/vect/vect-cond-reduc-6.c -flto -ffat-lto-objects (internal compiler error)
FAIL: gcc.dg/vect/vect-cond-reduc-6.c -flto -ffat-lto-objects (test for excess errors)
FAIL: gcc.target/s390/asm-machine-3.c scan-assembler-times \\t.machinemode zarch 2
FAIL: gcc.target/s390/asm-machine-3.c scan-assembler-times \\t.machinemode zarch 2
FAIL: gcc.target/s390/asm-machine-4.c scan-assembler-times \\t.machinemode zarch 2
FAIL: gcc.target/s390/asm-machine-4.c scan-assembler-times \\t.machinemode zarch 2
FAIL: gcc.target/s390/global-array-element-pic2.c scan-assembler (?n)\\n\\tlgrl\\t%r\\\\d+,a@GOTENT\\n
FAIL: gcc.target/s390/md/rXsbg_mode_sXl.c -O1 -march=z13 scan-assembler-times rosbg\\t%r.,%r.,32,63,62 1
FAIL: gcc.target/s390/md/rXsbg_mode_sXl.c -O1 -march=z13 scan-assembler-times rxsbg\\t%r.,%r.,32,63,62 1
FAIL: gcc.target/s390/md/rXsbg_mode_sXl.c -O2 -march=z13 scan-assembler-times rosbg\\t%r.,%r.,32,63,62 1
FAIL: gcc.target/s390/md/rXsbg_mode_sXl.c -O2 -march=z13 scan-assembler-times rxsbg\\t%r.,%r.,32,63,62 1
FAIL: gcc.target/s390/md/rXsbg_mode_sXl.c -O3 -march=z13 scan-assembler-times rosbg\\t%r.,%r.,32,63,62 1
FAIL: gcc.target/s390/md/rXsbg_mode_sXl.c -O3 -march=z13 scan-assembler-times rxsbg\\t%r.,%r.,32,63,62 1
FAIL: gcc.target/s390/md/rXsbg_mode_sXl.c -Os -march=z13 scan-assembler-times rosbg\\t%r.,%r.,32,63,62 1
FAIL: gcc.target/s390/md/rXsbg_mode_sXl.c -Os -march=z13 scan-assembler-times rxsbg\\t%r.,%r.,32,63,62 1
FAIL: gcc.target/s390/memset-1.c scan-assembler-times pfd\\\\s 2
FAIL: gcc.target/s390/memset-1.c scan-assembler-times xc\\\\s 28
FAIL: gcc.target/s390/mul-signed-overflow-1.c execution test
FAIL: gcc.target/s390/mul-signed-overflow-2.c execution test
FAIL: gcc.target/s390/nobp-return-mem-z900.c scan-assembler jgle\\t__s390_indirect_jump
FAIL: gcc.target/s390/risbg-ll-1.c scan-assembler f12:\\n\\trisbg\\t%r3,%r2,0,0\\\\+32-1,64-0-32\\n\\tsllg\\t%r2,%r3,2\\n\\tnill\\t%r2,65295
FAIL: gcc.target/s390/risbg-ll-1.c scan-assembler f14:\\n\\trisbg\\t%r3,%r2,56,128\\\\+60,46\\n\\tlhi\\t%r2,0
FAIL: gcc.target/s390/risbg-ll-1.c scan-assembler f18:\\n\\trisbg\\t%r3,%r2,0,0\\\\+32-1,64-0-32\\n\\tlhi\\t%r2,0\\n\\trisbg\\t%r3,%r3,57,128\\\\+62,4
FAIL: gcc.target/s390/risbg-ll-1.c scan-assembler f20:\\n\\trisbg\\t%r3,%r2,0,0\\\\+32-1,64-0-32\\n\\tlhi\\t%r2,0\\n\\tsrag\\t%r3,%r3,60\\n\\tnilf\\t%r3,30
FAIL: gcc.target/s390/risbg-ll-1.c scan-assembler f22:\\n\\trisbg\\t%r3,%r2,60,128\\\\+62,64-28\\n\\tlhi\\t%r2,0
FAIL: gcc.target/s390/risbg-ll-1.c scan-assembler f27:\\n\\trisbg\\t%r3,%r2,0,0\\\\+32-1,64-0-32\\n\\trisbg\\t%r2,%r3,55,128\\\\+52,5
FAIL: gcc.target/s390/risbg-ll-1.c scan-assembler f29:\\n\\trisbg\\t%r[23],%r3,0,128\\\\+13,49\\n\\tlr\\t%r[23],%r[32]\\n\\tsrlg\\t%r2,%r2
FAIL: gcc.target/s390/risbg-ll-1.c scan-assembler f31:\\n\\trisbg\\t%r[23],%r3,0,128\\\\+12,50\\n\\tlr\\t%r[23],%r[32]\\n\\tsrlg\\t%r2,%r2
FAIL: gcc.target/s390/risbg-ll-1.c scan-assembler f33:\\n\\trisbg\\t%r3,%r2,0,0\\\\+32-1,64-0-32\\n\\tsllg\\t%r2,%r3,10\\n\\tnill\\t%r2,58368
FAIL: gcc.target/s390/risbg-ll-1.c scan-assembler f37:\\n(\\t.*\\n)*\\trisbg\\t%r3,%r2,0,0\\\\+32-1,64-0-32\\n\\tsrlg\\t%r2,%r3,1\\n\\tng\\t%r2,
FAIL: gcc.target/s390/risbg-ll-1.c scan-assembler f38:\\n\\trisbg\\t%r3,%r2,0,0\\\\+32-1,64-0-32\\n\\tsrag\\t%r2,%r3,32\\n\\tsllg\\t%r2,%r2,5
FAIL: gcc.target/s390/risbg-ll-1.c scan-assembler f39:\\n\\trisbg\\t%r3,%r2,0,0\\\\+32-1,64-0-32\\n\\tlhi\\t%r2,0\\n\\tsrag\\t%r3,%r3,35\\n(\\t.*\\n)*\\trisbg\\t%r3,%r3,33,128\\\\+61,2
FAIL: gcc.target/s390/risbg-ll-1.c scan-assembler f40:\\n\\trisbg\\t%r3,%r2,0,0\\\\+32-1,64-0-32\\n\\tlhi\\t%r2,0\\n\\tsrag\\t%r3,%r3,36\\n(\\t.*\\n)*\\trisbg\\t%r3,%r3,33,128\\\\+61,2
FAIL: gcc.target/s390/risbg-ll-1.c scan-assembler f41:\\n\\trisbg\\t%r3,%r2,64-28,128\\\\+63,34\\\\+28\\n\\tlhi\\t%r2,0
FAIL: gcc.target/s390/risbg-ll-1.c scan-assembler f42:\\n\\tsllg\\t%r3,%r3,63\\n\\tlhi\\t%r2,0\\n\\tsrag\\t%r3,%r3,63\\n\\tllcr\\t%r3,%r3
FAIL: gcc.target/s390/risbg-ll-1.c scan-assembler f43:\\n\\trisbg\\t%r3,%r2,0,0\\\\+32-1,64-0-32\\n\\trisbg\\t%r2,%r3,32,128\\\\+61,64-12
FAIL: gcc.target/s390/risbg-ll-1.c scan-assembler f44:\\n\\tsrlg\\t%r2,%r3,12\\n\\tnilf\\t%r2,10
FAIL: gcc.target/s390/risbg-ll-1.c scan-assembler f6:\\n\\trisbg\\t%r3,%r2,0,0\\\\+32-1,64-0-32\\n\\trisbg\\t%r2,%r3,2,128\\\\+60,64-2
FAIL: gcc.target/s390/risbg-ll-1.c scan-assembler f8:\\n\\trisbg\\t%r3,%r2,0,0\\\\+32-1,64-0-32\\n\\tsrlg\\t%r2,%r3,2\\n\\tnill\\t%r2,65529
FAIL: gcc.target/s390/risbg-ll-2.c scan-assembler f2:\\n\\trisbg\\t%r3,%r2,0,0\\\\+32-1,64-0-32\\n(\\t.*\\n)*\\trisbg\\t%r[23],%r5,60,62,0
FAIL: gcc.target/s390/risbg-ll-2.c scan-assembler f3:\\n\\trisbg\\t%r2,%r3,64-4,63,\\\\(64-32\\\\)\\\\+4\\\\+20\\n\\tlgfr\\t%r2,%r2
FAIL: gcc.target/s390/risbg-ll-2.c scan-assembler f4:\\n(\\t.*\\n)*\\trisbg\\t%r5,%r5,64-4,128\\\\+63,\\\\(64-64\\\\)\\\\+52\\\\+4
FAIL: gcc.target/s390/risbg-ll-2.c scan-assembler f6:\\n\\trisbg\\t%r5,%r4,0,0\\\\+32-1,64-0-32\\n(\\t.*\\n)*\\trisbg\\t%r[23],%r5,0,64-10-1,10
FAIL: gcc.target/s390/risbg-ll-3.c scan-assembler f1:\\n\\trisbgn\\t%r3,%r2,0,0\\\\+32-1,64-0-32\\n\\trisbgn\\t%r3,%r5,60,62,0\\n
FAIL: gcc.target/s390/risbg-ll-3.c scan-assembler f2_cconly:\\n\\trisbgn\\t%r3,%r2,0,0\\\\+32-1,64-0-32\\n\\trisbg\\t%r3,%r5,60,62,0\\n\\tber\\t%r14\\n\\tjg\\tf2_bar\\n
FAIL: gcc.target/s390/stack-clash-2.c (internal compiler error)
FAIL: gcc.target/s390/stack-clash-2.c (test for excess errors)
UNRESOLVED: gcc.target/s390/stack-clash-2.c scan-assembler-times c\\t 5
FAIL: gcc.target/s390/stack-clash-3.c (internal compiler error)
FAIL: gcc.target/s390/stack-clash-3.c (test for excess errors)
UNRESOLVED: gcc.target/s390/stack-clash-3.c scan-assembler-times c\\t 5
FAIL: gcc.target/s390/target-attribute/pr82012.c (test for errors, line 37)
FAIL: gcc.target/s390/target-attribute/pr82012.c (test for excess errors)
FAIL: gcc.target/s390/target-attribute/tattr-10.c (internal compiler error)
FAIL: gcc.target/s390/target-attribute/tattr-10.c (test for excess errors)
UNRESOLVED: gcc.target/s390/target-attribute/tattr-10.c scan-assembler-times \\tmvcle\\t 2
FAIL: gcc.target/s390/target-attribute/tattr-m31-1.c scan-assembler fn:fn_att_0_1 hd1
FAIL: gcc.target/s390/target-attribute/tattr-m31-1.c scan-assembler fn:fn_att_0_1 ht1
FAIL: gcc.target/s390/target-attribute/tattr-m31-1.c scan-assembler fn:fn_att_0_1 vx0
FAIL: gcc.target/s390/target-attribute/tattr-m31-1.c scan-assembler fn:fn_att_1_0 hd1
FAIL: gcc.target/s390/target-attribute/tattr-m31-1.c scan-assembler fn:fn_att_1_0 ht1
FAIL: gcc.target/s390/target-attribute/tattr-m31-1.c scan-assembler fn:fn_pragma_0 hd1
FAIL: gcc.target/s390/target-attribute/tattr-m31-1.c scan-assembler fn:fn_pragma_0 ht1
FAIL: gcc.target/s390/target-attribute/tattr-m31-1.c scan-assembler fn:fn_pragma_0_1 hd1
FAIL: gcc.target/s390/target-attribute/tattr-m31-1.c scan-assembler fn:fn_pragma_0_1 ht1
FAIL: gcc.target/s390/target-attribute/tattr-m31-1.c scan-assembler fn:fn_pragma_0_1 vx0
FAIL: gcc.target/s390/target-attribute/tattr-m31-1.c scan-assembler fn:fn_pragma_0_att_0 hd1
FAIL: gcc.target/s390/target-attribute/tattr-m31-1.c scan-assembler fn:fn_pragma_0_att_0 ht1
FAIL: gcc.target/s390/target-attribute/tattr-m31-1.c scan-assembler fn:fn_pragma_0_att_1 hd1
FAIL: gcc.target/s390/target-attribute/tattr-m31-1.c scan-assembler fn:fn_pragma_0_att_1 ht1
FAIL: gcc.target/s390/target-attribute/tattr-m31-1.c scan-assembler fn:fn_pragma_0_att_1 vx0
FAIL: gcc.target/s390/target-attribute/tattr-m31-1.c scan-assembler fn:fn_pragma_1 hd1
FAIL: gcc.target/s390/target-attribute/tattr-m31-1.c scan-assembler fn:fn_pragma_1 ht1
FAIL: gcc.target/s390/target-attribute/tattr-m31-1.c scan-assembler fn:fn_pragma_1 vx0
FAIL: gcc.target/s390/target-attribute/tattr-m31-1.c scan-assembler fn:fn_pragma_1_0 hd1
FAIL: gcc.target/s390/target-attribute/tattr-m31-1.c scan-assembler fn:fn_pragma_1_0 ht1
FAIL: gcc.target/s390/target-attribute/tattr-m31-1.c scan-assembler fn:fn_pragma_1_att_0 hd1
FAIL: gcc.target/s390/target-attribute/tattr-m31-1.c scan-assembler fn:fn_pragma_1_att_0 ht1
FAIL: gcc.target/s390/target-attribute/tattr-m31-1.c scan-assembler fn:fn_pragma_1_att_1 hd1
FAIL: gcc.target/s390/target-attribute/tattr-m31-1.c scan-assembler fn:fn_pragma_1_att_1 ht1
FAIL: gcc.target/s390/target-attribute/tattr-m31-1.c scan-assembler fn:fn_pragma_1_att_1 vx0
FAIL: gcc.target/s390/target-attribute/tattr-m31-11.c scan-assembler fn:fn_att_0 hd1
FAIL: gcc.target/s390/target-attribute/tattr-m31-11.c scan-assembler fn:fn_att_0 ht1
FAIL: gcc.target/s390/target-attribute/tattr-m31-11.c scan-assembler fn:fn_att_0_1 hd1
FAIL: gcc.target/s390/target-attribute/tattr-m31-11.c scan-assembler fn:fn_att_0_1 ht1
FAIL: gcc.target/s390/target-attribute/tattr-m31-11.c scan-assembler fn:fn_att_1_0 hd1
FAIL: gcc.target/s390/target-attribute/tattr-m31-11.c scan-assembler fn:fn_att_1_0 ht1
FAIL: gcc.target/s390/target-attribute/tattr-m31-11.c scan-assembler fn:fn_pragma_0 hd1
FAIL: gcc.target/s390/target-attribute/tattr-m31-11.c scan-assembler fn:fn_pragma_0 ht1
FAIL: gcc.target/s390/target-attribute/tattr-m31-11.c scan-assembler fn:fn_pragma_0_1 hd1
FAIL: gcc.target/s390/target-attribute/tattr-m31-11.c scan-assembler fn:fn_pragma_0_1 ht1
FAIL: gcc.target/s390/target-attribute/tattr-m31-11.c scan-assembler fn:fn_pragma_0_att_0 hd1
FAIL: gcc.target/s390/target-attribute/tattr-m31-11.c scan-assembler fn:fn_pragma_0_att_0 ht1
FAIL: gcc.target/s390/target-attribute/tattr-m31-11.c scan-assembler fn:fn_pragma_0_att_1 hd1
FAIL: gcc.target/s390/target-attribute/tattr-m31-11.c scan-assembler fn:fn_pragma_0_att_1 ht1
FAIL: gcc.target/s390/target-attribute/tattr-m31-11.c scan-assembler fn:fn_pragma_1 hd1
FAIL: gcc.target/s390/target-attribute/tattr-m31-11.c scan-assembler fn:fn_pragma_1 ht1
FAIL: gcc.target/s390/target-attribute/tattr-m31-11.c scan-assembler fn:fn_pragma_1_0 hd1
FAIL: gcc.target/s390/target-attribute/tattr-m31-11.c scan-assembler fn:fn_pragma_1_0 ht1
FAIL: gcc.target/s390/target-attribute/tattr-m31-11.c scan-assembler fn:fn_pragma_1_att_0 hd1
FAIL: gcc.target/s390/target-attribute/tattr-m31-11.c scan-assembler fn:fn_pragma_1_att_0 ht1
FAIL: gcc.target/s390/target-attribute/tattr-m31-11.c scan-assembler fn:fn_pragma_1_att_1 hd1
FAIL: gcc.target/s390/target-attribute/tattr-m31-11.c scan-assembler fn:fn_pragma_1_att_1 ht1
FAIL: gcc.target/s390/target-attribute/tattr-m31-13.c scan-assembler fn:fn_att_0 hd1
FAIL: gcc.target/s390/target-attribute/tattr-m31-13.c scan-assembler fn:fn_att_0 ht1
FAIL: gcc.target/s390/target-attribute/tattr-m31-13.c scan-assembler fn:fn_att_0_1 hd1
FAIL: gcc.target/s390/target-attribute/tattr-m31-13.c scan-assembler fn:fn_att_0_1 ht1
FAIL: gcc.target/s390/target-attribute/tattr-m31-13.c scan-assembler fn:fn_att_1_0 hd1
FAIL: gcc.target/s390/target-attribute/tattr-m31-13.c scan-assembler fn:fn_att_1_0 ht1
FAIL: gcc.target/s390/target-attribute/tattr-m31-13.c scan-assembler fn:fn_pragma_0 hd1
FAIL: gcc.target/s390/target-attribute/tattr-m31-13.c scan-assembler fn:fn_pragma_0 ht1
FAIL: gcc.target/s390/target-attribute/tattr-m31-13.c scan-assembler fn:fn_pragma_0_1 hd1
FAIL: gcc.target/s390/target-attribute/tattr-m31-13.c scan-assembler fn:fn_pragma_0_1 ht1
FAIL: gcc.target/s390/target-attribute/tattr-m31-13.c scan-assembler fn:fn_pragma_0_att_0 hd1
FAIL: gcc.target/s390/target-attribute/tattr-m31-13.c scan-assembler fn:fn_pragma_0_att_0 ht1
FAIL: gcc.target/s390/target-attribute/tattr-m31-13.c scan-assembler fn:fn_pragma_0_att_1 hd1
FAIL: gcc.target/s390/target-attribute/tattr-m31-13.c scan-assembler fn:fn_pragma_0_att_1 ht1
FAIL: gcc.target/s390/target-attribute/tattr-m31-13.c scan-assembler fn:fn_pragma_1 hd1
FAIL: gcc.target/s390/target-attribute/tattr-m31-13.c scan-assembler fn:fn_pragma_1 ht1
FAIL: gcc.target/s390/target-attribute/tattr-m31-13.c scan-assembler fn:fn_pragma_1_0 hd1
FAIL: gcc.target/s390/target-attribute/tattr-m31-13.c scan-assembler fn:fn_pragma_1_0 ht1
FAIL: gcc.target/s390/target-attribute/tattr-m31-13.c scan-assembler fn:fn_pragma_1_att_0 hd1
FAIL: gcc.target/s390/target-attribute/tattr-m31-13.c scan-assembler fn:fn_pragma_1_att_0 ht1
FAIL: gcc.target/s390/target-attribute/tattr-m31-13.c scan-assembler fn:fn_pragma_1_att_1 hd1
FAIL: gcc.target/s390/target-attribute/tattr-m31-13.c scan-assembler fn:fn_pragma_1_att_1 ht1
FAIL: gcc.target/s390/target-attribute/tattr-m31-15.c (test for excess errors)
FAIL: gcc.target/s390/target-attribute/tattr-m31-15.c scan-assembler fn:fn_att_0 ar7
FAIL: gcc.target/s390/target-attribute/tattr-m31-15.c scan-assembler fn:fn_att_0 ba0
FAIL: gcc.target/s390/target-attribute/tattr-m31-15.c scan-assembler fn:fn_att_0 bc2
FAIL: gcc.target/s390/target-attribute/tattr-m31-15.c scan-assembler fn:fn_att_0 hd0
FAIL: gcc.target/s390/target-attribute/tattr-m31-15.c scan-assembler fn:fn_att_0 hf1
FAIL: gcc.target/s390/target-attribute/tattr-m31-15.c scan-assembler fn:fn_att_0 ht1
FAIL: gcc.target/s390/target-attribute/tattr-m31-15.c scan-assembler fn:fn_att_0 mv0
FAIL: gcc.target/s390/target-attribute/tattr-m31-15.c scan-assembler fn:fn_att_0 ps1
FAIL: gcc.target/s390/target-attribute/tattr-m31-15.c scan-assembler fn:fn_att_0 se0
FAIL: gcc.target/s390/target-attribute/tattr-m31-15.c scan-assembler fn:fn_att_0 sg0
FAIL: gcc.target/s390/target-attribute/tattr-m31-15.c scan-assembler fn:fn_att_0 ss4096
FAIL: gcc.target/s390/target-attribute/tattr-m31-15.c scan-assembler fn:fn_att_0 tu4
FAIL: gcc.target/s390/target-attribute/tattr-m31-15.c scan-assembler fn:fn_att_0 vx1
FAIL: gcc.target/s390/target-attribute/tattr-m31-15.c scan-assembler fn:fn_att_0 wd1
FAIL: gcc.target/s390/target-attribute/tattr-m31-15.c scan-assembler fn:fn_att_0 wf0
FAIL: gcc.target/s390/target-attribute/tattr-m31-15.c scan-assembler fn:fn_att_0 zv1
FAIL: gcc.target/s390/target-attribute/tattr-m31-15.c scan-assembler fn:fn_att_0_1 ar7
FAIL: gcc.target/s390/target-attribute/tattr-m31-15.c scan-assembler fn:fn_att_0_1 ba0
FAIL: gcc.target/s390/target-attribute/tattr-m31-15.c scan-assembler fn:fn_att_0_1 bc2
FAIL: gcc.target/s390/target-attribute/tattr-m31-15.c scan-assembler fn:fn_att_0_1 hd1
FAIL: gcc.target/s390/target-attribute/tattr-m31-15.c scan-assembler fn:fn_att_0_1 hf1
FAIL: gcc.target/s390/target-attribute/tattr-m31-15.c scan-assembler fn:fn_att_0_1 ht1
FAIL: gcc.target/s390/target-attribute/tattr-m31-15.c scan-assembler fn:fn_att_0_1 mv0
FAIL: gcc.target/s390/target-attribute/tattr-m31-15.c scan-assembler fn:fn_att_0_1 ps1
FAIL: gcc.target/s390/target-attribute/tattr-m31-15.c scan-assembler fn:fn_att_0_1 se0
FAIL: gcc.target/s390/target-attribute/tattr-m31-15.c scan-assembler fn:fn_att_0_1 sg0
FAIL: gcc.target/s390/target-attribute/tattr-m31-15.c scan-assembler fn:fn_att_0_1 ss4096
FAIL: gcc.target/s390/target-attribute/tattr-m31-15.c scan-assembler fn:fn_att_0_1 tu4
FAIL: gcc.target/s390/target-attribute/tattr-m31-15.c scan-assembler fn:fn_att_0_1 vx1
FAIL: gcc.target/s390/target-attribute/tattr-m31-15.c scan-assembler fn:fn_att_0_1 wd1
FAIL: gcc.target/s390/target-attribute/tattr-m31-15.c scan-assembler fn:fn_att_0_1 wf0
FAIL: gcc.target/s390/target-attribute/tattr-m31-15.c scan-assembler fn:fn_att_0_1 zv1
FAIL: gcc.target/s390/target-attribute/tattr-m31-15.c scan-assembler fn:fn_att_1 ar7
FAIL: gcc.target/s390/target-attribute/tattr-m31-15.c scan-assembler fn:fn_att_1 ba0
FAIL: gcc.target/s390/target-attribute/tattr-m31-15.c scan-assembler fn:fn_att_1 bc2
FAIL: gcc.target/s390/target-attribute/tattr-m31-15.c scan-assembler fn:fn_att_1 hd1
FAIL: gcc.target/s390/target-attribute/tattr-m31-15.c scan-assembler fn:fn_att_1 hf1
FAIL: gcc.target/s390/target-attribute/tattr-m31-15.c scan-assembler fn:fn_att_1 ht1
FAIL: gcc.target/s390/target-attribute/tattr-m31-15.c scan-assembler fn:fn_att_1 mv0
FAIL: gcc.target/s390/target-attribute/tattr-m31-15.c scan-assembler fn:fn_att_1 ps1
FAIL: gcc.target/s390/target-attribute/tattr-m31-15.c scan-assembler fn:fn_att_1 se0
FAIL: gcc.target/s390/target-attribute/tattr-m31-15.c scan-assembler fn:fn_att_1 sg0
FAIL: gcc.target/s390/target-attribute/tattr-m31-15.c scan-assembler fn:fn_att_1 ss4096
FAIL: gcc.target/s390/target-attribute/tattr-m31-15.c scan-assembler fn:fn_att_1 tu4
FAIL: gcc.target/s390/target-attribute/tattr-m31-15.c scan-assembler fn:fn_att_1 vx1
FAIL: gcc.target/s390/target-attribute/tattr-m31-15.c scan-assembler fn:fn_att_1 wd1
FAIL: gcc.target/s390/target-attribute/tattr-m31-15.c scan-assembler fn:fn_att_1 wf0
FAIL: gcc.target/s390/target-attribute/tattr-m31-15.c scan-assembler fn:fn_att_1 zv1
FAIL: gcc.target/s390/target-attribute/tattr-m31-15.c scan-assembler fn:fn_att_1_0 ar7
FAIL: gcc.target/s390/target-attribute/tattr-m31-15.c scan-assembler fn:fn_att_1_0 ba0
FAIL: gcc.target/s390/target-attribute/tattr-m31-15.c scan-assembler fn:fn_att_1_0 bc2
FAIL: gcc.target/s390/target-attribute/tattr-m31-15.c scan-assembler fn:fn_att_1_0 hd0
FAIL: gcc.target/s390/target-attribute/tattr-m31-15.c scan-assembler fn:fn_att_1_0 hf1
FAIL: gcc.target/s390/target-attribute/tattr-m31-15.c scan-assembler fn:fn_att_1_0 ht1
FAIL: gcc.target/s390/target-attribute/tattr-m31-15.c scan-assembler fn:fn_att_1_0 mv0
FAIL: gcc.target/s390/target-attribute/tattr-m31-15.c scan-assembler fn:fn_att_1_0 ps1
FAIL: gcc.target/s390/target-attribute/tattr-m31-15.c scan-assembler fn:fn_att_1_0 se0
FAIL: gcc.target/s390/target-attribute/tattr-m31-15.c scan-assembler fn:fn_att_1_0 sg0
FAIL: gcc.target/s390/target-attribute/tattr-m31-15.c scan-assembler fn:fn_att_1_0 ss4096
FAIL: gcc.target/s390/target-attribute/tattr-m31-15.c scan-assembler fn:fn_att_1_0 tu4
FAIL: gcc.target/s390/target-attribute/tattr-m31-15.c scan-assembler fn:fn_att_1_0 vx1
FAIL: gcc.target/s390/target-attribute/tattr-m31-15.c scan-assembler fn:fn_att_1_0 wd1
FAIL: gcc.target/s390/target-attribute/tattr-m31-15.c scan-assembler fn:fn_att_1_0 wf0
FAIL: gcc.target/s390/target-attribute/tattr-m31-15.c scan-assembler fn:fn_att_1_0 zv1
FAIL: gcc.target/s390/target-attribute/tattr-m31-15.c scan-assembler fn:fn_default_end ar7
FAIL: gcc.target/s390/target-attribute/tattr-m31-15.c scan-assembler fn:fn_default_end ba0
FAIL: gcc.target/s390/target-attribute/tattr-m31-15.c scan-assembler fn:fn_default_end bc2
FAIL: gcc.target/s390/target-attribute/tattr-m31-15.c scan-assembler fn:fn_default_end hd1
FAIL: gcc.target/s390/target-attribute/tattr-m31-15.c scan-assembler fn:fn_default_end hf1
FAIL: gcc.target/s390/target-attribute/tattr-m31-15.c scan-assembler fn:fn_default_end ht1
FAIL: gcc.target/s390/target-attribute/tattr-m31-15.c scan-assembler fn:fn_default_end mv0
FAIL: gcc.target/s390/target-attribute/tattr-m31-15.c scan-assembler fn:fn_default_end ps1
FAIL: gcc.target/s390/target-attribute/tattr-m31-15.c scan-assembler fn:fn_default_end se0
FAIL: gcc.target/s390/target-attribute/tattr-m31-15.c scan-assembler fn:fn_default_end sg0
FAIL: gcc.target/s390/target-attribute/tattr-m31-15.c scan-assembler fn:fn_default_end ss4096
FAIL: gcc.target/s390/target-attribute/tattr-m31-15.c scan-assembler fn:fn_default_end tu4
FAIL: gcc.target/s390/target-attribute/tattr-m31-15.c scan-assembler fn:fn_default_end vx1
FAIL: gcc.target/s390/target-attribute/tattr-m31-15.c scan-assembler fn:fn_default_end wd1
FAIL: gcc.target/s390/target-attribute/tattr-m31-15.c scan-assembler fn:fn_default_end wf0
FAIL: gcc.target/s390/target-attribute/tattr-m31-15.c scan-assembler fn:fn_default_end zv1
FAIL: gcc.target/s390/target-attribute/tattr-m31-15.c scan-assembler fn:fn_default_start ar7
FAIL: gcc.target/s390/target-attribute/tattr-m31-15.c scan-assembler fn:fn_default_start ba0
FAIL: gcc.target/s390/target-attribute/tattr-m31-15.c scan-assembler fn:fn_default_start bc2
FAIL: gcc.target/s390/target-attribute/tattr-m31-15.c scan-assembler fn:fn_default_start hd1
FAIL: gcc.target/s390/target-attribute/tattr-m31-15.c scan-assembler fn:fn_default_start hf1
FAIL: gcc.target/s390/target-attribute/tattr-m31-15.c scan-assembler fn:fn_default_start ht1
FAIL: gcc.target/s390/target-attribute/tattr-m31-15.c scan-assembler fn:fn_default_start mv0
FAIL: gcc.target/s390/target-attribute/tattr-m31-15.c scan-assembler fn:fn_default_start ps1
FAIL: gcc.target/s390/target-attribute/tattr-m31-15.c scan-assembler fn:fn_default_start se0
FAIL: gcc.target/s390/target-attribute/tattr-m31-15.c scan-assembler fn:fn_default_start sg0
FAIL: gcc.target/s390/target-attribute/tattr-m31-15.c scan-assembler fn:fn_default_start ss4096
FAIL: gcc.target/s390/target-attribute/tattr-m31-15.c scan-assembler fn:fn_default_start tu4
FAIL: gcc.target/s390/target-attribute/tattr-m31-15.c scan-assembler fn:fn_default_start vx1
FAIL: gcc.target/s390/target-attribute/tattr-m31-15.c scan-assembler fn:fn_default_start wd1
FAIL: gcc.target/s390/target-attribute/tattr-m31-15.c scan-assembler fn:fn_default_start wf0
FAIL: gcc.target/s390/target-attribute/tattr-m31-15.c scan-assembler fn:fn_default_start zv1
FAIL: gcc.target/s390/target-attribute/tattr-m31-15.c scan-assembler fn:fn_pragma_0 ar7
FAIL: gcc.target/s390/target-attribute/tattr-m31-15.c scan-assembler fn:fn_pragma_0 ba0
FAIL: gcc.target/s390/target-attribute/tattr-m31-15.c scan-assembler fn:fn_pragma_0 bc2
FAIL: gcc.target/s390/target-attribute/tattr-m31-15.c scan-assembler fn:fn_pragma_0 hd0
FAIL: gcc.target/s390/target-attribute/tattr-m31-15.c scan-assembler fn:fn_pragma_0 hf1
FAIL: gcc.target/s390/target-attribute/tattr-m31-15.c scan-assembler fn:fn_pragma_0 ht1
FAIL: gcc.target/s390/target-attribute/tattr-m31-15.c scan-assembler fn:fn_pragma_0 mv0
FAIL: gcc.target/s390/target-attribute/tattr-m31-15.c scan-assembler fn:fn_pragma_0 ps1
FAIL: gcc.target/s390/target-attribute/tattr-m31-15.c scan-assembler fn:fn_pragma_0 se0
FAIL: gcc.target/s390/target-attribute/tattr-m31-15.c scan-assembler fn:fn_pragma_0 sg0
FAIL: gcc.target/s390/target-attribute/tattr-m31-15.c scan-assembler fn:fn_pragma_0 ss4096
FAIL: gcc.target/s390/target-attribute/tattr-m31-15.c scan-assembler fn:fn_pragma_0 tu4
FAIL: gcc.target/s390/target-attribute/tattr-m31-15.c scan-assembler fn:fn_pragma_0 vx1
FAIL: gcc.target/s390/target-attribute/tattr-m31-15.c scan-assembler fn:fn_pragma_0 wd1
FAIL: gcc.target/s390/target-attribute/tattr-m31-15.c scan-assembler fn:fn_pragma_0 wf0
FAIL: gcc.target/s390/target-attribute/tattr-m31-15.c scan-assembler fn:fn_pragma_0 zv1
FAIL: gcc.target/s390/target-attribute/tattr-m31-15.c scan-assembler fn:fn_pragma_0_1 ar7
FAIL: gcc.target/s390/target-attribute/tattr-m31-15.c scan-assembler fn:fn_pragma_0_1 ba0
FAIL: gcc.target/s390/target-attribute/tattr-m31-15.c scan-assembler fn:fn_pragma_0_1 bc2
FAIL: gcc.target/s390/target-attribute/tattr-m31-15.c scan-assembler fn:fn_pragma_0_1 hd1
FAIL: gcc.target/s390/target-attribute/tattr-m31-15.c scan-assembler fn:fn_pragma_0_1 hf1
FAIL: gcc.target/s390/target-attribute/tattr-m31-15.c scan-assembler fn:fn_pragma_0_1 ht1
FAIL: gcc.target/s390/target-attribute/tattr-m31-15.c scan-assembler fn:fn_pragma_0_1 mv0
FAIL: gcc.target/s390/target-attribute/tattr-m31-15.c scan-assembler fn:fn_pragma_0_1 ps1
FAIL: gcc.target/s390/target-attribute/tattr-m31-15.c scan-assembler fn:fn_pragma_0_1 se0
FAIL: gcc.target/s390/target-attribute/tattr-m31-15.c scan-assembler fn:fn_pragma_0_1 sg0
FAIL: gcc.target/s390/target-attribute/tattr-m31-15.c scan-assembler fn:fn_pragma_0_1 ss4096
FAIL: gcc.target/s390/target-attribute/tattr-m31-15.c scan-assembler fn:fn_pragma_0_1 tu4
FAIL: gcc.target/s390/target-attribute/tattr-m31-15.c scan-assembler fn:fn_pragma_0_1 vx1
FAIL: gcc.target/s390/target-attribute/tattr-m31-15.c scan-assembler fn:fn_pragma_0_1 wd1
FAIL: gcc.target/s390/target-attribute/tattr-m31-15.c scan-assembler fn:fn_pragma_0_1 wf0
FAIL: gcc.target/s390/target-attribute/tattr-m31-15.c scan-assembler fn:fn_pragma_0_1 zv1
FAIL: gcc.target/s390/target-attribute/tattr-m31-15.c scan-assembler fn:fn_pragma_0_att_0 ar7
FAIL: gcc.target/s390/target-attribute/tattr-m31-15.c scan-assembler fn:fn_pragma_0_att_0 ba0
FAIL: gcc.target/s390/target-attribute/tattr-m31-15.c scan-assembler fn:fn_pragma_0_att_0 bc2
FAIL: gcc.target/s390/target-attribute/tattr-m31-15.c scan-assembler fn:fn_pragma_0_att_0 hd0
FAIL: gcc.target/s390/target-attribute/tattr-m31-15.c scan-assembler fn:fn_pragma_0_att_0 hf1
FAIL: gcc.target/s390/target-attribute/tattr-m31-15.c scan-assembler fn:fn_pragma_0_att_0 ht1
FAIL: gcc.target/s390/target-attribute/tattr-m31-15.c scan-assembler fn:fn_pragma_0_att_0 mv0
FAIL: gcc.target/s390/target-attribute/tattr-m31-15.c scan-assembler fn:fn_pragma_0_att_0 ps1
FAIL: gcc.target/s390/target-attribute/tattr-m31-15.c scan-assembler fn:fn_pragma_0_att_0 se0
FAIL: gcc.target/s390/target-attribute/tattr-m31-15.c scan-assembler fn:fn_pragma_0_att_0 sg0
FAIL: gcc.target/s390/target-attribute/tattr-m31-15.c scan-assembler fn:fn_pragma_0_att_0 ss4096
FAIL: gcc.target/s390/target-attribute/tattr-m31-15.c scan-assembler fn:fn_pragma_0_att_0 tu4
FAIL: gcc.target/s390/target-attribute/tattr-m31-15.c scan-assembler fn:fn_pragma_0_att_0 vx1
FAIL: gcc.target/s390/target-attribute/tattr-m31-15.c scan-assembler fn:fn_pragma_0_att_0 wd1
FAIL: gcc.target/s390/target-attribute/tattr-m31-15.c scan-assembler fn:fn_pragma_0_att_0 wf0
FAIL: gcc.target/s390/target-attribute/tattr-m31-15.c scan-assembler fn:fn_pragma_0_att_0 zv1
FAIL: gcc.target/s390/target-attribute/tattr-m31-15.c scan-assembler fn:fn_pragma_0_att_1 ar7
FAIL: gcc.target/s390/target-attribute/tattr-m31-15.c scan-assembler fn:fn_pragma_0_att_1 ba0
FAIL: gcc.target/s390/target-attribute/tattr-m31-15.c scan-assembler fn:fn_pragma_0_att_1 bc2
FAIL: gcc.target/s390/target-attribute/tattr-m31-15.c scan-assembler fn:fn_pragma_0_att_1 hd1
FAIL: gcc.target/s390/target-attribute/tattr-m31-15.c scan-assembler fn:fn_pragma_0_att_1 hf1
FAIL: gcc.target/s390/target-attribute/tattr-m31-15.c scan-assembler fn:fn_pragma_0_att_1 ht1
FAIL: gcc.target/s390/target-attribute/tattr-m31-15.c scan-assembler fn:fn_pragma_0_att_1 mv0
FAIL: gcc.target/s390/target-attribute/tattr-m31-15.c scan-assembler fn:fn_pragma_0_att_1 ps1
FAIL: gcc.target/s390/target-attribute/tattr-m31-15.c scan-assembler fn:fn_pragma_0_att_1 se0
FAIL: gcc.target/s390/target-attribute/tattr-m31-15.c scan-assembler fn:fn_pragma_0_att_1 sg0
FAIL: gcc.target/s390/target-attribute/tattr-m31-15.c scan-assembler fn:fn_pragma_0_att_1 ss4096
FAIL: gcc.target/s390/target-attribute/tattr-m31-15.c scan-assembler fn:fn_pragma_0_att_1 tu4
FAIL: gcc.target/s390/target-attribute/tattr-m31-15.c scan-assembler fn:fn_pragma_0_att_1 vx1
FAIL: gcc.target/s390/target-attribute/tattr-m31-15.c scan-assembler fn:fn_pragma_0_att_1 wd1
FAIL: gcc.target/s390/target-attribute/tattr-m31-15.c scan-assembler fn:fn_pragma_0_att_1 wf0
FAIL: gcc.target/s390/target-attribute/tattr-m31-15.c scan-assembler fn:fn_pragma_0_att_1 zv1
FAIL: gcc.target/s390/target-attribute/tattr-m31-15.c scan-assembler fn:fn_pragma_0_default ar7
FAIL: gcc.target/s390/target-attribute/tattr-m31-15.c scan-assembler fn:fn_pragma_0_default ba0
FAIL: gcc.target/s390/target-attribute/tattr-m31-15.c scan-assembler fn:fn_pragma_0_default bc2
FAIL: gcc.target/s390/target-attribute/tattr-m31-15.c scan-assembler fn:fn_pragma_0_default hd1
FAIL: gcc.target/s390/target-attribute/tattr-m31-15.c scan-assembler fn:fn_pragma_0_default hf1
FAIL: gcc.target/s390/target-attribute/tattr-m31-15.c scan-assembler fn:fn_pragma_0_default ht1
FAIL: gcc.target/s390/target-attribute/tattr-m31-15.c scan-assembler fn:fn_pragma_0_default mv0
FAIL: gcc.target/s390/target-attribute/tattr-m31-15.c scan-assembler fn:fn_pragma_0_default ps1
FAIL: gcc.target/s390/target-attribute/tattr-m31-15.c scan-assembler fn:fn_pragma_0_default se0
FAIL: gcc.target/s390/target-attribute/tattr-m31-15.c scan-assembler fn:fn_pragma_0_default sg0
FAIL: gcc.target/s390/target-attribute/tattr-m31-15.c scan-assembler fn:fn_pragma_0_default ss4096
FAIL: gcc.target/s390/target-attribute/tattr-m31-15.c scan-assembler fn:fn_pragma_0_default tu4
FAIL: gcc.target/s390/target-attribute/tattr-m31-15.c scan-assembler fn:fn_pragma_0_default vx1
FAIL: gcc.target/s390/target-attribute/tattr-m31-15.c scan-assembler fn:fn_pragma_0_default wd1
FAIL: gcc.target/s390/target-attribute/tattr-m31-15.c scan-assembler fn:fn_pragma_0_default wf0
FAIL: gcc.target/s390/target-attribute/tattr-m31-15.c scan-assembler fn:fn_pragma_0_default zv1
FAIL: gcc.target/s390/target-attribute/tattr-m31-15.c scan-assembler fn:fn_pragma_1 ar7
FAIL: gcc.target/s390/target-attribute/tattr-m31-15.c scan-assembler fn:fn_pragma_1 ba0
FAIL: gcc.target/s390/target-attribute/tattr-m31-15.c scan-assembler fn:fn_pragma_1 bc2
FAIL: gcc.target/s390/target-attribute/tattr-m31-15.c scan-assembler fn:fn_pragma_1 hd1
FAIL: gcc.target/s390/target-attribute/tattr-m31-15.c scan-assembler fn:fn_pragma_1 hf1
FAIL: gcc.target/s390/target-attribute/tattr-m31-15.c scan-assembler fn:fn_pragma_1 ht1
FAIL: gcc.target/s390/target-attribute/tattr-m31-15.c scan-assembler fn:fn_pragma_1 mv0
FAIL: gcc.target/s390/target-attribute/tattr-m31-15.c scan-assembler fn:fn_pragma_1 ps1
FAIL: gcc.target/s390/target-attribute/tattr-m31-15.c scan-assembler fn:fn_pragma_1 se0
FAIL: gcc.target/s390/target-attribute/tattr-m31-15.c scan-assembler fn:fn_pragma_1 sg0
FAIL: gcc.target/s390/target-attribute/tattr-m31-15.c scan-assembler fn:fn_pragma_1 ss4096
FAIL: gcc.target/s390/target-attribute/tattr-m31-15.c scan-assembler fn:fn_pragma_1 tu4
FAIL: gcc.target/s390/target-attribute/tattr-m31-15.c scan-assembler fn:fn_pragma_1 vx1
FAIL: gcc.target/s390/target-attribute/tattr-m31-15.c scan-assembler fn:fn_pragma_1 wd1
FAIL: gcc.target/s390/target-attribute/tattr-m31-15.c scan-assembler fn:fn_pragma_1 wf0
FAIL: gcc.target/s390/target-attribute/tattr-m31-15.c scan-assembler fn:fn_pragma_1 zv1
FAIL: gcc.target/s390/target-attribute/tattr-m31-15.c scan-assembler fn:fn_pragma_1_0 ar7
FAIL: gcc.target/s390/target-attribute/tattr-m31-15.c scan-assembler fn:fn_pragma_1_0 ba0
FAIL: gcc.target/s390/target-attribute/tattr-m31-15.c scan-assembler fn:fn_pragma_1_0 bc2
FAIL: gcc.target/s390/target-attribute/tattr-m31-15.c scan-assembler fn:fn_pragma_1_0 hd0
FAIL: gcc.target/s390/target-attribute/tattr-m31-15.c scan-assembler fn:fn_pragma_1_0 hf1
FAIL: gcc.target/s390/target-attribute/tattr-m31-15.c scan-assembler fn:fn_pragma_1_0 ht1
FAIL: gcc.target/s390/target-attribute/tattr-m31-15.c scan-assembler fn:fn_pragma_1_0 mv0
FAIL: gcc.target/s390/target-attribute/tattr-m31-15.c scan-assembler fn:fn_pragma_1_0 ps1
FAIL: gcc.target/s390/target-attribute/tattr-m31-15.c scan-assembler fn:fn_pragma_1_0 se0
FAIL: gcc.target/s390/target-attribute/tattr-m31-15.c scan-assembler fn:fn_pragma_1_0 sg0
FAIL: gcc.target/s390/target-attribute/tattr-m31-15.c scan-assembler fn:fn_pragma_1_0 ss4096
FAIL: gcc.target/s390/target-attribute/tattr-m31-15.c scan-assembler fn:fn_pragma_1_0 tu4
FAIL: gcc.target/s390/target-attribute/tattr-m31-15.c scan-assembler fn:fn_pragma_1_0 vx1
FAIL: gcc.target/s390/target-attribute/tattr-m31-15.c scan-assembler fn:fn_pragma_1_0 wd1
FAIL: gcc.target/s390/target-attribute/tattr-m31-15.c scan-assembler fn:fn_pragma_1_0 wf0
FAIL: gcc.target/s390/target-attribute/tattr-m31-15.c scan-assembler fn:fn_pragma_1_0 zv1
FAIL: gcc.target/s390/target-attribute/tattr-m31-15.c scan-assembler fn:fn_pragma_1_att_0 ar7
FAIL: gcc.target/s390/target-attribute/tattr-m31-15.c scan-assembler fn:fn_pragma_1_att_0 ba0
FAIL: gcc.target/s390/target-attribute/tattr-m31-15.c scan-assembler fn:fn_pragma_1_att_0 bc2
FAIL: gcc.target/s390/target-attribute/tattr-m31-15.c scan-assembler fn:fn_pragma_1_att_0 hd0
FAIL: gcc.target/s390/target-attribute/tattr-m31-15.c scan-assembler fn:fn_pragma_1_att_0 hf1
FAIL: gcc.target/s390/target-attribute/tattr-m31-15.c scan-assembler fn:fn_pragma_1_att_0 ht1
FAIL: gcc.target/s390/target-attribute/tattr-m31-15.c scan-assembler fn:fn_pragma_1_att_0 mv0
FAIL: gcc.target/s390/target-attribute/tattr-m31-15.c scan-assembler fn:fn_pragma_1_att_0 ps1
FAIL: gcc.target/s390/target-attribute/tattr-m31-15.c scan-assembler fn:fn_pragma_1_att_0 se0
FAIL: gcc.target/s390/target-attribute/tattr-m31-15.c scan-assembler fn:fn_pragma_1_att_0 sg0
FAIL: gcc.target/s390/target-attribute/tattr-m31-15.c scan-assembler fn:fn_pragma_1_att_0 ss4096
FAIL: gcc.target/s390/target-attribute/tattr-m31-15.c scan-assembler fn:fn_pragma_1_att_0 tu4
FAIL: gcc.target/s390/target-attribute/tattr-m31-15.c scan-assembler fn:fn_pragma_1_att_0 vx1
FAIL: gcc.target/s390/target-attribute/tattr-m31-15.c scan-assembler fn:fn_pragma_1_att_0 wd1
FAIL: gcc.target/s390/target-attribute/tattr-m31-15.c scan-assembler fn:fn_pragma_1_att_0 wf0
FAIL: gcc.target/s390/target-attribute/tattr-m31-15.c scan-assembler fn:fn_pragma_1_att_0 zv1
FAIL: gcc.target/s390/target-attribute/tattr-m31-15.c scan-assembler fn:fn_pragma_1_att_1 ar7
FAIL: gcc.target/s390/target-attribute/tattr-m31-15.c scan-assembler fn:fn_pragma_1_att_1 ba0
FAIL: gcc.target/s390/target-attribute/tattr-m31-15.c scan-assembler fn:fn_pragma_1_att_1 bc2
FAIL: gcc.target/s390/target-attribute/tattr-m31-15.c scan-assembler fn:fn_pragma_1_att_1 hd1
FAIL: gcc.target/s390/target-attribute/tattr-m31-15.c scan-assembler fn:fn_pragma_1_att_1 hf1
FAIL: gcc.target/s390/target-attribute/tattr-m31-15.c scan-assembler fn:fn_pragma_1_att_1 ht1
FAIL: gcc.target/s390/target-attribute/tattr-m31-15.c scan-assembler fn:fn_pragma_1_att_1 mv0
FAIL: gcc.target/s390/target-attribute/tattr-m31-15.c scan-assembler fn:fn_pragma_1_att_1 ps1
FAIL: gcc.target/s390/target-attribute/tattr-m31-15.c scan-assembler fn:fn_pragma_1_att_1 se0
FAIL: gcc.target/s390/target-attribute/tattr-m31-15.c scan-assembler fn:fn_pragma_1_att_1 sg0
FAIL: gcc.target/s390/target-attribute/tattr-m31-15.c scan-assembler fn:fn_pragma_1_att_1 ss4096
FAIL: gcc.target/s390/target-attribute/tattr-m31-15.c scan-assembler fn:fn_pragma_1_att_1 tu4
FAIL: gcc.target/s390/target-attribute/tattr-m31-15.c scan-assembler fn:fn_pragma_1_att_1 vx1
FAIL: gcc.target/s390/target-attribute/tattr-m31-15.c scan-assembler fn:fn_pragma_1_att_1 wd1
FAIL: gcc.target/s390/target-attribute/tattr-m31-15.c scan-assembler fn:fn_pragma_1_att_1 wf0
FAIL: gcc.target/s390/target-attribute/tattr-m31-15.c scan-assembler fn:fn_pragma_1_att_1 zv1
FAIL: gcc.target/s390/target-attribute/tattr-m31-15.c scan-assembler fn:fn_pragma_1_default ar7
FAIL: gcc.target/s390/target-attribute/tattr-m31-15.c scan-assembler fn:fn_pragma_1_default ba0
FAIL: gcc.target/s390/target-attribute/tattr-m31-15.c scan-assembler fn:fn_pragma_1_default bc2
FAIL: gcc.target/s390/target-attribute/tattr-m31-15.c scan-assembler fn:fn_pragma_1_default hd1
FAIL: gcc.target/s390/target-attribute/tattr-m31-15.c scan-assembler fn:fn_pragma_1_default hf1
FAIL: gcc.target/s390/target-attribute/tattr-m31-15.c scan-assembler fn:fn_pragma_1_default ht1
FAIL: gcc.target/s390/target-attribute/tattr-m31-15.c scan-assembler fn:fn_pragma_1_default mv0
FAIL: gcc.target/s390/target-attribute/tattr-m31-15.c scan-assembler fn:fn_pragma_1_default ps1
FAIL: gcc.target/s390/target-attribute/tattr-m31-15.c scan-assembler fn:fn_pragma_1_default se0
FAIL: gcc.target/s390/target-attribute/tattr-m31-15.c scan-assembler fn:fn_pragma_1_default sg0
FAIL: gcc.target/s390/target-attribute/tattr-m31-15.c scan-assembler fn:fn_pragma_1_default ss4096
FAIL: gcc.target/s390/target-attribute/tattr-m31-15.c scan-assembler fn:fn_pragma_1_default tu4
FAIL: gcc.target/s390/target-attribute/tattr-m31-15.c scan-assembler fn:fn_pragma_1_default vx1
FAIL: gcc.target/s390/target-attribute/tattr-m31-15.c scan-assembler fn:fn_pragma_1_default wd1
FAIL: gcc.target/s390/target-attribute/tattr-m31-15.c scan-assembler fn:fn_pragma_1_default wf0
FAIL: gcc.target/s390/target-attribute/tattr-m31-15.c scan-assembler fn:fn_pragma_1_default zv1
FAIL: gcc.target/s390/target-attribute/tattr-m31-16.c (test for excess errors)
FAIL: gcc.target/s390/target-attribute/tattr-m31-16.c scan-assembler fn:fn_att_0 ar4
FAIL: gcc.target/s390/target-attribute/tattr-m31-16.c scan-assembler fn:fn_att_0 ba1
FAIL: gcc.target/s390/target-attribute/tattr-m31-16.c scan-assembler fn:fn_att_0 bc1
FAIL: gcc.target/s390/target-attribute/tattr-m31-16.c scan-assembler fn:fn_att_0 hd0
FAIL: gcc.target/s390/target-attribute/tattr-m31-16.c scan-assembler fn:fn_att_0 hf1
FAIL: gcc.target/s390/target-attribute/tattr-m31-16.c scan-assembler fn:fn_att_0 ht0
FAIL: gcc.target/s390/target-attribute/tattr-m31-16.c scan-assembler fn:fn_att_0 mv1
FAIL: gcc.target/s390/target-attribute/tattr-m31-16.c scan-assembler fn:fn_att_0 ps0
FAIL: gcc.target/s390/target-attribute/tattr-m31-16.c scan-assembler fn:fn_att_0 se1
FAIL: gcc.target/s390/target-attribute/tattr-m31-16.c scan-assembler fn:fn_att_0 sg16
FAIL: gcc.target/s390/target-attribute/tattr-m31-16.c scan-assembler fn:fn_att_0 ss2048
FAIL: gcc.target/s390/target-attribute/tattr-m31-16.c scan-assembler fn:fn_att_0 tu7
FAIL: gcc.target/s390/target-attribute/tattr-m31-16.c scan-assembler fn:fn_att_0 vx0
FAIL: gcc.target/s390/target-attribute/tattr-m31-16.c scan-assembler fn:fn_att_0 wd0
FAIL: gcc.target/s390/target-attribute/tattr-m31-16.c scan-assembler fn:fn_att_0 wf512
FAIL: gcc.target/s390/target-attribute/tattr-m31-16.c scan-assembler fn:fn_att_0 zv0
FAIL: gcc.target/s390/target-attribute/tattr-m31-16.c scan-assembler fn:fn_att_0_1 ar4
FAIL: gcc.target/s390/target-attribute/tattr-m31-16.c scan-assembler fn:fn_att_0_1 ba1
FAIL: gcc.target/s390/target-attribute/tattr-m31-16.c scan-assembler fn:fn_att_0_1 bc1
FAIL: gcc.target/s390/target-attribute/tattr-m31-16.c scan-assembler fn:fn_att_0_1 hd1
FAIL: gcc.target/s390/target-attribute/tattr-m31-16.c scan-assembler fn:fn_att_0_1 hf1
FAIL: gcc.target/s390/target-attribute/tattr-m31-16.c scan-assembler fn:fn_att_0_1 ht0
FAIL: gcc.target/s390/target-attribute/tattr-m31-16.c scan-assembler fn:fn_att_0_1 mv1
FAIL: gcc.target/s390/target-attribute/tattr-m31-16.c scan-assembler fn:fn_att_0_1 ps0
FAIL: gcc.target/s390/target-attribute/tattr-m31-16.c scan-assembler fn:fn_att_0_1 se1
FAIL: gcc.target/s390/target-attribute/tattr-m31-16.c scan-assembler fn:fn_att_0_1 sg16
FAIL: gcc.target/s390/target-attribute/tattr-m31-16.c scan-assembler fn:fn_att_0_1 ss2048
FAIL: gcc.target/s390/target-attribute/tattr-m31-16.c scan-assembler fn:fn_att_0_1 tu7
FAIL: gcc.target/s390/target-attribute/tattr-m31-16.c scan-assembler fn:fn_att_0_1 vx0
FAIL: gcc.target/s390/target-attribute/tattr-m31-16.c scan-assembler fn:fn_att_0_1 wd0
FAIL: gcc.target/s390/target-attribute/tattr-m31-16.c scan-assembler fn:fn_att_0_1 wf512
FAIL: gcc.target/s390/target-attribute/tattr-m31-16.c scan-assembler fn:fn_att_0_1 zv0
FAIL: gcc.target/s390/target-attribute/tattr-m31-16.c scan-assembler fn:fn_att_1 ar4
FAIL: gcc.target/s390/target-attribute/tattr-m31-16.c scan-assembler fn:fn_att_1 ba1
FAIL: gcc.target/s390/target-attribute/tattr-m31-16.c scan-assembler fn:fn_att_1 bc1
FAIL: gcc.target/s390/target-attribute/tattr-m31-16.c scan-assembler fn:fn_att_1 hd1
FAIL: gcc.target/s390/target-attribute/tattr-m31-16.c scan-assembler fn:fn_att_1 hf1
FAIL: gcc.target/s390/target-attribute/tattr-m31-16.c scan-assembler fn:fn_att_1 ht0
FAIL: gcc.target/s390/target-attribute/tattr-m31-16.c scan-assembler fn:fn_att_1 mv1
FAIL: gcc.target/s390/target-attribute/tattr-m31-16.c scan-assembler fn:fn_att_1 ps0
FAIL: gcc.target/s390/target-attribute/tattr-m31-16.c scan-assembler fn:fn_att_1 se1
FAIL: gcc.target/s390/target-attribute/tattr-m31-16.c scan-assembler fn:fn_att_1 sg16
FAIL: gcc.target/s390/target-attribute/tattr-m31-16.c scan-assembler fn:fn_att_1 ss2048
FAIL: gcc.target/s390/target-attribute/tattr-m31-16.c scan-assembler fn:fn_att_1 tu7
FAIL: gcc.target/s390/target-attribute/tattr-m31-16.c scan-assembler fn:fn_att_1 vx0
FAIL: gcc.target/s390/target-attribute/tattr-m31-16.c scan-assembler fn:fn_att_1 wd0
FAIL: gcc.target/s390/target-attribute/tattr-m31-16.c scan-assembler fn:fn_att_1 wf512
FAIL: gcc.target/s390/target-attribute/tattr-m31-16.c scan-assembler fn:fn_att_1 zv0
FAIL: gcc.target/s390/target-attribute/tattr-m31-16.c scan-assembler fn:fn_att_1_0 ar4
FAIL: gcc.target/s390/target-attribute/tattr-m31-16.c scan-assembler fn:fn_att_1_0 ba1
FAIL: gcc.target/s390/target-attribute/tattr-m31-16.c scan-assembler fn:fn_att_1_0 bc1
FAIL: gcc.target/s390/target-attribute/tattr-m31-16.c scan-assembler fn:fn_att_1_0 hd0
FAIL: gcc.target/s390/target-attribute/tattr-m31-16.c scan-assembler fn:fn_att_1_0 hf1
FAIL: gcc.target/s390/target-attribute/tattr-m31-16.c scan-assembler fn:fn_att_1_0 ht0
FAIL: gcc.target/s390/target-attribute/tattr-m31-16.c scan-assembler fn:fn_att_1_0 mv1
FAIL: gcc.target/s390/target-attribute/tattr-m31-16.c scan-assembler fn:fn_att_1_0 ps0
FAIL: gcc.target/s390/target-attribute/tattr-m31-16.c scan-assembler fn:fn_att_1_0 se1
FAIL: gcc.target/s390/target-attribute/tattr-m31-16.c scan-assembler fn:fn_att_1_0 sg16
FAIL: gcc.target/s390/target-attribute/tattr-m31-16.c scan-assembler fn:fn_att_1_0 ss2048
FAIL: gcc.target/s390/target-attribute/tattr-m31-16.c scan-assembler fn:fn_att_1_0 tu7
FAIL: gcc.target/s390/target-attribute/tattr-m31-16.c scan-assembler fn:fn_att_1_0 vx0
FAIL: gcc.target/s390/target-attribute/tattr-m31-16.c scan-assembler fn:fn_att_1_0 wd0
FAIL: gcc.target/s390/target-attribute/tattr-m31-16.c scan-assembler fn:fn_att_1_0 wf512
FAIL: gcc.target/s390/target-attribute/tattr-m31-16.c scan-assembler fn:fn_att_1_0 zv0
FAIL: gcc.target/s390/target-attribute/tattr-m31-16.c scan-assembler fn:fn_default_end ar4
FAIL: gcc.target/s390/target-attribute/tattr-m31-16.c scan-assembler fn:fn_default_end ba1
FAIL: gcc.target/s390/target-attribute/tattr-m31-16.c scan-assembler fn:fn_default_end bc1
FAIL: gcc.target/s390/target-attribute/tattr-m31-16.c scan-assembler fn:fn_default_end hd0
FAIL: gcc.target/s390/target-attribute/tattr-m31-16.c scan-assembler fn:fn_default_end hf1
FAIL: gcc.target/s390/target-attribute/tattr-m31-16.c scan-assembler fn:fn_default_end ht0
FAIL: gcc.target/s390/target-attribute/tattr-m31-16.c scan-assembler fn:fn_default_end mv1
FAIL: gcc.target/s390/target-attribute/tattr-m31-16.c scan-assembler fn:fn_default_end ps0
FAIL: gcc.target/s390/target-attribute/tattr-m31-16.c scan-assembler fn:fn_default_end se1
FAIL: gcc.target/s390/target-attribute/tattr-m31-16.c scan-assembler fn:fn_default_end sg16
FAIL: gcc.target/s390/target-attribute/tattr-m31-16.c scan-assembler fn:fn_default_end ss2048
FAIL: gcc.target/s390/target-attribute/tattr-m31-16.c scan-assembler fn:fn_default_end tu7
FAIL: gcc.target/s390/target-attribute/tattr-m31-16.c scan-assembler fn:fn_default_end vx0
FAIL: gcc.target/s390/target-attribute/tattr-m31-16.c scan-assembler fn:fn_default_end wd0
FAIL: gcc.target/s390/target-attribute/tattr-m31-16.c scan-assembler fn:fn_default_end wf512
FAIL: gcc.target/s390/target-attribute/tattr-m31-16.c scan-assembler fn:fn_default_end zv0
FAIL: gcc.target/s390/target-attribute/tattr-m31-16.c scan-assembler fn:fn_default_start ar4
FAIL: gcc.target/s390/target-attribute/tattr-m31-16.c scan-assembler fn:fn_default_start ba1
FAIL: gcc.target/s390/target-attribute/tattr-m31-16.c scan-assembler fn:fn_default_start bc1
FAIL: gcc.target/s390/target-attribute/tattr-m31-16.c scan-assembler fn:fn_default_start hd0
FAIL: gcc.target/s390/target-attribute/tattr-m31-16.c scan-assembler fn:fn_default_start hf1
FAIL: gcc.target/s390/target-attribute/tattr-m31-16.c scan-assembler fn:fn_default_start ht0
FAIL: gcc.target/s390/target-attribute/tattr-m31-16.c scan-assembler fn:fn_default_start mv1
FAIL: gcc.target/s390/target-attribute/tattr-m31-16.c scan-assembler fn:fn_default_start ps0
FAIL: gcc.target/s390/target-attribute/tattr-m31-16.c scan-assembler fn:fn_default_start se1
FAIL: gcc.target/s390/target-attribute/tattr-m31-16.c scan-assembler fn:fn_default_start sg16
FAIL: gcc.target/s390/target-attribute/tattr-m31-16.c scan-assembler fn:fn_default_start ss2048
FAIL: gcc.target/s390/target-attribute/tattr-m31-16.c scan-assembler fn:fn_default_start tu7
FAIL: gcc.target/s390/target-attribute/tattr-m31-16.c scan-assembler fn:fn_default_start vx0
FAIL: gcc.target/s390/target-attribute/tattr-m31-16.c scan-assembler fn:fn_default_start wd0
FAIL: gcc.target/s390/target-attribute/tattr-m31-16.c scan-assembler fn:fn_default_start wf512
FAIL: gcc.target/s390/target-attribute/tattr-m31-16.c scan-assembler fn:fn_default_start zv0
FAIL: gcc.target/s390/target-attribute/tattr-m31-16.c scan-assembler fn:fn_pragma_0 ar4
FAIL: gcc.target/s390/target-attribute/tattr-m31-16.c scan-assembler fn:fn_pragma_0 ba1
FAIL: gcc.target/s390/target-attribute/tattr-m31-16.c scan-assembler fn:fn_pragma_0 bc1
FAIL: gcc.target/s390/target-attribute/tattr-m31-16.c scan-assembler fn:fn_pragma_0 hd0
FAIL: gcc.target/s390/target-attribute/tattr-m31-16.c scan-assembler fn:fn_pragma_0 hf1
FAIL: gcc.target/s390/target-attribute/tattr-m31-16.c scan-assembler fn:fn_pragma_0 ht0
FAIL: gcc.target/s390/target-attribute/tattr-m31-16.c scan-assembler fn:fn_pragma_0 mv1
FAIL: gcc.target/s390/target-attribute/tattr-m31-16.c scan-assembler fn:fn_pragma_0 ps0
FAIL: gcc.target/s390/target-attribute/tattr-m31-16.c scan-assembler fn:fn_pragma_0 se1
FAIL: gcc.target/s390/target-attribute/tattr-m31-16.c scan-assembler fn:fn_pragma_0 sg16
FAIL: gcc.target/s390/target-attribute/tattr-m31-16.c scan-assembler fn:fn_pragma_0 ss2048
FAIL: gcc.target/s390/target-attribute/tattr-m31-16.c scan-assembler fn:fn_pragma_0 tu7
FAIL: gcc.target/s390/target-attribute/tattr-m31-16.c scan-assembler fn:fn_pragma_0 vx0
FAIL: gcc.target/s390/target-attribute/tattr-m31-16.c scan-assembler fn:fn_pragma_0 wd0
FAIL: gcc.target/s390/target-attribute/tattr-m31-16.c scan-assembler fn:fn_pragma_0 wf512
FAIL: gcc.target/s390/target-attribute/tattr-m31-16.c scan-assembler fn:fn_pragma_0 zv0
FAIL: gcc.target/s390/target-attribute/tattr-m31-16.c scan-assembler fn:fn_pragma_0_1 ar4
FAIL: gcc.target/s390/target-attribute/tattr-m31-16.c scan-assembler fn:fn_pragma_0_1 ba1
FAIL: gcc.target/s390/target-attribute/tattr-m31-16.c scan-assembler fn:fn_pragma_0_1 bc1
FAIL: gcc.target/s390/target-attribute/tattr-m31-16.c scan-assembler fn:fn_pragma_0_1 hd1
FAIL: gcc.target/s390/target-attribute/tattr-m31-16.c scan-assembler fn:fn_pragma_0_1 hf1
FAIL: gcc.target/s390/target-attribute/tattr-m31-16.c scan-assembler fn:fn_pragma_0_1 ht0
FAIL: gcc.target/s390/target-attribute/tattr-m31-16.c scan-assembler fn:fn_pragma_0_1 mv1
FAIL: gcc.target/s390/target-attribute/tattr-m31-16.c scan-assembler fn:fn_pragma_0_1 ps0
FAIL: gcc.target/s390/target-attribute/tattr-m31-16.c scan-assembler fn:fn_pragma_0_1 se1
FAIL: gcc.target/s390/target-attribute/tattr-m31-16.c scan-assembler fn:fn_pragma_0_1 sg16
FAIL: gcc.target/s390/target-attribute/tattr-m31-16.c scan-assembler fn:fn_pragma_0_1 ss2048
FAIL: gcc.target/s390/target-attribute/tattr-m31-16.c scan-assembler fn:fn_pragma_0_1 tu7
FAIL: gcc.target/s390/target-attribute/tattr-m31-16.c scan-assembler fn:fn_pragma_0_1 vx0
FAIL: gcc.target/s390/target-attribute/tattr-m31-16.c scan-assembler fn:fn_pragma_0_1 wd0
FAIL: gcc.target/s390/target-attribute/tattr-m31-16.c scan-assembler fn:fn_pragma_0_1 wf512
FAIL: gcc.target/s390/target-attribute/tattr-m31-16.c scan-assembler fn:fn_pragma_0_1 zv0
FAIL: gcc.target/s390/target-attribute/tattr-m31-16.c scan-assembler fn:fn_pragma_0_att_0 ar4
FAIL: gcc.target/s390/target-attribute/tattr-m31-16.c scan-assembler fn:fn_pragma_0_att_0 ba1
FAIL: gcc.target/s390/target-attribute/tattr-m31-16.c scan-assembler fn:fn_pragma_0_att_0 bc1
FAIL: gcc.target/s390/target-attribute/tattr-m31-16.c scan-assembler fn:fn_pragma_0_att_0 hd0
FAIL: gcc.target/s390/target-attribute/tattr-m31-16.c scan-assembler fn:fn_pragma_0_att_0 hf1
FAIL: gcc.target/s390/target-attribute/tattr-m31-16.c scan-assembler fn:fn_pragma_0_att_0 ht0
FAIL: gcc.target/s390/target-attribute/tattr-m31-16.c scan-assembler fn:fn_pragma_0_att_0 mv1
FAIL: gcc.target/s390/target-attribute/tattr-m31-16.c scan-assembler fn:fn_pragma_0_att_0 ps0
FAIL: gcc.target/s390/target-attribute/tattr-m31-16.c scan-assembler fn:fn_pragma_0_att_0 se1
FAIL: gcc.target/s390/target-attribute/tattr-m31-16.c scan-assembler fn:fn_pragma_0_att_0 sg16
FAIL: gcc.target/s390/target-attribute/tattr-m31-16.c scan-assembler fn:fn_pragma_0_att_0 ss2048
FAIL: gcc.target/s390/target-attribute/tattr-m31-16.c scan-assembler fn:fn_pragma_0_att_0 tu7
FAIL: gcc.target/s390/target-attribute/tattr-m31-16.c scan-assembler fn:fn_pragma_0_att_0 vx0
FAIL: gcc.target/s390/target-attribute/tattr-m31-16.c scan-assembler fn:fn_pragma_0_att_0 wd0
FAIL: gcc.target/s390/target-attribute/tattr-m31-16.c scan-assembler fn:fn_pragma_0_att_0 wf512
FAIL: gcc.target/s390/target-attribute/tattr-m31-16.c scan-assembler fn:fn_pragma_0_att_0 zv0
FAIL: gcc.target/s390/target-attribute/tattr-m31-16.c scan-assembler fn:fn_pragma_0_att_1 ar4
FAIL: gcc.target/s390/target-attribute/tattr-m31-16.c scan-assembler fn:fn_pragma_0_att_1 ba1
FAIL: gcc.target/s390/target-attribute/tattr-m31-16.c scan-assembler fn:fn_pragma_0_att_1 bc1
FAIL: gcc.target/s390/target-attribute/tattr-m31-16.c scan-assembler fn:fn_pragma_0_att_1 hd1
FAIL: gcc.target/s390/target-attribute/tattr-m31-16.c scan-assembler fn:fn_pragma_0_att_1 hf1
FAIL: gcc.target/s390/target-attribute/tattr-m31-16.c scan-assembler fn:fn_pragma_0_att_1 ht0
FAIL: gcc.target/s390/target-attribute/tattr-m31-16.c scan-assembler fn:fn_pragma_0_att_1 mv1
FAIL: gcc.target/s390/target-attribute/tattr-m31-16.c scan-assembler fn:fn_pragma_0_att_1 ps0
FAIL: gcc.target/s390/target-attribute/tattr-m31-16.c scan-assembler fn:fn_pragma_0_att_1 se1
FAIL: gcc.target/s390/target-attribute/tattr-m31-16.c scan-assembler fn:fn_pragma_0_att_1 sg16
FAIL: gcc.target/s390/target-attribute/tattr-m31-16.c scan-assembler fn:fn_pragma_0_att_1 ss2048
FAIL: gcc.target/s390/target-attribute/tattr-m31-16.c scan-assembler fn:fn_pragma_0_att_1 tu7
FAIL: gcc.target/s390/target-attribute/tattr-m31-16.c scan-assembler fn:fn_pragma_0_att_1 vx0
FAIL: gcc.target/s390/target-attribute/tattr-m31-16.c scan-assembler fn:fn_pragma_0_att_1 wd0
FAIL: gcc.target/s390/target-attribute/tattr-m31-16.c scan-assembler fn:fn_pragma_0_att_1 wf512
FAIL: gcc.target/s390/target-attribute/tattr-m31-16.c scan-assembler fn:fn_pragma_0_att_1 zv0
FAIL: gcc.target/s390/target-attribute/tattr-m31-16.c scan-assembler fn:fn_pragma_0_default ar4
FAIL: gcc.target/s390/target-attribute/tattr-m31-16.c scan-assembler fn:fn_pragma_0_default ba1
FAIL: gcc.target/s390/target-attribute/tattr-m31-16.c scan-assembler fn:fn_pragma_0_default bc1
FAIL: gcc.target/s390/target-attribute/tattr-m31-16.c scan-assembler fn:fn_pragma_0_default hd0
FAIL: gcc.target/s390/target-attribute/tattr-m31-16.c scan-assembler fn:fn_pragma_0_default hf1
FAIL: gcc.target/s390/target-attribute/tattr-m31-16.c scan-assembler fn:fn_pragma_0_default ht0
FAIL: gcc.target/s390/target-attribute/tattr-m31-16.c scan-assembler fn:fn_pragma_0_default mv1
FAIL: gcc.target/s390/target-attribute/tattr-m31-16.c scan-assembler fn:fn_pragma_0_default ps0
FAIL: gcc.target/s390/target-attribute/tattr-m31-16.c scan-assembler fn:fn_pragma_0_default se1
FAIL: gcc.target/s390/target-attribute/tattr-m31-16.c scan-assembler fn:fn_pragma_0_default sg16
FAIL: gcc.target/s390/target-attribute/tattr-m31-16.c scan-assembler fn:fn_pragma_0_default ss2048
FAIL: gcc.target/s390/target-attribute/tattr-m31-16.c scan-assembler fn:fn_pragma_0_default tu7
FAIL: gcc.target/s390/target-attribute/tattr-m31-16.c scan-assembler fn:fn_pragma_0_default vx0
FAIL: gcc.target/s390/target-attribute/tattr-m31-16.c scan-assembler fn:fn_pragma_0_default wd0
FAIL: gcc.target/s390/target-attribute/tattr-m31-16.c scan-assembler fn:fn_pragma_0_default wf512
FAIL: gcc.target/s390/target-attribute/tattr-m31-16.c scan-assembler fn:fn_pragma_0_default zv0
FAIL: gcc.target/s390/target-attribute/tattr-m31-16.c scan-assembler fn:fn_pragma_1 ar4
FAIL: gcc.target/s390/target-attribute/tattr-m31-16.c scan-assembler fn:fn_pragma_1 ba1
FAIL: gcc.target/s390/target-attribute/tattr-m31-16.c scan-assembler fn:fn_pragma_1 bc1
FAIL: gcc.target/s390/target-attribute/tattr-m31-16.c scan-assembler fn:fn_pragma_1 hd1
FAIL: gcc.target/s390/target-attribute/tattr-m31-16.c scan-assembler fn:fn_pragma_1 hf1
FAIL: gcc.target/s390/target-attribute/tattr-m31-16.c scan-assembler fn:fn_pragma_1 ht0
FAIL: gcc.target/s390/target-attribute/tattr-m31-16.c scan-assembler fn:fn_pragma_1 mv1
FAIL: gcc.target/s390/target-attribute/tattr-m31-16.c scan-assembler fn:fn_pragma_1 ps0
FAIL: gcc.target/s390/target-attribute/tattr-m31-16.c scan-assembler fn:fn_pragma_1 se1
FAIL: gcc.target/s390/target-attribute/tattr-m31-16.c scan-assembler fn:fn_pragma_1 sg16
FAIL: gcc.target/s390/target-attribute/tattr-m31-16.c scan-assembler fn:fn_pragma_1 ss2048
FAIL: gcc.target/s390/target-attribute/tattr-m31-16.c scan-assembler fn:fn_pragma_1 tu7
FAIL: gcc.target/s390/target-attribute/tattr-m31-16.c scan-assembler fn:fn_pragma_1 vx0
FAIL: gcc.target/s390/target-attribute/tattr-m31-16.c scan-assembler fn:fn_pragma_1 wd0
FAIL: gcc.target/s390/target-attribute/tattr-m31-16.c scan-assembler fn:fn_pragma_1 wf512
FAIL: gcc.target/s390/target-attribute/tattr-m31-16.c scan-assembler fn:fn_pragma_1 zv0
FAIL: gcc.target/s390/target-attribute/tattr-m31-16.c scan-assembler fn:fn_pragma_1_0 ar4
FAIL: gcc.target/s390/target-attribute/tattr-m31-16.c scan-assembler fn:fn_pragma_1_0 ba1
FAIL: gcc.target/s390/target-attribute/tattr-m31-16.c scan-assembler fn:fn_pragma_1_0 bc1
FAIL: gcc.target/s390/target-attribute/tattr-m31-16.c scan-assembler fn:fn_pragma_1_0 hd0
FAIL: gcc.target/s390/target-attribute/tattr-m31-16.c scan-assembler fn:fn_pragma_1_0 hf1
FAIL: gcc.target/s390/target-attribute/tattr-m31-16.c scan-assembler fn:fn_pragma_1_0 ht0
FAIL: gcc.target/s390/target-attribute/tattr-m31-16.c scan-assembler fn:fn_pragma_1_0 mv1
FAIL: gcc.target/s390/target-attribute/tattr-m31-16.c scan-assembler fn:fn_pragma_1_0 ps0
FAIL: gcc.target/s390/target-attribute/tattr-m31-16.c scan-assembler fn:fn_pragma_1_0 se1
FAIL: gcc.target/s390/target-attribute/tattr-m31-16.c scan-assembler fn:fn_pragma_1_0 sg16
FAIL: gcc.target/s390/target-attribute/tattr-m31-16.c scan-assembler fn:fn_pragma_1_0 ss2048
FAIL: gcc.target/s390/target-attribute/tattr-m31-16.c scan-assembler fn:fn_pragma_1_0 tu7
FAIL: gcc.target/s390/target-attribute/tattr-m31-16.c scan-assembler fn:fn_pragma_1_0 vx0
FAIL: gcc.target/s390/target-attribute/tattr-m31-16.c scan-assembler fn:fn_pragma_1_0 wd0
FAIL: gcc.target/s390/target-attribute/tattr-m31-16.c scan-assembler fn:fn_pragma_1_0 wf512
FAIL: gcc.target/s390/target-attribute/tattr-m31-16.c scan-assembler fn:fn_pragma_1_0 zv0
FAIL: gcc.target/s390/target-attribute/tattr-m31-16.c scan-assembler fn:fn_pragma_1_att_0 ar4
FAIL: gcc.target/s390/target-attribute/tattr-m31-16.c scan-assembler fn:fn_pragma_1_att_0 ba1
FAIL: gcc.target/s390/target-attribute/tattr-m31-16.c scan-assembler fn:fn_pragma_1_att_0 bc1
FAIL: gcc.target/s390/target-attribute/tattr-m31-16.c scan-assembler fn:fn_pragma_1_att_0 hd0
FAIL: gcc.target/s390/target-attribute/tattr-m31-16.c scan-assembler fn:fn_pragma_1_att_0 hf1
FAIL: gcc.target/s390/target-attribute/tattr-m31-16.c scan-assembler fn:fn_pragma_1_att_0 ht0
FAIL: gcc.target/s390/target-attribute/tattr-m31-16.c scan-assembler fn:fn_pragma_1_att_0 mv1
FAIL: gcc.target/s390/target-attribute/tattr-m31-16.c scan-assembler fn:fn_pragma_1_att_0 ps0
FAIL: gcc.target/s390/target-attribute/tattr-m31-16.c scan-assembler fn:fn_pragma_1_att_0 se1
FAIL: gcc.target/s390/target-attribute/tattr-m31-16.c scan-assembler fn:fn_pragma_1_att_0 sg16
FAIL: gcc.target/s390/target-attribute/tattr-m31-16.c scan-assembler fn:fn_pragma_1_att_0 ss2048
FAIL: gcc.target/s390/target-attribute/tattr-m31-16.c scan-assembler fn:fn_pragma_1_att_0 tu7
FAIL: gcc.target/s390/target-attribute/tattr-m31-16.c scan-assembler fn:fn_pragma_1_att_0 vx0
FAIL: gcc.target/s390/target-attribute/tattr-m31-16.c scan-assembler fn:fn_pragma_1_att_0 wd0
FAIL: gcc.target/s390/target-attribute/tattr-m31-16.c scan-assembler fn:fn_pragma_1_att_0 wf512
FAIL: gcc.target/s390/target-attribute/tattr-m31-16.c scan-assembler fn:fn_pragma_1_att_0 zv0
FAIL: gcc.target/s390/target-attribute/tattr-m31-16.c scan-assembler fn:fn_pragma_1_att_1 ar4
FAIL: gcc.target/s390/target-attribute/tattr-m31-16.c scan-assembler fn:fn_pragma_1_att_1 ba1
FAIL: gcc.target/s390/target-attribute/tattr-m31-16.c scan-assembler fn:fn_pragma_1_att_1 bc1
FAIL: gcc.target/s390/target-attribute/tattr-m31-16.c scan-assembler fn:fn_pragma_1_att_1 hd1
FAIL: gcc.target/s390/target-attribute/tattr-m31-16.c scan-assembler fn:fn_pragma_1_att_1 hf1
FAIL: gcc.target/s390/target-attribute/tattr-m31-16.c scan-assembler fn:fn_pragma_1_att_1 ht0
FAIL: gcc.target/s390/target-attribute/tattr-m31-16.c scan-assembler fn:fn_pragma_1_att_1 mv1
FAIL: gcc.target/s390/target-attribute/tattr-m31-16.c scan-assembler fn:fn_pragma_1_att_1 ps0
FAIL: gcc.target/s390/target-attribute/tattr-m31-16.c scan-assembler fn:fn_pragma_1_att_1 se1
FAIL: gcc.target/s390/target-attribute/tattr-m31-16.c scan-assembler fn:fn_pragma_1_att_1 sg16
FAIL: gcc.target/s390/target-attribute/tattr-m31-16.c scan-assembler fn:fn_pragma_1_att_1 ss2048
FAIL: gcc.target/s390/target-attribute/tattr-m31-16.c scan-assembler fn:fn_pragma_1_att_1 tu7
FAIL: gcc.target/s390/target-attribute/tattr-m31-16.c scan-assembler fn:fn_pragma_1_att_1 vx0
FAIL: gcc.target/s390/target-attribute/tattr-m31-16.c scan-assembler fn:fn_pragma_1_att_1 wd0
FAIL: gcc.target/s390/target-attribute/tattr-m31-16.c scan-assembler fn:fn_pragma_1_att_1 wf512
FAIL: gcc.target/s390/target-attribute/tattr-m31-16.c scan-assembler fn:fn_pragma_1_att_1 zv0
FAIL: gcc.target/s390/target-attribute/tattr-m31-16.c scan-assembler fn:fn_pragma_1_default ar4
FAIL: gcc.target/s390/target-attribute/tattr-m31-16.c scan-assembler fn:fn_pragma_1_default ba1
FAIL: gcc.target/s390/target-attribute/tattr-m31-16.c scan-assembler fn:fn_pragma_1_default bc1
FAIL: gcc.target/s390/target-attribute/tattr-m31-16.c scan-assembler fn:fn_pragma_1_default hd0
FAIL: gcc.target/s390/target-attribute/tattr-m31-16.c scan-assembler fn:fn_pragma_1_default hf1
FAIL: gcc.target/s390/target-attribute/tattr-m31-16.c scan-assembler fn:fn_pragma_1_default ht0
FAIL: gcc.target/s390/target-attribute/tattr-m31-16.c scan-assembler fn:fn_pragma_1_default mv1
FAIL: gcc.target/s390/target-attribute/tattr-m31-16.c scan-assembler fn:fn_pragma_1_default ps0
FAIL: gcc.target/s390/target-attribute/tattr-m31-16.c scan-assembler fn:fn_pragma_1_default se1
FAIL: gcc.target/s390/target-attribute/tattr-m31-16.c scan-assembler fn:fn_pragma_1_default sg16
FAIL: gcc.target/s390/target-attribute/tattr-m31-16.c scan-assembler fn:fn_pragma_1_default ss2048
FAIL: gcc.target/s390/target-attribute/tattr-m31-16.c scan-assembler fn:fn_pragma_1_default tu7
FAIL: gcc.target/s390/target-attribute/tattr-m31-16.c scan-assembler fn:fn_pragma_1_default vx0
FAIL: gcc.target/s390/target-attribute/tattr-m31-16.c scan-assembler fn:fn_pragma_1_default wd0
FAIL: gcc.target/s390/target-attribute/tattr-m31-16.c scan-assembler fn:fn_pragma_1_default wf512
FAIL: gcc.target/s390/target-attribute/tattr-m31-16.c scan-assembler fn:fn_pragma_1_default zv0
FAIL: gcc.target/s390/target-attribute/tattr-m31-17.c scan-assembler fn:fn_att_0_1 ht1
FAIL: gcc.target/s390/target-attribute/tattr-m31-17.c scan-assembler fn:fn_att_0_1 vx0
FAIL: gcc.target/s390/target-attribute/tattr-m31-17.c scan-assembler fn:fn_att_1_0 ht1
FAIL: gcc.target/s390/target-attribute/tattr-m31-17.c scan-assembler fn:fn_att_1_0 vx0
FAIL: gcc.target/s390/target-attribute/tattr-m31-17.c scan-assembler fn:fn_pragma_0 ht1
FAIL: gcc.target/s390/target-attribute/tattr-m31-17.c scan-assembler fn:fn_pragma_0 vx0
FAIL: gcc.target/s390/target-attribute/tattr-m31-17.c scan-assembler fn:fn_pragma_0_1 ht1
FAIL: gcc.target/s390/target-attribute/tattr-m31-17.c scan-assembler fn:fn_pragma_0_1 vx0
FAIL: gcc.target/s390/target-attribute/tattr-m31-17.c scan-assembler fn:fn_pragma_0_att_0 ht1
FAIL: gcc.target/s390/target-attribute/tattr-m31-17.c scan-assembler fn:fn_pragma_0_att_0 vx0
FAIL: gcc.target/s390/target-attribute/tattr-m31-17.c scan-assembler fn:fn_pragma_0_att_1 ht1
FAIL: gcc.target/s390/target-attribute/tattr-m31-17.c scan-assembler fn:fn_pragma_0_att_1 vx0
FAIL: gcc.target/s390/target-attribute/tattr-m31-17.c scan-assembler fn:fn_pragma_1 ht1
FAIL: gcc.target/s390/target-attribute/tattr-m31-17.c scan-assembler fn:fn_pragma_1 vx0
FAIL: gcc.target/s390/target-attribute/tattr-m31-17.c scan-assembler fn:fn_pragma_1_0 ht1
FAIL: gcc.target/s390/target-attribute/tattr-m31-17.c scan-assembler fn:fn_pragma_1_0 vx0
FAIL: gcc.target/s390/target-attribute/tattr-m31-17.c scan-assembler fn:fn_pragma_1_att_0 ht1
FAIL: gcc.target/s390/target-attribute/tattr-m31-17.c scan-assembler fn:fn_pragma_1_att_0 vx0
FAIL: gcc.target/s390/target-attribute/tattr-m31-17.c scan-assembler fn:fn_pragma_1_att_1 ht1
FAIL: gcc.target/s390/target-attribute/tattr-m31-17.c scan-assembler fn:fn_pragma_1_att_1 vx0
FAIL: gcc.target/s390/target-attribute/tattr-m31-19.c scan-assembler fn:fn_att_0_1 hd1
FAIL: gcc.target/s390/target-attribute/tattr-m31-19.c scan-assembler fn:fn_att_1_0 hd1
FAIL: gcc.target/s390/target-attribute/tattr-m31-19.c scan-assembler fn:fn_pragma_0 hd1
FAIL: gcc.target/s390/target-attribute/tattr-m31-19.c scan-assembler fn:fn_pragma_0_1 hd1
FAIL: gcc.target/s390/target-attribute/tattr-m31-19.c scan-assembler fn:fn_pragma_0_att_0 hd1
FAIL: gcc.target/s390/target-attribute/tattr-m31-19.c scan-assembler fn:fn_pragma_0_att_1 hd1
FAIL: gcc.target/s390/target-attribute/tattr-m31-19.c scan-assembler fn:fn_pragma_1 hd1
FAIL: gcc.target/s390/target-attribute/tattr-m31-19.c scan-assembler fn:fn_pragma_1_0 hd1
FAIL: gcc.target/s390/target-attribute/tattr-m31-19.c scan-assembler fn:fn_pragma_1_att_0 hd1
FAIL: gcc.target/s390/target-attribute/tattr-m31-19.c scan-assembler fn:fn_pragma_1_att_1 hd1
FAIL: gcc.target/s390/target-attribute/tattr-m31-2.c scan-assembler fn:fn_att_0_1 vx0
FAIL: gcc.target/s390/target-attribute/tattr-m31-2.c scan-assembler fn:fn_pragma_0_1 vx0
FAIL: gcc.target/s390/target-attribute/tattr-m31-2.c scan-assembler fn:fn_pragma_0_att_1 vx0
FAIL: gcc.target/s390/target-attribute/tattr-m31-2.c scan-assembler fn:fn_pragma_1 vx0
FAIL: gcc.target/s390/target-attribute/tattr-m31-2.c scan-assembler fn:fn_pragma_1_att_1 vx0
FAIL: gcc.target/s390/target-attribute/tattr-m31-21.c scan-assembler fn:fn_att_0_1 hd1
FAIL: gcc.target/s390/target-attribute/tattr-m31-21.c scan-assembler fn:fn_att_0_1 ht1
FAIL: gcc.target/s390/target-attribute/tattr-m31-21.c scan-assembler fn:fn_att_1_0 hd1
FAIL: gcc.target/s390/target-attribute/tattr-m31-21.c scan-assembler fn:fn_att_1_0 ht1
FAIL: gcc.target/s390/target-attribute/tattr-m31-21.c scan-assembler fn:fn_pragma_0 hd1
FAIL: gcc.target/s390/target-attribute/tattr-m31-21.c scan-assembler fn:fn_pragma_0 ht1
FAIL: gcc.target/s390/target-attribute/tattr-m31-21.c scan-assembler fn:fn_pragma_0_1 hd1
FAIL: gcc.target/s390/target-attribute/tattr-m31-21.c scan-assembler fn:fn_pragma_0_1 ht1
FAIL: gcc.target/s390/target-attribute/tattr-m31-21.c scan-assembler fn:fn_pragma_0_att_0 hd1
FAIL: gcc.target/s390/target-attribute/tattr-m31-21.c scan-assembler fn:fn_pragma_0_att_0 ht1
FAIL: gcc.target/s390/target-attribute/tattr-m31-21.c scan-assembler fn:fn_pragma_0_att_1 hd1
FAIL: gcc.target/s390/target-attribute/tattr-m31-21.c scan-assembler fn:fn_pragma_0_att_1 ht1
FAIL: gcc.target/s390/target-attribute/tattr-m31-21.c scan-assembler fn:fn_pragma_1 hd1
FAIL: gcc.target/s390/target-attribute/tattr-m31-21.c scan-assembler fn:fn_pragma_1 ht1
FAIL: gcc.target/s390/target-attribute/tattr-m31-21.c scan-assembler fn:fn_pragma_1_0 hd1
FAIL: gcc.target/s390/target-attribute/tattr-m31-21.c scan-assembler fn:fn_pragma_1_0 ht1
FAIL: gcc.target/s390/target-attribute/tattr-m31-21.c scan-assembler fn:fn_pragma_1_att_0 hd1
FAIL: gcc.target/s390/target-attribute/tattr-m31-21.c scan-assembler fn:fn_pragma_1_att_0 ht1
FAIL: gcc.target/s390/target-attribute/tattr-m31-21.c scan-assembler fn:fn_pragma_1_att_1 hd1
FAIL: gcc.target/s390/target-attribute/tattr-m31-21.c scan-assembler fn:fn_pragma_1_att_1 ht1
FAIL: gcc.target/s390/target-attribute/tattr-m31-23.c scan-assembler fn:fn_att_0_1 hd1
FAIL: gcc.target/s390/target-attribute/tattr-m31-23.c scan-assembler fn:fn_att_0_1 ht1
FAIL: gcc.target/s390/target-attribute/tattr-m31-23.c scan-assembler fn:fn_att_1_0 hd1
FAIL: gcc.target/s390/target-attribute/tattr-m31-23.c scan-assembler fn:fn_att_1_0 ht1
FAIL: gcc.target/s390/target-attribute/tattr-m31-23.c scan-assembler fn:fn_pragma_0 hd1
FAIL: gcc.target/s390/target-attribute/tattr-m31-23.c scan-assembler fn:fn_pragma_0 ht1
FAIL: gcc.target/s390/target-attribute/tattr-m31-23.c scan-assembler fn:fn_pragma_0_1 hd1
FAIL: gcc.target/s390/target-attribute/tattr-m31-23.c scan-assembler fn:fn_pragma_0_1 ht1
FAIL: gcc.target/s390/target-attribute/tattr-m31-23.c scan-assembler fn:fn_pragma_0_att_0 hd1
FAIL: gcc.target/s390/target-attribute/tattr-m31-23.c scan-assembler fn:fn_pragma_0_att_0 ht1
FAIL: gcc.target/s390/target-attribute/tattr-m31-23.c scan-assembler fn:fn_pragma_0_att_1 hd1
FAIL: gcc.target/s390/target-attribute/tattr-m31-23.c scan-assembler fn:fn_pragma_0_att_1 ht1
FAIL: gcc.target/s390/target-attribute/tattr-m31-23.c scan-assembler fn:fn_pragma_1 hd1
FAIL: gcc.target/s390/target-attribute/tattr-m31-23.c scan-assembler fn:fn_pragma_1 ht1
FAIL: gcc.target/s390/target-attribute/tattr-m31-23.c scan-assembler fn:fn_pragma_1_0 hd1
FAIL: gcc.target/s390/target-attribute/tattr-m31-23.c scan-assembler fn:fn_pragma_1_0 ht1
FAIL: gcc.target/s390/target-attribute/tattr-m31-23.c scan-assembler fn:fn_pragma_1_att_0 hd1
FAIL: gcc.target/s390/target-attribute/tattr-m31-23.c scan-assembler fn:fn_pragma_1_att_0 ht1
FAIL: gcc.target/s390/target-attribute/tattr-m31-23.c scan-assembler fn:fn_pragma_1_att_1 hd1
FAIL: gcc.target/s390/target-attribute/tattr-m31-23.c scan-assembler fn:fn_pragma_1_att_1 ht1
FAIL: gcc.target/s390/target-attribute/tattr-m31-25.c scan-assembler fn:fn_att_0 hd1
FAIL: gcc.target/s390/target-attribute/tattr-m31-25.c scan-assembler fn:fn_att_0 ht1
FAIL: gcc.target/s390/target-attribute/tattr-m31-25.c scan-assembler fn:fn_att_0_1 hd1
FAIL: gcc.target/s390/target-attribute/tattr-m31-25.c scan-assembler fn:fn_att_0_1 ht1
FAIL: gcc.target/s390/target-attribute/tattr-m31-25.c scan-assembler fn:fn_att_1_0 hd1
FAIL: gcc.target/s390/target-attribute/tattr-m31-25.c scan-assembler fn:fn_att_1_0 ht1
FAIL: gcc.target/s390/target-attribute/tattr-m31-25.c scan-assembler fn:fn_pragma_0 hd1
FAIL: gcc.target/s390/target-attribute/tattr-m31-25.c scan-assembler fn:fn_pragma_0 ht1
FAIL: gcc.target/s390/target-attribute/tattr-m31-25.c scan-assembler fn:fn_pragma_0_1 hd1
FAIL: gcc.target/s390/target-attribute/tattr-m31-25.c scan-assembler fn:fn_pragma_0_1 ht1
FAIL: gcc.target/s390/target-attribute/tattr-m31-25.c scan-assembler fn:fn_pragma_0_att_0 hd1
FAIL: gcc.target/s390/target-attribute/tattr-m31-25.c scan-assembler fn:fn_pragma_0_att_0 ht1
FAIL: gcc.target/s390/target-attribute/tattr-m31-25.c scan-assembler fn:fn_pragma_0_att_1 hd1
FAIL: gcc.target/s390/target-attribute/tattr-m31-25.c scan-assembler fn:fn_pragma_0_att_1 ht1
FAIL: gcc.target/s390/target-attribute/tattr-m31-25.c scan-assembler fn:fn_pragma_1 hd1
FAIL: gcc.target/s390/target-attribute/tattr-m31-25.c scan-assembler fn:fn_pragma_1 ht1
FAIL: gcc.target/s390/target-attribute/tattr-m31-25.c scan-assembler fn:fn_pragma_1_0 hd1
FAIL: gcc.target/s390/target-attribute/tattr-m31-25.c scan-assembler fn:fn_pragma_1_0 ht1
FAIL: gcc.target/s390/target-attribute/tattr-m31-25.c scan-assembler fn:fn_pragma_1_att_0 hd1
FAIL: gcc.target/s390/target-attribute/tattr-m31-25.c scan-assembler fn:fn_pragma_1_att_0 ht1
FAIL: gcc.target/s390/target-attribute/tattr-m31-25.c scan-assembler fn:fn_pragma_1_att_1 hd1
FAIL: gcc.target/s390/target-attribute/tattr-m31-25.c scan-assembler fn:fn_pragma_1_att_1 ht1
FAIL: gcc.target/s390/target-attribute/tattr-m31-27.c scan-assembler fn:fn_att_0 hd1
FAIL: gcc.target/s390/target-attribute/tattr-m31-27.c scan-assembler fn:fn_att_0 ht1
FAIL: gcc.target/s390/target-attribute/tattr-m31-27.c scan-assembler fn:fn_att_0_1 hd1
FAIL: gcc.target/s390/target-attribute/tattr-m31-27.c scan-assembler fn:fn_att_0_1 ht1
FAIL: gcc.target/s390/target-attribute/tattr-m31-27.c scan-assembler fn:fn_att_1_0 hd1
FAIL: gcc.target/s390/target-attribute/tattr-m31-27.c scan-assembler fn:fn_att_1_0 ht1
FAIL: gcc.target/s390/target-attribute/tattr-m31-27.c scan-assembler fn:fn_pragma_0 hd1
FAIL: gcc.target/s390/target-attribute/tattr-m31-27.c scan-assembler fn:fn_pragma_0 ht1
FAIL: gcc.target/s390/target-attribute/tattr-m31-27.c scan-assembler fn:fn_pragma_0_1 hd1
FAIL: gcc.target/s390/target-attribute/tattr-m31-27.c scan-assembler fn:fn_pragma_0_1 ht1
FAIL: gcc.target/s390/target-attribute/tattr-m31-27.c scan-assembler fn:fn_pragma_0_att_0 hd1
FAIL: gcc.target/s390/target-attribute/tattr-m31-27.c scan-assembler fn:fn_pragma_0_att_0 ht1
FAIL: gcc.target/s390/target-attribute/tattr-m31-27.c scan-assembler fn:fn_pragma_0_att_1 hd1
FAIL: gcc.target/s390/target-attribute/tattr-m31-27.c scan-assembler fn:fn_pragma_0_att_1 ht1
FAIL: gcc.target/s390/target-attribute/tattr-m31-27.c scan-assembler fn:fn_pragma_1 hd1
FAIL: gcc.target/s390/target-attribute/tattr-m31-27.c scan-assembler fn:fn_pragma_1 ht1
FAIL: gcc.target/s390/target-attribute/tattr-m31-27.c scan-assembler fn:fn_pragma_1_0 hd1
FAIL: gcc.target/s390/target-attribute/tattr-m31-27.c scan-assembler fn:fn_pragma_1_0 ht1
FAIL: gcc.target/s390/target-attribute/tattr-m31-27.c scan-assembler fn:fn_pragma_1_att_0 hd1
FAIL: gcc.target/s390/target-attribute/tattr-m31-27.c scan-assembler fn:fn_pragma_1_att_0 ht1
FAIL: gcc.target/s390/target-attribute/tattr-m31-27.c scan-assembler fn:fn_pragma_1_att_1 hd1
FAIL: gcc.target/s390/target-attribute/tattr-m31-27.c scan-assembler fn:fn_pragma_1_att_1 ht1
FAIL: gcc.target/s390/target-attribute/tattr-m31-29.c scan-assembler fn:fn_pragma_0 hd1
FAIL: gcc.target/s390/target-attribute/tattr-m31-29.c scan-assembler fn:fn_pragma_0 ht1
FAIL: gcc.target/s390/target-attribute/tattr-m31-29.c scan-assembler fn:fn_pragma_0_1 hd1
FAIL: gcc.target/s390/target-attribute/tattr-m31-29.c scan-assembler fn:fn_pragma_0_1 ht1
FAIL: gcc.target/s390/target-attribute/tattr-m31-29.c scan-assembler fn:fn_pragma_1 hd1
FAIL: gcc.target/s390/target-attribute/tattr-m31-29.c scan-assembler fn:fn_pragma_1 ht1
FAIL: gcc.target/s390/target-attribute/tattr-m31-29.c scan-assembler fn:fn_pragma_1_0 hd1
FAIL: gcc.target/s390/target-attribute/tattr-m31-29.c scan-assembler fn:fn_pragma_1_0 ht1
FAIL: gcc.target/s390/target-attribute/tattr-m31-3.c scan-assembler fn:fn_att_0 hd1
FAIL: gcc.target/s390/target-attribute/tattr-m31-3.c scan-assembler fn:fn_att_0 ht1
FAIL: gcc.target/s390/target-attribute/tattr-m31-3.c scan-assembler fn:fn_att_0_1 hd1
FAIL: gcc.target/s390/target-attribute/tattr-m31-3.c scan-assembler fn:fn_att_0_1 ht1
FAIL: gcc.target/s390/target-attribute/tattr-m31-3.c scan-assembler fn:fn_att_1_0 hd1
FAIL: gcc.target/s390/target-attribute/tattr-m31-3.c scan-assembler fn:fn_att_1_0 ht1
FAIL: gcc.target/s390/target-attribute/tattr-m31-3.c scan-assembler fn:fn_pragma_0 hd1
FAIL: gcc.target/s390/target-attribute/tattr-m31-3.c scan-assembler fn:fn_pragma_0 ht1
FAIL: gcc.target/s390/target-attribute/tattr-m31-3.c scan-assembler fn:fn_pragma_0_1 hd1
FAIL: gcc.target/s390/target-attribute/tattr-m31-3.c scan-assembler fn:fn_pragma_0_1 ht1
FAIL: gcc.target/s390/target-attribute/tattr-m31-3.c scan-assembler fn:fn_pragma_0_att_0 hd1
FAIL: gcc.target/s390/target-attribute/tattr-m31-3.c scan-assembler fn:fn_pragma_0_att_0 ht1
FAIL: gcc.target/s390/target-attribute/tattr-m31-3.c scan-assembler fn:fn_pragma_0_att_1 hd1
FAIL: gcc.target/s390/target-attribute/tattr-m31-3.c scan-assembler fn:fn_pragma_0_att_1 ht1
FAIL: gcc.target/s390/target-attribute/tattr-m31-3.c scan-assembler fn:fn_pragma_1 hd1
FAIL: gcc.target/s390/target-attribute/tattr-m31-3.c scan-assembler fn:fn_pragma_1 ht1
FAIL: gcc.target/s390/target-attribute/tattr-m31-3.c scan-assembler fn:fn_pragma_1_0 hd1
FAIL: gcc.target/s390/target-attribute/tattr-m31-3.c scan-assembler fn:fn_pragma_1_0 ht1
FAIL: gcc.target/s390/target-attribute/tattr-m31-3.c scan-assembler fn:fn_pragma_1_att_0 hd1
FAIL: gcc.target/s390/target-attribute/tattr-m31-3.c scan-assembler fn:fn_pragma_1_att_0 ht1
FAIL: gcc.target/s390/target-attribute/tattr-m31-3.c scan-assembler fn:fn_pragma_1_att_1 hd1
FAIL: gcc.target/s390/target-attribute/tattr-m31-3.c scan-assembler fn:fn_pragma_1_att_1 ht1
FAIL: gcc.target/s390/target-attribute/tattr-m31-31.c scan-assembler fn:fn_att_0_1 hd1
FAIL: gcc.target/s390/target-attribute/tattr-m31-31.c scan-assembler fn:fn_att_0_1 ht1
FAIL: gcc.target/s390/target-attribute/tattr-m31-31.c scan-assembler fn:fn_att_1_0 hd1
FAIL: gcc.target/s390/target-attribute/tattr-m31-31.c scan-assembler fn:fn_att_1_0 ht1
FAIL: gcc.target/s390/target-attribute/tattr-m31-31.c scan-assembler fn:fn_pragma_0 hd1
FAIL: gcc.target/s390/target-attribute/tattr-m31-31.c scan-assembler fn:fn_pragma_0 ht1
FAIL: gcc.target/s390/target-attribute/tattr-m31-31.c scan-assembler fn:fn_pragma_0_1 hd1
FAIL: gcc.target/s390/target-attribute/tattr-m31-31.c scan-assembler fn:fn_pragma_0_1 ht1
FAIL: gcc.target/s390/target-attribute/tattr-m31-31.c scan-assembler fn:fn_pragma_0_att_0 hd1
FAIL: gcc.target/s390/target-attribute/tattr-m31-31.c scan-assembler fn:fn_pragma_0_att_0 ht1
FAIL: gcc.target/s390/target-attribute/tattr-m31-31.c scan-assembler fn:fn_pragma_0_att_1 hd1
FAIL: gcc.target/s390/target-attribute/tattr-m31-31.c scan-assembler fn:fn_pragma_0_att_1 ht1
FAIL: gcc.target/s390/target-attribute/tattr-m31-31.c scan-assembler fn:fn_pragma_1 hd1
FAIL: gcc.target/s390/target-attribute/tattr-m31-31.c scan-assembler fn:fn_pragma_1 ht1
FAIL: gcc.target/s390/target-attribute/tattr-m31-31.c scan-assembler fn:fn_pragma_1_0 hd1
FAIL: gcc.target/s390/target-attribute/tattr-m31-31.c scan-assembler fn:fn_pragma_1_0 ht1
FAIL: gcc.target/s390/target-attribute/tattr-m31-31.c scan-assembler fn:fn_pragma_1_att_0 hd1
FAIL: gcc.target/s390/target-attribute/tattr-m31-31.c scan-assembler fn:fn_pragma_1_att_0 ht1
FAIL: gcc.target/s390/target-attribute/tattr-m31-31.c scan-assembler fn:fn_pragma_1_att_1 hd1
FAIL: gcc.target/s390/target-attribute/tattr-m31-31.c scan-assembler fn:fn_pragma_1_att_1 ht1
FAIL: gcc.target/s390/target-attribute/tattr-m31-5.c scan-assembler fn:fn_att_0_1 hd1
FAIL: gcc.target/s390/target-attribute/tattr-m31-5.c scan-assembler fn:fn_att_0_1 ht1
FAIL: gcc.target/s390/target-attribute/tattr-m31-5.c scan-assembler fn:fn_att_1_0 hd1
FAIL: gcc.target/s390/target-attribute/tattr-m31-5.c scan-assembler fn:fn_att_1_0 ht1
FAIL: gcc.target/s390/target-attribute/tattr-m31-5.c scan-assembler fn:fn_pragma_0 hd1
FAIL: gcc.target/s390/target-attribute/tattr-m31-5.c scan-assembler fn:fn_pragma_0 ht1
FAIL: gcc.target/s390/target-attribute/tattr-m31-5.c scan-assembler fn:fn_pragma_0_1 hd1
FAIL: gcc.target/s390/target-attribute/tattr-m31-5.c scan-assembler fn:fn_pragma_0_1 ht1
FAIL: gcc.target/s390/target-attribute/tattr-m31-5.c scan-assembler fn:fn_pragma_0_att_0 hd1
FAIL: gcc.target/s390/target-attribute/tattr-m31-5.c scan-assembler fn:fn_pragma_0_att_0 ht1
FAIL: gcc.target/s390/target-attribute/tattr-m31-5.c scan-assembler fn:fn_pragma_0_att_1 hd1
FAIL: gcc.target/s390/target-attribute/tattr-m31-5.c scan-assembler fn:fn_pragma_0_att_1 ht1
FAIL: gcc.target/s390/target-attribute/tattr-m31-5.c scan-assembler fn:fn_pragma_1 hd1
FAIL: gcc.target/s390/target-attribute/tattr-m31-5.c scan-assembler fn:fn_pragma_1 ht1
FAIL: gcc.target/s390/target-attribute/tattr-m31-5.c scan-assembler fn:fn_pragma_1_0 hd1
FAIL: gcc.target/s390/target-attribute/tattr-m31-5.c scan-assembler fn:fn_pragma_1_0 ht1
FAIL: gcc.target/s390/target-attribute/tattr-m31-5.c scan-assembler fn:fn_pragma_1_att_0 hd1
FAIL: gcc.target/s390/target-attribute/tattr-m31-5.c scan-assembler fn:fn_pragma_1_att_0 ht1
FAIL: gcc.target/s390/target-attribute/tattr-m31-5.c scan-assembler fn:fn_pragma_1_att_1 hd1
FAIL: gcc.target/s390/target-attribute/tattr-m31-5.c scan-assembler fn:fn_pragma_1_att_1 ht1
FAIL: gcc.target/s390/target-attribute/tattr-m31-7.c scan-assembler fn:fn_att_0 hd1
FAIL: gcc.target/s390/target-attribute/tattr-m31-7.c scan-assembler fn:fn_att_0 ht1
FAIL: gcc.target/s390/target-attribute/tattr-m31-7.c scan-assembler fn:fn_att_0_1 hd1
FAIL: gcc.target/s390/target-attribute/tattr-m31-7.c scan-assembler fn:fn_att_0_1 ht1
FAIL: gcc.target/s390/target-attribute/tattr-m31-7.c scan-assembler fn:fn_att_1_0 hd1
FAIL: gcc.target/s390/target-attribute/tattr-m31-7.c scan-assembler fn:fn_att_1_0 ht1
FAIL: gcc.target/s390/target-attribute/tattr-m31-7.c scan-assembler fn:fn_pragma_0 hd1
FAIL: gcc.target/s390/target-attribute/tattr-m31-7.c scan-assembler fn:fn_pragma_0 ht1
FAIL: gcc.target/s390/target-attribute/tattr-m31-7.c scan-assembler fn:fn_pragma_0_1 hd1
FAIL: gcc.target/s390/target-attribute/tattr-m31-7.c scan-assembler fn:fn_pragma_0_1 ht1
FAIL: gcc.target/s390/target-attribute/tattr-m31-7.c scan-assembler fn:fn_pragma_0_att_0 hd1
FAIL: gcc.target/s390/target-attribute/tattr-m31-7.c scan-assembler fn:fn_pragma_0_att_0 ht1
FAIL: gcc.target/s390/target-attribute/tattr-m31-7.c scan-assembler fn:fn_pragma_0_att_1 hd1
FAIL: gcc.target/s390/target-attribute/tattr-m31-7.c scan-assembler fn:fn_pragma_0_att_1 ht1
FAIL: gcc.target/s390/target-attribute/tattr-m31-7.c scan-assembler fn:fn_pragma_1 hd1
FAIL: gcc.target/s390/target-attribute/tattr-m31-7.c scan-assembler fn:fn_pragma_1 ht1
FAIL: gcc.target/s390/target-attribute/tattr-m31-7.c scan-assembler fn:fn_pragma_1_0 hd1
FAIL: gcc.target/s390/target-attribute/tattr-m31-7.c scan-assembler fn:fn_pragma_1_0 ht1
FAIL: gcc.target/s390/target-attribute/tattr-m31-7.c scan-assembler fn:fn_pragma_1_att_0 hd1
FAIL: gcc.target/s390/target-attribute/tattr-m31-7.c scan-assembler fn:fn_pragma_1_att_0 ht1
FAIL: gcc.target/s390/target-attribute/tattr-m31-7.c scan-assembler fn:fn_pragma_1_att_1 hd1
FAIL: gcc.target/s390/target-attribute/tattr-m31-7.c scan-assembler fn:fn_pragma_1_att_1 ht1
FAIL: gcc.target/s390/target-attribute/tattr-m31-9.c scan-assembler fn:fn_att_0_1 hd1
FAIL: gcc.target/s390/target-attribute/tattr-m31-9.c scan-assembler fn:fn_att_0_1 ht1
FAIL: gcc.target/s390/target-attribute/tattr-m31-9.c scan-assembler fn:fn_att_1_0 hd1
FAIL: gcc.target/s390/target-attribute/tattr-m31-9.c scan-assembler fn:fn_att_1_0 ht1
FAIL: gcc.target/s390/target-attribute/tattr-m31-9.c scan-assembler fn:fn_pragma_0 hd1
FAIL: gcc.target/s390/target-attribute/tattr-m31-9.c scan-assembler fn:fn_pragma_0 ht1
FAIL: gcc.target/s390/target-attribute/tattr-m31-9.c scan-assembler fn:fn_pragma_0_1 hd1
FAIL: gcc.target/s390/target-attribute/tattr-m31-9.c scan-assembler fn:fn_pragma_0_1 ht1
FAIL: gcc.target/s390/target-attribute/tattr-m31-9.c scan-assembler fn:fn_pragma_0_att_0 hd1
FAIL: gcc.target/s390/target-attribute/tattr-m31-9.c scan-assembler fn:fn_pragma_0_att_0 ht1
FAIL: gcc.target/s390/target-attribute/tattr-m31-9.c scan-assembler fn:fn_pragma_0_att_1 hd1
FAIL: gcc.target/s390/target-attribute/tattr-m31-9.c scan-assembler fn:fn_pragma_0_att_1 ht1
FAIL: gcc.target/s390/target-attribute/tattr-m31-9.c scan-assembler fn:fn_pragma_1 hd1
FAIL: gcc.target/s390/target-attribute/tattr-m31-9.c scan-assembler fn:fn_pragma_1 ht1
FAIL: gcc.target/s390/target-attribute/tattr-m31-9.c scan-assembler fn:fn_pragma_1_0 hd1
FAIL: gcc.target/s390/target-attribute/tattr-m31-9.c scan-assembler fn:fn_pragma_1_0 ht1
FAIL: gcc.target/s390/target-attribute/tattr-m31-9.c scan-assembler fn:fn_pragma_1_att_0 hd1
FAIL: gcc.target/s390/target-attribute/tattr-m31-9.c scan-assembler fn:fn_pragma_1_att_0 ht1
FAIL: gcc.target/s390/target-attribute/tattr-m31-9.c scan-assembler fn:fn_pragma_1_att_1 hd1
FAIL: gcc.target/s390/target-attribute/tattr-m31-9.c scan-assembler fn:fn_pragma_1_att_1 ht1
FAIL: gcc.target/s390/target-attribute/tpragma-struct-vx-1.c (internal compiler error)
FAIL: gcc.target/s390/target-attribute/tpragma-struct-vx-1.c (test for excess errors)
UNRESOLVED: gcc.target/s390/target-attribute/tpragma-struct-vx-1.c compilation failed to produce executable
FAIL: gcc.target/s390/target-attribute/tpragma-struct-vx-2.c (internal compiler error)
FAIL: gcc.target/s390/target-attribute/tpragma-struct-vx-2.c (test for excess errors)
UNRESOLVED: gcc.target/s390/target-attribute/tpragma-struct-vx-2.c compilation failed to produce executable
FAIL: gcc.target/s390/vector/align-1.c scan-assembler-times vl\\t%v[0-9]*,[0-9]*\\\\(%r[0-9]*\\\\),3\\n 1
FAIL: gcc.target/s390/vector/align-1.c scan-assembler-times vl\\t%v[0-9]*,[0-9]*\\\\(%r[0-9]*\\\\),4\\n 2
FAIL: gcc.target/s390/vector/align-1.c scan-assembler-times vst\\t%v[0-9]*,[0-9]*\\\\(%r[0-9]*\\\\),3\\n 1
FAIL: gcc.target/s390/vector/align-1.c scan-assembler-times vst\\t%v[0-9]*,[0-9]*\\\\(%r[0-9]*\\\\),4 2
FAIL: gcc.target/s390/vector/align-2.c scan-assembler-times vl\\t%v[0-9]*,[0-9]*\\\\(%r[0-9]*\\\\),3\\n 1
FAIL: gcc.target/s390/vector/align-2.c scan-assembler-times vl\\t%v[0-9]*,[0-9]*\\\\(%r[0-9]*\\\\),4\\n 2
FAIL: gcc.target/s390/vector/align-2.c scan-assembler-times vst\\t%v[0-9]*,[0-9]*\\\\(%r[0-9]*\\\\),3\\n 1
FAIL: gcc.target/s390/vector/align-2.c scan-assembler-times vst\\t%v[0-9]*,[0-9]*\\\\(%r[0-9]*\\\\),4 2
FAIL: gcc.target/s390/vector/vec-copysign.c scan-assembler-times vgmf 1
FAIL: gcc.target/s390/vector/vec-copysign.c scan-assembler-times vsel 2
FAIL: gcc.target/s390/zvector/autovec-double-quiet-uneq.c scan-assembler \\\\n\\\\tvx\\\\t
FAIL: gcc.target/s390/zvector/autovec-double-signaling-eq.c (internal compiler error)
FAIL: gcc.target/s390/zvector/autovec-double-signaling-eq.c (test for excess errors)
UNRESOLVED: gcc.target/s390/zvector/autovec-double-signaling-eq.c scan-assembler \\\\n\\\\tvfcedb\\\\t
UNRESOLVED: gcc.target/s390/zvector/autovec-double-signaling-eq.c scan-assembler \\\\n\\\\tvfkhedb\\\\t
FAIL: gcc.target/s390/zvector/autovec-float-quiet-uneq.c scan-assembler \\\\n\\\\tvx\\\\t
=== gcc Summary for unix/-m31 ===
# of expected passes 143796
# of unexpected failures 1067
# of unexpected successes 36
# of expected failures 815
# of unresolved testcases 13
# of unsupported tests 3502
Running target unix/-m64
FAIL: gcc.c-torture/execute/alias-2.c -O1 execution test
FAIL: gcc.c-torture/execute/alias-2.c -O2 execution test
FAIL: gcc.c-torture/execute/alias-2.c -O2 -flto -fno-use-linker-plugin -flto-partition=none execution test
FAIL: gcc.c-torture/execute/alias-2.c -O3 -g execution test
FAIL: gcc.c-torture/execute/alias-2.c -Os execution test
XPASS: gcc.dg/analyzer/feasibility-1.c (test for warnings, line 58)
XPASS: gcc.dg/analyzer/unknown-fns-4.c (test for warnings, line 13)
FAIL: gcc.dg/atomic/pr65345-4.c -O2 -flto -fno-use-linker-plugin -flto-partition=none (internal compiler error)
FAIL: gcc.dg/atomic/pr65345-4.c -O2 -flto -fno-use-linker-plugin -flto-partition=none (test for excess errors)
FAIL: gcc.dg/atomic/pr65345-4.c -O2 -flto -fuse-linker-plugin -fno-fat-lto-objects (internal compiler error)
FAIL: gcc.dg/atomic/pr65345-4.c -O2 -flto -fuse-linker-plugin -fno-fat-lto-objects (test for excess errors)
FAIL: c-c++-common/Wattributes.c -Wc++-compat (test for errors, line 404)
FAIL: gcc.dg/Wattributes-6.c (test for errors, line 404)
FAIL: gcc.dg/Wstringop-overflow-25.c pr92814 (test for warnings, line 378)
FAIL: gcc.dg/builtin-bswap-7.c scan-rtl-dump-not combine "bswapdi"
FAIL: gcc.dg/gimplefe-41.c (internal compiler error)
FAIL: gcc.dg/gimplefe-41.c (test for excess errors)
FAIL: gcc.dg/loop-9.c scan-rtl-dump loop2_invariant "Decided"
FAIL: gcc.dg/loop-9.c scan-rtl-dump loop2_invariant "without introducing a new temporary register"
FAIL: gcc.dg/pr83527.c (test for excess errors)
FAIL: gcc.dg/pr84877.c execution test
FAIL: gcc.dg/pr90263.c scan-assembler memcpy
FAIL: gcc.dg/pr93210.c scan-tree-dump-times optimized "return [0-9][0-9a-fA-FxX]*;" 31
XPASS: gcc.dg/graphite/pr69728.c scan-tree-dump graphite "loop nest optimized"
XPASS: gcc.dg/guality/example.c -O0 execution test
XPASS: gcc.dg/guality/example.c -O1 -DPREVENT_OPTIMIZATION execution test
XPASS: gcc.dg/guality/example.c -Og -DPREVENT_OPTIMIZATION execution test
XPASS: gcc.dg/guality/guality.c -O0 execution test
XPASS: gcc.dg/guality/guality.c -O1 -DPREVENT_OPTIMIZATION execution test
XPASS: gcc.dg/guality/guality.c -O2 -DPREVENT_OPTIMIZATION execution test
XPASS: gcc.dg/guality/guality.c -O2 -flto -fno-use-linker-plugin -flto-partition=none -DPREVENT_OPTIMIZATION execution test
XPASS: gcc.dg/guality/guality.c -O2 -flto -fuse-linker-plugin -fno-fat-lto-objects -DPREVENT_OPTIMIZATION execution test
XPASS: gcc.dg/guality/guality.c -O3 -g -DPREVENT_OPTIMIZATION execution test
XPASS: gcc.dg/guality/guality.c -Os -DPREVENT_OPTIMIZATION execution test
XPASS: gcc.dg/guality/guality.c -Og -DPREVENT_OPTIMIZATION execution test
XPASS: gcc.dg/guality/inline-params.c -O2 -DPREVENT_OPTIMIZATION execution test
XPASS: gcc.dg/guality/inline-params.c -O2 -flto -fno-use-linker-plugin -flto-partition=none -DPREVENT_OPTIMIZATION execution test
XPASS: gcc.dg/guality/inline-params.c -O2 -flto -fuse-linker-plugin -fno-fat-lto-objects -DPREVENT_OPTIMIZATION execution test
XPASS: gcc.dg/guality/inline-params.c -O3 -g -DPREVENT_OPTIMIZATION execution test
XPASS: gcc.dg/guality/inline-params.c -Os -DPREVENT_OPTIMIZATION execution test
FAIL: gcc.dg/guality/loop-1.c -O3 -fomit-frame-pointer -funroll-loops -fpeel-loops -ftracer -finline-functions -DPREVENT_OPTIMIZATION line 20 i == 1
FAIL: gcc.dg/guality/pr36728-1.c -O2 -flto -fuse-linker-plugin -fno-fat-lto-objects -DPREVENT_OPTIMIZATION line 16 y == 2
FAIL: gcc.dg/guality/pr36728-2.c -O2 -flto -fuse-linker-plugin -fno-fat-lto-objects -DPREVENT_OPTIMIZATION line 16 arg3 == 3
FAIL: gcc.dg/guality/pr36728-2.c -O2 -flto -fuse-linker-plugin -fno-fat-lto-objects -DPREVENT_OPTIMIZATION line 16 arg4 == 4
FAIL: gcc.dg/guality/pr36728-2.c -O2 -flto -fuse-linker-plugin -fno-fat-lto-objects -DPREVENT_OPTIMIZATION line 16 arg5 == 5
FAIL: gcc.dg/guality/pr36728-2.c -O2 -flto -fuse-linker-plugin -fno-fat-lto-objects -DPREVENT_OPTIMIZATION line 16 arg6 == 6
FAIL: gcc.dg/guality/pr36728-2.c -O2 -flto -fuse-linker-plugin -fno-fat-lto-objects -DPREVENT_OPTIMIZATION line 16 arg7 == 30
FAIL: gcc.dg/guality/pr36728-2.c -O2 -flto -fuse-linker-plugin -fno-fat-lto-objects -DPREVENT_OPTIMIZATION line 18 arg3 == 3
FAIL: gcc.dg/guality/pr36728-2.c -O2 -flto -fuse-linker-plugin -fno-fat-lto-objects -DPREVENT_OPTIMIZATION line 18 arg4 == 4
FAIL: gcc.dg/guality/pr36728-2.c -O2 -flto -fuse-linker-plugin -fno-fat-lto-objects -DPREVENT_OPTIMIZATION line 18 arg5 == 5
FAIL: gcc.dg/guality/pr36728-2.c -O2 -flto -fuse-linker-plugin -fno-fat-lto-objects -DPREVENT_OPTIMIZATION line 18 arg6 == 6
FAIL: gcc.dg/guality/pr36728-2.c -O2 -flto -fuse-linker-plugin -fno-fat-lto-objects -DPREVENT_OPTIMIZATION line 18 arg7 == 30
FAIL: gcc.dg/guality/pr36728-2.c -O3 -g -DPREVENT_OPTIMIZATION line 16 arg3 == 3
FAIL: gcc.dg/guality/pr36728-2.c -O3 -g -DPREVENT_OPTIMIZATION line 16 arg4 == 4
FAIL: gcc.dg/guality/pr36728-2.c -O3 -g -DPREVENT_OPTIMIZATION line 16 arg5 == 5
FAIL: gcc.dg/guality/pr36728-2.c -O3 -g -DPREVENT_OPTIMIZATION line 16 arg6 == 6
FAIL: gcc.dg/guality/pr36728-2.c -O3 -g -DPREVENT_OPTIMIZATION line 16 arg7 == 30
FAIL: gcc.dg/guality/pr36728-2.c -O3 -g -DPREVENT_OPTIMIZATION line 18 arg3 == 3
FAIL: gcc.dg/guality/pr36728-2.c -O3 -g -DPREVENT_OPTIMIZATION line 18 arg4 == 4
FAIL: gcc.dg/guality/pr36728-2.c -O3 -g -DPREVENT_OPTIMIZATION line 18 arg5 == 5
FAIL: gcc.dg/guality/pr36728-2.c -O3 -g -DPREVENT_OPTIMIZATION line 18 arg6 == 6
FAIL: gcc.dg/guality/pr36728-2.c -O3 -g -DPREVENT_OPTIMIZATION line 18 arg7 == 30
XPASS: gcc.dg/guality/pr41353-1.c -O0 line 28 j == 28 + 37
FAIL: gcc.dg/guality/pr41353-1.c -Og -DPREVENT_OPTIMIZATION line 28 i == 37
FAIL: gcc.dg/guality/pr41353-1.c -Og -DPREVENT_OPTIMIZATION line 28 i1 == 2 * 37
FAIL: gcc.dg/guality/pr41353-1.c -Og -DPREVENT_OPTIMIZATION line 28 i2 == 3 * 37
XPASS: gcc.dg/guality/pr41353-1.c -Og -DPREVENT_OPTIMIZATION line 28 j == 28 + 37
FAIL: gcc.dg/guality/pr41616-1.c -O2 -DPREVENT_OPTIMIZATION execution test
FAIL: gcc.dg/guality/pr41616-1.c -O2 -flto -fno-use-linker-plugin -flto-partition=none -DPREVENT_OPTIMIZATION execution test
FAIL: gcc.dg/guality/pr41616-1.c -O2 -flto -fuse-linker-plugin -fno-fat-lto-objects -DPREVENT_OPTIMIZATION execution test
FAIL: gcc.dg/guality/pr41616-1.c -O3 -g -DPREVENT_OPTIMIZATION execution test
FAIL: gcc.dg/guality/pr43051-1.c -O1 -DPREVENT_OPTIMIZATION line 35 v == 1
FAIL: gcc.dg/guality/pr43051-1.c -O1 -DPREVENT_OPTIMIZATION line 40 v == 1
FAIL: gcc.dg/guality/pr43051-1.c -O2 -DPREVENT_OPTIMIZATION line 35 v == 1
FAIL: gcc.dg/guality/pr43051-1.c -O2 -DPREVENT_OPTIMIZATION line 40 v == 1
FAIL: gcc.dg/guality/pr43051-1.c -O2 -flto -fno-use-linker-plugin -flto-partition=none -DPREVENT_OPTIMIZATION line 35 v == 1
FAIL: gcc.dg/guality/pr43051-1.c -O2 -flto -fno-use-linker-plugin -flto-partition=none -DPREVENT_OPTIMIZATION line 40 v == 1
FAIL: gcc.dg/guality/pr43051-1.c -O2 -flto -fuse-linker-plugin -fno-fat-lto-objects -DPREVENT_OPTIMIZATION line 35 v == 1
FAIL: gcc.dg/guality/pr43051-1.c -O2 -flto -fuse-linker-plugin -fno-fat-lto-objects -DPREVENT_OPTIMIZATION line 40 v == 1
FAIL: gcc.dg/guality/pr43051-1.c -O3 -fomit-frame-pointer -funroll-loops -fpeel-loops -ftracer -finline-functions -DPREVENT_OPTIMIZATION line 35 v == 1
FAIL: gcc.dg/guality/pr43051-1.c -O3 -fomit-frame-pointer -funroll-loops -fpeel-loops -ftracer -finline-functions -DPREVENT_OPTIMIZATION line 40 v == 1
FAIL: gcc.dg/guality/pr43051-1.c -O3 -g -DPREVENT_OPTIMIZATION line 35 v == 1
FAIL: gcc.dg/guality/pr43051-1.c -O3 -g -DPREVENT_OPTIMIZATION line 40 v == 1
FAIL: gcc.dg/guality/pr43051-1.c -Os -DPREVENT_OPTIMIZATION line 35 v == 1
FAIL: gcc.dg/guality/pr43051-1.c -Os -DPREVENT_OPTIMIZATION line 40 v == 1
FAIL: gcc.dg/guality/pr43051-1.c -Og -DPREVENT_OPTIMIZATION line 35 v == 1
FAIL: gcc.dg/guality/pr43051-1.c -Og -DPREVENT_OPTIMIZATION line 40 v == 1
FAIL: gcc.dg/guality/pr43077-1.c -O0 line 42 b == 2
FAIL: gcc.dg/guality/pr43077-1.c -O0 line 42 c == 3
FAIL: gcc.dg/guality/pr43077-1.c -O0 line 42 varb == 2
FAIL: gcc.dg/guality/pr43077-1.c -O0 line 42 varc == 3
FAIL: gcc.dg/guality/pr43077-1.c -O1 -DPREVENT_OPTIMIZATION line 42 b == 2
FAIL: gcc.dg/guality/pr43077-1.c -O1 -DPREVENT_OPTIMIZATION line 42 c == 3
FAIL: gcc.dg/guality/pr43077-1.c -O1 -DPREVENT_OPTIMIZATION line 42 varb == 2
FAIL: gcc.dg/guality/pr43077-1.c -O1 -DPREVENT_OPTIMIZATION line 42 varc == 3
FAIL: gcc.dg/guality/pr43077-1.c -O2 -DPREVENT_OPTIMIZATION line 42 b == 2
FAIL: gcc.dg/guality/pr43077-1.c -O2 -DPREVENT_OPTIMIZATION line 42 c == 3
FAIL: gcc.dg/guality/pr43077-1.c -O2 -DPREVENT_OPTIMIZATION line 42 varb == 2
FAIL: gcc.dg/guality/pr43077-1.c -O2 -DPREVENT_OPTIMIZATION line 42 varc == 3
FAIL: gcc.dg/guality/pr43077-1.c -O2 -flto -fno-use-linker-plugin -flto-partition=none -DPREVENT_OPTIMIZATION line 42 b == 2
FAIL: gcc.dg/guality/pr43077-1.c -O2 -flto -fno-use-linker-plugin -flto-partition=none -DPREVENT_OPTIMIZATION line 42 c == 3
FAIL: gcc.dg/guality/pr43077-1.c -O2 -flto -fno-use-linker-plugin -flto-partition=none -DPREVENT_OPTIMIZATION line 42 varb == 2
FAIL: gcc.dg/guality/pr43077-1.c -O2 -flto -fno-use-linker-plugin -flto-partition=none -DPREVENT_OPTIMIZATION line 42 varc == 3
FAIL: gcc.dg/guality/pr43077-1.c -O2 -flto -fuse-linker-plugin -fno-fat-lto-objects -DPREVENT_OPTIMIZATION line 42 b == 2
FAIL: gcc.dg/guality/pr43077-1.c -O2 -flto -fuse-linker-plugin -fno-fat-lto-objects -DPREVENT_OPTIMIZATION line 42 c == 3
FAIL: gcc.dg/guality/pr43077-1.c -O2 -flto -fuse-linker-plugin -fno-fat-lto-objects -DPREVENT_OPTIMIZATION line 42 varb == 2
FAIL: gcc.dg/guality/pr43077-1.c -O2 -flto -fuse-linker-plugin -fno-fat-lto-objects -DPREVENT_OPTIMIZATION line 42 varc == 3
FAIL: gcc.dg/guality/pr43077-1.c -O3 -g -DPREVENT_OPTIMIZATION line 42 b == 2
FAIL: gcc.dg/guality/pr43077-1.c -O3 -g -DPREVENT_OPTIMIZATION line 42 c == 3
FAIL: gcc.dg/guality/pr43077-1.c -O3 -g -DPREVENT_OPTIMIZATION line 42 varb == 2
FAIL: gcc.dg/guality/pr43077-1.c -O3 -g -DPREVENT_OPTIMIZATION line 42 varc == 3
FAIL: gcc.dg/guality/pr43077-1.c -Os -DPREVENT_OPTIMIZATION line 42 b == 2
FAIL: gcc.dg/guality/pr43077-1.c -Os -DPREVENT_OPTIMIZATION line 42 c == 3
FAIL: gcc.dg/guality/pr43077-1.c -Os -DPREVENT_OPTIMIZATION line 42 varb == 2
FAIL: gcc.dg/guality/pr43077-1.c -Os -DPREVENT_OPTIMIZATION line 42 varc == 3
FAIL: gcc.dg/guality/pr43077-1.c -Og -DPREVENT_OPTIMIZATION line 42 b == 2
FAIL: gcc.dg/guality/pr43077-1.c -Og -DPREVENT_OPTIMIZATION line 42 c == 3
FAIL: gcc.dg/guality/pr43077-1.c -Og -DPREVENT_OPTIMIZATION line 42 varb == 2
FAIL: gcc.dg/guality/pr43077-1.c -Og -DPREVENT_OPTIMIZATION line 42 varc == 3
FAIL: gcc.dg/guality/pr49888.c -O1 -DPREVENT_OPTIMIZATION line 12 !!c == 0
FAIL: gcc.dg/guality/pr49888.c -O2 -DPREVENT_OPTIMIZATION line 12 !!c == 0
FAIL: gcc.dg/guality/pr49888.c -O2 -flto -fno-use-linker-plugin -flto-partition=none -DPREVENT_OPTIMIZATION line 12 !!c == 0
FAIL: gcc.dg/guality/pr49888.c -O2 -flto -fuse-linker-plugin -fno-fat-lto-objects -DPREVENT_OPTIMIZATION line 12 !!c == 0
FAIL: gcc.dg/guality/pr49888.c -O3 -g -DPREVENT_OPTIMIZATION line 12 !!c == 0
FAIL: gcc.dg/guality/pr49888.c -Os -DPREVENT_OPTIMIZATION line 12 !!c == 0
FAIL: gcc.dg/guality/pr54519-1.c -O1 -DPREVENT_OPTIMIZATION line 20 x == 36
FAIL: gcc.dg/guality/pr54519-1.c -O1 -DPREVENT_OPTIMIZATION line 20 y == 25
FAIL: gcc.dg/guality/pr54519-1.c -O1 -DPREVENT_OPTIMIZATION line 23 x == 98
FAIL: gcc.dg/guality/pr54519-1.c -O1 -DPREVENT_OPTIMIZATION line 23 y == 117
FAIL: gcc.dg/guality/pr54519-1.c -O2 -DPREVENT_OPTIMIZATION line 20 x == 36
FAIL: gcc.dg/guality/pr54519-1.c -O2 -DPREVENT_OPTIMIZATION line 23 x == 98
FAIL: gcc.dg/guality/pr54519-1.c -O2 -flto -fno-use-linker-plugin -flto-partition=none -DPREVENT_OPTIMIZATION line 20 x == 36
FAIL: gcc.dg/guality/pr54519-1.c -O2 -flto -fno-use-linker-plugin -flto-partition=none -DPREVENT_OPTIMIZATION line 20 y == 25
FAIL: gcc.dg/guality/pr54519-1.c -O2 -flto -fno-use-linker-plugin -flto-partition=none -DPREVENT_OPTIMIZATION line 20 z == 6
FAIL: gcc.dg/guality/pr54519-1.c -O2 -flto -fno-use-linker-plugin -flto-partition=none -DPREVENT_OPTIMIZATION line 23 x == 98
FAIL: gcc.dg/guality/pr54519-1.c -O2 -flto -fno-use-linker-plugin -flto-partition=none -DPREVENT_OPTIMIZATION line 23 y == 117
FAIL: gcc.dg/guality/pr54519-1.c -O2 -flto -fno-use-linker-plugin -flto-partition=none -DPREVENT_OPTIMIZATION line 23 z == 8
FAIL: gcc.dg/guality/pr54519-1.c -O2 -flto -fuse-linker-plugin -fno-fat-lto-objects -DPREVENT_OPTIMIZATION line 20 y == 25
FAIL: gcc.dg/guality/pr54519-1.c -O2 -flto -fuse-linker-plugin -fno-fat-lto-objects -DPREVENT_OPTIMIZATION line 20 z == 6
FAIL: gcc.dg/guality/pr54519-1.c -O2 -flto -fuse-linker-plugin -fno-fat-lto-objects -DPREVENT_OPTIMIZATION line 23 y == 117
FAIL: gcc.dg/guality/pr54519-1.c -O2 -flto -fuse-linker-plugin -fno-fat-lto-objects -DPREVENT_OPTIMIZATION line 23 z == 8
FAIL: gcc.dg/guality/pr54519-1.c -Os -DPREVENT_OPTIMIZATION line 20 x == 36
FAIL: gcc.dg/guality/pr54519-1.c -Os -DPREVENT_OPTIMIZATION line 23 x == 98
FAIL: gcc.dg/guality/pr54519-1.c -Og -DPREVENT_OPTIMIZATION line 20 x == 36
FAIL: gcc.dg/guality/pr54519-1.c -Og -DPREVENT_OPTIMIZATION line 20 y == 25
FAIL: gcc.dg/guality/pr54519-1.c -Og -DPREVENT_OPTIMIZATION line 23 x == 98
FAIL: gcc.dg/guality/pr54519-1.c -Og -DPREVENT_OPTIMIZATION line 23 y == 117
FAIL: gcc.dg/guality/pr54519-2.c -O1 -DPREVENT_OPTIMIZATION line 17 x == 6
FAIL: gcc.dg/guality/pr54519-2.c -O2 -flto -fno-use-linker-plugin -flto-partition=none -DPREVENT_OPTIMIZATION line 17 y == 25
FAIL: gcc.dg/guality/pr54519-2.c -O2 -flto -fuse-linker-plugin -fno-fat-lto-objects -DPREVENT_OPTIMIZATION line 17 y == 25
FAIL: gcc.dg/guality/pr54519-2.c -Og -DPREVENT_OPTIMIZATION line 17 x == 6
FAIL: gcc.dg/guality/pr54519-3.c -O2 -DPREVENT_OPTIMIZATION line 23 z == 8
FAIL: gcc.dg/guality/pr54519-3.c -O2 -flto -fno-use-linker-plugin -flto-partition=none -DPREVENT_OPTIMIZATION line 23 y == 117
FAIL: gcc.dg/guality/pr54519-3.c -O2 -flto -fno-use-linker-plugin -flto-partition=none -DPREVENT_OPTIMIZATION line 23 z == 8
FAIL: gcc.dg/guality/pr54519-3.c -O2 -flto -fuse-linker-plugin -fno-fat-lto-objects -DPREVENT_OPTIMIZATION line 23 y == 117
FAIL: gcc.dg/guality/pr54519-3.c -O2 -flto -fuse-linker-plugin -fno-fat-lto-objects -DPREVENT_OPTIMIZATION line 23 z == 8
FAIL: gcc.dg/guality/pr54519-3.c -O3 -g -DPREVENT_OPTIMIZATION line 23 z == 8
FAIL: gcc.dg/guality/pr54519-3.c -Os -DPREVENT_OPTIMIZATION line 20 z == 6
FAIL: gcc.dg/guality/pr54519-3.c -Os -DPREVENT_OPTIMIZATION line 23 z == 8
FAIL: gcc.dg/guality/pr54519-4.c -O2 -DPREVENT_OPTIMIZATION line 17 y == 25
FAIL: gcc.dg/guality/pr54519-4.c -O2 -flto -fno-use-linker-plugin -flto-partition=none -DPREVENT_OPTIMIZATION line 17 y == 25
FAIL: gcc.dg/guality/pr54519-4.c -O2 -flto -fuse-linker-plugin -fno-fat-lto-objects -DPREVENT_OPTIMIZATION line 17 y == 25
FAIL: gcc.dg/guality/pr54519-4.c -O3 -g -DPREVENT_OPTIMIZATION line 17 y == 25
FAIL: gcc.dg/guality/pr54519-4.c -Os -DPREVENT_OPTIMIZATION line 17 y == 25
FAIL: gcc.dg/guality/pr54519-5.c -O1 -DPREVENT_OPTIMIZATION line 17 x == 6
FAIL: gcc.dg/guality/pr54519-5.c -O1 -DPREVENT_OPTIMIZATION line 17 y == 25
FAIL: gcc.dg/guality/pr54519-5.c -O2 -DPREVENT_OPTIMIZATION line 17 y == 25
FAIL: gcc.dg/guality/pr54519-5.c -O2 -flto -fno-use-linker-plugin -flto-partition=none -DPREVENT_OPTIMIZATION line 17 y == 25
FAIL: gcc.dg/guality/pr54519-5.c -O2 -flto -fuse-linker-plugin -fno-fat-lto-objects -DPREVENT_OPTIMIZATION line 17 y == 25
FAIL: gcc.dg/guality/pr54519-5.c -O3 -g -DPREVENT_OPTIMIZATION line 17 y == 25
FAIL: gcc.dg/guality/pr54519-5.c -Os -DPREVENT_OPTIMIZATION line 17 y == 25
FAIL: gcc.dg/guality/pr54519-5.c -Og -DPREVENT_OPTIMIZATION line 17 x == 6
FAIL: gcc.dg/guality/pr54519-5.c -Og -DPREVENT_OPTIMIZATION line 17 y == 25
FAIL: gcc.dg/guality/pr54519-6.c -Os -DPREVENT_OPTIMIZATION line 11 x == 2
FAIL: gcc.dg/guality/pr54551.c -O1 -DPREVENT_OPTIMIZATION line 18 a == 4
FAIL: gcc.dg/guality/pr54551.c -O2 -DPREVENT_OPTIMIZATION line 18 a == 4
FAIL: gcc.dg/guality/pr54551.c -O2 -flto -fno-use-linker-plugin -flto-partition=none -DPREVENT_OPTIMIZATION line 18 a == 4
FAIL: gcc.dg/guality/pr54551.c -O3 -g -DPREVENT_OPTIMIZATION line 18 a == 4
FAIL: gcc.dg/guality/pr54551.c -Os -DPREVENT_OPTIMIZATION line 18 a == 4
FAIL: gcc.dg/guality/pr54551.c -Og -DPREVENT_OPTIMIZATION line 18 a == 4
FAIL: gcc.dg/guality/pr54693-2.c -O1 -DPREVENT_OPTIMIZATION line 21 x == 10 - i
FAIL: gcc.dg/guality/pr54693-2.c -O1 -DPREVENT_OPTIMIZATION line 21 y == 20 - 2 * i
FAIL: gcc.dg/guality/pr54693-2.c -O2 -DPREVENT_OPTIMIZATION line 21 x == 10 - i
FAIL: gcc.dg/guality/pr54693-2.c -O2 -DPREVENT_OPTIMIZATION line 21 y == 20 - 2 * i
FAIL: gcc.dg/guality/pr54693-2.c -O2 -flto -fno-use-linker-plugin -flto-partition=none -DPREVENT_OPTIMIZATION line 21 x == 10 - i
FAIL: gcc.dg/guality/pr54693-2.c -O2 -flto -fno-use-linker-plugin -flto-partition=none -DPREVENT_OPTIMIZATION line 21 y == 20 - 2 * i
FAIL: gcc.dg/guality/pr54693-2.c -O2 -flto -fuse-linker-plugin -fno-fat-lto-objects -DPREVENT_OPTIMIZATION line 21 y == 20 - 2 * i
FAIL: gcc.dg/guality/pr54693-2.c -O2 -flto -fuse-linker-plugin -fno-fat-lto-objects -DPREVENT_OPTIMIZATION line 21 z == 30 - 3 * i
FAIL: gcc.dg/guality/pr54693-2.c -O3 -fomit-frame-pointer -funroll-loops -fpeel-loops -ftracer -finline-functions -DPREVENT_OPTIMIZATION line 21 y == 20 - 2 * i
FAIL: gcc.dg/guality/pr54693-2.c -O3 -g -DPREVENT_OPTIMIZATION line 21 x == 10 - i
FAIL: gcc.dg/guality/pr54693-2.c -O3 -g -DPREVENT_OPTIMIZATION line 21 y == 20 - 2 * i
FAIL: gcc.dg/guality/pr54693-2.c -Os -DPREVENT_OPTIMIZATION line 21 x == 10 - i
FAIL: gcc.dg/guality/pr54693-2.c -Os -DPREVENT_OPTIMIZATION line 21 y == 20 - 2 * i
XPASS: gcc.dg/guality/pr54970.c -O0 line 15 a[0] == 1
XPASS: gcc.dg/guality/pr54970.c -O0 line 20 a[0] == 1
XPASS: gcc.dg/guality/pr54970.c -O0 line 25 a[0] == 1
XPASS: gcc.dg/guality/pr54970.c -O0 line 31 a[0] == 4
XPASS: gcc.dg/guality/pr54970.c -O0 line 36 a[0] == 4
XPASS: gcc.dg/guality/pr54970.c -O0 line 45 a[0] == 4
XPASS: gcc.dg/guality/pr54970.c -O0 line 45 p[-2] == 4
XPASS: gcc.dg/guality/pr54970.c -O0 line 45 q[-1] == 4
XPASS: gcc.dg/guality/pr54970.c -Og -DPREVENT_OPTIMIZATION line 15 a[0] == 1
XPASS: gcc.dg/guality/pr54970.c -Og -DPREVENT_OPTIMIZATION line 20 a[0] == 1
XPASS: gcc.dg/guality/pr54970.c -Og -DPREVENT_OPTIMIZATION line 25 a[0] == 1
XPASS: gcc.dg/guality/pr54970.c -Og -DPREVENT_OPTIMIZATION line 31 a[0] == 4
XPASS: gcc.dg/guality/pr54970.c -Og -DPREVENT_OPTIMIZATION line 36 a[0] == 4
XPASS: gcc.dg/guality/pr54970.c -Og -DPREVENT_OPTIMIZATION line 45 a[0] == 4
XPASS: gcc.dg/guality/pr54970.c -Og -DPREVENT_OPTIMIZATION line 45 p[-2] == 4
XPASS: gcc.dg/guality/pr54970.c -Og -DPREVENT_OPTIMIZATION line 45 q[-1] == 4
FAIL: gcc.dg/guality/pr56154-1.c -Og -DPREVENT_OPTIMIZATION line pr56154-1.c:20 x.a == 6
XPASS: gcc.dg/guality/pr59776.c -O0 line pr59776.c:17 s2.g == 6.0
XPASS: gcc.dg/guality/pr59776.c -O0 line pr59776.c:20 s2.g == 6.0
FAIL: gcc.dg/guality/pr59776.c -Og -DPREVENT_OPTIMIZATION line pr59776.c:17 s1.f == 5.0
FAIL: gcc.dg/guality/pr59776.c -Og -DPREVENT_OPTIMIZATION line pr59776.c:17 s1.g == 6.0
FAIL: gcc.dg/guality/pr59776.c -Og -DPREVENT_OPTIMIZATION line pr59776.c:17 s2.f == 0.0
FAIL: gcc.dg/guality/pr59776.c -Og -DPREVENT_OPTIMIZATION line pr59776.c:20 s1.f == 5.0
FAIL: gcc.dg/guality/pr59776.c -Og -DPREVENT_OPTIMIZATION line pr59776.c:20 s1.g == 6.0
FAIL: gcc.dg/guality/pr59776.c -Og -DPREVENT_OPTIMIZATION line pr59776.c:20 s2.f == 5.0
FAIL: gcc.dg/guality/sra-1.c -O1 -DPREVENT_OPTIMIZATION line 43 a.i == 4
FAIL: gcc.dg/guality/sra-1.c -O2 -DPREVENT_OPTIMIZATION line 43 a.i == 4
FAIL: gcc.dg/guality/sra-1.c -O2 -flto -fno-use-linker-plugin -flto-partition=none -DPREVENT_OPTIMIZATION line 43 a.i == 4
FAIL: gcc.dg/guality/sra-1.c -O2 -flto -fuse-linker-plugin -fno-fat-lto-objects -DPREVENT_OPTIMIZATION line 21 a.i == 4
FAIL: gcc.dg/guality/sra-1.c -O2 -flto -fuse-linker-plugin -fno-fat-lto-objects -DPREVENT_OPTIMIZATION line 21 a.j == 14
FAIL: gcc.dg/guality/sra-1.c -O2 -flto -fuse-linker-plugin -fno-fat-lto-objects -DPREVENT_OPTIMIZATION line 32 a[0] == 4
FAIL: gcc.dg/guality/sra-1.c -O2 -flto -fuse-linker-plugin -fno-fat-lto-objects -DPREVENT_OPTIMIZATION line 32 a[1] == 14
FAIL: gcc.dg/guality/sra-1.c -O2 -flto -fuse-linker-plugin -fno-fat-lto-objects -DPREVENT_OPTIMIZATION line 43 a.i == 4
FAIL: gcc.dg/guality/sra-1.c -O2 -flto -fuse-linker-plugin -fno-fat-lto-objects -DPREVENT_OPTIMIZATION line 43 a.j == 14
FAIL: gcc.dg/guality/sra-1.c -O3 -g -DPREVENT_OPTIMIZATION line 43 a.i == 4
FAIL: gcc.dg/guality/sra-1.c -Os -DPREVENT_OPTIMIZATION line 43 a.i == 4
FAIL: gcc.dg/guality/sra-1.c -Og -DPREVENT_OPTIMIZATION line 21 a.i == 4
FAIL: gcc.dg/guality/sra-1.c -Og -DPREVENT_OPTIMIZATION line 21 a.j == 14
FAIL: gcc.dg/guality/sra-1.c -Og -DPREVENT_OPTIMIZATION line 32 a[0] == 4
FAIL: gcc.dg/guality/sra-1.c -Og -DPREVENT_OPTIMIZATION line 32 a[1] == 14
FAIL: gcc.dg/guality/sra-1.c -Og -DPREVENT_OPTIMIZATION line 43 a.i == 4
FAIL: gcc.dg/guality/sra-1.c -Og -DPREVENT_OPTIMIZATION line 43 a.j == 14
FAIL: gcc.dg/guality/vla-1.c -O1 -DPREVENT_OPTIMIZATION line 17 sizeof (a) == 6
FAIL: gcc.dg/guality/vla-1.c -O2 -DPREVENT_OPTIMIZATION line 17 sizeof (a) == 6
FAIL: gcc.dg/guality/vla-1.c -O2 -flto -fno-use-linker-plugin -flto-partition=none -DPREVENT_OPTIMIZATION line 17 sizeof (a) == 6
FAIL: gcc.dg/guality/vla-1.c -O2 -flto -fuse-linker-plugin -fno-fat-lto-objects -DPREVENT_OPTIMIZATION line 17 sizeof (a) == 6
FAIL: gcc.dg/guality/vla-1.c -O3 -g -DPREVENT_OPTIMIZATION line 17 sizeof (a) == 6
FAIL: gcc.dg/guality/vla-1.c -Os -DPREVENT_OPTIMIZATION line 17 sizeof (a) == 6
FAIL: gcc.dg/plugin/diagnostic-test-paths-2.c -fplugin=./diagnostic_plugin_test_paths.so expected multiline pattern lines 36-54 not found: "\\s*29 \\| PyList_Append\\(list, item\\);.*\\n \\| \\^~~~~~~~~~~~~~~~~~~~~~~~~\\n 'make_a_list_of_random_ints_badly': events 1-3.*\\n \\|.*\\n \\| 25 \\| list = PyList_New\\(0\\);.*\\n \\| \\| \\^~~~~~~~~~~~~\\n \\| \\| \\|.*\\n \\| \\| \\(1\\) when 'PyList_New' fails, returning NULL.*\\n \\| 26 \\| .*\\n \\| 27 \\| for \\(i = 0; i < count; i\\+\\+\\) \\{.*\\n \\| \\| ~~~ .*\\n \\| \\| \\|.*\\n \\| \\| \\(2\\) when 'i < count'.*\\n \\| 28 \\| item = PyLong_FromLong\\(random\\(\\)\\);.*\\n \\| 29 \\| PyList_Append\\(list, item\\);.*\\n \\| \\| ~~~~~~~~~~~~~~~~~~~~~~~~~\\n \\| \\| \\|.*\\n \\| \\| \\(3\\) when calling 'PyList_Append', passing NULL from \\(1\\) as argument 1.*\\n \\|.*\\n"
FAIL: gcc.dg/plugin/diagnostic-test-paths-2.c -fplugin=./diagnostic_plugin_test_paths.so (test for excess errors)
FAIL: gcc.dg/plugin/location-overflow-test-1.c -fplugin=./location_overflow_plugin.so adding '-flarge-source-files' (test for warnings, line 16)
FAIL: gcc.dg/vect/bb-slp-39.c -flto -ffat-lto-objects scan-tree-dump-times slp2 "vectorizing stmts using SLP" 3
FAIL: gcc.dg/vect/bb-slp-39.c scan-tree-dump-times slp2 "vectorizing stmts using SLP" 3
FAIL: gcc.dg/vect/pr59591-1.c (internal compiler error)
FAIL: gcc.dg/vect/pr59591-1.c (test for excess errors)
FAIL: gcc.dg/vect/pr59591-1.c -flto -ffat-lto-objects (internal compiler error)
FAIL: gcc.dg/vect/pr59591-1.c -flto -ffat-lto-objects (test for excess errors)
UNRESOLVED: gcc.dg/vect/pr59591-1.c -flto -ffat-lto-objects compilation failed to produce executable
UNRESOLVED: gcc.dg/vect/pr59591-1.c compilation failed to produce executable
FAIL: gcc.dg/vect/pr71264.c -flto -ffat-lto-objects scan-tree-dump vect "vectorized 1 loops in function"
FAIL: gcc.dg/vect/pr71264.c scan-tree-dump vect "vectorized 1 loops in function"
FAIL: gcc.dg/vect/vect-23.c (internal compiler error)
FAIL: gcc.dg/vect/vect-23.c (test for excess errors)
FAIL: gcc.dg/vect/vect-23.c -flto -ffat-lto-objects (internal compiler error)
FAIL: gcc.dg/vect/vect-23.c -flto -ffat-lto-objects (test for excess errors)
UNRESOLVED: gcc.dg/vect/vect-23.c -flto -ffat-lto-objects compilation failed to produce executable
UNRESOLVED: gcc.dg/vect/vect-23.c compilation failed to produce executable
FAIL: gcc.dg/vect/vect-cond-reduc-4.c -flto -ffat-lto-objects scan-tree-dump-times vect "LOOP VECTORIZED" 2
FAIL: gcc.dg/vect/vect-cond-reduc-4.c scan-tree-dump-times vect "LOOP VECTORIZED" 2
FAIL: gcc.dg/vect/vect-cond-reduc-6.c (internal compiler error)
FAIL: gcc.dg/vect/vect-cond-reduc-6.c (test for excess errors)
FAIL: gcc.dg/vect/vect-cond-reduc-6.c -flto -ffat-lto-objects (internal compiler error)
FAIL: gcc.dg/vect/vect-cond-reduc-6.c -flto -ffat-lto-objects (test for excess errors)
FAIL: gcc.target/s390/arch13/sel-1.c scan-assembler-times \\tselrh\\t 1
FAIL: gcc.target/s390/mul-signed-overflow-1.c execution test
FAIL: gcc.target/s390/mul-signed-overflow-2.c execution test
FAIL: gcc.target/s390/risbg-ll-1.c scan-assembler f42:\\n\\tsllg\\t%r2,%r2,63\\n\\tsrag\\t%r2,%r2,63\\n\\tllgcr\\t%r2,%r2
FAIL: gcc.target/s390/target-attribute/tattr-m64-1.c scan-assembler fn:fn_att_0_1 vx0
FAIL: gcc.target/s390/target-attribute/tattr-m64-1.c scan-assembler fn:fn_att_1_0 ht1
FAIL: gcc.target/s390/target-attribute/tattr-m64-1.c scan-assembler fn:fn_pragma_0 ht1
FAIL: gcc.target/s390/target-attribute/tattr-m64-1.c scan-assembler fn:fn_pragma_0_1 vx0
FAIL: gcc.target/s390/target-attribute/tattr-m64-1.c scan-assembler fn:fn_pragma_0_att_0 ht1
FAIL: gcc.target/s390/target-attribute/tattr-m64-1.c scan-assembler fn:fn_pragma_0_att_1 vx0
FAIL: gcc.target/s390/target-attribute/tattr-m64-1.c scan-assembler fn:fn_pragma_1 vx0
FAIL: gcc.target/s390/target-attribute/tattr-m64-1.c scan-assembler fn:fn_pragma_1_0 ht1
FAIL: gcc.target/s390/target-attribute/tattr-m64-1.c scan-assembler fn:fn_pragma_1_att_0 ht1
FAIL: gcc.target/s390/target-attribute/tattr-m64-1.c scan-assembler fn:fn_pragma_1_att_1 vx0
FAIL: gcc.target/s390/target-attribute/tattr-m64-17.c scan-assembler fn:fn_att_0_1 hd0
FAIL: gcc.target/s390/target-attribute/tattr-m64-17.c scan-assembler fn:fn_att_0_1 vx0
FAIL: gcc.target/s390/target-attribute/tattr-m64-17.c scan-assembler fn:fn_att_1_0 vx0
FAIL: gcc.target/s390/target-attribute/tattr-m64-17.c scan-assembler fn:fn_pragma_0 vx0
FAIL: gcc.target/s390/target-attribute/tattr-m64-17.c scan-assembler fn:fn_pragma_0_1 hd0
FAIL: gcc.target/s390/target-attribute/tattr-m64-17.c scan-assembler fn:fn_pragma_0_1 vx0
FAIL: gcc.target/s390/target-attribute/tattr-m64-17.c scan-assembler fn:fn_pragma_0_att_0 vx0
FAIL: gcc.target/s390/target-attribute/tattr-m64-17.c scan-assembler fn:fn_pragma_0_att_1 hd0
FAIL: gcc.target/s390/target-attribute/tattr-m64-17.c scan-assembler fn:fn_pragma_0_att_1 vx0
FAIL: gcc.target/s390/target-attribute/tattr-m64-17.c scan-assembler fn:fn_pragma_1 hd0
FAIL: gcc.target/s390/target-attribute/tattr-m64-17.c scan-assembler fn:fn_pragma_1 vx0
FAIL: gcc.target/s390/target-attribute/tattr-m64-17.c scan-assembler fn:fn_pragma_1_0 vx0
FAIL: gcc.target/s390/target-attribute/tattr-m64-17.c scan-assembler fn:fn_pragma_1_att_0 vx0
FAIL: gcc.target/s390/target-attribute/tattr-m64-17.c scan-assembler fn:fn_pragma_1_att_1 hd0
FAIL: gcc.target/s390/target-attribute/tattr-m64-17.c scan-assembler fn:fn_pragma_1_att_1 vx0
FAIL: gcc.target/s390/target-attribute/tattr-m64-18.c scan-assembler fn:fn_att_0_1 hd0
FAIL: gcc.target/s390/target-attribute/tattr-m64-18.c scan-assembler fn:fn_pragma_0_1 hd0
FAIL: gcc.target/s390/target-attribute/tattr-m64-18.c scan-assembler fn:fn_pragma_0_att_1 hd0
FAIL: gcc.target/s390/target-attribute/tattr-m64-18.c scan-assembler fn:fn_pragma_1 hd0
FAIL: gcc.target/s390/target-attribute/tattr-m64-18.c scan-assembler fn:fn_pragma_1_att_1 hd0
FAIL: gcc.target/s390/target-attribute/tattr-m64-2.c scan-assembler fn:fn_att_0_1 ht0
FAIL: gcc.target/s390/target-attribute/tattr-m64-2.c scan-assembler fn:fn_att_0_1 vx0
FAIL: gcc.target/s390/target-attribute/tattr-m64-2.c scan-assembler fn:fn_pragma_0_1 ht0
FAIL: gcc.target/s390/target-attribute/tattr-m64-2.c scan-assembler fn:fn_pragma_0_1 vx0
FAIL: gcc.target/s390/target-attribute/tattr-m64-2.c scan-assembler fn:fn_pragma_0_att_1 ht0
FAIL: gcc.target/s390/target-attribute/tattr-m64-2.c scan-assembler fn:fn_pragma_0_att_1 vx0
FAIL: gcc.target/s390/target-attribute/tattr-m64-2.c scan-assembler fn:fn_pragma_1 ht0
FAIL: gcc.target/s390/target-attribute/tattr-m64-2.c scan-assembler fn:fn_pragma_1 vx0
FAIL: gcc.target/s390/target-attribute/tattr-m64-2.c scan-assembler fn:fn_pragma_1_att_1 ht0
FAIL: gcc.target/s390/target-attribute/tattr-m64-2.c scan-assembler fn:fn_pragma_1_att_1 vx0
FAIL: gcc.target/s390/target-attribute/tattr-m64-22.c scan-assembler fn:fn_att_0_1 hd0
FAIL: gcc.target/s390/target-attribute/tattr-m64-22.c scan-assembler fn:fn_att_0_1 ht0
FAIL: gcc.target/s390/target-attribute/tattr-m64-22.c scan-assembler fn:fn_att_1_0 hd0
FAIL: gcc.target/s390/target-attribute/tattr-m64-22.c scan-assembler fn:fn_att_1_0 ht0
FAIL: gcc.target/s390/target-attribute/tattr-m64-22.c scan-assembler fn:fn_pragma_0 hd0
FAIL: gcc.target/s390/target-attribute/tattr-m64-22.c scan-assembler fn:fn_pragma_0 ht0
FAIL: gcc.target/s390/target-attribute/tattr-m64-22.c scan-assembler fn:fn_pragma_0_1 hd0
FAIL: gcc.target/s390/target-attribute/tattr-m64-22.c scan-assembler fn:fn_pragma_0_1 ht0
FAIL: gcc.target/s390/target-attribute/tattr-m64-22.c scan-assembler fn:fn_pragma_0_att_0 hd0
FAIL: gcc.target/s390/target-attribute/tattr-m64-22.c scan-assembler fn:fn_pragma_0_att_0 ht0
FAIL: gcc.target/s390/target-attribute/tattr-m64-22.c scan-assembler fn:fn_pragma_0_att_1 hd0
FAIL: gcc.target/s390/target-attribute/tattr-m64-22.c scan-assembler fn:fn_pragma_0_att_1 ht0
FAIL: gcc.target/s390/target-attribute/tattr-m64-22.c scan-assembler fn:fn_pragma_1 hd0
FAIL: gcc.target/s390/target-attribute/tattr-m64-22.c scan-assembler fn:fn_pragma_1 ht0
FAIL: gcc.target/s390/target-attribute/tattr-m64-22.c scan-assembler fn:fn_pragma_1_0 hd0
FAIL: gcc.target/s390/target-attribute/tattr-m64-22.c scan-assembler fn:fn_pragma_1_0 ht0
FAIL: gcc.target/s390/target-attribute/tattr-m64-22.c scan-assembler fn:fn_pragma_1_att_0 hd0
FAIL: gcc.target/s390/target-attribute/tattr-m64-22.c scan-assembler fn:fn_pragma_1_att_0 ht0
FAIL: gcc.target/s390/target-attribute/tattr-m64-22.c scan-assembler fn:fn_pragma_1_att_1 hd0
FAIL: gcc.target/s390/target-attribute/tattr-m64-22.c scan-assembler fn:fn_pragma_1_att_1 ht0
FAIL: gcc.target/s390/target-attribute/tattr-m64-33.c scan-assembler fn:fn_att_0_1 vx0
FAIL: gcc.target/s390/target-attribute/tattr-m64-33.c scan-assembler fn:fn_att_1_0 ht1
FAIL: gcc.target/s390/target-attribute/tattr-m64-33.c scan-assembler fn:fn_pragma_0 ht1
FAIL: gcc.target/s390/target-attribute/tattr-m64-33.c scan-assembler fn:fn_pragma_0_1 vx0
FAIL: gcc.target/s390/target-attribute/tattr-m64-33.c scan-assembler fn:fn_pragma_0_att_0 ht1
FAIL: gcc.target/s390/target-attribute/tattr-m64-33.c scan-assembler fn:fn_pragma_0_att_1 vx0
FAIL: gcc.target/s390/target-attribute/tattr-m64-33.c scan-assembler fn:fn_pragma_1 vx0
FAIL: gcc.target/s390/target-attribute/tattr-m64-33.c scan-assembler fn:fn_pragma_1_0 ht1
FAIL: gcc.target/s390/target-attribute/tattr-m64-33.c scan-assembler fn:fn_pragma_1_att_0 ht1
FAIL: gcc.target/s390/target-attribute/tattr-m64-33.c scan-assembler fn:fn_pragma_1_att_1 vx0
FAIL: gcc.target/s390/target-attribute/tpragma-struct-vx-1.c (internal compiler error)
FAIL: gcc.target/s390/target-attribute/tpragma-struct-vx-1.c (test for excess errors)
UNRESOLVED: gcc.target/s390/target-attribute/tpragma-struct-vx-1.c compilation failed to produce executable
FAIL: gcc.target/s390/vector/align-1.c scan-assembler-times vl\\t%v[0-9]*,[0-9]*\\\\(%r[0-9]*\\\\),3\\n 1
FAIL: gcc.target/s390/vector/align-1.c scan-assembler-times vl\\t%v[0-9]*,[0-9]*\\\\(%r[0-9]*\\\\),4\\n 2
FAIL: gcc.target/s390/vector/align-1.c scan-assembler-times vst\\t%v[0-9]*,[0-9]*\\\\(%r[0-9]*\\\\),3\\n 1
FAIL: gcc.target/s390/vector/align-1.c scan-assembler-times vst\\t%v[0-9]*,[0-9]*\\\\(%r[0-9]*\\\\),4 2
FAIL: gcc.target/s390/vector/align-2.c scan-assembler-times vl\\t%v[0-9]*,[0-9]*\\\\(%r[0-9]*\\\\),3\\n 1
FAIL: gcc.target/s390/vector/align-2.c scan-assembler-times vl\\t%v[0-9]*,[0-9]*\\\\(%r[0-9]*\\\\),4\\n 2
FAIL: gcc.target/s390/vector/align-2.c scan-assembler-times vst\\t%v[0-9]*,[0-9]*\\\\(%r[0-9]*\\\\),3\\n 1
FAIL: gcc.target/s390/vector/align-2.c scan-assembler-times vst\\t%v[0-9]*,[0-9]*\\\\(%r[0-9]*\\\\),4 2
FAIL: gcc.target/s390/zvector/autovec-double-quiet-uneq.c scan-assembler \\\\n\\\\tvx\\\\t
FAIL: gcc.target/s390/zvector/autovec-double-signaling-eq.c (internal compiler error)
FAIL: gcc.target/s390/zvector/autovec-double-signaling-eq.c (test for excess errors)
UNRESOLVED: gcc.target/s390/zvector/autovec-double-signaling-eq.c scan-assembler \\\\n\\\\tvfcedb\\\\t
UNRESOLVED: gcc.target/s390/zvector/autovec-double-signaling-eq.c scan-assembler \\\\n\\\\tvfkhedb\\\\t
FAIL: gcc.target/s390/zvector/autovec-float-quiet-uneq.c scan-assembler \\\\n\\\\tvx\\\\t
=== gcc Summary for unix/-m64 ===
# of expected passes 146993
# of unexpected failures 311
# of unexpected successes 39
# of expected failures 813
# of unresolved testcases 7
# of unsupported tests 3030
=== gcc Summary ===
# of expected passes 290789
# of unexpected failures 1378
# of unexpected successes 75
# of expected failures 1628
# of unresolved testcases 20
# of unsupported tests 6532
-default/gcc/xgcc version 11.0.0 20201002 (experimental) (GCC)
=== gfortran tests ===
Running target unix/-m31
FAIL: gfortran.dg/assumed_type_9.f90 -O2 execution test
FAIL: gfortran.dg/assumed_type_9.f90 -Os execution test
FAIL: gfortran.dg/graphite/vect-pr40979.f90 -O scan-tree-dump-times vect "vectorized 1 loops" 1
FAIL: gfortran.dg/vect/fast-math-mgrid-resid.f -O scan-tree-dump pcom "Executing predictive commoning without unrolling"
FAIL: gfortran.dg/vect/fast-math-mgrid-resid.f -O scan-tree-dump pcom "vectp_u.*__lsm.* = PHI <.*vectp_u.*__lsm"
FAIL: gfortran.dg/vect/fast-math-pr38968.f90 -O scan-tree-dump vect "vectorized 1 loops"
FAIL: gfortran.dg/vect/fast-math-rnflow-trs2a2.f90 -O scan-tree-dump-times vect "vectorized 2 loops" 1
FAIL: gfortran.dg/vect/pr62283.f -O scan-tree-dump-times vect "vectorized 1 loops" 2
FAIL: gfortran.dg/vect/pr83232.f90 -O scan-tree-dump-times slp1 "vectorizing stmts using SLP" 3
FAIL: gfortran.dg/vect/vect-8.f90 -O scan-tree-dump-times vect "vectorized 17 loops" 1
=== gfortran Summary for unix/-m31 ===
# of expected passes 54122
# of unexpected failures 10
# of expected failures 195
# of unsupported tests 269
Running target unix/-m64
FAIL: gfortran.dg/assumed_type_9.f90 -O2 execution test
FAIL: gfortran.dg/assumed_type_9.f90 -Os execution test
UNRESOLVED: gfortran.dg/pr96711.f90 -O0 scan-tree-dump-times original "_gfortran_stop_numeric" 2
FAIL: gfortran.dg/pr96711.f90 -O0 (internal compiler error)
FAIL: gfortran.dg/pr96711.f90 -O0 (test for excess errors)
UNRESOLVED: gfortran.dg/pr96711.f90 -O0 compilation failed to produce executable
UNRESOLVED: gfortran.dg/pr96711.f90 -O1 scan-tree-dump-times original "_gfortran_stop_numeric" 2
FAIL: gfortran.dg/pr96711.f90 -O1 (internal compiler error)
FAIL: gfortran.dg/pr96711.f90 -O1 (test for excess errors)
UNRESOLVED: gfortran.dg/pr96711.f90 -O1 compilation failed to produce executable
UNRESOLVED: gfortran.dg/pr96711.f90 -O2 scan-tree-dump-times original "_gfortran_stop_numeric" 2
FAIL: gfortran.dg/pr96711.f90 -O2 (internal compiler error)
FAIL: gfortran.dg/pr96711.f90 -O2 (test for excess errors)
UNRESOLVED: gfortran.dg/pr96711.f90 -O2 compilation failed to produce executable
UNRESOLVED: gfortran.dg/pr96711.f90 -O3 -fomit-frame-pointer -funroll-loops -fpeel-loops -ftracer -finline-functions scan-tree-dump-times original "_gfortran_stop_numeric" 2
FAIL: gfortran.dg/pr96711.f90 -O3 -fomit-frame-pointer -funroll-loops -fpeel-loops -ftracer -finline-functions (internal compiler error)
FAIL: gfortran.dg/pr96711.f90 -O3 -fomit-frame-pointer -funroll-loops -fpeel-loops -ftracer -finline-functions (test for excess errors)
UNRESOLVED: gfortran.dg/pr96711.f90 -O3 -fomit-frame-pointer -funroll-loops -fpeel-loops -ftracer -finline-functions compilation failed to produce executable
UNRESOLVED: gfortran.dg/pr96711.f90 -O3 -g scan-tree-dump-times original "_gfortran_stop_numeric" 2
FAIL: gfortran.dg/pr96711.f90 -O3 -g (internal compiler error)
FAIL: gfortran.dg/pr96711.f90 -O3 -g (test for excess errors)
UNRESOLVED: gfortran.dg/pr96711.f90 -O3 -g compilation failed to produce executable
UNRESOLVED: gfortran.dg/pr96711.f90 -Os scan-tree-dump-times original "_gfortran_stop_numeric" 2
FAIL: gfortran.dg/pr96711.f90 -Os (internal compiler error)
FAIL: gfortran.dg/pr96711.f90 -Os (test for excess errors)
UNRESOLVED: gfortran.dg/pr96711.f90 -Os compilation failed to produce executable
FAIL: gfortran.dg/graphite/vect-pr40979.f90 -O scan-tree-dump-times vect "vectorized 1 loops" 1
FAIL: gfortran.dg/vect/fast-math-mgrid-resid.f -O scan-tree-dump pcom "Executing predictive commoning without unrolling"
FAIL: gfortran.dg/vect/fast-math-mgrid-resid.f -O scan-tree-dump pcom "vectp_u.*__lsm.* = PHI <.*vectp_u.*__lsm"
FAIL: gfortran.dg/vect/fast-math-pr38968.f90 -O scan-tree-dump vect "vectorized 1 loops"
FAIL: gfortran.dg/vect/fast-math-rnflow-trs2a2.f90 -O scan-tree-dump-times vect "vectorized 2 loops" 1
FAIL: gfortran.dg/vect/pr62283.f -O scan-tree-dump-times vect "vectorized 1 loops" 2
FAIL: gfortran.dg/vect/pr83232.f90 -O scan-tree-dump-times slp1 "vectorizing stmts using SLP" 3
FAIL: gfortran.dg/vect/vect-8.f90 -O scan-tree-dump-times vect "vectorized 17 loops" 1
=== gfortran Summary for unix/-m64 ===
# of expected passes 54383
# of unexpected failures 22
# of expected failures 193
# of unresolved testcases 12
# of unsupported tests 136
=== gfortran Summary ===
# of expected passes 108505
# of unexpected failures 32
# of expected failures 388
# of unresolved testcases 12
# of unsupported tests 405
-default/gcc/gfortran version 11.0.0 20201002 (experimental) (GCC)
=== g++ tests ===
Running target unix/-m31
FAIL: c-c++-common/asan/pointer-compare-1.c -O0 output pattern test
FAIL: c-c++-common/asan/pointer-compare-1.c -O1 output pattern test
FAIL: c-c++-common/asan/pointer-compare-1.c -O2 output pattern test
FAIL: c-c++-common/asan/pointer-compare-1.c -O2 -flto -fno-use-linker-plugin -flto-partition=none output pattern test
FAIL: c-c++-common/asan/pointer-compare-1.c -O2 -flto -fuse-linker-plugin -fno-fat-lto-objects output pattern test
FAIL: c-c++-common/asan/pointer-compare-1.c -O3 -g output pattern test
FAIL: c-c++-common/asan/pointer-compare-1.c -Os output pattern test
FAIL: c-c++-common/asan/pointer-subtract-3.c -O0 execution test
FAIL: c-c++-common/asan/pointer-subtract-3.c -O1 execution test
FAIL: c-c++-common/asan/pointer-subtract-3.c -O2 execution test
FAIL: c-c++-common/asan/pointer-subtract-3.c -O2 -flto -fno-use-linker-plugin -flto-partition=none execution test
FAIL: c-c++-common/asan/pointer-subtract-3.c -O2 -flto -fuse-linker-plugin -fno-fat-lto-objects execution test
FAIL: c-c++-common/asan/pointer-subtract-3.c -O3 -g execution test
FAIL: c-c++-common/asan/pointer-subtract-3.c -Os execution test
FAIL: c-c++-common/asan/pr64820.c -O0 output pattern test
FAIL: c-c++-common/asan/pr64820.c -O1 output pattern test
FAIL: c-c++-common/asan/pr64820.c -O2 output pattern test
FAIL: c-c++-common/asan/pr64820.c -O2 -flto -fno-use-linker-plugin -flto-partition=none output pattern test
FAIL: c-c++-common/asan/pr64820.c -O2 -flto -fuse-linker-plugin -fno-fat-lto-objects output pattern test
FAIL: c-c++-common/asan/pr64820.c -O3 -g output pattern test
FAIL: c-c++-common/asan/pr64820.c -Os output pattern test
FAIL: c-c++-common/asan/use-after-return-1.c -O0 output pattern test
FAIL: c-c++-common/asan/use-after-return-1.c -O1 output pattern test
FAIL: c-c++-common/asan/use-after-return-1.c -O2 output pattern test
FAIL: c-c++-common/asan/use-after-return-1.c -O2 -flto -fno-use-linker-plugin -flto-partition=none output pattern test
FAIL: c-c++-common/asan/use-after-return-1.c -O2 -flto -fuse-linker-plugin -fno-fat-lto-objects output pattern test
FAIL: c-c++-common/asan/use-after-return-1.c -O3 -g output pattern test
FAIL: c-c++-common/asan/use-after-return-1.c -Os output pattern test
FAIL: g++.dg/asan/function-argument-3.C -O0 output pattern test
FAIL: g++.dg/asan/function-argument-3.C -O1 output pattern test
FAIL: g++.dg/asan/function-argument-3.C -O2 output pattern test
FAIL: g++.dg/asan/function-argument-3.C -O2 -flto -fno-use-linker-plugin -flto-partition=none output pattern test
FAIL: g++.dg/asan/function-argument-3.C -O2 -flto -fuse-linker-plugin -fno-fat-lto-objects execution test
FAIL: g++.dg/asan/function-argument-3.C -O3 -g output pattern test
FAIL: g++.dg/asan/function-argument-3.C -Os output pattern test
FAIL: c-c++-common/Wattributes.c -std=gnu++14 (test for errors, line 404)
FAIL: c-c++-common/Wattributes.c -std=gnu++17 (test for errors, line 404)
FAIL: c-c++-common/Wattributes.c -std=gnu++2a (test for errors, line 404)
FAIL: c-c++-common/Wattributes.c -std=gnu++98 (test for errors, line 404)
FAIL: g++.dg/guality/pr55665.C -O2 -flto -fno-use-linker-plugin -flto-partition=none line 23 p == 40
FAIL: g++.dg/vect/pr89653.cc -std=c++14 scan-tree-dump vect "vectorized 1 loops"
FAIL: g++.dg/vect/pr89653.cc -std=c++17 scan-tree-dump vect "vectorized 1 loops"
FAIL: g++.dg/vect/pr89653.cc -std=c++2a scan-tree-dump vect "vectorized 1 loops"
FAIL: g++.dg/vect/pr89653.cc -std=c++98 scan-tree-dump vect "vectorized 1 loops"
=== g++ Summary for unix/-m31 ===
# of expected passes 187842
# of unexpected failures 44
# of expected failures 766
# of unsupported tests 8978
Running target unix/-m64
FAIL: g++.dg/asan/function-argument-3.C -O0 execution test
FAIL: g++.dg/asan/function-argument-3.C -O1 execution test
FAIL: g++.dg/asan/function-argument-3.C -O2 execution test
FAIL: g++.dg/asan/function-argument-3.C -O2 -flto -fno-use-linker-plugin -flto-partition=none execution test
FAIL: g++.dg/asan/function-argument-3.C -O2 -flto -fuse-linker-plugin -fno-fat-lto-objects output pattern test
FAIL: g++.dg/asan/function-argument-3.C -O3 -g execution test
FAIL: g++.dg/asan/function-argument-3.C -Os execution test
FAIL: c-c++-common/Wattributes.c -std=gnu++14 (test for errors, line 404)
FAIL: c-c++-common/Wattributes.c -std=gnu++17 (test for errors, line 404)
FAIL: c-c++-common/Wattributes.c -std=gnu++2a (test for errors, line 404)
FAIL: c-c++-common/Wattributes.c -std=gnu++98 (test for errors, line 404)
FAIL: g++.dg/guality/pr55665.C -O2 -flto -fno-use-linker-plugin -flto-partition=none line 23 p == 40
FAIL: g++.dg/vect/pr89653.cc -std=c++14 scan-tree-dump vect "vectorized 1 loops"
FAIL: g++.dg/vect/pr89653.cc -std=c++17 scan-tree-dump vect "vectorized 1 loops"
FAIL: g++.dg/vect/pr89653.cc -std=c++2a scan-tree-dump vect "vectorized 1 loops"
FAIL: g++.dg/vect/pr89653.cc -std=c++98 scan-tree-dump vect "vectorized 1 loops"
=== g++ Summary for unix/-m64 ===
# of expected passes 190533
# of unexpected failures 16
# of expected failures 770
# of unsupported tests 8882
=== g++ Summary ===
# of expected passes 378375
# of unexpected failures 60
# of expected failures 1536
# of unsupported tests 17860
-default/gcc/xg++ version 11.0.0 20201002 (experimental) (GCC)
=== gnat tests ===
Running target unix/-m31
FAIL: gnat.dg/frame_overflow.adb (test for errors, line 14)
FAIL: gnat.dg/frame_overflow.adb (test for errors, line 5)
FAIL: gnat.dg/frame_overflow.adb (test for excess errors)
FAIL: gnat.dg/frame_overflow2.adb (test for errors, line 5)
FAIL: gnat.dg/frame_overflow2.adb (test for excess errors)
FAIL: gnat.dg/opt49.adb (test for excess errors)
FAIL: gnat.dg/opt49.adb 3 blank line(s) in output
UNRESOLVED: gnat.dg/opt49.adb compilation failed to produce executable
FAIL: gnat.dg/stack_check1.adb (test for excess errors)
FAIL: gnat.dg/stack_check1.adb 3 blank line(s) in output
UNRESOLVED: gnat.dg/stack_check1.adb compilation failed to produce executable
FAIL: gnat.dg/stack_check2.adb (test for excess errors)
FAIL: gnat.dg/stack_check2.adb 3 blank line(s) in output
UNRESOLVED: gnat.dg/stack_check2.adb compilation failed to produce executable
FAIL: gnat.dg/stack_check3.adb (test for excess errors)
FAIL: gnat.dg/stack_check3.adb 3 blank line(s) in output
FAIL: gnat.dg/specs/atomic1.ads (test for errors, line 13)
FAIL: gnat.dg/specs/atomic1.ads (test for errors, line 9)
=== gnat Summary for unix/-m31 ===
# of expected passes 3277
# of unexpected failures 15
# of expected failures 23
# of unresolved testcases 3
# of unsupported tests 23
Running target unix/-m64
FAIL: gnat.dg/opt39.adb scan-tree-dump-not optimized "tmp"
=== gnat Summary for unix/-m64 ===
# of expected passes 3290
# of unexpected failures 1
# of expected failures 23
# of unsupported tests 23
=== gnat Summary ===
# of expected passes 6567
# of unexpected failures 16
# of expected failures 46
# of unresolved testcases 3
# of unsupported tests 46
-default/gcc/gnatmake version 11.0.0 20201002 (experimental)
=== go tests ===
Running target unix/-m31
FAIL: ./index0-out.go execution, -O0 -g -fno-var-tracking-assignments
FAIL: go.test/test/fixedbugs/issue4085b.go execution, -O2 -g
FAIL: go.test/test/ken/cplx2.go execution, -O2 -g
=== go Summary for unix/-m31 ===
# of expected passes 7473
# of unexpected failures 3
# of expected failures 1
# of untested testcases 7
# of unsupported tests 3
Running target unix/-m64
FAIL: ./index0-out.go execution, -O0 -g -fno-var-tracking-assignments
FAIL: go.test/test/ken/cplx2.go execution, -O2 -g
=== go Summary for unix/-m64 ===
# of expected passes 7354
# of unexpected failures 2
# of expected failures 1
# of untested testcases 7
# of unsupported tests 3
=== go Summary ===
# of expected passes 14827
# of unexpected failures 5
# of expected failures 2
# of untested testcases 14
# of unsupported tests 6
-default/gcc/gccgo version 11.0.0 20201002 (experimental) (GCC)
=== obj-c++ tests ===
Running target unix/-m31
=== obj-c++ Summary for unix/-m31 ===
# of expected passes 1450
# of expected failures 2
# of unsupported tests 77
Running target unix/-m64
=== obj-c++ Summary for unix/-m64 ===
# of expected passes 1442
# of expected failures 10
# of unsupported tests 77
=== obj-c++ Summary ===
# of expected passes 2892
# of expected failures 12
# of unsupported tests 154
-default/gcc/xg++ version 11.0.0 20201002 (experimental) (GCC)
=== objc tests ===
Running target unix/-m31
=== objc Summary for unix/-m31 ===
# of expected passes 2784
# of unsupported tests 68
Running target unix/-m64
=== objc Summary for unix/-m64 ===
# of expected passes 2784
# of unsupported tests 68
=== objc Summary ===
# of expected passes 5568
# of unsupported tests 136
-default/gcc/xgcc version 11.0.0 20201002 (experimental) (GCC)
=== gotools tests ===
FAIL: go test runtime
FAIL: TestCgoCallbackGC
=== gotools Summary ===
# of expected passes 379
# of unexpected failures 2
# of untested testcases 120
-default/./gcc/gccgo version 11.0.0 20201002 (experimental) (GCC)
=== libatomic tests ===
Running target unix/-m31
=== libatomic Summary for unix/-m31 ===
# of expected passes 44
# of unsupported tests 5
Running target unix/-m64
=== libatomic Summary for unix/-m64 ===
# of expected passes 54
=== libatomic Summary ===
# of expected passes 98
# of unsupported tests 5
=== libffi tests ===
Running target unix/-m31
=== libffi Summary for unix/-m31 ===
# of expected passes 2214
Running target unix/-m64
=== libffi Summary for unix/-m64 ===
# of expected passes 2214
=== libffi Summary ===
# of expected passes 4428
=== libgo tests ===
Running target unix
=== libgo Summary for unix ===
# of expected passes 175
Running target unix/-m31
FAIL: net/http
FAIL: runtime
=== libgo Summary for unix/-m31 ===
# of expected passes 173
# of unexpected failures 2
=== libgo Summary ===
# of expected passes 348
# of unexpected failures 2
-default/./gcc/gccgo version 11.0.0 20201002 (experimental) (GCC)
=== libgomp tests ===
Running target unix/-m31
FAIL: libgomp.fortran/alloc-1.F90 -O execution test
FAIL: libgomp.fortran/alloc-2.F90 -O execution test
FAIL: libgomp.fortran/alloc-3.F -O execution test
=== libgomp Summary for unix/-m31 ===
# of expected passes 7924
# of unexpected failures 3
# of expected failures 4
# of unsupported tests 609
Running target unix/-m64
=== libgomp Summary for unix/-m64 ===
# of expected passes 7927
# of expected failures 4
# of unsupported tests 609
=== libgomp Summary ===
# of expected passes 15851
# of unexpected failures 3
# of expected failures 8
# of unsupported tests 1218
=== libitm tests ===
Running target unix/-m31
=== libitm Summary for unix/-m31 ===
# of expected passes 42
# of expected failures 3
# of unsupported tests 1
Running target unix/-m64
=== libitm Summary for unix/-m64 ===
# of expected passes 42
# of expected failures 3
# of unsupported tests 1
=== libitm Summary ===
# of expected passes 84
# of expected failures 6
# of unsupported tests 2
=== libstdc++ tests ===
Running target unix/-m31
FAIL: libstdc++-abi/abi_check
FAIL: 29_atomics/atomic_float/1.cc (test for excess errors)
UNRESOLVED: 29_atomics/atomic_float/1.cc compilation failed to produce executable
FAIL: 29_atomics/atomic_ref/float.cc (test for excess errors)
UNRESOLVED: 29_atomics/atomic_ref/float.cc compilation failed to produce executable
=== libstdc++ Summary for unix/-m31 ===
# of expected passes 14720
# of unexpected failures 3
# of expected failures 98
# of unresolved testcases 2
# of unsupported tests 621
Running target unix/-m64
FAIL: 29_atomics/atomic_float/1.cc (test for excess errors)
UNRESOLVED: 29_atomics/atomic_float/1.cc compilation failed to produce executable
FAIL: 29_atomics/atomic_ref/float.cc (test for excess errors)
UNRESOLVED: 29_atomics/atomic_ref/float.cc compilation failed to produce executable
=== libstdc++ Summary for unix/-m64 ===
# of expected passes 14717
# of unexpected failures 2
# of expected failures 98
# of unresolved testcases 2
# of unsupported tests 623
=== libstdc++ Summary ===
# of expected passes 29437
# of unexpected failures 5
# of expected failures 196
# of unresolved testcases 4
# of unsupported tests 1244
Version: 11.0.0 20201002 (experimental) (GCC)
Platform: s390x-ibm-linux-gnu default
configure flags: --enable-shared --with-system-zlib --enable-threads=posix --enable-__cxa_atexit --enable-checking --disable-werror --with-diagnostics-color=never --prefix=/home/dailybuild/gnu-dailybuild/arena/20201002/gcc-master/install-s390x-default --enable-languages=c,c++,objc,obj-c++,fortran,ada,go --with-mode=zarch
GCC version:
More information about the Gcc-testresults
mailing list