Results for 11.0.0 20201002 (experimental) [master revision 6c2675fa2bbcfe37308af593edb18e2c1c8eabf0] (GCC) testsuite on sparc-sun-solaris2.11
Rainer Orth
ro@CeBiTec.Uni-Bielefeld.DE
Fri Oct 2 12:25:15 GMT 2020
LAST_UPDATED: Fri Oct 2 08:57:43 UTC 2020 (revision 6c2675fa2bbcfe37308af593edb18e2c1c8eabf0)
=== acats tests ===
=== acats Summary ===
# of expected passes 2320
# of unexpected failures 0
Native configuration is sparc-sun-solaris2.11
=== g++ tests ===
Running target unix
FAIL: g++.dg/asan/default-options-1.C -O0 execution test
FAIL: g++.dg/asan/default-options-1.C -O1 execution test
FAIL: g++.dg/asan/default-options-1.C -O2 execution test
FAIL: g++.dg/asan/default-options-1.C -O2 -flto execution test
FAIL: g++.dg/asan/default-options-1.C -O2 -flto -flto-partition=none execution test
FAIL: g++.dg/asan/default-options-1.C -O3 -g execution test
FAIL: g++.dg/asan/default-options-1.C -Os execution test
FAIL: g++.dg/cpp1y/lambda-generic-variadic20.C -std=c++14 (internal compiler error)
FAIL: g++.dg/cpp1y/lambda-generic-variadic20.C -std=c++14 (test for excess errors)
FAIL: g++.dg/cpp1y/lambda-generic-variadic20.C -std=c++17 (internal compiler error)
FAIL: g++.dg/cpp1y/lambda-generic-variadic20.C -std=c++17 (test for excess errors)
FAIL: g++.dg/cpp1y/lambda-generic-variadic20.C -std=c++2a (internal compiler error)
FAIL: g++.dg/cpp1y/lambda-generic-variadic20.C -std=c++2a (test for excess errors)
FAIL: g++.dg/gcov/pr16855-priority.C -std=gnu++14 gcov: 1 failures in line counts, 0 in branch percentages, 0 in return percentages, 0 in intermediate format
FAIL: g++.dg/gcov/pr16855-priority.C -std=gnu++14 line 22: is #####:should be 1
FAIL: g++.dg/gcov/pr16855-priority.C -std=gnu++17 gcov: 1 failures in line counts, 0 in branch percentages, 0 in return percentages, 0 in intermediate format
FAIL: g++.dg/gcov/pr16855-priority.C -std=gnu++17 line 22: is #####:should be 1
FAIL: g++.dg/gcov/pr16855-priority.C -std=gnu++2a gcov: 1 failures in line counts, 0 in branch percentages, 0 in return percentages, 0 in intermediate format
FAIL: g++.dg/gcov/pr16855-priority.C -std=gnu++2a line 22: is #####:should be 1
FAIL: g++.dg/gcov/pr16855-priority.C -std=gnu++98 gcov: 1 failures in line counts, 0 in branch percentages, 0 in return percentages, 0 in intermediate format
FAIL: g++.dg/gcov/pr16855-priority.C -std=gnu++98 line 22: is #####:should be 1
FAIL: g++.dg/gcov/pr16855.C -std=gnu++14 gcov: 1 failures in line counts, 0 in branch percentages, 0 in return percentages, 0 in intermediate format
FAIL: g++.dg/gcov/pr16855.C -std=gnu++14 line 24: is #####:should be 1
FAIL: g++.dg/gcov/pr16855.C -std=gnu++17 gcov: 1 failures in line counts, 0 in branch percentages, 0 in return percentages, 0 in intermediate format
FAIL: g++.dg/gcov/pr16855.C -std=gnu++17 line 24: is #####:should be 1
FAIL: g++.dg/gcov/pr16855.C -std=gnu++2a gcov: 1 failures in line counts, 0 in branch percentages, 0 in return percentages, 0 in intermediate format
FAIL: g++.dg/gcov/pr16855.C -std=gnu++2a line 24: is #####:should be 1
FAIL: g++.dg/gcov/pr16855.C -std=gnu++98 gcov: 1 failures in line counts, 0 in branch percentages, 0 in return percentages, 0 in intermediate format
FAIL: g++.dg/gcov/pr16855.C -std=gnu++98 line 24: is #####:should be 1
FAIL: g++.dg/lto/pr89335 cp_lto_pr89335_0.o assemble, -O2 -flto -Wsuggest-final-methods
=== g++ Summary for unix ===
# of expected passes 185063
# of unexpected failures 30
# of expected failures 757
# of unsupported tests 9130
Running target unix/-m64
FAIL: g++.dg/gcov/pr16855-priority.C -std=gnu++14 gcov: 1 failures in line counts, 0 in branch percentages, 0 in return percentages, 0 in intermediate format
FAIL: g++.dg/gcov/pr16855-priority.C -std=gnu++14 line 22: is #####:should be 1
FAIL: g++.dg/gcov/pr16855-priority.C -std=gnu++17 gcov: 1 failures in line counts, 0 in branch percentages, 0 in return percentages, 0 in intermediate format
FAIL: g++.dg/gcov/pr16855-priority.C -std=gnu++17 line 22: is #####:should be 1
FAIL: g++.dg/gcov/pr16855-priority.C -std=gnu++2a gcov: 1 failures in line counts, 0 in branch percentages, 0 in return percentages, 0 in intermediate format
FAIL: g++.dg/gcov/pr16855-priority.C -std=gnu++2a line 22: is #####:should be 1
FAIL: g++.dg/gcov/pr16855-priority.C -std=gnu++98 gcov: 1 failures in line counts, 0 in branch percentages, 0 in return percentages, 0 in intermediate format
FAIL: g++.dg/gcov/pr16855-priority.C -std=gnu++98 line 22: is #####:should be 1
FAIL: g++.dg/gcov/pr16855.C -std=gnu++14 gcov: 1 failures in line counts, 0 in branch percentages, 0 in return percentages, 0 in intermediate format
FAIL: g++.dg/gcov/pr16855.C -std=gnu++14 line 24: is #####:should be 1
FAIL: g++.dg/gcov/pr16855.C -std=gnu++17 gcov: 1 failures in line counts, 0 in branch percentages, 0 in return percentages, 0 in intermediate format
FAIL: g++.dg/gcov/pr16855.C -std=gnu++17 line 24: is #####:should be 1
FAIL: g++.dg/gcov/pr16855.C -std=gnu++2a gcov: 1 failures in line counts, 0 in branch percentages, 0 in return percentages, 0 in intermediate format
FAIL: g++.dg/gcov/pr16855.C -std=gnu++2a line 24: is #####:should be 1
FAIL: g++.dg/gcov/pr16855.C -std=gnu++98 gcov: 1 failures in line counts, 0 in branch percentages, 0 in return percentages, 0 in intermediate format
FAIL: g++.dg/gcov/pr16855.C -std=gnu++98 line 24: is #####:should be 1
FAIL: g++.dg/lto/pr89335 cp_lto_pr89335_0.o assemble, -O2 -flto -Wsuggest-final-methods
=== g++ Summary for unix/-m64 ===
# of expected passes 185830
# of unexpected failures 17
# of expected failures 761
# of unsupported tests 8822
=== g++ Summary ===
# of expected passes 370893
# of unexpected failures 47
# of expected failures 1518
# of unsupported tests 17952
/var/gcc/regression/master/11.4-gcc/build/gcc/xg++ version 11.0.0 20201002 (experimental) [master revision 6c2675fa2bbcfe37308af593edb18e2c1c8eabf0] (GCC)
=== gcc tests ===
Running target unix
FAIL: gcc.dg/analyzer/malloc-vs-local-1b.c (test for bogus messages, line 170)
FAIL: gcc.dg/analyzer/sigsetjmp-5.c (test for excess errors)
FAIL: gcc.dg/analyzer/sigsetjmp-6.c (test for excess errors)
FAIL: gcc.dg/atomic/pr65345-4.c -O2 -flto (internal compiler error)
FAIL: gcc.dg/atomic/pr65345-4.c -O2 -flto (test for excess errors)
FAIL: gcc.dg/atomic/pr65345-4.c -O2 -flto -flto-partition=none (internal compiler error)
FAIL: gcc.dg/atomic/pr65345-4.c -O2 -flto -flto-partition=none (test for excess errors)
FAIL: gcc.dg/pr84877.c execution test
FAIL: gcc.dg/ipa/iinline-attr.c scan-ipa-dump inline "hooray[^\\\\n]*inline copy in test"
FAIL: gcc.dg/ipa/ipa-icf-38.c scan-ltrans-tree-dump-not optimized "Function bar"
FAIL: gcc.dg/plugin/diagnostic-test-paths-2.c -fplugin=./diagnostic_plugin_test_paths.so expected multiline pattern lines 36-54 not found: "\\s*29 \\| PyList_Append\\(list, item\\);.*\\n \\| \\^~~~~~~~~~~~~~~~~~~~~~~~~\\n 'make_a_list_of_random_ints_badly': events 1-3.*\\n \\|.*\\n \\| 25 \\| list = PyList_New\\(0\\);.*\\n \\| \\| \\^~~~~~~~~~~~~\\n \\| \\| \\|.*\\n \\| \\| \\(1\\) when 'PyList_New' fails, returning NULL.*\\n \\| 26 \\| .*\\n \\| 27 \\| for \\(i = 0; i < count; i\\+\\+\\) \\{.*\\n \\| \\| ~~~ .*\\n \\| \\| \\|.*\\n \\| \\| \\(2\\) when 'i < count'.*\\n \\| 28 \\| item = PyLong_FromLong\\(random\\(\\)\\);.*\\n \\| 29 \\| PyList_Append\\(list, item\\);.*\\n \\| \\| ~~~~~~~~~~~~~~~~~~~~~~~~~\\n \\| \\| \\|.*\\n \\| \\| \\(3\\) when calling 'PyList_Append', passing NULL from \\(1\\) as argument 1.*
\\n \\|.*\\n"
FAIL: gcc.dg/plugin/diagnostic-test-paths-2.c -fplugin=./diagnostic_plugin_test_paths.so (test for excess errors)
FAIL: gcc.dg/plugin/location-overflow-test-1.c -fplugin=./location_overflow_plugin.so adding '-flarge-source-files' (test for warnings, line 16)
WARNING: gcc.dg/plugin/poly-int-03_plugin.c compilation program timed out.
FAIL: gcc.dg/plugin/poly-int-03_plugin.c compilation
FAIL: gcc.dg/simulate-thread/atomic-other-int.c -O2 -g thread simulation test
FAIL: gcc.dg/simulate-thread/atomic-other-int.c -O3 -g thread simulation test
FAIL: gcc.dg/simulate-thread/speculative-store-4.c -O0 -g thread simulation test
FAIL: gcc.dg/simulate-thread/speculative-store-4.c -O2 -g thread simulation test
FAIL: gcc.dg/simulate-thread/speculative-store-4.c -O3 -g thread simulation test
FAIL: gcc.dg/simulate-thread/speculative-store.c -O0 -g thread simulation test
XPASS: gcc.dg/vect/bb-slp-32.c -flto -ffat-lto-objects scan-tree-dump slp2 "vectorization is not profitable"
XPASS: gcc.dg/vect/bb-slp-32.c scan-tree-dump slp2 "vectorization is not profitable"
FAIL: gcc.dg/vect/bb-slp-46.c -flto -ffat-lto-objects scan-tree-dump-times optimized " \\\\+ " 3
FAIL: gcc.dg/vect/bb-slp-46.c scan-tree-dump-times optimized " \\\\+ " 3
FAIL: gcc.dg/vect/bb-slp-7.c -flto -ffat-lto-objects scan-tree-dump-times slp2 "basic block vectorized" 1
FAIL: gcc.dg/vect/bb-slp-7.c scan-tree-dump-times slp2 "basic block vectorized" 1
XPASS: gcc.dg/vect/bb-slp-9.c -flto -ffat-lto-objects scan-tree-dump-times slp2 "basic block vectorized" 1
XPASS: gcc.dg/vect/bb-slp-9.c scan-tree-dump-times slp2 "basic block vectorized" 1
FAIL: gcc.dg/vect/slp-43.c -flto -ffat-lto-objects scan-tree-dump-times vect "vectorized 1 loops" 2
FAIL: gcc.dg/vect/slp-43.c scan-tree-dump-times vect "vectorized 1 loops" 2
FAIL: gcc.dg/vect/slp-45.c -flto -ffat-lto-objects scan-tree-dump-times vect "vectorized 1 loops" 13
FAIL: gcc.dg/vect/slp-45.c scan-tree-dump-times vect "vectorized 1 loops" 13
FAIL: gcc.dg/vect/slp-47.c -flto -ffat-lto-objects scan-tree-dump-times vect "vectorizing stmts using SLP" 2
FAIL: gcc.dg/vect/slp-47.c scan-tree-dump-times vect "vectorizing stmts using SLP" 2
FAIL: gcc.dg/vect/slp-48.c -flto -ffat-lto-objects scan-tree-dump-times vect "vectorizing stmts using SLP" 2
FAIL: gcc.dg/vect/slp-48.c scan-tree-dump-times vect "vectorizing stmts using SLP" 2
FAIL: gcc.dg/vect/vect-alias-check.c -flto -ffat-lto-objects scan-tree-dump-times vect "vectorized 1 loops" 1
FAIL: gcc.dg/vect/vect-alias-check.c scan-tree-dump-times vect "vectorized 1 loops" 1
FAIL: gcc.dg/vect/vect-live-5.c -flto -ffat-lto-objects scan-tree-dump-times vect "vectorized 1 loops" 1
FAIL: gcc.dg/vect/vect-live-5.c scan-tree-dump-times vect "vectorized 1 loops" 1
FAIL: gcc.dg/vect/vect-live-6.c -flto -ffat-lto-objects scan-tree-dump vect "vectorized 1 loops"
FAIL: gcc.dg/vect/vect-live-6.c scan-tree-dump vect "vectorized 1 loops"
=== gcc Summary for unix ===
# of expected passes 128039
# of unexpected failures 38
# of unexpected successes 4
# of expected failures 851
# of unsupported tests 3666
Running target unix/-m64
FAIL: gcc.dg/analyzer/malloc-vs-local-1b.c (test for bogus messages, line 170)
FAIL: gcc.dg/analyzer/sigsetjmp-5.c (test for excess errors)
FAIL: gcc.dg/analyzer/sigsetjmp-6.c (test for excess errors)
XPASS: gcc.dg/analyzer/unknown-fns-4.c (test for warnings, line 13)
FAIL: gcc.dg/atomic/pr65345-4.c -O2 -flto (internal compiler error)
FAIL: gcc.dg/atomic/pr65345-4.c -O2 -flto (test for excess errors)
FAIL: gcc.dg/atomic/pr65345-4.c -O2 -flto -flto-partition=none (internal compiler error)
FAIL: gcc.dg/atomic/pr65345-4.c -O2 -flto -flto-partition=none (test for excess errors)
FAIL: gcc.dg/strcmpopt_8.c (test for excess errors)
FAIL: gcc.dg/strcmpopt_8.c scan-tree-dump-not forwprop1 "strncmp"
FAIL: gcc.dg/ipa/ipa-icf-38.c scan-ltrans-tree-dump-not optimized "Function bar"
FAIL: gcc.dg/plugin/diagnostic-test-paths-2.c -fplugin=./diagnostic_plugin_test_paths.so expected multiline pattern lines 36-54 not found: "\\s*29 \\| PyList_Append\\(list, item\\);.*\\n \\| \\^~~~~~~~~~~~~~~~~~~~~~~~~\\n 'make_a_list_of_random_ints_badly': events 1-3.*\\n \\|.*\\n \\| 25 \\| list = PyList_New\\(0\\);.*\\n \\| \\| \\^~~~~~~~~~~~~\\n \\| \\| \\|.*\\n \\| \\| \\(1\\) when 'PyList_New' fails, returning NULL.*\\n \\| 26 \\| .*\\n \\| 27 \\| for \\(i = 0; i < count; i\\+\\+\\) \\{.*\\n \\| \\| ~~~ .*\\n \\| \\| \\|.*\\n \\| \\| \\(2\\) when 'i < count'.*\\n \\| 28 \\| item = PyLong_FromLong\\(random\\(\\)\\);.*\\n \\| 29 \\| PyList_Append\\(list, item\\);.*\\n \\| \\| ~~~~~~~~~~~~~~~~~~~~~~~~~\\n \\| \\| \\|.*\\n \\| \\| \\(3\\) when calling 'PyList_Append', passing NULL from \\(1\\) as argument 1.*
\\n \\|.*\\n"
FAIL: gcc.dg/plugin/diagnostic-test-paths-2.c -fplugin=./diagnostic_plugin_test_paths.so (test for excess errors)
FAIL: gcc.dg/plugin/location-overflow-test-1.c -fplugin=./location_overflow_plugin.so adding '-flarge-source-files' (test for warnings, line 16)
XPASS: gcc.dg/vect/bb-slp-32.c -flto -ffat-lto-objects scan-tree-dump slp2 "vectorization is not profitable"
XPASS: gcc.dg/vect/bb-slp-32.c scan-tree-dump slp2 "vectorization is not profitable"
FAIL: gcc.dg/vect/bb-slp-46.c -flto -ffat-lto-objects scan-tree-dump-times optimized " \\\\+ " 3
FAIL: gcc.dg/vect/bb-slp-46.c scan-tree-dump-times optimized " \\\\+ " 3
FAIL: gcc.dg/vect/bb-slp-7.c -flto -ffat-lto-objects scan-tree-dump-times slp2 "basic block vectorized" 1
FAIL: gcc.dg/vect/bb-slp-7.c scan-tree-dump-times slp2 "basic block vectorized" 1
XPASS: gcc.dg/vect/bb-slp-9.c -flto -ffat-lto-objects scan-tree-dump-times slp2 "basic block vectorized" 1
XPASS: gcc.dg/vect/bb-slp-9.c scan-tree-dump-times slp2 "basic block vectorized" 1
FAIL: gcc.dg/vect/slp-43.c -flto -ffat-lto-objects scan-tree-dump-times vect "vectorized 1 loops" 2
FAIL: gcc.dg/vect/slp-43.c scan-tree-dump-times vect "vectorized 1 loops" 2
FAIL: gcc.dg/vect/slp-45.c -flto -ffat-lto-objects scan-tree-dump-times vect "vectorized 1 loops" 13
FAIL: gcc.dg/vect/slp-45.c scan-tree-dump-times vect "vectorized 1 loops" 13
FAIL: gcc.dg/vect/slp-47.c -flto -ffat-lto-objects scan-tree-dump-times vect "vectorizing stmts using SLP" 2
FAIL: gcc.dg/vect/slp-47.c scan-tree-dump-times vect "vectorizing stmts using SLP" 2
FAIL: gcc.dg/vect/slp-48.c -flto -ffat-lto-objects scan-tree-dump-times vect "vectorizing stmts using SLP" 2
FAIL: gcc.dg/vect/slp-48.c scan-tree-dump-times vect "vectorizing stmts using SLP" 2
FAIL: gcc.dg/vect/vect-alias-check.c -flto -ffat-lto-objects scan-tree-dump-times vect "vectorized 1 loops" 1
FAIL: gcc.dg/vect/vect-alias-check.c scan-tree-dump-times vect "vectorized 1 loops" 1
FAIL: gcc.dg/vect/vect-live-5.c -flto -ffat-lto-objects scan-tree-dump-times vect "vectorized 1 loops" 1
FAIL: gcc.dg/vect/vect-live-5.c scan-tree-dump-times vect "vectorized 1 loops" 1
FAIL: gcc.dg/vect/vect-live-6.c -flto -ffat-lto-objects scan-tree-dump vect "vectorized 1 loops"
FAIL: gcc.dg/vect/vect-live-6.c scan-tree-dump vect "vectorized 1 loops"
=== gcc Summary for unix/-m64 ===
# of expected passes 127663
# of unexpected failures 31
# of unexpected successes 5
# of expected failures 838
# of unsupported tests 2999
=== gcc Summary ===
# of expected passes 255702
# of unexpected failures 69
# of unexpected successes 9
# of expected failures 1689
# of unsupported tests 6665
/var/gcc/regression/master/11.4-gcc/build/gcc/xgcc version 11.0.0 20201002 (experimental) [master revision 6c2675fa2bbcfe37308af593edb18e2c1c8eabf0] (GCC)
=== gdc tests ===
Running target unix
=== gdc Summary for unix ===
# of expected passes 3599
# of unsupported tests 1035
Running target unix/-m64
=== gdc Summary for unix/-m64 ===
# of expected passes 3599
# of unsupported tests 1035
=== gdc Summary ===
# of expected passes 7198
# of unsupported tests 2070
/var/gcc/regression/master/11.4-gcc/build/gcc/gdc version 11.0.0 20201002 (experimental) [master revision 6c2675fa2bbcfe37308af593edb18e2c1c8eabf0] (GCC)
=== gfortran tests ===
Running target unix
FAIL: gfortran.dg/PR94022.f90 -Os execution test
FAIL: gfortran.dg/assumed_type_9.f90 -O2 execution test
FAIL: gfortran.dg/assumed_type_9.f90 -Os execution test
=== gfortran Summary for unix ===
# of expected passes 54585
# of unexpected failures 3
# of expected failures 195
# of unsupported tests 289
Running target unix/-m64
FAIL: gfortran.dg/assumed_type_9.f90 -O2 execution test
FAIL: gfortran.dg/assumed_type_9.f90 -Os execution test
UNRESOLVED: gfortran.dg/pr96711.f90 -O0 scan-tree-dump-times original "_gfortran_stop_numeric" 2
FAIL: gfortran.dg/pr96711.f90 -O0 (internal compiler error)
FAIL: gfortran.dg/pr96711.f90 -O0 (test for excess errors)
UNRESOLVED: gfortran.dg/pr96711.f90 -O0 compilation failed to produce executable
UNRESOLVED: gfortran.dg/pr96711.f90 -O1 scan-tree-dump-times original "_gfortran_stop_numeric" 2
FAIL: gfortran.dg/pr96711.f90 -O1 (internal compiler error)
FAIL: gfortran.dg/pr96711.f90 -O1 (test for excess errors)
UNRESOLVED: gfortran.dg/pr96711.f90 -O1 compilation failed to produce executable
UNRESOLVED: gfortran.dg/pr96711.f90 -O2 scan-tree-dump-times original "_gfortran_stop_numeric" 2
FAIL: gfortran.dg/pr96711.f90 -O2 (internal compiler error)
FAIL: gfortran.dg/pr96711.f90 -O2 (test for excess errors)
UNRESOLVED: gfortran.dg/pr96711.f90 -O2 compilation failed to produce executable
UNRESOLVED: gfortran.dg/pr96711.f90 -O3 -fomit-frame-pointer -funroll-loops -fpeel-loops -ftracer -finline-functions scan-tree-dump-times original "_gfortran_stop_numeric" 2
FAIL: gfortran.dg/pr96711.f90 -O3 -fomit-frame-pointer -funroll-loops -fpeel-loops -ftracer -finline-functions (internal compiler error)
FAIL: gfortran.dg/pr96711.f90 -O3 -fomit-frame-pointer -funroll-loops -fpeel-loops -ftracer -finline-functions (test for excess errors)
UNRESOLVED: gfortran.dg/pr96711.f90 -O3 -fomit-frame-pointer -funroll-loops -fpeel-loops -ftracer -finline-functions compilation failed to produce executable
UNRESOLVED: gfortran.dg/pr96711.f90 -O3 -g scan-tree-dump-times original "_gfortran_stop_numeric" 2
FAIL: gfortran.dg/pr96711.f90 -O3 -g (internal compiler error)
FAIL: gfortran.dg/pr96711.f90 -O3 -g (test for excess errors)
UNRESOLVED: gfortran.dg/pr96711.f90 -O3 -g compilation failed to produce executable
UNRESOLVED: gfortran.dg/pr96711.f90 -Os scan-tree-dump-times original "_gfortran_stop_numeric" 2
FAIL: gfortran.dg/pr96711.f90 -Os (internal compiler error)
FAIL: gfortran.dg/pr96711.f90 -Os (test for excess errors)
UNRESOLVED: gfortran.dg/pr96711.f90 -Os compilation failed to produce executable
=== gfortran Summary for unix/-m64 ===
# of expected passes 54835
# of unexpected failures 14
# of expected failures 193
# of unresolved testcases 12
# of unsupported tests 156
=== gfortran Summary ===
# of expected passes 109420
# of unexpected failures 17
# of expected failures 388
# of unresolved testcases 12
# of unsupported tests 445
/var/gcc/regression/master/11.4-gcc/build/gcc/gfortran version 11.0.0 20201002 (experimental) [master revision 6c2675fa2bbcfe37308af593edb18e2c1c8eabf0] (GCC)
=== gnat tests ===
Running target unix
=== gnat Summary for unix ===
# of expected passes 3272
# of expected failures 23
# of unsupported tests 33
Running target unix/-m64
=== gnat Summary for unix/-m64 ===
# of expected passes 3272
# of expected failures 23
# of unsupported tests 33
=== gnat Summary ===
# of expected passes 6544
# of expected failures 46
# of unsupported tests 66
/var/gcc/regression/master/11.4-gcc/build/gcc/gnatmake version 11.0.0 20201002 (experimental) [master revision 6c2675fa2bbcfe37308af593edb18e2c1c8eabf0]
=== go tests ===
Running target unix
FAIL: ./index0-out.go execution, -O0 -g -fno-var-tracking-assignments
FAIL: go.test/test/fixedbugs/issue4085b.go execution, -O2 -g
FAIL: go.test/test/fixedbugs/issue4562.go execution, -O2 -g
FAIL: go.test/test/nil.go execution, -O2 -g
=== go Summary for unix ===
# of expected passes 7464
# of unexpected failures 4
# of expected failures 1
# of untested testcases 11
# of unsupported tests 3
Running target unix/-m64
FAIL: ./index0-out.go execution, -O0 -g -fno-var-tracking-assignments
FAIL: go.test/test/fixedbugs/issue4348.go -O (test for excess errors)
=== go Summary for unix/-m64 ===
# of expected passes 7346
# of unexpected failures 2
# of expected failures 1
# of untested testcases 11
# of unsupported tests 3
=== go Summary ===
# of expected passes 14810
# of unexpected failures 6
# of expected failures 2
# of untested testcases 22
# of unsupported tests 6
=== obj-c++ tests ===
Running target unix
=== obj-c++ Summary for unix ===
# of expected passes 1450
# of expected failures 2
# of unsupported tests 77
Running target unix/-m64
=== obj-c++ Summary for unix/-m64 ===
# of expected passes 1442
# of expected failures 10
# of unsupported tests 77
=== obj-c++ Summary ===
# of expected passes 2892
# of expected failures 12
# of unsupported tests 154
/var/gcc/regression/master/11.4-gcc/build/gcc/xg++ version 11.0.0 20201002 (experimental) [master revision 6c2675fa2bbcfe37308af593edb18e2c1c8eabf0] (GCC)
=== objc tests ===
Running target unix
=== objc Summary for unix ===
# of expected passes 2784
# of unsupported tests 68
Running target unix/-m64
=== objc Summary for unix/-m64 ===
# of expected passes 2784
# of unsupported tests 68
=== objc Summary ===
# of expected passes 5568
# of unsupported tests 136
/var/gcc/regression/master/11.4-gcc/build/gcc/xgcc version 11.0.0 20201002 (experimental) [master revision 6c2675fa2bbcfe37308af593edb18e2c1c8eabf0] (GCC)
=== gotools tests ===
FAIL: go test cmd/go
FAIL: TestAbort
FAIL: TestBreakpoint
FAIL: TestCgoSignalDeadlock
FAIL: TestGccgoCrashTracebackNodebug
FAIL: TestPanicInlined
FAIL: TestSegv
FAIL: TestSelectStackAdjust
FAIL: go test runtime
FAIL: go test misc/cgo/test
FAIL: TestCompileWithoutShared
FAIL: TestEarlySignalHandler
FAIL: TestOsSignal
FAIL: TestSIGPROF
FAIL: TestSigaltstack
FAIL: TestSignalForwarding
FAIL: TestSignalForwardingExternal
FAIL: go test misc/cgo/testcarchive
FAIL: go test cmd/vet
=== gotools Summary ===
# of expected passes 196
# of unexpected failures 19
# of untested testcases 100
/var/gcc/regression/master/11.4-gcc/build/./gcc/gccgo version 11.0.0 20201002 (experimental) [master revision 6c2675fa2bbcfe37308af593edb18e2c1c8eabf0] (GCC)
=== libatomic tests ===
Running target unix
=== libatomic Summary for unix ===
# of expected passes 44
# of unsupported tests 5
Running target unix/-m64
=== libatomic Summary for unix/-m64 ===
# of expected passes 54
=== libatomic Summary ===
# of expected passes 98
# of unsupported tests 5
=== libffi tests ===
Running target unix
=== libffi Summary for unix ===
# of expected passes 2214
Running target unix/-m64
=== libffi Summary for unix/-m64 ===
# of expected passes 2214
=== libffi Summary ===
# of expected passes 4428
=== libgo tests ===
Running target unix
FAIL: net/http/pprof
FAIL: os/signal
FAIL: runtime
FAIL: runtime/pprof
FAIL: sync/atomic
=== libgo Summary for unix ===
# of expected passes 170
# of unexpected failures 5
Running target unix/-m64
FAIL: encoding/json
FAIL: runtime
FAIL: runtime/pprof
FAIL: sync/atomic
=== libgo Summary for unix/-m64 ===
# of expected passes 171
# of unexpected failures 4
=== libgo Summary ===
# of expected passes 341
# of unexpected failures 9
/var/gcc/regression/master/11.4-gcc/build/./gcc/gccgo version 11.0.0 20201002 (experimental) [master revision 6c2675fa2bbcfe37308af593edb18e2c1c8eabf0] (GCC)
=== libgomp tests ===
Running target unix
WARNING: libgomp.c++/task-reduction-13.C execution test program timed out.
FAIL: libgomp.c++/task-reduction-13.C execution test
FAIL: libgomp.fortran/alloc-1.F90 -O execution test
FAIL: libgomp.fortran/alloc-3.F -O execution test
=== libgomp Summary for unix ===
# of expected passes 7920
# of unexpected failures 3
# of expected failures 4
# of unsupported tests 611
Running target unix/-m64
=== libgomp Summary for unix/-m64 ===
# of expected passes 7923
# of expected failures 4
# of unsupported tests 611
=== libgomp Summary ===
# of expected passes 15843
# of unexpected failures 3
# of expected failures 8
# of unsupported tests 1222
=== libitm tests ===
Running target unix
=== libitm Summary for unix ===
# of expected passes 42
# of expected failures 3
# of unsupported tests 1
Running target unix/-m64
=== libitm Summary for unix/-m64 ===
# of expected passes 42
# of expected failures 3
# of unsupported tests 1
=== libitm Summary ===
# of expected passes 84
# of expected failures 6
# of unsupported tests 2
=== libstdc++ tests ===
Running target unix
=== libstdc++ Summary for unix ===
# of expected passes 14315
# of expected failures 98
# of unsupported tests 727
Running target unix/-m64
=== libstdc++ Summary for unix/-m64 ===
# of expected passes 14311
# of expected failures 98
# of unsupported tests 729
=== libstdc++ Summary ===
# of expected passes 28626
# of expected failures 196
# of unsupported tests 1456
Compiler version: 11.0.0 20201002 (experimental) [master revision 6c2675fa2bbcfe37308af593edb18e2c1c8eabf0] (GCC)
Platform: sparc-sun-solaris2.11
configure flags: --prefix=/vol/gcc --target=sparc-sun-solaris2.11 --enable-objc-gc --with-target-bdw-gc-include=/vol/gcc/include --with-target-bdw-gc-lib=/vol/gcc/lib,sparcv9=/vol/gcc/lib/sparcv9 --with-as=/usr/ccs/bin/as --without-gnu-as --with-gmp-include=/vol/gcc/include --with-gmp-lib=/vol/gcc/lib --with-mpfr-include=/vol/gcc/include --with-mpfr-lib=/vol/gcc/lib --with-mpc-include=/vol/gcc/include --with-mpc-lib=/vol/gcc/lib --enable-languages=all,ada,obj-c++,go --with-isl-include=/vol/gcc/include --with-isl-lib=/vol/gcc/lib --with-zstd-include=/vol/gcc/include --with-zstd-lib=/vol/gcc/lib --build=sparc-sun-solaris2.11 --host=sparc-sun-solaris2.11
BOOT_CFLAGS=-g -O2
More information about the Gcc-testresults
mailing list