Results for 11.0.0 20201106 (experimental) [master revision 6cef01c32817b3d08af2cadcdb0e23c72ceed426] (GCC) testsuite on sparc-sun-solaris2.11
Rainer Orth
ro@CeBiTec.Uni-Bielefeld.DE
Sun Nov 8 04:33:43 GMT 2020
LAST_UPDATED: Fri Nov 6 09:52:16 UTC 2020 (revision 6cef01c32817b3d08af2cadcdb0e23c72ceed426)
=== acats tests ===
=== acats Summary ===
# of expected passes 2320
# of unexpected failures 0
Native configuration is sparc-sun-solaris2.11
=== g++ tests ===
Running target unix
FAIL: g++.dg/asan/default-options-1.C -O0 execution test
FAIL: g++.dg/asan/default-options-1.C -O1 execution test
FAIL: g++.dg/asan/default-options-1.C -O2 execution test
FAIL: g++.dg/asan/default-options-1.C -O2 -flto execution test
FAIL: g++.dg/asan/default-options-1.C -O2 -flto -flto-partition=none execution test
FAIL: g++.dg/asan/default-options-1.C -O3 -g execution test
FAIL: g++.dg/asan/default-options-1.C -Os execution test
FAIL: c-c++-common/zero-scratch-regs-10.c -std=gnu++14 (internal compiler error)
FAIL: c-c++-common/zero-scratch-regs-10.c -std=gnu++14 (test for excess errors)
UNRESOLVED: c-c++-common/zero-scratch-regs-10.c -std=gnu++14 compilation failed to produce executable
FAIL: c-c++-common/zero-scratch-regs-10.c -std=gnu++17 (internal compiler error)
FAIL: c-c++-common/zero-scratch-regs-10.c -std=gnu++17 (test for excess errors)
UNRESOLVED: c-c++-common/zero-scratch-regs-10.c -std=gnu++17 compilation failed to produce executable
FAIL: c-c++-common/zero-scratch-regs-10.c -std=gnu++2a (internal compiler error)
FAIL: c-c++-common/zero-scratch-regs-10.c -std=gnu++2a (test for excess errors)
UNRESOLVED: c-c++-common/zero-scratch-regs-10.c -std=gnu++2a compilation failed to produce executable
FAIL: c-c++-common/zero-scratch-regs-10.c -std=gnu++98 (internal compiler error)
FAIL: c-c++-common/zero-scratch-regs-10.c -std=gnu++98 (test for excess errors)
UNRESOLVED: c-c++-common/zero-scratch-regs-10.c -std=gnu++98 compilation failed to produce executable
FAIL: c-c++-common/zero-scratch-regs-11.c -std=gnu++14 (internal compiler error)
FAIL: c-c++-common/zero-scratch-regs-11.c -std=gnu++14 (test for excess errors)
UNRESOLVED: c-c++-common/zero-scratch-regs-11.c -std=gnu++14 compilation failed to produce executable
FAIL: c-c++-common/zero-scratch-regs-11.c -std=gnu++17 (internal compiler error)
FAIL: c-c++-common/zero-scratch-regs-11.c -std=gnu++17 (test for excess errors)
UNRESOLVED: c-c++-common/zero-scratch-regs-11.c -std=gnu++17 compilation failed to produce executable
FAIL: c-c++-common/zero-scratch-regs-11.c -std=gnu++2a (internal compiler error)
FAIL: c-c++-common/zero-scratch-regs-11.c -std=gnu++2a (test for excess errors)
UNRESOLVED: c-c++-common/zero-scratch-regs-11.c -std=gnu++2a compilation failed to produce executable
FAIL: c-c++-common/zero-scratch-regs-11.c -std=gnu++98 (internal compiler error)
FAIL: c-c++-common/zero-scratch-regs-11.c -std=gnu++98 (test for excess errors)
UNRESOLVED: c-c++-common/zero-scratch-regs-11.c -std=gnu++98 compilation failed to produce executable
FAIL: c-c++-common/zero-scratch-regs-6.c -std=gnu++14 (internal compiler error)
FAIL: c-c++-common/zero-scratch-regs-6.c -std=gnu++14 (test for excess errors)
UNRESOLVED: c-c++-common/zero-scratch-regs-6.c -std=gnu++14 compilation failed to produce executable
FAIL: c-c++-common/zero-scratch-regs-6.c -std=gnu++17 (internal compiler error)
FAIL: c-c++-common/zero-scratch-regs-6.c -std=gnu++17 (test for excess errors)
UNRESOLVED: c-c++-common/zero-scratch-regs-6.c -std=gnu++17 compilation failed to produce executable
FAIL: c-c++-common/zero-scratch-regs-6.c -std=gnu++2a (internal compiler error)
FAIL: c-c++-common/zero-scratch-regs-6.c -std=gnu++2a (test for excess errors)
UNRESOLVED: c-c++-common/zero-scratch-regs-6.c -std=gnu++2a compilation failed to produce executable
FAIL: c-c++-common/zero-scratch-regs-6.c -std=gnu++98 (internal compiler error)
FAIL: c-c++-common/zero-scratch-regs-6.c -std=gnu++98 (test for excess errors)
UNRESOLVED: c-c++-common/zero-scratch-regs-6.c -std=gnu++98 compilation failed to produce executable
FAIL: c-c++-common/zero-scratch-regs-7.c -std=gnu++14 (internal compiler error)
FAIL: c-c++-common/zero-scratch-regs-7.c -std=gnu++14 (test for excess errors)
UNRESOLVED: c-c++-common/zero-scratch-regs-7.c -std=gnu++14 compilation failed to produce executable
FAIL: c-c++-common/zero-scratch-regs-7.c -std=gnu++17 (internal compiler error)
FAIL: c-c++-common/zero-scratch-regs-7.c -std=gnu++17 (test for excess errors)
UNRESOLVED: c-c++-common/zero-scratch-regs-7.c -std=gnu++17 compilation failed to produce executable
FAIL: c-c++-common/zero-scratch-regs-7.c -std=gnu++2a (internal compiler error)
FAIL: c-c++-common/zero-scratch-regs-7.c -std=gnu++2a (test for excess errors)
UNRESOLVED: c-c++-common/zero-scratch-regs-7.c -std=gnu++2a compilation failed to produce executable
FAIL: c-c++-common/zero-scratch-regs-7.c -std=gnu++98 (internal compiler error)
FAIL: c-c++-common/zero-scratch-regs-7.c -std=gnu++98 (test for excess errors)
UNRESOLVED: c-c++-common/zero-scratch-regs-7.c -std=gnu++98 compilation failed to produce executable
FAIL: c-c++-common/zero-scratch-regs-8.c -std=gnu++14 (internal compiler error)
FAIL: c-c++-common/zero-scratch-regs-8.c -std=gnu++14 (test for excess errors)
UNRESOLVED: c-c++-common/zero-scratch-regs-8.c -std=gnu++14 compilation failed to produce executable
FAIL: c-c++-common/zero-scratch-regs-8.c -std=gnu++17 (internal compiler error)
FAIL: c-c++-common/zero-scratch-regs-8.c -std=gnu++17 (test for excess errors)
UNRESOLVED: c-c++-common/zero-scratch-regs-8.c -std=gnu++17 compilation failed to produce executable
FAIL: c-c++-common/zero-scratch-regs-8.c -std=gnu++2a (internal compiler error)
FAIL: c-c++-common/zero-scratch-regs-8.c -std=gnu++2a (test for excess errors)
UNRESOLVED: c-c++-common/zero-scratch-regs-8.c -std=gnu++2a compilation failed to produce executable
FAIL: c-c++-common/zero-scratch-regs-8.c -std=gnu++98 (internal compiler error)
FAIL: c-c++-common/zero-scratch-regs-8.c -std=gnu++98 (test for excess errors)
UNRESOLVED: c-c++-common/zero-scratch-regs-8.c -std=gnu++98 compilation failed to produce executable
FAIL: c-c++-common/zero-scratch-regs-9.c -std=gnu++14 (internal compiler error)
FAIL: c-c++-common/zero-scratch-regs-9.c -std=gnu++14 (test for excess errors)
UNRESOLVED: c-c++-common/zero-scratch-regs-9.c -std=gnu++14 compilation failed to produce executable
FAIL: c-c++-common/zero-scratch-regs-9.c -std=gnu++17 (internal compiler error)
FAIL: c-c++-common/zero-scratch-regs-9.c -std=gnu++17 (test for excess errors)
UNRESOLVED: c-c++-common/zero-scratch-regs-9.c -std=gnu++17 compilation failed to produce executable
FAIL: c-c++-common/zero-scratch-regs-9.c -std=gnu++2a (internal compiler error)
FAIL: c-c++-common/zero-scratch-regs-9.c -std=gnu++2a (test for excess errors)
UNRESOLVED: c-c++-common/zero-scratch-regs-9.c -std=gnu++2a compilation failed to produce executable
FAIL: c-c++-common/zero-scratch-regs-9.c -std=gnu++98 (internal compiler error)
FAIL: c-c++-common/zero-scratch-regs-9.c -std=gnu++98 (test for excess errors)
UNRESOLVED: c-c++-common/zero-scratch-regs-9.c -std=gnu++98 compilation failed to produce executable
FAIL: g++.dg/cpp1y/lambda-generic-variadic20.C -std=c++14 (internal compiler error)
FAIL: g++.dg/cpp1y/lambda-generic-variadic20.C -std=c++14 (test for excess errors)
FAIL: g++.dg/cpp1y/lambda-generic-variadic20.C -std=c++17 (internal compiler error)
FAIL: g++.dg/cpp1y/lambda-generic-variadic20.C -std=c++17 (test for excess errors)
FAIL: g++.dg/cpp1y/lambda-generic-variadic20.C -std=c++2a (internal compiler error)
FAIL: g++.dg/cpp1y/lambda-generic-variadic20.C -std=c++2a (test for excess errors)
FAIL: g++.dg/gcov/pr16855-priority.C -std=gnu++14 gcov: 1 failures in line counts, 0 in branch percentages, 0 in return percentages, 0 in intermediate format
FAIL: g++.dg/gcov/pr16855-priority.C -std=gnu++14 line 22: is #####:should be 1
FAIL: g++.dg/gcov/pr16855-priority.C -std=gnu++17 gcov: 1 failures in line counts, 0 in branch percentages, 0 in return percentages, 0 in intermediate format
FAIL: g++.dg/gcov/pr16855-priority.C -std=gnu++17 line 22: is #####:should be 1
FAIL: g++.dg/gcov/pr16855-priority.C -std=gnu++2a gcov: 1 failures in line counts, 0 in branch percentages, 0 in return percentages, 0 in intermediate format
FAIL: g++.dg/gcov/pr16855-priority.C -std=gnu++2a line 22: is #####:should be 1
FAIL: g++.dg/gcov/pr16855-priority.C -std=gnu++98 gcov: 1 failures in line counts, 0 in branch percentages, 0 in return percentages, 0 in intermediate format
FAIL: g++.dg/gcov/pr16855-priority.C -std=gnu++98 line 22: is #####:should be 1
FAIL: g++.dg/gcov/pr16855.C -std=gnu++14 gcov: 1 failures in line counts, 0 in branch percentages, 0 in return percentages, 0 in intermediate format
FAIL: g++.dg/gcov/pr16855.C -std=gnu++14 line 24: is #####:should be 1
FAIL: g++.dg/gcov/pr16855.C -std=gnu++17 gcov: 1 failures in line counts, 0 in branch percentages, 0 in return percentages, 0 in intermediate format
FAIL: g++.dg/gcov/pr16855.C -std=gnu++17 line 24: is #####:should be 1
FAIL: g++.dg/gcov/pr16855.C -std=gnu++2a gcov: 1 failures in line counts, 0 in branch percentages, 0 in return percentages, 0 in intermediate format
FAIL: g++.dg/gcov/pr16855.C -std=gnu++2a line 24: is #####:should be 1
FAIL: g++.dg/gcov/pr16855.C -std=gnu++98 gcov: 1 failures in line counts, 0 in branch percentages, 0 in return percentages, 0 in intermediate format
FAIL: g++.dg/gcov/pr16855.C -std=gnu++98 line 24: is #####:should be 1
FAIL: g++.dg/lto/pr89335 cp_lto_pr89335_0.o assemble, -O2 -flto -Wsuggest-final-methods
FAIL: g++.dg/torture/pr79671.C -O1 execution test
=== g++ Summary for unix ===
# of expected passes 187792
# of unexpected failures 79
# of expected failures 917
# of unresolved testcases 24
# of unsupported tests 9220
Running target unix/-m64
FAIL: c-c++-common/zero-scratch-regs-10.c -std=gnu++14 (internal compiler error)
FAIL: c-c++-common/zero-scratch-regs-10.c -std=gnu++14 (test for excess errors)
UNRESOLVED: c-c++-common/zero-scratch-regs-10.c -std=gnu++14 compilation failed to produce executable
FAIL: c-c++-common/zero-scratch-regs-10.c -std=gnu++17 (internal compiler error)
FAIL: c-c++-common/zero-scratch-regs-10.c -std=gnu++17 (test for excess errors)
UNRESOLVED: c-c++-common/zero-scratch-regs-10.c -std=gnu++17 compilation failed to produce executable
FAIL: c-c++-common/zero-scratch-regs-10.c -std=gnu++2a (internal compiler error)
FAIL: c-c++-common/zero-scratch-regs-10.c -std=gnu++2a (test for excess errors)
UNRESOLVED: c-c++-common/zero-scratch-regs-10.c -std=gnu++2a compilation failed to produce executable
FAIL: c-c++-common/zero-scratch-regs-10.c -std=gnu++98 (internal compiler error)
FAIL: c-c++-common/zero-scratch-regs-10.c -std=gnu++98 (test for excess errors)
UNRESOLVED: c-c++-common/zero-scratch-regs-10.c -std=gnu++98 compilation failed to produce executable
FAIL: c-c++-common/zero-scratch-regs-11.c -std=gnu++14 (internal compiler error)
FAIL: c-c++-common/zero-scratch-regs-11.c -std=gnu++14 (test for excess errors)
UNRESOLVED: c-c++-common/zero-scratch-regs-11.c -std=gnu++14 compilation failed to produce executable
FAIL: c-c++-common/zero-scratch-regs-11.c -std=gnu++17 (internal compiler error)
FAIL: c-c++-common/zero-scratch-regs-11.c -std=gnu++17 (test for excess errors)
UNRESOLVED: c-c++-common/zero-scratch-regs-11.c -std=gnu++17 compilation failed to produce executable
FAIL: c-c++-common/zero-scratch-regs-11.c -std=gnu++2a (internal compiler error)
FAIL: c-c++-common/zero-scratch-regs-11.c -std=gnu++2a (test for excess errors)
UNRESOLVED: c-c++-common/zero-scratch-regs-11.c -std=gnu++2a compilation failed to produce executable
FAIL: c-c++-common/zero-scratch-regs-11.c -std=gnu++98 (internal compiler error)
FAIL: c-c++-common/zero-scratch-regs-11.c -std=gnu++98 (test for excess errors)
UNRESOLVED: c-c++-common/zero-scratch-regs-11.c -std=gnu++98 compilation failed to produce executable
FAIL: c-c++-common/zero-scratch-regs-6.c -std=gnu++14 (internal compiler error)
FAIL: c-c++-common/zero-scratch-regs-6.c -std=gnu++14 (test for excess errors)
UNRESOLVED: c-c++-common/zero-scratch-regs-6.c -std=gnu++14 compilation failed to produce executable
FAIL: c-c++-common/zero-scratch-regs-6.c -std=gnu++17 (internal compiler error)
FAIL: c-c++-common/zero-scratch-regs-6.c -std=gnu++17 (test for excess errors)
UNRESOLVED: c-c++-common/zero-scratch-regs-6.c -std=gnu++17 compilation failed to produce executable
FAIL: c-c++-common/zero-scratch-regs-6.c -std=gnu++2a (internal compiler error)
FAIL: c-c++-common/zero-scratch-regs-6.c -std=gnu++2a (test for excess errors)
UNRESOLVED: c-c++-common/zero-scratch-regs-6.c -std=gnu++2a compilation failed to produce executable
FAIL: c-c++-common/zero-scratch-regs-6.c -std=gnu++98 (internal compiler error)
FAIL: c-c++-common/zero-scratch-regs-6.c -std=gnu++98 (test for excess errors)
UNRESOLVED: c-c++-common/zero-scratch-regs-6.c -std=gnu++98 compilation failed to produce executable
FAIL: c-c++-common/zero-scratch-regs-7.c -std=gnu++14 (internal compiler error)
FAIL: c-c++-common/zero-scratch-regs-7.c -std=gnu++14 (test for excess errors)
UNRESOLVED: c-c++-common/zero-scratch-regs-7.c -std=gnu++14 compilation failed to produce executable
FAIL: c-c++-common/zero-scratch-regs-7.c -std=gnu++17 (internal compiler error)
FAIL: c-c++-common/zero-scratch-regs-7.c -std=gnu++17 (test for excess errors)
UNRESOLVED: c-c++-common/zero-scratch-regs-7.c -std=gnu++17 compilation failed to produce executable
FAIL: c-c++-common/zero-scratch-regs-7.c -std=gnu++2a (internal compiler error)
FAIL: c-c++-common/zero-scratch-regs-7.c -std=gnu++2a (test for excess errors)
UNRESOLVED: c-c++-common/zero-scratch-regs-7.c -std=gnu++2a compilation failed to produce executable
FAIL: c-c++-common/zero-scratch-regs-7.c -std=gnu++98 (internal compiler error)
FAIL: c-c++-common/zero-scratch-regs-7.c -std=gnu++98 (test for excess errors)
UNRESOLVED: c-c++-common/zero-scratch-regs-7.c -std=gnu++98 compilation failed to produce executable
FAIL: c-c++-common/zero-scratch-regs-8.c -std=gnu++14 (internal compiler error)
FAIL: c-c++-common/zero-scratch-regs-8.c -std=gnu++14 (test for excess errors)
UNRESOLVED: c-c++-common/zero-scratch-regs-8.c -std=gnu++14 compilation failed to produce executable
FAIL: c-c++-common/zero-scratch-regs-8.c -std=gnu++17 (internal compiler error)
FAIL: c-c++-common/zero-scratch-regs-8.c -std=gnu++17 (test for excess errors)
UNRESOLVED: c-c++-common/zero-scratch-regs-8.c -std=gnu++17 compilation failed to produce executable
FAIL: c-c++-common/zero-scratch-regs-8.c -std=gnu++2a (internal compiler error)
FAIL: c-c++-common/zero-scratch-regs-8.c -std=gnu++2a (test for excess errors)
UNRESOLVED: c-c++-common/zero-scratch-regs-8.c -std=gnu++2a compilation failed to produce executable
FAIL: c-c++-common/zero-scratch-regs-8.c -std=gnu++98 (internal compiler error)
FAIL: c-c++-common/zero-scratch-regs-8.c -std=gnu++98 (test for excess errors)
UNRESOLVED: c-c++-common/zero-scratch-regs-8.c -std=gnu++98 compilation failed to produce executable
FAIL: c-c++-common/zero-scratch-regs-9.c -std=gnu++14 (internal compiler error)
FAIL: c-c++-common/zero-scratch-regs-9.c -std=gnu++14 (test for excess errors)
UNRESOLVED: c-c++-common/zero-scratch-regs-9.c -std=gnu++14 compilation failed to produce executable
FAIL: c-c++-common/zero-scratch-regs-9.c -std=gnu++17 (internal compiler error)
FAIL: c-c++-common/zero-scratch-regs-9.c -std=gnu++17 (test for excess errors)
UNRESOLVED: c-c++-common/zero-scratch-regs-9.c -std=gnu++17 compilation failed to produce executable
FAIL: c-c++-common/zero-scratch-regs-9.c -std=gnu++2a (internal compiler error)
FAIL: c-c++-common/zero-scratch-regs-9.c -std=gnu++2a (test for excess errors)
UNRESOLVED: c-c++-common/zero-scratch-regs-9.c -std=gnu++2a compilation failed to produce executable
FAIL: c-c++-common/zero-scratch-regs-9.c -std=gnu++98 (internal compiler error)
FAIL: c-c++-common/zero-scratch-regs-9.c -std=gnu++98 (test for excess errors)
UNRESOLVED: c-c++-common/zero-scratch-regs-9.c -std=gnu++98 compilation failed to produce executable
FAIL: g++.dg/gcov/pr16855-priority.C -std=gnu++14 gcov: 1 failures in line counts, 0 in branch percentages, 0 in return percentages, 0 in intermediate format
FAIL: g++.dg/gcov/pr16855-priority.C -std=gnu++14 line 22: is #####:should be 1
FAIL: g++.dg/gcov/pr16855-priority.C -std=gnu++17 gcov: 1 failures in line counts, 0 in branch percentages, 0 in return percentages, 0 in intermediate format
FAIL: g++.dg/gcov/pr16855-priority.C -std=gnu++17 line 22: is #####:should be 1
FAIL: g++.dg/gcov/pr16855-priority.C -std=gnu++2a gcov: 1 failures in line counts, 0 in branch percentages, 0 in return percentages, 0 in intermediate format
FAIL: g++.dg/gcov/pr16855-priority.C -std=gnu++2a line 22: is #####:should be 1
FAIL: g++.dg/gcov/pr16855-priority.C -std=gnu++98 gcov: 1 failures in line counts, 0 in branch percentages, 0 in return percentages, 0 in intermediate format
FAIL: g++.dg/gcov/pr16855-priority.C -std=gnu++98 line 22: is #####:should be 1
FAIL: g++.dg/gcov/pr16855.C -std=gnu++14 gcov: 1 failures in line counts, 0 in branch percentages, 0 in return percentages, 0 in intermediate format
FAIL: g++.dg/gcov/pr16855.C -std=gnu++14 line 24: is #####:should be 1
FAIL: g++.dg/gcov/pr16855.C -std=gnu++17 gcov: 1 failures in line counts, 0 in branch percentages, 0 in return percentages, 0 in intermediate format
FAIL: g++.dg/gcov/pr16855.C -std=gnu++17 line 24: is #####:should be 1
FAIL: g++.dg/gcov/pr16855.C -std=gnu++2a gcov: 1 failures in line counts, 0 in branch percentages, 0 in return percentages, 0 in intermediate format
FAIL: g++.dg/gcov/pr16855.C -std=gnu++2a line 24: is #####:should be 1
FAIL: g++.dg/gcov/pr16855.C -std=gnu++98 gcov: 1 failures in line counts, 0 in branch percentages, 0 in return percentages, 0 in intermediate format
FAIL: g++.dg/gcov/pr16855.C -std=gnu++98 line 24: is #####:should be 1
FAIL: g++.dg/lto/pr89335 cp_lto_pr89335_0.o assemble, -O2 -flto -Wsuggest-final-methods
=== g++ Summary for unix/-m64 ===
# of expected passes 188566
# of unexpected failures 65
# of expected failures 921
# of unresolved testcases 24
# of unsupported tests 8908
=== g++ Summary ===
# of expected passes 376358
# of unexpected failures 144
# of expected failures 1838
# of unresolved testcases 48
# of unsupported tests 18128
/var/gcc/regression/master/11-gcc-gas/build/gcc/xg++ version 11.0.0 20201106 (experimental) [master revision 6cef01c32817b3d08af2cadcdb0e23c72ceed426] (GCC)
=== gcc tests ===
Running target unix
XPASS: gcc.dg/analyzer/pr94851-1.c bogus leak (test for bogus messages, line 43)
XPASS: gcc.dg/analyzer/unknown-fns-4.c (test for warnings, line 13)
FAIL: gcc.dg/atomic/pr65345-4.c -O2 -flto (internal compiler error)
FAIL: gcc.dg/atomic/pr65345-4.c -O2 -flto (test for excess errors)
FAIL: gcc.dg/atomic/pr65345-4.c -O2 -flto -flto-partition=none (internal compiler error)
FAIL: gcc.dg/atomic/pr65345-4.c -O2 -flto -flto-partition=none (test for excess errors)
FAIL: c-c++-common/zero-scratch-regs-10.c -Wc++-compat (internal compiler error)
FAIL: c-c++-common/zero-scratch-regs-10.c -Wc++-compat (test for excess errors)
UNRESOLVED: c-c++-common/zero-scratch-regs-10.c -Wc++-compat compilation failed to produce executable
FAIL: c-c++-common/zero-scratch-regs-11.c -Wc++-compat (internal compiler error)
FAIL: c-c++-common/zero-scratch-regs-11.c -Wc++-compat (test for excess errors)
UNRESOLVED: c-c++-common/zero-scratch-regs-11.c -Wc++-compat compilation failed to produce executable
FAIL: c-c++-common/zero-scratch-regs-6.c -Wc++-compat (internal compiler error)
FAIL: c-c++-common/zero-scratch-regs-6.c -Wc++-compat (test for excess errors)
UNRESOLVED: c-c++-common/zero-scratch-regs-6.c -Wc++-compat compilation failed to produce executable
FAIL: c-c++-common/zero-scratch-regs-7.c -Wc++-compat (internal compiler error)
FAIL: c-c++-common/zero-scratch-regs-7.c -Wc++-compat (test for excess errors)
UNRESOLVED: c-c++-common/zero-scratch-regs-7.c -Wc++-compat compilation failed to produce executable
FAIL: c-c++-common/zero-scratch-regs-8.c -Wc++-compat (internal compiler error)
FAIL: c-c++-common/zero-scratch-regs-8.c -Wc++-compat (test for excess errors)
UNRESOLVED: c-c++-common/zero-scratch-regs-8.c -Wc++-compat compilation failed to produce executable
FAIL: c-c++-common/zero-scratch-regs-9.c -Wc++-compat (internal compiler error)
FAIL: c-c++-common/zero-scratch-regs-9.c -Wc++-compat (test for excess errors)
UNRESOLVED: c-c++-common/zero-scratch-regs-9.c -Wc++-compat compilation failed to produce executable
XPASS: gcc.dg/Walloca-2.c (test for bogus messages, line 16)
XPASS: gcc.dg/pr78973.c pr79073 (test for warnings, line 12)
FAIL: gcc.dg/gomp/simd-2.c scan-tree-dump-times vect "vectorized [1-9][0-9]* loops in function" 5
FAIL: gcc.dg/gomp/simd-3.c scan-tree-dump-times vect "vectorized [1-9][0-9]* loops in function" 5
FAIL: gcc.dg/ipa/iinline-attr.c scan-ipa-dump inline "hooray[^\\\\n]*inline copy in test"
FAIL: gcc.dg/ipa/ipa-icf-38.c scan-ltrans-tree-dump-not optimized "Function bar"
FAIL: gcc.dg/ipa/modref-2.c scan-ipa-dump modref "Parm 1 param offset:0 offset:0 size:-1 max_size:64"
FAIL: gcc.dg/plugin/location-overflow-test-1.c -fplugin=./location_overflow_plugin.so adding '-flarge-source-files' (test for warnings, line 16)
FAIL: gcc.dg/simulate-thread/atomic-other-int.c -O2 -g thread simulation test
FAIL: gcc.dg/simulate-thread/atomic-other-int.c -O3 -g thread simulation test
FAIL: gcc.dg/simulate-thread/speculative-store-4.c -O0 -g thread simulation test
FAIL: gcc.dg/simulate-thread/speculative-store-4.c -O2 -g thread simulation test
FAIL: gcc.dg/simulate-thread/speculative-store-4.c -O3 -g thread simulation test
FAIL: gcc.dg/simulate-thread/speculative-store.c -O0 -g thread simulation test
FAIL: gcc.dg/vect/bb-slp-21.c -flto -ffat-lto-objects scan-tree-dump-times slp2 "optimized: basic block" 1
FAIL: gcc.dg/vect/bb-slp-21.c scan-tree-dump-times slp2 "optimized: basic block" 1
FAIL: gcc.dg/vect/bb-slp-22.c -flto -ffat-lto-objects scan-tree-dump-times slp2 "optimized: basic block" 1
FAIL: gcc.dg/vect/bb-slp-22.c scan-tree-dump-times slp2 "optimized: basic block" 1
XPASS: gcc.dg/vect/bb-slp-32.c -flto -ffat-lto-objects scan-tree-dump slp2 "vectorization is not profitable"
XPASS: gcc.dg/vect/bb-slp-32.c scan-tree-dump slp2 "vectorization is not profitable"
FAIL: gcc.dg/vect/bb-slp-46.c -flto -ffat-lto-objects scan-tree-dump-times optimized " \\\\+ " 3
FAIL: gcc.dg/vect/bb-slp-46.c scan-tree-dump-times optimized " \\\\+ " 3
FAIL: gcc.dg/vect/bb-slp-69.c -flto -ffat-lto-objects scan-tree-dump slp2 "transform load"
FAIL: gcc.dg/vect/bb-slp-69.c scan-tree-dump slp2 "transform load"
FAIL: gcc.dg/vect/bb-slp-7.c -flto -ffat-lto-objects scan-tree-dump-times slp2 "optimized: basic block" 1
FAIL: gcc.dg/vect/bb-slp-7.c scan-tree-dump-times slp2 "optimized: basic block" 1
XPASS: gcc.dg/vect/bb-slp-9.c -flto -ffat-lto-objects scan-tree-dump-times slp2 "optimized: basic block" 1
XPASS: gcc.dg/vect/bb-slp-9.c scan-tree-dump-times slp2 "optimized: basic block" 1
FAIL: gcc.dg/vect/bb-slp-subgroups-3.c -flto -ffat-lto-objects scan-tree-dump-times slp2 "optimized: basic block" 2
FAIL: gcc.dg/vect/bb-slp-subgroups-3.c scan-tree-dump-times slp2 "optimized: basic block" 2
FAIL: gcc.dg/vect/pr97428.c -flto -ffat-lto-objects scan-tree-dump vect "Detected interleaving load of size 8"
FAIL: gcc.dg/vect/pr97428.c -flto -ffat-lto-objects scan-tree-dump vect "Detected interleaving store of size 16"
FAIL: gcc.dg/vect/pr97428.c -flto -ffat-lto-objects scan-tree-dump-times vect "vectorizing stmts using SLP" 2
FAIL: gcc.dg/vect/pr97428.c scan-tree-dump vect "Detected interleaving load of size 8"
FAIL: gcc.dg/vect/pr97428.c scan-tree-dump vect "Detected interleaving store of size 16"
FAIL: gcc.dg/vect/pr97428.c scan-tree-dump-times vect "vectorizing stmts using SLP" 2
FAIL: gcc.dg/vect/pr97678.c -flto -ffat-lto-objects scan-tree-dump vect "vectorizing stmts using SLP"
FAIL: gcc.dg/vect/pr97678.c scan-tree-dump vect "vectorizing stmts using SLP"
FAIL: gcc.dg/vect/slp-43.c -flto -ffat-lto-objects scan-tree-dump-times vect "vectorized 1 loops" 2
FAIL: gcc.dg/vect/slp-43.c scan-tree-dump-times vect "vectorized 1 loops" 2
FAIL: gcc.dg/vect/slp-45.c -flto -ffat-lto-objects scan-tree-dump-times vect "vectorized 1 loops" 13
FAIL: gcc.dg/vect/slp-45.c scan-tree-dump-times vect "vectorized 1 loops" 13
FAIL: gcc.dg/vect/slp-47.c -flto -ffat-lto-objects scan-tree-dump-times vect "vectorizing stmts using SLP" 2
FAIL: gcc.dg/vect/slp-47.c scan-tree-dump-times vect "vectorizing stmts using SLP" 2
FAIL: gcc.dg/vect/slp-48.c -flto -ffat-lto-objects scan-tree-dump-times vect "vectorizing stmts using SLP" 2
FAIL: gcc.dg/vect/slp-48.c scan-tree-dump-times vect "vectorizing stmts using SLP" 2
FAIL: gcc.dg/vect/vect-alias-check.c -flto -ffat-lto-objects scan-tree-dump-times vect "vectorized 1 loops" 1
FAIL: gcc.dg/vect/vect-alias-check.c scan-tree-dump-times vect "vectorized 1 loops" 1
FAIL: gcc.dg/vect/vect-complex-5.c -flto -ffat-lto-objects scan-tree-dump-times vect "vectorizing stmts using SLP" 2
FAIL: gcc.dg/vect/vect-complex-5.c scan-tree-dump-times vect "vectorizing stmts using SLP" 2
FAIL: gcc.dg/vect/vect-live-5.c -flto -ffat-lto-objects scan-tree-dump-times vect "vectorized 1 loops" 1
FAIL: gcc.dg/vect/vect-live-5.c scan-tree-dump-times vect "vectorized 1 loops" 1
FAIL: gcc.dg/vect/vect-live-6.c -flto -ffat-lto-objects scan-tree-dump vect "vectorized 1 loops"
FAIL: gcc.dg/vect/vect-live-6.c scan-tree-dump vect "vectorized 1 loops"
FAIL: outputs lto st mult dumpdir empty dumpbase named: dir/outputs-1.ltrans0.ltrans_args
FAIL: outputs lto st mult dumpdir named: dir/outputs-ltrans0.ltrans_args
FAIL: outputs lto st mult empty dumpbase namedb: dir/outputs.ltrans0.ltrans_args
FAIL: outputs lto st mult empty dumpbase unnamed: a.ltrans0.ltrans_args
FAIL: outputs lto st mult namedb: dir/outputs.ltrans0.ltrans_args
FAIL: outputs lto st mult unnamed: a.ltrans0.ltrans_args
FAIL: outputs lto st sing dumpdir empty dumpbase named: dir/outputs-0.ltrans0.ltrans_args
FAIL: outputs lto st sing dumpdir named: dir/outputs-ltrans0.ltrans_args
FAIL: outputs lto st sing empty dumpbase namedb: dir/outputs.ltrans0.ltrans_args
FAIL: outputs lto st sing empty dumpbase unnamed: a.ltrans0.ltrans_args
FAIL: outputs lto st sing namedb: dir/outputs.ltrans0.ltrans_args
FAIL: outputs lto st sing unnamed: a.ltrans0.ltrans_args
=== gcc Summary for unix ===
# of expected passes 128680
# of unexpected failures 76
# of unexpected successes 8
# of expected failures 899
# of unresolved testcases 6
# of unsupported tests 3691
Running target unix/-m64
XPASS: gcc.dg/analyzer/pr94851-1.c bogus leak (test for bogus messages, line 43)
FAIL: gcc.dg/atomic/pr65345-4.c -O2 -flto (internal compiler error)
FAIL: gcc.dg/atomic/pr65345-4.c -O2 -flto (test for excess errors)
FAIL: gcc.dg/atomic/pr65345-4.c -O2 -flto -flto-partition=none (internal compiler error)
FAIL: gcc.dg/atomic/pr65345-4.c -O2 -flto -flto-partition=none (test for excess errors)
FAIL: c-c++-common/zero-scratch-regs-10.c -Wc++-compat (internal compiler error)
FAIL: c-c++-common/zero-scratch-regs-10.c -Wc++-compat (test for excess errors)
UNRESOLVED: c-c++-common/zero-scratch-regs-10.c -Wc++-compat compilation failed to produce executable
FAIL: c-c++-common/zero-scratch-regs-11.c -Wc++-compat (internal compiler error)
FAIL: c-c++-common/zero-scratch-regs-11.c -Wc++-compat (test for excess errors)
UNRESOLVED: c-c++-common/zero-scratch-regs-11.c -Wc++-compat compilation failed to produce executable
FAIL: c-c++-common/zero-scratch-regs-6.c -Wc++-compat (internal compiler error)
FAIL: c-c++-common/zero-scratch-regs-6.c -Wc++-compat (test for excess errors)
UNRESOLVED: c-c++-common/zero-scratch-regs-6.c -Wc++-compat compilation failed to produce executable
FAIL: c-c++-common/zero-scratch-regs-7.c -Wc++-compat (internal compiler error)
FAIL: c-c++-common/zero-scratch-regs-7.c -Wc++-compat (test for excess errors)
UNRESOLVED: c-c++-common/zero-scratch-regs-7.c -Wc++-compat compilation failed to produce executable
FAIL: c-c++-common/zero-scratch-regs-8.c -Wc++-compat (internal compiler error)
FAIL: c-c++-common/zero-scratch-regs-8.c -Wc++-compat (test for excess errors)
UNRESOLVED: c-c++-common/zero-scratch-regs-8.c -Wc++-compat compilation failed to produce executable
FAIL: c-c++-common/zero-scratch-regs-9.c -Wc++-compat (internal compiler error)
FAIL: c-c++-common/zero-scratch-regs-9.c -Wc++-compat (test for excess errors)
UNRESOLVED: c-c++-common/zero-scratch-regs-9.c -Wc++-compat compilation failed to produce executable
FAIL: gcc.dg/strcmpopt_8.c (test for excess errors)
FAIL: gcc.dg/strcmpopt_8.c scan-tree-dump-not forwprop1 "strncmp"
FAIL: gcc.dg/gomp/simd-2.c scan-tree-dump-times vect "vectorized [1-9][0-9]* loops in function" 5
FAIL: gcc.dg/gomp/simd-3.c scan-tree-dump-times vect "vectorized [1-9][0-9]* loops in function" 5
FAIL: gcc.dg/ipa/ipa-icf-38.c scan-ltrans-tree-dump-not optimized "Function bar"
FAIL: gcc.dg/plugin/location-overflow-test-1.c -fplugin=./location_overflow_plugin.so adding '-flarge-source-files' (test for warnings, line 16)
FAIL: gcc.dg/vect/bb-slp-21.c -flto -ffat-lto-objects scan-tree-dump-times slp2 "optimized: basic block" 1
FAIL: gcc.dg/vect/bb-slp-21.c scan-tree-dump-times slp2 "optimized: basic block" 1
FAIL: gcc.dg/vect/bb-slp-22.c -flto -ffat-lto-objects scan-tree-dump-times slp2 "optimized: basic block" 1
FAIL: gcc.dg/vect/bb-slp-22.c scan-tree-dump-times slp2 "optimized: basic block" 1
XPASS: gcc.dg/vect/bb-slp-32.c -flto -ffat-lto-objects scan-tree-dump slp2 "vectorization is not profitable"
XPASS: gcc.dg/vect/bb-slp-32.c scan-tree-dump slp2 "vectorization is not profitable"
FAIL: gcc.dg/vect/bb-slp-46.c -flto -ffat-lto-objects scan-tree-dump-times optimized " \\\\+ " 3
FAIL: gcc.dg/vect/bb-slp-46.c scan-tree-dump-times optimized " \\\\+ " 3
FAIL: gcc.dg/vect/bb-slp-69.c -flto -ffat-lto-objects scan-tree-dump slp2 "transform load"
FAIL: gcc.dg/vect/bb-slp-69.c scan-tree-dump slp2 "transform load"
FAIL: gcc.dg/vect/bb-slp-7.c -flto -ffat-lto-objects scan-tree-dump-times slp2 "optimized: basic block" 1
FAIL: gcc.dg/vect/bb-slp-7.c scan-tree-dump-times slp2 "optimized: basic block" 1
XPASS: gcc.dg/vect/bb-slp-9.c -flto -ffat-lto-objects scan-tree-dump-times slp2 "optimized: basic block" 1
XPASS: gcc.dg/vect/bb-slp-9.c scan-tree-dump-times slp2 "optimized: basic block" 1
FAIL: gcc.dg/vect/bb-slp-subgroups-3.c -flto -ffat-lto-objects scan-tree-dump-times slp2 "optimized: basic block" 2
FAIL: gcc.dg/vect/bb-slp-subgroups-3.c scan-tree-dump-times slp2 "optimized: basic block" 2
FAIL: gcc.dg/vect/pr97428.c -flto -ffat-lto-objects scan-tree-dump vect "Detected interleaving load of size 8"
FAIL: gcc.dg/vect/pr97428.c -flto -ffat-lto-objects scan-tree-dump vect "Detected interleaving store of size 16"
FAIL: gcc.dg/vect/pr97428.c -flto -ffat-lto-objects scan-tree-dump-times vect "vectorizing stmts using SLP" 2
FAIL: gcc.dg/vect/pr97428.c scan-tree-dump vect "Detected interleaving load of size 8"
FAIL: gcc.dg/vect/pr97428.c scan-tree-dump vect "Detected interleaving store of size 16"
FAIL: gcc.dg/vect/pr97428.c scan-tree-dump-times vect "vectorizing stmts using SLP" 2
FAIL: gcc.dg/vect/pr97678.c -flto -ffat-lto-objects scan-tree-dump vect "vectorizing stmts using SLP"
FAIL: gcc.dg/vect/pr97678.c scan-tree-dump vect "vectorizing stmts using SLP"
FAIL: gcc.dg/vect/slp-43.c -flto -ffat-lto-objects scan-tree-dump-times vect "vectorized 1 loops" 2
FAIL: gcc.dg/vect/slp-43.c scan-tree-dump-times vect "vectorized 1 loops" 2
FAIL: gcc.dg/vect/slp-45.c -flto -ffat-lto-objects scan-tree-dump-times vect "vectorized 1 loops" 13
FAIL: gcc.dg/vect/slp-45.c scan-tree-dump-times vect "vectorized 1 loops" 13
FAIL: gcc.dg/vect/slp-47.c -flto -ffat-lto-objects scan-tree-dump-times vect "vectorizing stmts using SLP" 2
FAIL: gcc.dg/vect/slp-47.c scan-tree-dump-times vect "vectorizing stmts using SLP" 2
FAIL: gcc.dg/vect/slp-48.c -flto -ffat-lto-objects scan-tree-dump-times vect "vectorizing stmts using SLP" 2
FAIL: gcc.dg/vect/slp-48.c scan-tree-dump-times vect "vectorizing stmts using SLP" 2
FAIL: gcc.dg/vect/vect-alias-check.c -flto -ffat-lto-objects scan-tree-dump-times vect "vectorized 1 loops" 1
FAIL: gcc.dg/vect/vect-alias-check.c scan-tree-dump-times vect "vectorized 1 loops" 1
FAIL: gcc.dg/vect/vect-complex-5.c -flto -ffat-lto-objects scan-tree-dump-times vect "vectorizing stmts using SLP" 2
FAIL: gcc.dg/vect/vect-complex-5.c scan-tree-dump-times vect "vectorizing stmts using SLP" 2
FAIL: gcc.dg/vect/vect-live-5.c -flto -ffat-lto-objects scan-tree-dump-times vect "vectorized 1 loops" 1
FAIL: gcc.dg/vect/vect-live-5.c scan-tree-dump-times vect "vectorized 1 loops" 1
FAIL: gcc.dg/vect/vect-live-6.c -flto -ffat-lto-objects scan-tree-dump vect "vectorized 1 loops"
FAIL: gcc.dg/vect/vect-live-6.c scan-tree-dump vect "vectorized 1 loops"
FAIL: outputs lto st mult dumpdir empty dumpbase named: dir/outputs-1.ltrans0.ltrans_args
FAIL: outputs lto st mult dumpdir named: dir/outputs-ltrans0.ltrans_args
FAIL: outputs lto st mult empty dumpbase namedb: dir/outputs.ltrans0.ltrans_args
FAIL: outputs lto st mult empty dumpbase unnamed: a.ltrans0.ltrans_args
FAIL: outputs lto st mult namedb: dir/outputs.ltrans0.ltrans_args
FAIL: outputs lto st mult unnamed: a.ltrans0.ltrans_args
FAIL: outputs lto st sing dumpdir empty dumpbase named: dir/outputs-0.ltrans0.ltrans_args
FAIL: outputs lto st sing dumpdir named: dir/outputs-ltrans0.ltrans_args
FAIL: outputs lto st sing empty dumpbase namedb: dir/outputs.ltrans0.ltrans_args
FAIL: outputs lto st sing empty dumpbase unnamed: a.ltrans0.ltrans_args
FAIL: outputs lto st sing namedb: dir/outputs.ltrans0.ltrans_args
FAIL: outputs lto st sing unnamed: a.ltrans0.ltrans_args
=== gcc Summary for unix/-m64 ===
# of expected passes 128306
# of unexpected failures 70
# of unexpected successes 5
# of expected failures 889
# of unresolved testcases 6
# of unsupported tests 3015
=== gcc Summary ===
# of expected passes 256986
# of unexpected failures 146
# of unexpected successes 13
# of expected failures 1788
# of unresolved testcases 12
# of unsupported tests 6706
/var/gcc/regression/master/11-gcc-gas/build/gcc/xgcc version 11.0.0 20201106 (experimental) [master revision 6cef01c32817b3d08af2cadcdb0e23c72ceed426] (GCC)
=== gdc tests ===
Running target unix
FAIL: gdc.dg/gdc204.d (internal compiler error)
FAIL: gdc.dg/gdc204.d (test for excess errors)
FAIL: gdc.dg/pr92216.d (internal compiler error)
FAIL: gdc.dg/pr92216.d (test for excess errors)
UNRESOLVED: gdc.dg/pr92216.d scan-assembler _DT(4|8|16)_D7imports7pr922161B8__mixin24getSMFZPv[: \\t\\n]
UNRESOLVED: gdc.dg/pr92216.d scan-assembler-not (.globl|.global)[ \\t]+_DT(4|8|16)_D7imports7pr922161B8__mixin24getSMFZPv
FAIL: gdc.test/runnable_cxx/cppa.d (internal compiler error)
UNRESOLVED: gdc.test/runnable_cxx/cppa.d compilation failed to produce executable
FAIL: gdc.test/runnable_cxx/cppa.d -g (internal compiler error)
UNRESOLVED: gdc.test/runnable_cxx/cppa.d -g compilation failed to produce executable
FAIL: gdc.test/runnable_cxx/cppa.d -g -shared-libphobos (internal compiler error)
UNRESOLVED: gdc.test/runnable_cxx/cppa.d -g -shared-libphobos compilation failed to produce executable
FAIL: gdc.test/runnable_cxx/cppa.d -shared-libphobos (internal compiler error)
UNRESOLVED: gdc.test/runnable_cxx/cppa.d -shared-libphobos compilation failed to produce executable
=== gdc Summary for unix ===
# of expected passes 9656
# of unexpected failures 8
# of unresolved testcases 6
# of unsupported tests 331
Running target unix/-m64
FAIL: gdc.dg/gdc204.d (internal compiler error)
FAIL: gdc.dg/gdc204.d (test for excess errors)
FAIL: gdc.dg/pr92216.d (internal compiler error)
FAIL: gdc.dg/pr92216.d (test for excess errors)
UNRESOLVED: gdc.dg/pr92216.d scan-assembler _DT(4|8|16)_D7imports7pr922161B8__mixin24getSMFZPv[: \\t\\n]
UNRESOLVED: gdc.dg/pr92216.d scan-assembler-not (.globl|.global)[ \\t]+_DT(4|8|16)_D7imports7pr922161B8__mixin24getSMFZPv
FAIL: gdc.dg/torture/pr96153.d -O1 execution test
FAIL: gdc.dg/torture/pr96153.d -O1 -frelease execution test
FAIL: gdc.dg/torture/pr96153.d -O1 -frelease -g execution test
FAIL: gdc.dg/torture/pr96153.d -O1 -g execution test
FAIL: gdc.dg/torture/pr96153.d -O2 execution test
FAIL: gdc.dg/torture/pr96153.d -O2 -frelease execution test
FAIL: gdc.dg/torture/pr96153.d -O2 -frelease -g execution test
FAIL: gdc.dg/torture/pr96153.d -O2 -g execution test
FAIL: gdc.test/runnable/foreach5.d execution test
FAIL: gdc.test/runnable/foreach5.d -shared-libphobos execution test
FAIL: gdc.test/runnable/inline.d execution test
FAIL: gdc.test/runnable/inline.d -shared-libphobos execution test
FAIL: gdc.test/runnable/test42.d execution test
FAIL: gdc.test/runnable/test42.d -shared-libphobos execution test
UNRESOLVED: gdc.test/runnable/traits_getPointerBitmap.d compilation failed to produce executable
UNRESOLVED: gdc.test/runnable/traits_getPointerBitmap.d -shared-libphobos compilation failed to produce executable
FAIL: gdc.test/runnable_cxx/cppa.d (internal compiler error)
UNRESOLVED: gdc.test/runnable_cxx/cppa.d compilation failed to produce executable
FAIL: gdc.test/runnable_cxx/cppa.d -g (internal compiler error)
UNRESOLVED: gdc.test/runnable_cxx/cppa.d -g compilation failed to produce executable
FAIL: gdc.test/runnable_cxx/cppa.d -g -shared-libphobos (internal compiler error)
UNRESOLVED: gdc.test/runnable_cxx/cppa.d -g -shared-libphobos compilation failed to produce executable
FAIL: gdc.test/runnable_cxx/cppa.d -shared-libphobos (internal compiler error)
UNRESOLVED: gdc.test/runnable_cxx/cppa.d -shared-libphobos compilation failed to produce executable
=== gdc Summary for unix/-m64 ===
# of expected passes 9639
# of unexpected failures 22
# of unresolved testcases 8
# of unsupported tests 331
=== gdc Summary ===
# of expected passes 19295
# of unexpected failures 30
# of unresolved testcases 14
# of unsupported tests 662
/var/gcc/regression/master/11-gcc-gas/build/gcc/gdc version 11.0.0 20201106 (experimental) [master revision 6cef01c32817b3d08af2cadcdb0e23c72ceed426] (GCC)
=== gfortran tests ===
Running target unix
FAIL: gfortran.dg/save_6.f90 -O2 (internal compiler error)
FAIL: gfortran.dg/save_6.f90 -O2 (test for excess errors)
UNRESOLVED: gfortran.dg/save_6.f90 -O2 compilation failed to produce executable
FAIL: gfortran.dg/save_6.f90 -O3 -fomit-frame-pointer -funroll-loops -fpeel-loops -ftracer -finline-functions (internal compiler error)
FAIL: gfortran.dg/save_6.f90 -O3 -fomit-frame-pointer -funroll-loops -fpeel-loops -ftracer -finline-functions (test for excess errors)
UNRESOLVED: gfortran.dg/save_6.f90 -O3 -fomit-frame-pointer -funroll-loops -fpeel-loops -ftracer -finline-functions compilation failed to produce executable
FAIL: gfortran.dg/save_6.f90 -O3 -g (internal compiler error)
FAIL: gfortran.dg/save_6.f90 -O3 -g (test for excess errors)
UNRESOLVED: gfortran.dg/save_6.f90 -O3 -g compilation failed to produce executable
FAIL: gfortran.dg/save_6.f90 -Os (internal compiler error)
FAIL: gfortran.dg/save_6.f90 -Os (test for excess errors)
UNRESOLVED: gfortran.dg/save_6.f90 -Os compilation failed to produce executable
=== gfortran Summary for unix ===
# of expected passes 54790
# of unexpected failures 8
# of expected failures 232
# of unresolved testcases 4
# of unsupported tests 289
Running target unix/-m64
UNRESOLVED: gfortran.dg/pr96711.f90 -O0 scan-tree-dump-times original "_gfortran_stop_numeric" 2
FAIL: gfortran.dg/pr96711.f90 -O0 (internal compiler error)
FAIL: gfortran.dg/pr96711.f90 -O0 (test for excess errors)
UNRESOLVED: gfortran.dg/pr96711.f90 -O0 compilation failed to produce executable
UNRESOLVED: gfortran.dg/pr96711.f90 -O1 scan-tree-dump-times original "_gfortran_stop_numeric" 2
FAIL: gfortran.dg/pr96711.f90 -O1 (internal compiler error)
FAIL: gfortran.dg/pr96711.f90 -O1 (test for excess errors)
UNRESOLVED: gfortran.dg/pr96711.f90 -O1 compilation failed to produce executable
UNRESOLVED: gfortran.dg/pr96711.f90 -O2 scan-tree-dump-times original "_gfortran_stop_numeric" 2
FAIL: gfortran.dg/pr96711.f90 -O2 (internal compiler error)
FAIL: gfortran.dg/pr96711.f90 -O2 (test for excess errors)
UNRESOLVED: gfortran.dg/pr96711.f90 -O2 compilation failed to produce executable
UNRESOLVED: gfortran.dg/pr96711.f90 -O3 -fomit-frame-pointer -funroll-loops -fpeel-loops -ftracer -finline-functions scan-tree-dump-times original "_gfortran_stop_numeric" 2
FAIL: gfortran.dg/pr96711.f90 -O3 -fomit-frame-pointer -funroll-loops -fpeel-loops -ftracer -finline-functions (internal compiler error)
FAIL: gfortran.dg/pr96711.f90 -O3 -fomit-frame-pointer -funroll-loops -fpeel-loops -ftracer -finline-functions (test for excess errors)
UNRESOLVED: gfortran.dg/pr96711.f90 -O3 -fomit-frame-pointer -funroll-loops -fpeel-loops -ftracer -finline-functions compilation failed to produce executable
UNRESOLVED: gfortran.dg/pr96711.f90 -O3 -g scan-tree-dump-times original "_gfortran_stop_numeric" 2
FAIL: gfortran.dg/pr96711.f90 -O3 -g (internal compiler error)
FAIL: gfortran.dg/pr96711.f90 -O3 -g (test for excess errors)
UNRESOLVED: gfortran.dg/pr96711.f90 -O3 -g compilation failed to produce executable
UNRESOLVED: gfortran.dg/pr96711.f90 -Os scan-tree-dump-times original "_gfortran_stop_numeric" 2
FAIL: gfortran.dg/pr96711.f90 -Os (internal compiler error)
FAIL: gfortran.dg/pr96711.f90 -Os (test for excess errors)
UNRESOLVED: gfortran.dg/pr96711.f90 -Os compilation failed to produce executable
FAIL: gfortran.dg/save_6.f90 -O2 (internal compiler error)
FAIL: gfortran.dg/save_6.f90 -O2 (test for excess errors)
UNRESOLVED: gfortran.dg/save_6.f90 -O2 compilation failed to produce executable
FAIL: gfortran.dg/save_6.f90 -O3 -fomit-frame-pointer -funroll-loops -fpeel-loops -ftracer -finline-functions (internal compiler error)
FAIL: gfortran.dg/save_6.f90 -O3 -fomit-frame-pointer -funroll-loops -fpeel-loops -ftracer -finline-functions (test for excess errors)
UNRESOLVED: gfortran.dg/save_6.f90 -O3 -fomit-frame-pointer -funroll-loops -fpeel-loops -ftracer -finline-functions compilation failed to produce executable
FAIL: gfortran.dg/save_6.f90 -O3 -g (internal compiler error)
FAIL: gfortran.dg/save_6.f90 -O3 -g (test for excess errors)
UNRESOLVED: gfortran.dg/save_6.f90 -O3 -g compilation failed to produce executable
FAIL: gfortran.dg/save_6.f90 -Os (internal compiler error)
FAIL: gfortran.dg/save_6.f90 -Os (test for excess errors)
UNRESOLVED: gfortran.dg/save_6.f90 -Os compilation failed to produce executable
=== gfortran Summary for unix/-m64 ===
# of expected passes 55039
# of unexpected failures 20
# of expected failures 230
# of unresolved testcases 16
# of unsupported tests 156
=== gfortran Summary ===
# of expected passes 109829
# of unexpected failures 28
# of expected failures 462
# of unresolved testcases 20
# of unsupported tests 445
/var/gcc/regression/master/11-gcc-gas/build/gcc/gfortran version 11.0.0 20201106 (experimental) [master revision 6cef01c32817b3d08af2cadcdb0e23c72ceed426] (GCC)
=== gnat tests ===
Running target unix
=== gnat Summary for unix ===
# of expected passes 3277
# of expected failures 23
# of unsupported tests 31
Running target unix/-m64
=== gnat Summary for unix/-m64 ===
# of expected passes 3275
# of expected failures 23
# of unsupported tests 31
=== gnat Summary ===
# of expected passes 6552
# of expected failures 46
# of unsupported tests 62
/var/gcc/regression/master/11-gcc-gas/build/gcc/gnatmake version 11.0.0 20201106 (experimental) [master revision 6cef01c32817b3d08af2cadcdb0e23c72ceed426]
=== go tests ===
Running target unix
FAIL: ./index0-out.go execution, -O0 -g -fno-var-tracking-assignments
FAIL: go.test/test/fixedbugs/issue4085b.go execution, -O2 -g
FAIL: go.test/test/fixedbugs/issue4562.go execution, -O2 -g
FAIL: go.test/test/nil.go execution, -O2 -g
=== go Summary for unix ===
# of expected passes 7464
# of unexpected failures 4
# of expected failures 1
# of untested testcases 11
# of unsupported tests 3
Running target unix/-m64
FAIL: ./index0-out.go execution, -O0 -g -fno-var-tracking-assignments
=== go Summary for unix/-m64 ===
# of expected passes 7347
# of unexpected failures 1
# of expected failures 1
# of untested testcases 11
# of unsupported tests 3
=== go Summary ===
# of expected passes 14811
# of unexpected failures 5
# of expected failures 2
# of untested testcases 22
# of unsupported tests 6
=== obj-c++ tests ===
Running target unix
=== obj-c++ Summary for unix ===
# of expected passes 1450
# of expected failures 2
# of unsupported tests 77
Running target unix/-m64
=== obj-c++ Summary for unix/-m64 ===
# of expected passes 1442
# of expected failures 10
# of unsupported tests 77
=== obj-c++ Summary ===
# of expected passes 2892
# of expected failures 12
# of unsupported tests 154
/var/gcc/regression/master/11-gcc-gas/build/gcc/xg++ version 11.0.0 20201106 (experimental) [master revision 6cef01c32817b3d08af2cadcdb0e23c72ceed426] (GCC)
=== objc tests ===
Running target unix
=== objc Summary for unix ===
# of expected passes 2785
# of unsupported tests 68
Running target unix/-m64
=== objc Summary for unix/-m64 ===
# of expected passes 2785
# of unsupported tests 68
=== objc Summary ===
# of expected passes 5570
# of unsupported tests 136
/var/gcc/regression/master/11-gcc-gas/build/gcc/xgcc version 11.0.0 20201106 (experimental) [master revision 6cef01c32817b3d08af2cadcdb0e23c72ceed426] (GCC)
=== gotools tests ===
FAIL: go test cmd/go
FAIL: TestAbort
FAIL: TestBreakpoint
FAIL: TestCgoSignalDeadlock
FAIL: TestGccgoCrashTracebackNodebug
FAIL: TestMemmoveAtomicity
FAIL: TestPanicInlined
FAIL: TestSegv
FAIL: TestSelectStackAdjust
FAIL: go test runtime
FAIL: go test misc/cgo/test
FAIL: TestCompileWithoutShared
FAIL: TestEarlySignalHandler
FAIL: TestOsSignal
FAIL: TestSigaltstack
FAIL: TestSignalForwarding
FAIL: TestSignalForwardingExternal
FAIL: go test misc/cgo/testcarchive
FAIL: TestVet
FAIL: go test cmd/vet
=== gotools Summary ===
# of expected passes 197
# of unexpected failures 20
# of untested testcases 57
/var/gcc/regression/master/11-gcc-gas/build/./gcc/gccgo version 11.0.0 20201106 (experimental) [master revision 6cef01c32817b3d08af2cadcdb0e23c72ceed426] (GCC)
=== libatomic tests ===
Running target unix
=== libatomic Summary for unix ===
# of expected passes 44
# of unsupported tests 5
Running target unix/-m64
=== libatomic Summary for unix/-m64 ===
# of expected passes 54
=== libatomic Summary ===
# of expected passes 98
# of unsupported tests 5
=== libffi tests ===
Running target unix
=== libffi Summary for unix ===
# of expected passes 2214
Running target unix/-m64
=== libffi Summary for unix/-m64 ===
# of expected passes 2214
=== libffi Summary ===
# of expected passes 4428
=== libgo tests ===
Running target unix
FAIL: cmd/go/internal/lockedfile
FAIL: net/http/pprof
FAIL: runtime
FAIL: runtime/pprof
FAIL: sync/atomic
=== libgo Summary for unix ===
# of expected passes 170
# of unexpected failures 5
Running target unix/-m64
FAIL: encoding/json
FAIL: runtime
FAIL: runtime/pprof
FAIL: sync/atomic
=== libgo Summary for unix/-m64 ===
# of expected passes 171
# of unexpected failures 4
=== libgo Summary ===
# of expected passes 341
# of unexpected failures 9
/var/gcc/regression/master/11-gcc-gas/build/./gcc/gccgo version 11.0.0 20201106 (experimental) [master revision 6cef01c32817b3d08af2cadcdb0e23c72ceed426] (GCC)
=== libgomp tests ===
Running target unix
FAIL: libgomp.fortran/alloc-1.F90 -O execution test
FAIL: libgomp.fortran/alloc-2.F90 -O execution test
=== libgomp Summary for unix ===
# of expected passes 7939
# of unexpected failures 2
# of expected failures 4
# of unsupported tests 612
Running target unix/-m64
=== libgomp Summary for unix/-m64 ===
# of expected passes 7941
# of expected failures 4
# of unsupported tests 612
=== libgomp Summary ===
# of expected passes 15880
# of unexpected failures 2
# of expected failures 8
# of unsupported tests 1224
=== libitm tests ===
Running target unix
=== libitm Summary for unix ===
# of expected passes 42
# of expected failures 3
# of unsupported tests 1
Running target unix/-m64
=== libitm Summary for unix/-m64 ===
# of expected passes 42
# of expected failures 3
# of unsupported tests 1
=== libitm Summary ===
# of expected passes 84
# of expected failures 6
# of unsupported tests 2
=== libphobos tests ===
Running target unix
FAIL: libphobos.phobos_shared/std/datetime/systime.d execution test
FAIL: libphobos.phobos_shared/std/datetime/timezone.d execution test
FAIL: libphobos.phobos_shared/std/digest/murmurhash.d execution test
FAIL: libphobos.phobos_shared/std/experimental/allocator/building_blocks/region.d execution test
FAIL: libphobos.phobos_shared/std/experimental/logger/filelogger.d execution test
FAIL: libphobos.phobos_shared/std/experimental/logger/multilogger.d execution test
FAIL: libphobos.phobos_shared/std/format.d execution test
FAIL: libphobos.phobos_shared/std/internal/math/errorfunction.d execution test
FAIL: libphobos.phobos_shared/std/internal/math/gammafunction.d execution test
FAIL: libphobos.phobos_shared/std/math.d execution test
WARNING: libphobos.phobos_shared/std/net/curl.d execution test program timed out.
FAIL: libphobos.phobos_shared/std/net/curl.d execution test
FAIL: libphobos.phobos_shared/std/net/isemail.d execution test
FAIL: libphobos.phobos_shared/std/numeric.d execution test
FAIL: libphobos.phobos_shared/std/parallelism.d execution test
FAIL: libphobos.phobos_shared/std/regex/internal/kickstart.d execution test
FAIL: libphobos.phobos_shared/std/regex/internal/tests.d execution test
FAIL: libphobos.phobos_shared/std/regex/package.d execution test
FAIL: libphobos.phobos_shared/std/stdio.d execution test
FAIL: libphobos.phobos_shared/std/variant.d execution test
FAIL: libphobos.shared/finalize.d -shared-libphobos -ldl execution test
FAIL: libphobos.shared/load.d -shared-libphobos -ldl execution test
FAIL: libphobos.shared/load_13414.d -shared-libphobos -ldl execution test
=== libphobos Summary for unix ===
# of expected passes 402
# of unexpected failures 22
Running target unix/-m64
FAIL: libphobos.phobos_shared/std/datetime/systime.d execution test
FAIL: libphobos.phobos_shared/std/datetime/timezone.d execution test
FAIL: libphobos.phobos_shared/std/digest/murmurhash.d execution test
FAIL: libphobos.phobos_shared/std/format.d execution test
FAIL: libphobos.phobos_shared/std/internal/math/errorfunction.d execution test
FAIL: libphobos.phobos_shared/std/internal/math/gammafunction.d execution test
FAIL: libphobos.phobos_shared/std/math.d execution test
FAIL: libphobos.phobos_shared/std/numeric.d execution test
FAIL: libphobos.phobos_shared/std/parallelism.d execution test
FAIL: libphobos.phobos_shared/std/regex/internal/kickstart.d execution test
FAIL: libphobos.phobos_shared/std/regex/internal/tests.d execution test
FAIL: libphobos.phobos_shared/std/regex/package.d execution test
FAIL: libphobos.shared/finalize.d -shared-libphobos -ldl execution test
FAIL: libphobos.shared/load.d -shared-libphobos -ldl execution test
FAIL: libphobos.shared/load_13414.d -shared-libphobos -ldl execution test
=== libphobos Summary for unix/-m64 ===
# of expected passes 409
# of unexpected failures 15
=== libphobos Summary ===
# of expected passes 811
# of unexpected failures 37
=== libstdc++ tests ===
Running target unix
=== libstdc++ Summary for unix ===
# of expected passes 14397
# of expected failures 98
# of unsupported tests 728
Running target unix/-m64
=== libstdc++ Summary for unix/-m64 ===
# of expected passes 14393
# of expected failures 98
# of unsupported tests 730
=== libstdc++ Summary ===
# of expected passes 28790
# of expected failures 196
# of unsupported tests 1458
Compiler version: 11.0.0 20201106 (experimental) [master revision 6cef01c32817b3d08af2cadcdb0e23c72ceed426] (GCC)
Platform: sparc-sun-solaris2.11
configure flags: --prefix=/vol/gcc --target=sparc-sun-solaris2.11 --enable-objc-gc --with-target-bdw-gc-include=/vol/gcc/include --with-target-bdw-gc-lib=/vol/gcc/lib,sparcv9=/vol/gcc/lib/sparcv9 --with-as=/vol/gcc/bin/gas-2.35 --with-gnu-as --with-gmp-include=/vol/gcc/include --with-gmp-lib=/vol/gcc/lib --with-mpfr-include=/vol/gcc/include --with-mpfr-lib=/vol/gcc/lib --with-mpc-include=/vol/gcc/include --with-mpc-lib=/vol/gcc/lib --enable-languages=all,ada,obj-c++,go --with-isl-include=/vol/gcc/include --with-isl-lib=/vol/gcc/lib --with-zstd-include=/vol/gcc/include --with-zstd-lib=/vol/gcc/lib --build=sparc-sun-solaris2.11 --host=sparc-sun-solaris2.11
BOOT_CFLAGS=-g -O2
More information about the Gcc-testresults
mailing list