Results for 11.0.0 20201030 (experimental) [master revision 39bf4f14fc7] (GCC) testsuite on riscv64-suse-linux-gnu
Andreas Schwab
schwab@suse.de
Sun Nov 1 17:38:18 GMT 2020
LAST_UPDATED: Sat Oct 31 00:35:55 UTC 2020 (revision 39bf4f14fc7)
=== acats tests ===
=== acats Summary ===
# of expected passes 2320
# of unexpected failures 0
Native configuration is riscv64-suse-linux-gnu
=== g++ tests ===
Running target unix
FAIL: g++.dg/coroutines/torture/pr95519-05-gro.C execution test
FAIL: g++.dg/coroutines/torture/pr95519-05-gro.C -O0 execution test
FAIL: g++.dg/coroutines/torture/pr95519-05-gro.C -O1 execution test
FAIL: g++.dg/coroutines/torture/pr95519-05-gro.C -O2 execution test
FAIL: g++.dg/coroutines/torture/pr95519-05-gro.C -O3 -g execution test
FAIL: g++.dg/coroutines/torture/pr95519-05-gro.C -Os execution test
FAIL: g++.dg/coroutines/torture/pr95519-05-gro.C -O2 -flto -fno-use-linker-plugin -flto-partition=none execution test
FAIL: g++.dg/coroutines/torture/pr95519-05-gro.C -O2 -flto -fuse-linker-plugin -fno-fat-lto-objects execution test
FAIL: c-c++-common/patchable_function_entry-decl.c -std=gnu++98 scan-assembler-times nop|NOP|SWYM 2
FAIL: c-c++-common/patchable_function_entry-decl.c -std=gnu++14 scan-assembler-times nop|NOP|SWYM 2
FAIL: c-c++-common/patchable_function_entry-decl.c -std=gnu++17 scan-assembler-times nop|NOP|SWYM 2
FAIL: c-c++-common/patchable_function_entry-decl.c -std=gnu++2a scan-assembler-times nop|NOP|SWYM 2
FAIL: c-c++-common/patchable_function_entry-default.c -std=gnu++98 scan-assembler-times nop|NOP|SWYM 3
FAIL: c-c++-common/patchable_function_entry-default.c -std=gnu++14 scan-assembler-times nop|NOP|SWYM 3
FAIL: c-c++-common/patchable_function_entry-default.c -std=gnu++17 scan-assembler-times nop|NOP|SWYM 3
FAIL: c-c++-common/patchable_function_entry-default.c -std=gnu++2a scan-assembler-times nop|NOP|SWYM 3
FAIL: c-c++-common/patchable_function_entry-definition.c -std=gnu++98 scan-assembler-times nop|NOP|SWYM 1
FAIL: c-c++-common/patchable_function_entry-definition.c -std=gnu++14 scan-assembler-times nop|NOP|SWYM 1
FAIL: c-c++-common/patchable_function_entry-definition.c -std=gnu++17 scan-assembler-times nop|NOP|SWYM 1
FAIL: c-c++-common/patchable_function_entry-definition.c -std=gnu++2a scan-assembler-times nop|NOP|SWYM 1
FAIL: c-c++-common/spec-barrier-1.c -std=gnu++98 (test for excess errors)
FAIL: c-c++-common/spec-barrier-1.c -std=gnu++14 (test for excess errors)
FAIL: c-c++-common/spec-barrier-1.c -std=gnu++17 (test for excess errors)
FAIL: c-c++-common/spec-barrier-1.c -std=gnu++2a (test for excess errors)
FAIL: g++.dg/abi/forced.C -std=gnu++98 (test for excess errors)
UNRESOLVED: g++.dg/abi/forced.C -std=gnu++98 compilation failed to produce executable
FAIL: g++.dg/abi/forced.C -std=gnu++14 (test for excess errors)
UNRESOLVED: g++.dg/abi/forced.C -std=gnu++14 compilation failed to produce executable
FAIL: g++.dg/abi/forced.C -std=gnu++17 (test for excess errors)
UNRESOLVED: g++.dg/abi/forced.C -std=gnu++17 compilation failed to produce executable
FAIL: g++.dg/abi/forced.C -std=gnu++2a (test for excess errors)
UNRESOLVED: g++.dg/abi/forced.C -std=gnu++2a compilation failed to produce executable
FAIL: g++.dg/gcov/gcov-threads-1.C -std=gnu++98 (test for excess errors)
UNRESOLVED: g++.dg/gcov/gcov-threads-1.C -std=gnu++98 compilation failed to produce executable
FAIL: g++.dg/gcov/gcov-threads-1.C -std=gnu++98 line 14: is #####:should be 500005
FAIL: g++.dg/gcov/gcov-threads-1.C -std=gnu++98 line 16: is #####:should be 500000
FAIL: g++.dg/gcov/gcov-threads-1.C -std=gnu++98 line 36: is #####:should be 5*
FAIL: g++.dg/gcov/gcov-threads-1.C -std=gnu++98 line 43: is #####:should be 5*
FAIL: g++.dg/gcov/gcov-threads-1.C -std=gnu++98 line 46: is #####:should be 1
FAIL: g++.dg/gcov/gcov-threads-1.C -std=gnu++98 gcov: 5 failures in line counts, 0 in branch percentages, 0 in return percentages, 0 in intermediate format
FAIL: g++.dg/gcov/gcov-threads-1.C -std=gnu++14 (test for excess errors)
UNRESOLVED: g++.dg/gcov/gcov-threads-1.C -std=gnu++14 compilation failed to produce executable
FAIL: g++.dg/gcov/gcov-threads-1.C -std=gnu++14 line 14: is #####:should be 500005
FAIL: g++.dg/gcov/gcov-threads-1.C -std=gnu++14 line 16: is #####:should be 500000
FAIL: g++.dg/gcov/gcov-threads-1.C -std=gnu++14 line 36: is #####:should be 5*
FAIL: g++.dg/gcov/gcov-threads-1.C -std=gnu++14 line 43: is #####:should be 5*
FAIL: g++.dg/gcov/gcov-threads-1.C -std=gnu++14 line 46: is #####:should be 1
FAIL: g++.dg/gcov/gcov-threads-1.C -std=gnu++14 gcov: 5 failures in line counts, 0 in branch percentages, 0 in return percentages, 0 in intermediate format
FAIL: g++.dg/gcov/gcov-threads-1.C -std=gnu++17 (test for excess errors)
UNRESOLVED: g++.dg/gcov/gcov-threads-1.C -std=gnu++17 compilation failed to produce executable
FAIL: g++.dg/gcov/gcov-threads-1.C -std=gnu++17 line 14: is #####:should be 500005
FAIL: g++.dg/gcov/gcov-threads-1.C -std=gnu++17 line 16: is #####:should be 500000
FAIL: g++.dg/gcov/gcov-threads-1.C -std=gnu++17 line 36: is #####:should be 5*
FAIL: g++.dg/gcov/gcov-threads-1.C -std=gnu++17 line 43: is #####:should be 5*
FAIL: g++.dg/gcov/gcov-threads-1.C -std=gnu++17 line 46: is #####:should be 1
FAIL: g++.dg/gcov/gcov-threads-1.C -std=gnu++17 gcov: 5 failures in line counts, 0 in branch percentages, 0 in return percentages, 0 in intermediate format
FAIL: g++.dg/gcov/gcov-threads-1.C -std=gnu++2a (test for excess errors)
UNRESOLVED: g++.dg/gcov/gcov-threads-1.C -std=gnu++2a compilation failed to produce executable
FAIL: g++.dg/gcov/gcov-threads-1.C -std=gnu++2a line 14: is #####:should be 500005
FAIL: g++.dg/gcov/gcov-threads-1.C -std=gnu++2a line 16: is #####:should be 500000
FAIL: g++.dg/gcov/gcov-threads-1.C -std=gnu++2a line 36: is #####:should be 5*
FAIL: g++.dg/gcov/gcov-threads-1.C -std=gnu++2a line 43: is #####:should be 5*
FAIL: g++.dg/gcov/gcov-threads-1.C -std=gnu++2a line 46: is #####:should be 1
FAIL: g++.dg/gcov/gcov-threads-1.C -std=gnu++2a gcov: 5 failures in line counts, 0 in branch percentages, 0 in return percentages, 0 in intermediate format
FAIL: g++.dg/guality/pr55665.C -O2 -flto -fno-use-linker-plugin -flto-partition=none line 23 p == 40
FAIL: g++.dg/tls/thread_local3.C -std=gnu++14 (test for excess errors)
UNRESOLVED: g++.dg/tls/thread_local3.C -std=gnu++14 compilation failed to produce executable
FAIL: g++.dg/tls/thread_local3.C -std=gnu++17 (test for excess errors)
UNRESOLVED: g++.dg/tls/thread_local3.C -std=gnu++17 compilation failed to produce executable
FAIL: g++.dg/tls/thread_local3.C -std=gnu++2a (test for excess errors)
UNRESOLVED: g++.dg/tls/thread_local3.C -std=gnu++2a compilation failed to produce executable
FAIL: g++.dg/tls/thread_local3g.C -std=gnu++14 (test for excess errors)
UNRESOLVED: g++.dg/tls/thread_local3g.C -std=gnu++14 compilation failed to produce executable
FAIL: g++.dg/tls/thread_local3g.C -std=gnu++17 (test for excess errors)
UNRESOLVED: g++.dg/tls/thread_local3g.C -std=gnu++17 compilation failed to produce executable
FAIL: g++.dg/tls/thread_local3g.C -std=gnu++2a (test for excess errors)
UNRESOLVED: g++.dg/tls/thread_local3g.C -std=gnu++2a compilation failed to produce executable
FAIL: g++.dg/tls/thread_local4.C -std=gnu++14 (test for excess errors)
UNRESOLVED: g++.dg/tls/thread_local4.C -std=gnu++14 compilation failed to produce executable
FAIL: g++.dg/tls/thread_local4.C -std=gnu++17 (test for excess errors)
UNRESOLVED: g++.dg/tls/thread_local4.C -std=gnu++17 compilation failed to produce executable
FAIL: g++.dg/tls/thread_local4.C -std=gnu++2a (test for excess errors)
UNRESOLVED: g++.dg/tls/thread_local4.C -std=gnu++2a compilation failed to produce executable
FAIL: g++.dg/tls/thread_local4g.C -std=gnu++14 (test for excess errors)
UNRESOLVED: g++.dg/tls/thread_local4g.C -std=gnu++14 compilation failed to produce executable
FAIL: g++.dg/tls/thread_local4g.C -std=gnu++17 (test for excess errors)
UNRESOLVED: g++.dg/tls/thread_local4g.C -std=gnu++17 compilation failed to produce executable
FAIL: g++.dg/tls/thread_local4g.C -std=gnu++2a (test for excess errors)
UNRESOLVED: g++.dg/tls/thread_local4g.C -std=gnu++2a compilation failed to produce executable
FAIL: g++.dg/tls/thread_local5.C -std=gnu++14 (test for excess errors)
UNRESOLVED: g++.dg/tls/thread_local5.C -std=gnu++14 compilation failed to produce executable
FAIL: g++.dg/tls/thread_local5.C -std=gnu++17 (test for excess errors)
UNRESOLVED: g++.dg/tls/thread_local5.C -std=gnu++17 compilation failed to produce executable
FAIL: g++.dg/tls/thread_local5.C -std=gnu++2a (test for excess errors)
UNRESOLVED: g++.dg/tls/thread_local5.C -std=gnu++2a compilation failed to produce executable
FAIL: g++.dg/tls/thread_local5g.C -std=gnu++14 (test for excess errors)
UNRESOLVED: g++.dg/tls/thread_local5g.C -std=gnu++14 compilation failed to produce executable
FAIL: g++.dg/tls/thread_local5g.C -std=gnu++17 (test for excess errors)
UNRESOLVED: g++.dg/tls/thread_local5g.C -std=gnu++17 compilation failed to produce executable
FAIL: g++.dg/tls/thread_local5g.C -std=gnu++2a (test for excess errors)
UNRESOLVED: g++.dg/tls/thread_local5g.C -std=gnu++2a compilation failed to produce executable
=== g++ Summary ===
# of expected passes 185812
# of unexpected failures 75
# of expected failures 762
# of unresolved testcases 26
# of unsupported tests 8793
/daten/riscv64/gcc/gcc-20201031/Build/gcc/xg++ version 11.0.0 20201030 (experimental) [master revision 39bf4f14fc7] (GCC)
=== gcc tests ===
Running target unix
WARNING: gcc.c-torture/compile/20001226-1.c -O2 (test for excess errors) program timed out.
FAIL: gcc.c-torture/compile/20001226-1.c -O2 (test for excess errors)
WARNING: gcc.c-torture/compile/20001226-1.c -O3 -g (test for excess errors) program timed out.
FAIL: gcc.c-torture/compile/20001226-1.c -O3 -g (test for excess errors)
WARNING: gcc.c-torture/compile/20001226-1.c -O2 -flto -fno-use-linker-plugin -flto-partition=none (test for excess errors) program timed out.
FAIL: gcc.c-torture/compile/20001226-1.c -O2 -flto -fno-use-linker-plugin -flto-partition=none (test for excess errors)
XPASS: gcc.dg/analyzer/pr94851-1.c bogus leak (test for bogus messages, line 43)
FAIL: gcc.dg/atomic/pr65345-4.c -O2 -flto -fno-use-linker-plugin -flto-partition=none (internal compiler error)
FAIL: gcc.dg/atomic/pr65345-4.c -O2 -flto -fno-use-linker-plugin -flto-partition=none (test for excess errors)
FAIL: gcc.dg/atomic/pr65345-4.c -O2 -flto -fuse-linker-plugin -fno-fat-lto-objects (internal compiler error)
FAIL: gcc.dg/atomic/pr65345-4.c -O2 -flto -fuse-linker-plugin -fno-fat-lto-objects (test for excess errors)
WARNING: tmpdir-gcc.dg-struct-layout-1/t024 c_compat_x_tst.o-c_compat_y_tst.o link program timed out.
FAIL: tmpdir-gcc.dg-struct-layout-1/t024 c_compat_x_tst.o-c_compat_y_tst.o link
WARNING: tmpdir-gcc.dg-struct-layout-1/t027 c_compat_x_tst.o-c_compat_y_tst.o link program timed out.
FAIL: tmpdir-gcc.dg-struct-layout-1/t027 c_compat_x_tst.o-c_compat_y_tst.o link
FAIL: gcc.dg/debug/dwarf2/inline5.c scan-assembler-not \\\\(DIE \\\\(0x([0-9a-f]*)\\\\) DW_TAG_lexical_block\\\\)[^#/!@;\\\\|]*[#/!@;\\\\|]+ +[^(].*DW_TAG_lexical_block\\\\)[^#/!@;\\\\|x]*x\\\\1[^#/!@;\\\\|]*[#/!@;\\\\|] +DW_AT_abstract_origin
FAIL: c-c++-common/patchable_function_entry-decl.c -Wc++-compat scan-assembler-times nop|NOP|SWYM 2
FAIL: c-c++-common/patchable_function_entry-default.c -Wc++-compat scan-assembler-times nop|NOP|SWYM 3
FAIL: c-c++-common/patchable_function_entry-definition.c -Wc++-compat scan-assembler-times nop|NOP|SWYM 1
FAIL: c-c++-common/spec-barrier-1.c -Wc++-compat (test for excess errors)
FAIL: gcc.dg/Wstringop-overflow-25.c pr92814 (test for warnings, line 378)
XPASS: gcc.dg/attr-alloc_size-11.c missing range info for signed char (test for warnings, line 50)
XPASS: gcc.dg/attr-alloc_size-11.c missing range info for short (test for warnings, line 51)
FAIL: gcc.dg/gomp/simd-2.c scan-tree-dump-times vect "vectorized [1-9][0-9]* loops in function" 5
FAIL: gcc.dg/gomp/simd-3.c scan-tree-dump-times vect "vectorized [1-9][0-9]* loops in function" 5
XPASS: gcc.dg/graphite/pr69728.c scan-tree-dump graphite "loop nest optimized"
XPASS: gcc.dg/guality/example.c -O0 execution test
XPASS: gcc.dg/guality/example.c -O1 -DPREVENT_OPTIMIZATION execution test
XPASS: gcc.dg/guality/example.c -Og -DPREVENT_OPTIMIZATION execution test
XPASS: gcc.dg/guality/guality.c -O0 execution test
XPASS: gcc.dg/guality/guality.c -O1 -DPREVENT_OPTIMIZATION execution test
XPASS: gcc.dg/guality/guality.c -O2 -DPREVENT_OPTIMIZATION execution test
XPASS: gcc.dg/guality/guality.c -O3 -g -DPREVENT_OPTIMIZATION execution test
XPASS: gcc.dg/guality/guality.c -Os -DPREVENT_OPTIMIZATION execution test
XPASS: gcc.dg/guality/guality.c -Og -DPREVENT_OPTIMIZATION execution test
XPASS: gcc.dg/guality/guality.c -O2 -flto -fno-use-linker-plugin -flto-partition=none -DPREVENT_OPTIMIZATION execution test
XPASS: gcc.dg/guality/guality.c -O2 -flto -fuse-linker-plugin -fno-fat-lto-objects -DPREVENT_OPTIMIZATION execution test
XPASS: gcc.dg/guality/inline-params.c -O2 -DPREVENT_OPTIMIZATION execution test
XPASS: gcc.dg/guality/inline-params.c -O3 -g -DPREVENT_OPTIMIZATION execution test
XPASS: gcc.dg/guality/inline-params.c -Os -DPREVENT_OPTIMIZATION execution test
XPASS: gcc.dg/guality/inline-params.c -O2 -flto -fno-use-linker-plugin -flto-partition=none -DPREVENT_OPTIMIZATION execution test
XPASS: gcc.dg/guality/inline-params.c -O2 -flto -fuse-linker-plugin -fno-fat-lto-objects -DPREVENT_OPTIMIZATION execution test
FAIL: gcc.dg/guality/loop-1.c -O1 -DPREVENT_OPTIMIZATION line 20 i == 1
FAIL: gcc.dg/guality/loop-1.c -O2 -DPREVENT_OPTIMIZATION line 20 i == 1
FAIL: gcc.dg/guality/loop-1.c -O3 -fomit-frame-pointer -funroll-loops -fpeel-loops -ftracer -finline-functions -DPREVENT_OPTIMIZATION line 14 i == 0
FAIL: gcc.dg/guality/loop-1.c -O3 -g -DPREVENT_OPTIMIZATION line 20 i == 1
FAIL: gcc.dg/guality/loop-1.c -Os -DPREVENT_OPTIMIZATION line 20 i == 1
FAIL: gcc.dg/guality/loop-1.c -Og -DPREVENT_OPTIMIZATION line 20 i == 1
FAIL: gcc.dg/guality/loop-1.c -O2 -flto -fno-use-linker-plugin -flto-partition=none -DPREVENT_OPTIMIZATION line 20 i == 1
FAIL: gcc.dg/guality/loop-1.c -O2 -flto -fuse-linker-plugin -fno-fat-lto-objects -DPREVENT_OPTIMIZATION line 20 i == 1
FAIL: gcc.dg/guality/pr36728-2.c -O3 -g -DPREVENT_OPTIMIZATION line 16 arg1 == 1
FAIL: gcc.dg/guality/pr36728-2.c -O3 -g -DPREVENT_OPTIMIZATION line 16 arg2 == 2
FAIL: gcc.dg/guality/pr36728-2.c -O3 -g -DPREVENT_OPTIMIZATION line 16 arg3 == 3
FAIL: gcc.dg/guality/pr36728-2.c -O3 -g -DPREVENT_OPTIMIZATION line 16 arg4 == 4
FAIL: gcc.dg/guality/pr36728-2.c -O3 -g -DPREVENT_OPTIMIZATION line 16 arg5 == 5
FAIL: gcc.dg/guality/pr36728-2.c -O3 -g -DPREVENT_OPTIMIZATION line 16 arg6 == 6
FAIL: gcc.dg/guality/pr36728-2.c -O3 -g -DPREVENT_OPTIMIZATION line 16 arg7 == 30
FAIL: gcc.dg/guality/pr36728-2.c -O3 -g -DPREVENT_OPTIMIZATION line 18 arg1 == 1
FAIL: gcc.dg/guality/pr36728-2.c -O3 -g -DPREVENT_OPTIMIZATION line 18 arg2 == 2
FAIL: gcc.dg/guality/pr36728-2.c -O3 -g -DPREVENT_OPTIMIZATION line 18 arg3 == 3
FAIL: gcc.dg/guality/pr36728-2.c -O3 -g -DPREVENT_OPTIMIZATION line 18 arg4 == 4
FAIL: gcc.dg/guality/pr36728-2.c -O3 -g -DPREVENT_OPTIMIZATION line 18 arg5 == 5
FAIL: gcc.dg/guality/pr36728-2.c -O3 -g -DPREVENT_OPTIMIZATION line 18 arg6 == 6
FAIL: gcc.dg/guality/pr36728-2.c -O3 -g -DPREVENT_OPTIMIZATION line 18 arg7 == 30
FAIL: gcc.dg/guality/pr36728-2.c -O2 -flto -fuse-linker-plugin -fno-fat-lto-objects -DPREVENT_OPTIMIZATION line 16 arg1 == 1
FAIL: gcc.dg/guality/pr36728-2.c -O2 -flto -fuse-linker-plugin -fno-fat-lto-objects -DPREVENT_OPTIMIZATION line 16 arg2 == 2
FAIL: gcc.dg/guality/pr36728-2.c -O2 -flto -fuse-linker-plugin -fno-fat-lto-objects -DPREVENT_OPTIMIZATION line 16 arg3 == 3
FAIL: gcc.dg/guality/pr36728-2.c -O2 -flto -fuse-linker-plugin -fno-fat-lto-objects -DPREVENT_OPTIMIZATION line 16 arg4 == 4
FAIL: gcc.dg/guality/pr36728-2.c -O2 -flto -fuse-linker-plugin -fno-fat-lto-objects -DPREVENT_OPTIMIZATION line 16 arg5 == 5
FAIL: gcc.dg/guality/pr36728-2.c -O2 -flto -fuse-linker-plugin -fno-fat-lto-objects -DPREVENT_OPTIMIZATION line 16 arg6 == 6
FAIL: gcc.dg/guality/pr36728-2.c -O2 -flto -fuse-linker-plugin -fno-fat-lto-objects -DPREVENT_OPTIMIZATION line 16 arg7 == 30
FAIL: gcc.dg/guality/pr36728-2.c -O2 -flto -fuse-linker-plugin -fno-fat-lto-objects -DPREVENT_OPTIMIZATION line 18 arg1 == 1
FAIL: gcc.dg/guality/pr36728-2.c -O2 -flto -fuse-linker-plugin -fno-fat-lto-objects -DPREVENT_OPTIMIZATION line 18 arg2 == 2
FAIL: gcc.dg/guality/pr36728-2.c -O2 -flto -fuse-linker-plugin -fno-fat-lto-objects -DPREVENT_OPTIMIZATION line 18 arg3 == 3
FAIL: gcc.dg/guality/pr36728-2.c -O2 -flto -fuse-linker-plugin -fno-fat-lto-objects -DPREVENT_OPTIMIZATION line 18 arg4 == 4
FAIL: gcc.dg/guality/pr36728-2.c -O2 -flto -fuse-linker-plugin -fno-fat-lto-objects -DPREVENT_OPTIMIZATION line 18 arg5 == 5
FAIL: gcc.dg/guality/pr36728-2.c -O2 -flto -fuse-linker-plugin -fno-fat-lto-objects -DPREVENT_OPTIMIZATION line 18 arg6 == 6
FAIL: gcc.dg/guality/pr36728-2.c -O2 -flto -fuse-linker-plugin -fno-fat-lto-objects -DPREVENT_OPTIMIZATION line 18 arg7 == 30
XPASS: gcc.dg/guality/pr41353-1.c -O0 line 28 j == 28 + 37
FAIL: gcc.dg/guality/pr41616-1.c -O2 -flto -fuse-linker-plugin -fno-fat-lto-objects -DPREVENT_OPTIMIZATION execution test
FAIL: gcc.dg/guality/pr43051-1.c -O1 -DPREVENT_OPTIMIZATION line 35 v == 1
FAIL: gcc.dg/guality/pr43051-1.c -O1 -DPREVENT_OPTIMIZATION line 40 v == 1
FAIL: gcc.dg/guality/pr43051-1.c -O2 -DPREVENT_OPTIMIZATION line 35 v == 1
FAIL: gcc.dg/guality/pr43051-1.c -O2 -DPREVENT_OPTIMIZATION line 40 v == 1
FAIL: gcc.dg/guality/pr43051-1.c -O3 -fomit-frame-pointer -funroll-loops -fpeel-loops -ftracer -finline-functions -DPREVENT_OPTIMIZATION line 35 v == 1
FAIL: gcc.dg/guality/pr43051-1.c -O3 -fomit-frame-pointer -funroll-loops -fpeel-loops -ftracer -finline-functions -DPREVENT_OPTIMIZATION line 40 v == 1
FAIL: gcc.dg/guality/pr43051-1.c -O3 -g -DPREVENT_OPTIMIZATION line 35 v == 1
FAIL: gcc.dg/guality/pr43051-1.c -O3 -g -DPREVENT_OPTIMIZATION line 40 v == 1
FAIL: gcc.dg/guality/pr43051-1.c -Os -DPREVENT_OPTIMIZATION line 35 v == 1
FAIL: gcc.dg/guality/pr43051-1.c -Os -DPREVENT_OPTIMIZATION line 40 v == 1
FAIL: gcc.dg/guality/pr43051-1.c -Og -DPREVENT_OPTIMIZATION line 35 v == 1
FAIL: gcc.dg/guality/pr43051-1.c -Og -DPREVENT_OPTIMIZATION line 40 v == 1
FAIL: gcc.dg/guality/pr43051-1.c -O2 -flto -fno-use-linker-plugin -flto-partition=none -DPREVENT_OPTIMIZATION line 35 v == 1
FAIL: gcc.dg/guality/pr43051-1.c -O2 -flto -fno-use-linker-plugin -flto-partition=none -DPREVENT_OPTIMIZATION line 40 v == 1
FAIL: gcc.dg/guality/pr43051-1.c -O2 -flto -fuse-linker-plugin -fno-fat-lto-objects -DPREVENT_OPTIMIZATION line 35 v == 1
FAIL: gcc.dg/guality/pr43051-1.c -O2 -flto -fuse-linker-plugin -fno-fat-lto-objects -DPREVENT_OPTIMIZATION line 40 v == 1
FAIL: gcc.dg/guality/pr54200.c -O1 -DPREVENT_OPTIMIZATION line 20 z == 3
FAIL: gcc.dg/guality/pr54200.c -O2 -DPREVENT_OPTIMIZATION line 20 z == 3
FAIL: gcc.dg/guality/pr54200.c -O3 -g -DPREVENT_OPTIMIZATION line 20 z == 3
FAIL: gcc.dg/guality/pr54200.c -Os -DPREVENT_OPTIMIZATION line 20 z == 3
FAIL: gcc.dg/guality/pr54200.c -O2 -flto -fno-use-linker-plugin -flto-partition=none -DPREVENT_OPTIMIZATION line 20 z == 3
FAIL: gcc.dg/guality/pr54519-1.c -O1 -DPREVENT_OPTIMIZATION line 20 x == 36
FAIL: gcc.dg/guality/pr54519-1.c -O1 -DPREVENT_OPTIMIZATION line 20 y == 25
FAIL: gcc.dg/guality/pr54519-1.c -O1 -DPREVENT_OPTIMIZATION line 23 x == 98
FAIL: gcc.dg/guality/pr54519-1.c -O1 -DPREVENT_OPTIMIZATION line 23 y == 117
FAIL: gcc.dg/guality/pr54519-1.c -O2 -DPREVENT_OPTIMIZATION line 20 x == 36
FAIL: gcc.dg/guality/pr54519-1.c -O2 -DPREVENT_OPTIMIZATION line 23 x == 98
FAIL: gcc.dg/guality/pr54519-1.c -Os -DPREVENT_OPTIMIZATION line 20 x == 36
FAIL: gcc.dg/guality/pr54519-1.c -Os -DPREVENT_OPTIMIZATION line 23 x == 98
FAIL: gcc.dg/guality/pr54519-1.c -Og -DPREVENT_OPTIMIZATION line 20 x == 36
FAIL: gcc.dg/guality/pr54519-1.c -Og -DPREVENT_OPTIMIZATION line 20 y == 25
FAIL: gcc.dg/guality/pr54519-1.c -Og -DPREVENT_OPTIMIZATION line 23 x == 98
FAIL: gcc.dg/guality/pr54519-1.c -Og -DPREVENT_OPTIMIZATION line 23 y == 117
FAIL: gcc.dg/guality/pr54519-1.c -O2 -flto -fno-use-linker-plugin -flto-partition=none -DPREVENT_OPTIMIZATION line 20 x == 36
FAIL: gcc.dg/guality/pr54519-1.c -O2 -flto -fno-use-linker-plugin -flto-partition=none -DPREVENT_OPTIMIZATION line 20 y == 25
FAIL: gcc.dg/guality/pr54519-1.c -O2 -flto -fno-use-linker-plugin -flto-partition=none -DPREVENT_OPTIMIZATION line 20 z == 6
FAIL: gcc.dg/guality/pr54519-1.c -O2 -flto -fno-use-linker-plugin -flto-partition=none -DPREVENT_OPTIMIZATION line 23 x == 98
FAIL: gcc.dg/guality/pr54519-1.c -O2 -flto -fno-use-linker-plugin -flto-partition=none -DPREVENT_OPTIMIZATION line 23 y == 117
FAIL: gcc.dg/guality/pr54519-1.c -O2 -flto -fno-use-linker-plugin -flto-partition=none -DPREVENT_OPTIMIZATION line 23 z == 8
FAIL: gcc.dg/guality/pr54519-1.c -O2 -flto -fuse-linker-plugin -fno-fat-lto-objects -DPREVENT_OPTIMIZATION line 20 y == 25
FAIL: gcc.dg/guality/pr54519-1.c -O2 -flto -fuse-linker-plugin -fno-fat-lto-objects -DPREVENT_OPTIMIZATION line 20 z == 6
FAIL: gcc.dg/guality/pr54519-1.c -O2 -flto -fuse-linker-plugin -fno-fat-lto-objects -DPREVENT_OPTIMIZATION line 23 y == 117
FAIL: gcc.dg/guality/pr54519-1.c -O2 -flto -fuse-linker-plugin -fno-fat-lto-objects -DPREVENT_OPTIMIZATION line 23 z == 8
FAIL: gcc.dg/guality/pr54519-2.c -O1 -DPREVENT_OPTIMIZATION line 17 x == 6
FAIL: gcc.dg/guality/pr54519-2.c -Og -DPREVENT_OPTIMIZATION line 17 x == 6
FAIL: gcc.dg/guality/pr54519-2.c -O2 -flto -fno-use-linker-plugin -flto-partition=none -DPREVENT_OPTIMIZATION line 17 y == 25
FAIL: gcc.dg/guality/pr54519-2.c -O2 -flto -fuse-linker-plugin -fno-fat-lto-objects -DPREVENT_OPTIMIZATION line 17 y == 25
FAIL: gcc.dg/guality/pr54519-3.c -O2 -DPREVENT_OPTIMIZATION line 20 z == 6
FAIL: gcc.dg/guality/pr54519-3.c -O2 -DPREVENT_OPTIMIZATION line 23 z == 8
FAIL: gcc.dg/guality/pr54519-3.c -O3 -g -DPREVENT_OPTIMIZATION line 20 z == 6
FAIL: gcc.dg/guality/pr54519-3.c -O3 -g -DPREVENT_OPTIMIZATION line 23 z == 8
FAIL: gcc.dg/guality/pr54519-3.c -Os -DPREVENT_OPTIMIZATION line 20 z == 6
FAIL: gcc.dg/guality/pr54519-3.c -Os -DPREVENT_OPTIMIZATION line 23 z == 8
FAIL: gcc.dg/guality/pr54519-3.c -O2 -flto -fno-use-linker-plugin -flto-partition=none -DPREVENT_OPTIMIZATION line 20 y == 25
FAIL: gcc.dg/guality/pr54519-3.c -O2 -flto -fno-use-linker-plugin -flto-partition=none -DPREVENT_OPTIMIZATION line 20 z == 6
FAIL: gcc.dg/guality/pr54519-3.c -O2 -flto -fno-use-linker-plugin -flto-partition=none -DPREVENT_OPTIMIZATION line 23 y == 117
FAIL: gcc.dg/guality/pr54519-3.c -O2 -flto -fno-use-linker-plugin -flto-partition=none -DPREVENT_OPTIMIZATION line 23 z == 8
FAIL: gcc.dg/guality/pr54519-3.c -O2 -flto -fuse-linker-plugin -fno-fat-lto-objects -DPREVENT_OPTIMIZATION line 20 y == 25
FAIL: gcc.dg/guality/pr54519-3.c -O2 -flto -fuse-linker-plugin -fno-fat-lto-objects -DPREVENT_OPTIMIZATION line 20 z == 6
FAIL: gcc.dg/guality/pr54519-3.c -O2 -flto -fuse-linker-plugin -fno-fat-lto-objects -DPREVENT_OPTIMIZATION line 23 y == 117
FAIL: gcc.dg/guality/pr54519-3.c -O2 -flto -fuse-linker-plugin -fno-fat-lto-objects -DPREVENT_OPTIMIZATION line 23 z == 8
FAIL: gcc.dg/guality/pr54519-4.c -O2 -DPREVENT_OPTIMIZATION line 17 y == 25
FAIL: gcc.dg/guality/pr54519-4.c -O3 -g -DPREVENT_OPTIMIZATION line 17 y == 25
FAIL: gcc.dg/guality/pr54519-4.c -Os -DPREVENT_OPTIMIZATION line 17 y == 25
FAIL: gcc.dg/guality/pr54519-4.c -O2 -flto -fno-use-linker-plugin -flto-partition=none -DPREVENT_OPTIMIZATION line 17 y == 25
FAIL: gcc.dg/guality/pr54519-4.c -O2 -flto -fuse-linker-plugin -fno-fat-lto-objects -DPREVENT_OPTIMIZATION line 17 y == 25
FAIL: gcc.dg/guality/pr54519-5.c -O1 -DPREVENT_OPTIMIZATION line 17 x == 6
FAIL: gcc.dg/guality/pr54519-5.c -O1 -DPREVENT_OPTIMIZATION line 17 y == 25
FAIL: gcc.dg/guality/pr54519-5.c -O2 -DPREVENT_OPTIMIZATION line 17 y == 25
FAIL: gcc.dg/guality/pr54519-5.c -O3 -g -DPREVENT_OPTIMIZATION line 17 y == 25
FAIL: gcc.dg/guality/pr54519-5.c -Os -DPREVENT_OPTIMIZATION line 17 y == 25
FAIL: gcc.dg/guality/pr54519-5.c -Og -DPREVENT_OPTIMIZATION line 17 x == 6
FAIL: gcc.dg/guality/pr54519-5.c -Og -DPREVENT_OPTIMIZATION line 17 y == 25
FAIL: gcc.dg/guality/pr54519-5.c -O2 -flto -fno-use-linker-plugin -flto-partition=none -DPREVENT_OPTIMIZATION line 17 y == 25
FAIL: gcc.dg/guality/pr54519-5.c -O2 -flto -fuse-linker-plugin -fno-fat-lto-objects -DPREVENT_OPTIMIZATION line 17 y == 25
FAIL: gcc.dg/guality/pr54519-6.c -Os -DPREVENT_OPTIMIZATION line 11 x == 2
FAIL: gcc.dg/guality/pr54551.c -O1 -DPREVENT_OPTIMIZATION line 18 a == 4
FAIL: gcc.dg/guality/pr54551.c -O2 -DPREVENT_OPTIMIZATION line 18 a == 4
FAIL: gcc.dg/guality/pr54551.c -O3 -g -DPREVENT_OPTIMIZATION line 18 a == 4
FAIL: gcc.dg/guality/pr54551.c -Os -DPREVENT_OPTIMIZATION line 18 a == 4
FAIL: gcc.dg/guality/pr54551.c -Og -DPREVENT_OPTIMIZATION line 18 a == 4
FAIL: gcc.dg/guality/pr54551.c -O2 -flto -fno-use-linker-plugin -flto-partition=none -DPREVENT_OPTIMIZATION line 18 a == 4
FAIL: gcc.dg/guality/pr54693-2.c -O1 -DPREVENT_OPTIMIZATION line 21 x == 10 - i
FAIL: gcc.dg/guality/pr54693-2.c -O1 -DPREVENT_OPTIMIZATION line 21 y == 20 - 2 * i
FAIL: gcc.dg/guality/pr54693-2.c -O2 -DPREVENT_OPTIMIZATION line 21 x == 10 - i
FAIL: gcc.dg/guality/pr54693-2.c -O2 -DPREVENT_OPTIMIZATION line 21 y == 20 - 2 * i
FAIL: gcc.dg/guality/pr54693-2.c -O3 -fomit-frame-pointer -funroll-loops -fpeel-loops -ftracer -finline-functions -DPREVENT_OPTIMIZATION line 21 x == 10 - i
FAIL: gcc.dg/guality/pr54693-2.c -O3 -fomit-frame-pointer -funroll-loops -fpeel-loops -ftracer -finline-functions -DPREVENT_OPTIMIZATION line 21 y == 20 - 2 * i
FAIL: gcc.dg/guality/pr54693-2.c -O3 -g -DPREVENT_OPTIMIZATION line 21 x == 10 - i
FAIL: gcc.dg/guality/pr54693-2.c -O3 -g -DPREVENT_OPTIMIZATION line 21 y == 20 - 2 * i
FAIL: gcc.dg/guality/pr54693-2.c -O2 -flto -fno-use-linker-plugin -flto-partition=none -DPREVENT_OPTIMIZATION line 21 x == 10 - i
FAIL: gcc.dg/guality/pr54693-2.c -O2 -flto -fno-use-linker-plugin -flto-partition=none -DPREVENT_OPTIMIZATION line 21 y == 20 - 2 * i
FAIL: gcc.dg/guality/pr54693-2.c -O2 -flto -fuse-linker-plugin -fno-fat-lto-objects -DPREVENT_OPTIMIZATION line 21 y == 20 - 2 * i
FAIL: gcc.dg/guality/pr54693-2.c -O2 -flto -fuse-linker-plugin -fno-fat-lto-objects -DPREVENT_OPTIMIZATION line 21 z == 30 - 3 * i
XPASS: gcc.dg/guality/pr54970.c -O0 line 15 a[0] == 1
XPASS: gcc.dg/guality/pr54970.c -O0 line 20 a[0] == 1
XPASS: gcc.dg/guality/pr54970.c -O0 line 25 a[0] == 1
XPASS: gcc.dg/guality/pr54970.c -O0 line 31 a[0] == 4
XPASS: gcc.dg/guality/pr54970.c -O0 line 36 a[0] == 4
XPASS: gcc.dg/guality/pr54970.c -O0 line 45 a[0] == 4
XPASS: gcc.dg/guality/pr54970.c -O0 line 45 p[-2] == 4
XPASS: gcc.dg/guality/pr54970.c -O0 line 45 q[-1] == 4
XPASS: gcc.dg/guality/pr54970.c -Og -DPREVENT_OPTIMIZATION line 15 a[0] == 1
XPASS: gcc.dg/guality/pr54970.c -Og -DPREVENT_OPTIMIZATION line 20 a[0] == 1
XPASS: gcc.dg/guality/pr54970.c -Og -DPREVENT_OPTIMIZATION line 25 a[0] == 1
XPASS: gcc.dg/guality/pr54970.c -Og -DPREVENT_OPTIMIZATION line 31 a[0] == 4
XPASS: gcc.dg/guality/pr54970.c -Og -DPREVENT_OPTIMIZATION line 36 a[0] == 4
XPASS: gcc.dg/guality/pr54970.c -Og -DPREVENT_OPTIMIZATION line 45 a[0] == 4
XPASS: gcc.dg/guality/pr54970.c -Og -DPREVENT_OPTIMIZATION line 45 p[-2] == 4
XPASS: gcc.dg/guality/pr54970.c -Og -DPREVENT_OPTIMIZATION line 45 q[-1] == 4
FAIL: gcc.dg/guality/pr56154-1.c -Og -DPREVENT_OPTIMIZATION line pr56154-1.c:20 x.a == 6
XPASS: gcc.dg/guality/pr59776.c -O0 line pr59776.c:17 s2.g == 6.0
XPASS: gcc.dg/guality/pr59776.c -O0 line pr59776.c:20 s2.g == 6.0
XPASS: gcc.dg/guality/pr59776.c -Og -DPREVENT_OPTIMIZATION line pr59776.c:17 s2.g == 6.0
XPASS: gcc.dg/guality/pr59776.c -Og -DPREVENT_OPTIMIZATION line pr59776.c:20 s2.g == 6.0
FAIL: gcc.dg/guality/sra-1.c -O1 -DPREVENT_OPTIMIZATION line 43 a.i == 4
FAIL: gcc.dg/guality/sra-1.c -O2 -DPREVENT_OPTIMIZATION line 43 a.i == 4
FAIL: gcc.dg/guality/sra-1.c -O3 -g -DPREVENT_OPTIMIZATION line 43 a.i == 4
FAIL: gcc.dg/guality/sra-1.c -Os -DPREVENT_OPTIMIZATION line 43 a.i == 4
FAIL: gcc.dg/guality/sra-1.c -Og -DPREVENT_OPTIMIZATION line 43 a.i == 4
FAIL: gcc.dg/guality/sra-1.c -Og -DPREVENT_OPTIMIZATION line 43 a.j == 14
FAIL: gcc.dg/guality/sra-1.c -O2 -flto -fno-use-linker-plugin -flto-partition=none -DPREVENT_OPTIMIZATION line 43 a.i == 4
FAIL: gcc.dg/guality/sra-1.c -O2 -flto -fuse-linker-plugin -fno-fat-lto-objects -DPREVENT_OPTIMIZATION line 21 a.i == 4
FAIL: gcc.dg/guality/sra-1.c -O2 -flto -fuse-linker-plugin -fno-fat-lto-objects -DPREVENT_OPTIMIZATION line 21 a.j == 14
FAIL: gcc.dg/guality/sra-1.c -O2 -flto -fuse-linker-plugin -fno-fat-lto-objects -DPREVENT_OPTIMIZATION line 32 a[0] == 4
FAIL: gcc.dg/guality/sra-1.c -O2 -flto -fuse-linker-plugin -fno-fat-lto-objects -DPREVENT_OPTIMIZATION line 32 a[1] == 14
FAIL: gcc.dg/guality/sra-1.c -O2 -flto -fuse-linker-plugin -fno-fat-lto-objects -DPREVENT_OPTIMIZATION line 43 a.i == 4
FAIL: gcc.dg/guality/sra-1.c -O2 -flto -fuse-linker-plugin -fno-fat-lto-objects -DPREVENT_OPTIMIZATION line 43 a.j == 14
FAIL: gcc.dg/guality/vla-2.c -O2 -flto -fuse-linker-plugin -fno-fat-lto-objects -DPREVENT_OPTIMIZATION line 25 sizeof (a) == 6 * sizeof (int)
FAIL: gcc.dg/plugin/location-overflow-test-1.c -fplugin=./location_overflow_plugin.so adding '-flarge-source-files' (test for warnings, line 16)
WARNING: gcc.dg/plugin/poly-int-03_plugin.c compilation program timed out.
FAIL: gcc.dg/plugin/poly-int-03_plugin.c compilation
WARNING: gcc.dg/plugin/poly-int-05_plugin.c compilation program timed out.
FAIL: gcc.dg/plugin/poly-int-05_plugin.c compilation
FAIL: gcc.dg/torture/tls/tls-test.c -O0 (test for excess errors)
UNRESOLVED: gcc.dg/torture/tls/tls-test.c -O0 compilation failed to produce executable
FAIL: gcc.dg/torture/tls/tls-test.c -O1 (test for excess errors)
UNRESOLVED: gcc.dg/torture/tls/tls-test.c -O1 compilation failed to produce executable
FAIL: gcc.dg/torture/tls/tls-test.c -O2 (test for excess errors)
UNRESOLVED: gcc.dg/torture/tls/tls-test.c -O2 compilation failed to produce executable
FAIL: gcc.dg/torture/tls/tls-test.c -O3 -g (test for excess errors)
UNRESOLVED: gcc.dg/torture/tls/tls-test.c -O3 -g compilation failed to produce executable
FAIL: gcc.dg/torture/tls/tls-test.c -Os (test for excess errors)
UNRESOLVED: gcc.dg/torture/tls/tls-test.c -Os compilation failed to produce executable
FAIL: gcc.dg/torture/tls/tls-test.c -O0 -fpic (test for excess errors)
UNRESOLVED: gcc.dg/torture/tls/tls-test.c -O0 -fpic compilation failed to produce executable
FAIL: gcc.dg/torture/tls/tls-test.c -O1 -fpic (test for excess errors)
UNRESOLVED: gcc.dg/torture/tls/tls-test.c -O1 -fpic compilation failed to produce executable
FAIL: gcc.dg/torture/tls/tls-test.c -O2 -fpic (test for excess errors)
UNRESOLVED: gcc.dg/torture/tls/tls-test.c -O2 -fpic compilation failed to produce executable
FAIL: gcc.dg/torture/tls/tls-test.c -O3 -g -fpic (test for excess errors)
UNRESOLVED: gcc.dg/torture/tls/tls-test.c -O3 -g -fpic compilation failed to produce executable
FAIL: gcc.dg/torture/tls/tls-test.c -Os -fpic (test for excess errors)
UNRESOLVED: gcc.dg/torture/tls/tls-test.c -Os -fpic compilation failed to produce executable
FAIL: gcc.dg/torture/tls/tls-test.c -O0 -fPIC (test for excess errors)
UNRESOLVED: gcc.dg/torture/tls/tls-test.c -O0 -fPIC compilation failed to produce executable
FAIL: gcc.dg/torture/tls/tls-test.c -O1 -fPIC (test for excess errors)
UNRESOLVED: gcc.dg/torture/tls/tls-test.c -O1 -fPIC compilation failed to produce executable
FAIL: gcc.dg/torture/tls/tls-test.c -O2 -fPIC (test for excess errors)
UNRESOLVED: gcc.dg/torture/tls/tls-test.c -O2 -fPIC compilation failed to produce executable
FAIL: gcc.dg/torture/tls/tls-test.c -O3 -g -fPIC (test for excess errors)
UNRESOLVED: gcc.dg/torture/tls/tls-test.c -O3 -g -fPIC compilation failed to produce executable
FAIL: gcc.dg/torture/tls/tls-test.c -Os -fPIC (test for excess errors)
UNRESOLVED: gcc.dg/torture/tls/tls-test.c -Os -fPIC compilation failed to produce executable
FAIL: gcc.dg/torture/tls/tls-test.c -O0 -pie -fpie (test for excess errors)
UNRESOLVED: gcc.dg/torture/tls/tls-test.c -O0 -pie -fpie compilation failed to produce executable
FAIL: gcc.dg/torture/tls/tls-test.c -O1 -pie -fpie (test for excess errors)
UNRESOLVED: gcc.dg/torture/tls/tls-test.c -O1 -pie -fpie compilation failed to produce executable
FAIL: gcc.dg/torture/tls/tls-test.c -O2 -pie -fpie (test for excess errors)
UNRESOLVED: gcc.dg/torture/tls/tls-test.c -O2 -pie -fpie compilation failed to produce executable
FAIL: gcc.dg/torture/tls/tls-test.c -O3 -g -pie -fpie (test for excess errors)
UNRESOLVED: gcc.dg/torture/tls/tls-test.c -O3 -g -pie -fpie compilation failed to produce executable
FAIL: gcc.dg/torture/tls/tls-test.c -Os -pie -fpie (test for excess errors)
UNRESOLVED: gcc.dg/torture/tls/tls-test.c -Os -pie -fpie compilation failed to produce executable
FAIL: gcc.dg/torture/tls/tls-test.c -O0 -pie -fPIE (test for excess errors)
UNRESOLVED: gcc.dg/torture/tls/tls-test.c -O0 -pie -fPIE compilation failed to produce executable
FAIL: gcc.dg/torture/tls/tls-test.c -O1 -pie -fPIE (test for excess errors)
UNRESOLVED: gcc.dg/torture/tls/tls-test.c -O1 -pie -fPIE compilation failed to produce executable
FAIL: gcc.dg/torture/tls/tls-test.c -O2 -pie -fPIE (test for excess errors)
UNRESOLVED: gcc.dg/torture/tls/tls-test.c -O2 -pie -fPIE compilation failed to produce executable
FAIL: gcc.dg/torture/tls/tls-test.c -O3 -g -pie -fPIE (test for excess errors)
UNRESOLVED: gcc.dg/torture/tls/tls-test.c -O3 -g -pie -fPIE compilation failed to produce executable
FAIL: gcc.dg/torture/tls/tls-test.c -Os -pie -fPIE (test for excess errors)
UNRESOLVED: gcc.dg/torture/tls/tls-test.c -Os -pie -fPIE compilation failed to produce executable
FAIL: gcc.dg/torture/tls/tls-test.c -O2 -flto -fno-use-linker-plugin -flto-partition=none (test for excess errors)
UNRESOLVED: gcc.dg/torture/tls/tls-test.c -O2 -flto -fno-use-linker-plugin -flto-partition=none compilation failed to produce executable
FAIL: gcc.dg/torture/tls/tls-test.c -O2 -flto -fuse-linker-plugin -fno-fat-lto-objects (test for excess errors)
UNRESOLVED: gcc.dg/torture/tls/tls-test.c -O2 -flto -fuse-linker-plugin -fno-fat-lto-objects compilation failed to produce executable
FAIL: gcc.dg/tree-prof/pr97461.c execution, -fprofile-generate -D_PROFILE_GENERATE
UNRESOLVED: gcc.dg/tree-prof/pr97461.c compilation, -fprofile-use -D_PROFILE_USE
UNRESOLVED: gcc.dg/tree-prof/pr97461.c execution, -fprofile-use -D_PROFILE_USE
FAIL: gcc.dg/tree-prof/val-profiler-threads-1.c compilation, -fprofile-generate -D_PROFILE_GENERATE
UNRESOLVED: gcc.dg/tree-prof/val-profiler-threads-1.c execution, -fprofile-generate -D_PROFILE_GENERATE
UNRESOLVED: gcc.dg/tree-prof/val-profiler-threads-1.c compilation, -fprofile-use -D_PROFILE_USE
UNRESOLVED: gcc.dg/tree-prof/val-profiler-threads-1.c execution, -fprofile-use -D_PROFILE_USE
XPASS: gcc.dg/tree-ssa/ssa-fre-3.c scan-tree-dump fre1 "Replaced \\\\(int\\\\) aa_.*with a_"
FAIL: outputs lto st sing empty dumpbase unnamed: a.ltrans0.ltrans_args
FAIL: outputs lto st mult empty dumpbase unnamed: a.ltrans0.ltrans_args
FAIL: outputs lto st sing dumpdir empty dumpbase named: dir/outputs-0.ltrans0.ltrans_args
FAIL: outputs lto st mult dumpdir empty dumpbase named: dir/outputs-1.ltrans0.ltrans_args
FAIL: outputs lto st sing empty dumpbase namedb: dir/outputs.ltrans0.ltrans_args
FAIL: outputs lto st mult empty dumpbase namedb: dir/outputs.ltrans0.ltrans_args
FAIL: outputs lto st sing unnamed: a.ltrans0.ltrans_args
FAIL: outputs lto st mult unnamed: a.ltrans0.ltrans_args
FAIL: outputs lto st sing dumpdir named: dir/outputs-ltrans0.ltrans_args
FAIL: outputs lto st mult dumpdir named: dir/outputs-ltrans0.ltrans_args
FAIL: outputs lto st sing namedb: dir/outputs.ltrans0.ltrans_args
FAIL: outputs lto st mult namedb: dir/outputs.ltrans0.ltrans_args
=== gcc Summary ===
# of expected passes 126042
# of unexpected failures 207
# of unexpected successes 42
# of expected failures 747
# of unresolved testcases 32
# of unsupported tests 2531
/daten/riscv64/gcc/gcc-20201031/Build/gcc/xgcc version 11.0.0 20201030 (experimental) [master revision 39bf4f14fc7] (GCC)
=== gdc tests ===
Running target unix
FAIL: gdc.dg/gdc204.d (internal compiler error)
FAIL: gdc.dg/gdc204.d (test for excess errors)
FAIL: gdc.dg/pr92216.d (internal compiler error)
FAIL: gdc.dg/pr92216.d (test for excess errors)
UNRESOLVED: gdc.dg/pr92216.d scan-assembler _DT(4|8|16)_D7imports7pr922161B8__mixin24getSMFZPv[: \\t\\n]
UNRESOLVED: gdc.dg/pr92216.d scan-assembler-not (.globl|.global)[ \\t]+_DT(4|8|16)_D7imports7pr922161B8__mixin24getSMFZPv
FAIL: gdc.dg/torture/pr96153.d -O1 execution test
FAIL: gdc.dg/torture/pr96153.d -O2 execution test
FAIL: gdc.dg/torture/pr96153.d -O1 -frelease execution test
FAIL: gdc.dg/torture/pr96153.d -O1 -g execution test
FAIL: gdc.dg/torture/pr96153.d -O1 -frelease -g execution test
FAIL: gdc.dg/torture/pr96153.d -O2 -frelease execution test
FAIL: gdc.dg/torture/pr96153.d -O2 -g execution test
FAIL: gdc.dg/torture/pr96153.d -O2 -frelease -g execution test
FAIL: gdc.dg/ubsan/pr88957.d (test for excess errors)
WARNING: gdc.test/runnable/test17338.d (test for excess errors) program timed out.
UNRESOLVED: gdc.test/runnable/test17338.d compilation failed to produce executable
WARNING: gdc.test/runnable/test17338.d -shared-libphobos (test for excess errors) program timed out.
UNRESOLVED: gdc.test/runnable/test17338.d -shared-libphobos compilation failed to produce executable
UNRESOLVED: gdc.test/runnable/traits_getPointerBitmap.d compilation failed to produce executable
UNRESOLVED: gdc.test/runnable/traits_getPointerBitmap.d -shared-libphobos compilation failed to produce executable
FAIL: gdc.test/runnable_cxx/cppa.d (internal compiler error)
UNRESOLVED: gdc.test/runnable_cxx/cppa.d compilation failed to produce executable
FAIL: gdc.test/runnable_cxx/cppa.d -g (internal compiler error)
UNRESOLVED: gdc.test/runnable_cxx/cppa.d -g compilation failed to produce executable
FAIL: gdc.test/runnable_cxx/cppa.d -shared-libphobos (internal compiler error)
UNRESOLVED: gdc.test/runnable_cxx/cppa.d -shared-libphobos compilation failed to produce executable
FAIL: gdc.test/runnable_cxx/cppa.d -g -shared-libphobos (internal compiler error)
UNRESOLVED: gdc.test/runnable_cxx/cppa.d -g -shared-libphobos compilation failed to produce executable
=== gdc Summary ===
# of expected passes 9643
# of unexpected failures 17
# of unresolved testcases 10
# of unsupported tests 331
/daten/riscv64/gcc/gcc-20201031/Build/gcc/gdc version 11.0.0 20201030 (experimental) [master revision 39bf4f14fc7] (GCC)
=== gfortran tests ===
Running target unix
FAIL: gfortran.dg/pr96711.f90 -O0 (internal compiler error)
FAIL: gfortran.dg/pr96711.f90 -O0 (test for excess errors)
UNRESOLVED: gfortran.dg/pr96711.f90 -O0 compilation failed to produce executable
UNRESOLVED: gfortran.dg/pr96711.f90 -O0 scan-tree-dump-times original "_gfortran_stop_numeric" 2
FAIL: gfortran.dg/pr96711.f90 -O1 (internal compiler error)
FAIL: gfortran.dg/pr96711.f90 -O1 (test for excess errors)
UNRESOLVED: gfortran.dg/pr96711.f90 -O1 compilation failed to produce executable
UNRESOLVED: gfortran.dg/pr96711.f90 -O1 scan-tree-dump-times original "_gfortran_stop_numeric" 2
FAIL: gfortran.dg/pr96711.f90 -O2 (internal compiler error)
FAIL: gfortran.dg/pr96711.f90 -O2 (test for excess errors)
UNRESOLVED: gfortran.dg/pr96711.f90 -O2 compilation failed to produce executable
UNRESOLVED: gfortran.dg/pr96711.f90 -O2 scan-tree-dump-times original "_gfortran_stop_numeric" 2
FAIL: gfortran.dg/pr96711.f90 -O3 -fomit-frame-pointer -funroll-loops -fpeel-loops -ftracer -finline-functions (internal compiler error)
FAIL: gfortran.dg/pr96711.f90 -O3 -fomit-frame-pointer -funroll-loops -fpeel-loops -ftracer -finline-functions (test for excess errors)
UNRESOLVED: gfortran.dg/pr96711.f90 -O3 -fomit-frame-pointer -funroll-loops -fpeel-loops -ftracer -finline-functions compilation failed to produce executable
UNRESOLVED: gfortran.dg/pr96711.f90 -O3 -fomit-frame-pointer -funroll-loops -fpeel-loops -ftracer -finline-functions scan-tree-dump-times original "_gfortran_stop_numeric" 2
FAIL: gfortran.dg/pr96711.f90 -O3 -g (internal compiler error)
FAIL: gfortran.dg/pr96711.f90 -O3 -g (test for excess errors)
UNRESOLVED: gfortran.dg/pr96711.f90 -O3 -g compilation failed to produce executable
UNRESOLVED: gfortran.dg/pr96711.f90 -O3 -g scan-tree-dump-times original "_gfortran_stop_numeric" 2
FAIL: gfortran.dg/pr96711.f90 -Os (internal compiler error)
FAIL: gfortran.dg/pr96711.f90 -Os (test for excess errors)
UNRESOLVED: gfortran.dg/pr96711.f90 -Os compilation failed to produce executable
UNRESOLVED: gfortran.dg/pr96711.f90 -Os scan-tree-dump-times original "_gfortran_stop_numeric" 2
FAIL: gfortran.dg/ieee/ieee_6.f90 -O0 execution test
FAIL: gfortran.dg/ieee/ieee_6.f90 -O1 execution test
FAIL: gfortran.dg/ieee/ieee_6.f90 -O2 execution test
FAIL: gfortran.dg/ieee/ieee_6.f90 -O3 -fomit-frame-pointer -funroll-loops -fpeel-loops -ftracer -finline-functions execution test
FAIL: gfortran.dg/ieee/ieee_6.f90 -O3 -g execution test
FAIL: gfortran.dg/ieee/ieee_6.f90 -Os execution test
=== gfortran Summary ===
# of expected passes 54319
# of unexpected failures 18
# of expected failures 193
# of unresolved testcases 12
# of unsupported tests 103
/daten/riscv64/gcc/gcc-20201031/Build/gcc/gfortran version 11.0.0 20201030 (experimental) [master revision 39bf4f14fc7] (GCC)
=== gnat tests ===
Running target unix
FAIL: gnat.dg/opt86a.adb scan-tree-dump-times optimized ">>" 4
FAIL: gnat.dg/specs/pack9.ads (test for excess errors)
=== gnat Summary ===
# of expected passes 3280
# of unexpected failures 2
# of expected failures 23
# of unsupported tests 28
/daten/riscv64/gcc/gcc-20201031/Build/gcc/gnatmake version 11.0.0 20201030 (experimental) [master revision 39bf4f14fc7]
=== go tests ===
Running target unix
WARNING: ./64bit-out.go compilation, -O0 -g -fno-var-tracking-assignments program timed out.
FAIL: ./64bit-out.go execution, -O0 -g -fno-var-tracking-assignments
WARNING: ./index0-out.go compilation, -O0 -g -fno-var-tracking-assignments program timed out.
FAIL: ./index0-out.go execution, -O0 -g -fno-var-tracking-assignments
WARNING: ./issue5162-out.go compilation, -O0 -g -fno-var-tracking-assignments program timed out.
FAIL: ./issue5162-out.go execution, -O0 -g -fno-var-tracking-assignments
WARNING: ./select5-out.go compilation, -O0 -g -fno-var-tracking-assignments program timed out.
FAIL: ./select5-out.go execution, -O0 -g -fno-var-tracking-assignments
WARNING: ./slice3-out.go compilation, -O0 -g -fno-var-tracking-assignments program timed out.
FAIL: ./slice3-out.go execution, -O0 -g -fno-var-tracking-assignments
WARNING: go.test/test/cmplxdivide.go program timed out.
FAIL: go.test/test/cmplxdivide.go
FAIL: go.test/test/ken/cplx2.go execution, -O2 -g
=== go Summary ===
# of expected passes 7343
# of unexpected failures 7
# of expected failures 1
# of untested testcases 10
# of unsupported tests 3
/daten/riscv64/gcc/gcc-20201031/Build/gcc/gccgo version 11.0.0 20201030 (experimental) [master revision 39bf4f14fc7] (GCC)
=== obj-c++ tests ===
Running target unix
FAIL: obj-c++.dg/template-4.mm -fgnu-runtime (internal compiler error)
FAIL: obj-c++.dg/template-4.mm -fgnu-runtime (test for excess errors)
UNRESOLVED: obj-c++.dg/template-4.mm -fgnu-runtime compilation failed to produce executable
=== obj-c++ Summary ===
# of expected passes 1440
# of unexpected failures 2
# of expected failures 10
# of unresolved testcases 1
# of unsupported tests 77
/daten/riscv64/gcc/gcc-20201031/Build/gcc/xg++ version 11.0.0 20201030 (experimental) [master revision 39bf4f14fc7] (GCC)
=== objc tests ===
Running target unix
=== objc Summary ===
# of expected passes 2782
# of unsupported tests 69
/daten/riscv64/gcc/gcc-20201031/Build/gcc/xgcc version 11.0.0 20201030 (experimental) [master revision 39bf4f14fc7] (GCC)
=== gotools tests ===
FAIL: go test cmd/go
FAIL: TestCgoSignalDeadlock
FAIL: TestSegv
FAIL: TestSpuriousWakeupsNeverHangSemasleep
FAIL: go test runtime
FAIL: go test misc/cgo/test
FAIL: TestCompileWithoutShared
FAIL: TestEarlySignalHandler
FAIL: TestInstall
FAIL: TestManyCalls
FAIL: TestOsSignal
FAIL: TestPIE
FAIL: TestSIGPROF
FAIL: TestSigaltstack
FAIL: TestSignalForwarding
FAIL: TestSignalForwardingExternal
FAIL: go test misc/cgo/testcarchive
=== gotools Summary ===
# of expected passes 212
# of unexpected failures 17
# of untested testcases 103
/daten/riscv64/gcc/gcc-20201031/Build/./gcc/gccgo version 11.0.0 20201030 (experimental) [master revision 39bf4f14fc7] (GCC)
=== libatomic tests ===
Running target unix
=== libatomic Summary ===
# of expected passes 54
=== libffi tests ===
Running target unix
=== libffi Summary ===
# of expected passes 1934
# of unsupported tests 28
=== libgo tests ===
Running target unix
FAIL: net
FAIL: runtime/pprof
=== libgo Summary ===
# of expected passes 173
# of unexpected failures 2
/daten/riscv64/gcc/gcc-20201031/Build/./gcc/gccgo version 11.0.0 20201030 (experimental) [master revision 39bf4f14fc7] (GCC)
=== libgomp tests ===
Running target unix
WARNING: program timed out
FAIL: libgomp.c/../libgomp.c-c++-common/for-5.c (test for excess errors)
FAIL: libgomp.c/../libgomp.c-c++-common/for-5.c execution test
WARNING: program timed out
FAIL: libgomp.c++/../libgomp.c-c++-common/for-11.c (test for excess errors)
FAIL: libgomp.c++/../libgomp.c-c++-common/for-11.c execution test
WARNING: program timed out
FAIL: libgomp.c++/../libgomp.c-c++-common/for-5.c (test for excess errors)
UNRESOLVED: libgomp.c++/../libgomp.c-c++-common/for-5.c compilation failed to produce executable
WARNING: program timed out.
FAIL: libgomp.c++/task-reduction-10.C execution test
=== libgomp Summary ===
# of expected passes 7924
# of unexpected failures 6
# of expected failures 4
# of unresolved testcases 1
# of unsupported tests 617
=== libphobos tests ===
Running target unix
WARNING: libphobos.druntime/core/internal/arrayop.d (test for excess errors) program timed out.
FAIL: libphobos.druntime/core/internal/arrayop.d (test for excess errors)
FAIL: libphobos.druntime/core/internal/arrayop.d execution test
WARNING: libphobos.phobos/std/algorithm/iteration.d (test for excess errors) program timed out.
FAIL: libphobos.phobos/std/algorithm/iteration.d (test for excess errors)
UNRESOLVED: libphobos.phobos/std/algorithm/iteration.d compilation failed to produce executable
WARNING: libphobos.phobos/std/algorithm/searching.d (test for excess errors) program timed out.
FAIL: libphobos.phobos/std/algorithm/searching.d (test for excess errors)
UNRESOLVED: libphobos.phobos/std/algorithm/searching.d compilation failed to produce executable
WARNING: libphobos.phobos/std/algorithm/setops.d (test for excess errors) program timed out.
FAIL: libphobos.phobos/std/algorithm/setops.d (test for excess errors)
UNRESOLVED: libphobos.phobos/std/algorithm/setops.d compilation failed to produce executable
WARNING: libphobos.phobos/std/algorithm/sorting.d (test for excess errors) program timed out.
FAIL: libphobos.phobos/std/algorithm/sorting.d (test for excess errors)
UNRESOLVED: libphobos.phobos/std/algorithm/sorting.d compilation failed to produce executable
WARNING: libphobos.phobos/std/array.d (test for excess errors) program timed out.
FAIL: libphobos.phobos/std/array.d (test for excess errors)
UNRESOLVED: libphobos.phobos/std/array.d compilation failed to produce executable
WARNING: libphobos.phobos/std/container/rbtree.d (test for excess errors) program timed out.
FAIL: libphobos.phobos/std/container/rbtree.d (test for excess errors)
UNRESOLVED: libphobos.phobos/std/container/rbtree.d compilation failed to produce executable
WARNING: libphobos.phobos/std/conv.d (test for excess errors) program timed out.
FAIL: libphobos.phobos/std/conv.d (test for excess errors)
UNRESOLVED: libphobos.phobos/std/conv.d compilation failed to produce executable
WARNING: libphobos.phobos/std/datetime/date.d (test for excess errors) program timed out.
FAIL: libphobos.phobos/std/datetime/date.d (test for excess errors)
UNRESOLVED: libphobos.phobos/std/datetime/date.d compilation failed to produce executable
WARNING: libphobos.phobos/std/datetime/interval.d (test for excess errors) program timed out.
FAIL: libphobos.phobos/std/datetime/interval.d (test for excess errors)
UNRESOLVED: libphobos.phobos/std/datetime/interval.d compilation failed to produce executable
WARNING: libphobos.phobos/std/datetime/systime.d (test for excess errors) program timed out.
FAIL: libphobos.phobos/std/datetime/systime.d (test for excess errors)
UNRESOLVED: libphobos.phobos/std/datetime/systime.d compilation failed to produce executable
WARNING: libphobos.phobos/std/format.d (test for excess errors) program timed out.
FAIL: libphobos.phobos/std/format.d (test for excess errors)
UNRESOLVED: libphobos.phobos/std/format.d compilation failed to produce executable
FAIL: libphobos.phobos/std/internal/math/errorfunction.d execution test
FAIL: libphobos.phobos/std/internal/math/gammafunction.d execution test
FAIL: libphobos.phobos/std/math.d execution test
FAIL: libphobos.phobos/std/mathspecial.d execution test
WARNING: libphobos.phobos/std/net/isemail.d (test for excess errors) program timed out.
FAIL: libphobos.phobos/std/net/isemail.d (test for excess errors)
UNRESOLVED: libphobos.phobos/std/net/isemail.d compilation failed to produce executable
FAIL: libphobos.phobos/std/numeric.d execution test
WARNING: libphobos.phobos/std/path.d (test for excess errors) program timed out.
FAIL: libphobos.phobos/std/path.d (test for excess errors)
UNRESOLVED: libphobos.phobos/std/path.d compilation failed to produce executable
WARNING: libphobos.phobos/std/random.d (test for excess errors) program timed out.
FAIL: libphobos.phobos/std/random.d (test for excess errors)
UNRESOLVED: libphobos.phobos/std/random.d compilation failed to produce executable
WARNING: libphobos.phobos/std/range/package.d (test for excess errors) program timed out.
FAIL: libphobos.phobos/std/range/package.d (test for excess errors)
UNRESOLVED: libphobos.phobos/std/range/package.d compilation failed to produce executable
WARNING: libphobos.phobos/std/range/primitives.d (test for excess errors) program timed out.
FAIL: libphobos.phobos/std/range/primitives.d (test for excess errors)
FAIL: libphobos.phobos/std/range/primitives.d execution test
WARNING: libphobos.phobos/std/regex/internal/tests.d (test for excess errors) program timed out.
FAIL: libphobos.phobos/std/regex/internal/tests.d (test for excess errors)
UNRESOLVED: libphobos.phobos/std/regex/internal/tests.d compilation failed to produce executable
WARNING: libphobos.phobos/std/regex/package.d (test for excess errors) program timed out.
FAIL: libphobos.phobos/std/regex/package.d (test for excess errors)
UNRESOLVED: libphobos.phobos/std/regex/package.d compilation failed to produce executable
WARNING: libphobos.phobos/std/stdio.d (test for excess errors) program timed out.
FAIL: libphobos.phobos/std/stdio.d (test for excess errors)
FAIL: libphobos.phobos/std/stdio.d execution test
WARNING: libphobos.phobos/std/string.d (test for excess errors) program timed out.
FAIL: libphobos.phobos/std/string.d (test for excess errors)
UNRESOLVED: libphobos.phobos/std/string.d compilation failed to produce executable
WARNING: libphobos.phobos/std/typecons.d (test for excess errors) program timed out.
FAIL: libphobos.phobos/std/typecons.d (test for excess errors)
UNRESOLVED: libphobos.phobos/std/typecons.d compilation failed to produce executable
WARNING: libphobos.phobos/std/uni.d (test for excess errors) program timed out.
FAIL: libphobos.phobos/std/uni.d (test for excess errors)
UNRESOLVED: libphobos.phobos/std/uni.d compilation failed to produce executable
WARNING: libphobos.phobos/std/utf.d (test for excess errors) program timed out.
FAIL: libphobos.phobos/std/utf.d (test for excess errors)
UNRESOLVED: libphobos.phobos/std/utf.d compilation failed to produce executable
WARNING: libphobos.phobos/std/uuid.d (test for excess errors) program timed out.
FAIL: libphobos.phobos/std/uuid.d (test for excess errors)
UNRESOLVED: libphobos.phobos/std/uuid.d compilation failed to produce executable
WARNING: libphobos.phobos/std/variant.d (test for excess errors) program timed out.
FAIL: libphobos.phobos/std/variant.d (test for excess errors)
UNRESOLVED: libphobos.phobos/std/variant.d compilation failed to produce executable
WARNING: libphobos.phobos_shared/std/algorithm/iteration.d (test for excess errors) program timed out.
FAIL: libphobos.phobos_shared/std/algorithm/iteration.d (test for excess errors)
UNRESOLVED: libphobos.phobos_shared/std/algorithm/iteration.d compilation failed to produce executable
WARNING: libphobos.phobos_shared/std/algorithm/searching.d (test for excess errors) program timed out.
FAIL: libphobos.phobos_shared/std/algorithm/searching.d (test for excess errors)
UNRESOLVED: libphobos.phobos_shared/std/algorithm/searching.d compilation failed to produce executable
WARNING: libphobos.phobos_shared/std/algorithm/setops.d (test for excess errors) program timed out.
FAIL: libphobos.phobos_shared/std/algorithm/setops.d (test for excess errors)
UNRESOLVED: libphobos.phobos_shared/std/algorithm/setops.d compilation failed to produce executable
WARNING: libphobos.phobos_shared/std/algorithm/sorting.d (test for excess errors) program timed out.
FAIL: libphobos.phobos_shared/std/algorithm/sorting.d (test for excess errors)
UNRESOLVED: libphobos.phobos_shared/std/algorithm/sorting.d compilation failed to produce executable
WARNING: libphobos.phobos_shared/std/array.d (test for excess errors) program timed out.
FAIL: libphobos.phobos_shared/std/array.d (test for excess errors)
UNRESOLVED: libphobos.phobos_shared/std/array.d compilation failed to produce executable
WARNING: libphobos.phobos_shared/std/container/rbtree.d (test for excess errors) program timed out.
FAIL: libphobos.phobos_shared/std/container/rbtree.d (test for excess errors)
UNRESOLVED: libphobos.phobos_shared/std/container/rbtree.d compilation failed to produce executable
WARNING: libphobos.phobos_shared/std/conv.d (test for excess errors) program timed out.
FAIL: libphobos.phobos_shared/std/conv.d (test for excess errors)
UNRESOLVED: libphobos.phobos_shared/std/conv.d compilation failed to produce executable
WARNING: libphobos.phobos_shared/std/datetime/date.d (test for excess errors) program timed out.
FAIL: libphobos.phobos_shared/std/datetime/date.d (test for excess errors)
UNRESOLVED: libphobos.phobos_shared/std/datetime/date.d compilation failed to produce executable
WARNING: libphobos.phobos_shared/std/datetime/interval.d (test for excess errors) program timed out.
FAIL: libphobos.phobos_shared/std/datetime/interval.d (test for excess errors)
UNRESOLVED: libphobos.phobos_shared/std/datetime/interval.d compilation failed to produce executable
WARNING: libphobos.phobos_shared/std/datetime/systime.d (test for excess errors) program timed out.
FAIL: libphobos.phobos_shared/std/datetime/systime.d (test for excess errors)
UNRESOLVED: libphobos.phobos_shared/std/datetime/systime.d compilation failed to produce executable
WARNING: libphobos.phobos_shared/std/format.d (test for excess errors) program timed out.
FAIL: libphobos.phobos_shared/std/format.d (test for excess errors)
UNRESOLVED: libphobos.phobos_shared/std/format.d compilation failed to produce executable
FAIL: libphobos.phobos_shared/std/internal/math/errorfunction.d execution test
FAIL: libphobos.phobos_shared/std/internal/math/gammafunction.d execution test
FAIL: libphobos.phobos_shared/std/math.d execution test
FAIL: libphobos.phobos_shared/std/mathspecial.d execution test
WARNING: libphobos.phobos_shared/std/net/isemail.d (test for excess errors) program timed out.
FAIL: libphobos.phobos_shared/std/net/isemail.d (test for excess errors)
UNRESOLVED: libphobos.phobos_shared/std/net/isemail.d compilation failed to produce executable
FAIL: libphobos.phobos_shared/std/numeric.d execution test
WARNING: libphobos.phobos_shared/std/path.d (test for excess errors) program timed out.
FAIL: libphobos.phobos_shared/std/path.d (test for excess errors)
UNRESOLVED: libphobos.phobos_shared/std/path.d compilation failed to produce executable
WARNING: libphobos.phobos_shared/std/random.d (test for excess errors) program timed out.
FAIL: libphobos.phobos_shared/std/random.d (test for excess errors)
UNRESOLVED: libphobos.phobos_shared/std/random.d compilation failed to produce executable
WARNING: libphobos.phobos_shared/std/range/package.d (test for excess errors) program timed out.
FAIL: libphobos.phobos_shared/std/range/package.d (test for excess errors)
UNRESOLVED: libphobos.phobos_shared/std/range/package.d compilation failed to produce executable
WARNING: libphobos.phobos_shared/std/range/primitives.d (test for excess errors) program timed out.
FAIL: libphobos.phobos_shared/std/range/primitives.d (test for excess errors)
FAIL: libphobos.phobos_shared/std/range/primitives.d execution test
WARNING: libphobos.phobos_shared/std/regex/internal/tests.d (test for excess errors) program timed out.
FAIL: libphobos.phobos_shared/std/regex/internal/tests.d (test for excess errors)
UNRESOLVED: libphobos.phobos_shared/std/regex/internal/tests.d compilation failed to produce executable
WARNING: libphobos.phobos_shared/std/regex/package.d (test for excess errors) program timed out.
FAIL: libphobos.phobos_shared/std/regex/package.d (test for excess errors)
UNRESOLVED: libphobos.phobos_shared/std/regex/package.d compilation failed to produce executable
WARNING: libphobos.phobos_shared/std/stdio.d (test for excess errors) program timed out.
FAIL: libphobos.phobos_shared/std/stdio.d (test for excess errors)
FAIL: libphobos.phobos_shared/std/stdio.d execution test
WARNING: libphobos.phobos_shared/std/string.d (test for excess errors) program timed out.
FAIL: libphobos.phobos_shared/std/string.d (test for excess errors)
UNRESOLVED: libphobos.phobos_shared/std/string.d compilation failed to produce executable
WARNING: libphobos.phobos_shared/std/typecons.d (test for excess errors) program timed out.
FAIL: libphobos.phobos_shared/std/typecons.d (test for excess errors)
UNRESOLVED: libphobos.phobos_shared/std/typecons.d compilation failed to produce executable
WARNING: libphobos.phobos_shared/std/uni.d (test for excess errors) program timed out.
FAIL: libphobos.phobos_shared/std/uni.d (test for excess errors)
UNRESOLVED: libphobos.phobos_shared/std/uni.d compilation failed to produce executable
WARNING: libphobos.phobos_shared/std/utf.d (test for excess errors) program timed out.
FAIL: libphobos.phobos_shared/std/utf.d (test for excess errors)
UNRESOLVED: libphobos.phobos_shared/std/utf.d compilation failed to produce executable
WARNING: libphobos.phobos_shared/std/uuid.d (test for excess errors) program timed out.
FAIL: libphobos.phobos_shared/std/uuid.d (test for excess errors)
UNRESOLVED: libphobos.phobos_shared/std/uuid.d compilation failed to produce executable
WARNING: libphobos.phobos_shared/std/variant.d (test for excess errors) program timed out.
FAIL: libphobos.phobos_shared/std/variant.d (test for excess errors)
UNRESOLVED: libphobos.phobos_shared/std/variant.d compilation failed to produce executable
FAIL: libphobos.shared/host.c -ldl -pthread (test for excess errors)
UNRESOLVED: libphobos.shared/host.c -ldl -pthread compilation failed to produce executable
FAIL: libphobos.shared/linkD.c lib.so -ldl -pthread (test for excess errors)
UNRESOLVED: libphobos.shared/linkD.c lib.so -ldl -pthread compilation failed to produce executable
FAIL: libphobos.shared/linkDR.c -shared-libphobos -ldl -pthread (test for excess errors)
UNRESOLVED: libphobos.shared/linkDR.c -shared-libphobos -ldl -pthread compilation failed to produce executable
FAIL: libphobos.shared/loadDR.c -ldl -pthread -g (test for excess errors)
UNRESOLVED: libphobos.shared/loadDR.c -ldl -pthread -g compilation failed to produce executable
=== libphobos Summary ===
# of expected passes 632
# of unexpected failures 70
# of unresolved testcases 50
# of unsupported tests 2
=== libstdc++ tests ===
Running target unix
FAIL: 18_support/96817.cc (test for excess errors)
UNRESOLVED: 18_support/96817.cc compilation failed to produce executable
FAIL: 18_support/bad_exception/23591_thread-1.c (test for excess errors)
UNRESOLVED: 18_support/bad_exception/23591_thread-1.c compilation failed to produce executable
FAIL: 18_support/pthread_guard.cc (test for excess errors)
UNRESOLVED: 18_support/pthread_guard.cc compilation failed to produce executable
FAIL: 20_util/shared_ptr/atomic/3.cc (test for excess errors)
UNRESOLVED: 20_util/shared_ptr/atomic/3.cc compilation failed to produce executable
FAIL: 20_util/shared_ptr/thread/default_weaktoshared.cc (test for excess errors)
UNRESOLVED: 20_util/shared_ptr/thread/default_weaktoshared.cc compilation failed to produce executable
FAIL: 20_util/shared_ptr/thread/mutex_weaktoshared.cc (test for excess errors)
UNRESOLVED: 20_util/shared_ptr/thread/mutex_weaktoshared.cc compilation failed to produce executable
FAIL: 20_util/synchronized_pool_resource/allocate.cc (test for excess errors)
UNRESOLVED: 20_util/synchronized_pool_resource/allocate.cc compilation failed to produce executable
FAIL: 20_util/synchronized_pool_resource/cons.cc (test for excess errors)
UNRESOLVED: 20_util/synchronized_pool_resource/cons.cc compilation failed to produce executable
FAIL: 20_util/synchronized_pool_resource/is_equal.cc (test for excess errors)
UNRESOLVED: 20_util/synchronized_pool_resource/is_equal.cc compilation failed to produce executable
FAIL: 20_util/synchronized_pool_resource/multithreaded.cc (test for excess errors)
UNRESOLVED: 20_util/synchronized_pool_resource/multithreaded.cc compilation failed to produce executable
FAIL: 20_util/synchronized_pool_resource/options.cc (test for excess errors)
UNRESOLVED: 20_util/synchronized_pool_resource/options.cc compilation failed to produce executable
FAIL: 20_util/synchronized_pool_resource/release.cc (test for excess errors)
UNRESOLVED: 20_util/synchronized_pool_resource/release.cc compilation failed to produce executable
FAIL: 21_strings/basic_string/pthread18185.cc (test for excess errors)
UNRESOLVED: 21_strings/basic_string/pthread18185.cc compilation failed to produce executable
FAIL: 21_strings/basic_string/pthread33394.cc (test for excess errors)
UNRESOLVED: 21_strings/basic_string/pthread33394.cc compilation failed to produce executable
FAIL: 21_strings/basic_string/pthread4.cc (test for excess errors)
UNRESOLVED: 21_strings/basic_string/pthread4.cc compilation failed to produce executable
FAIL: 22_locale/locale/cons/12658_thread-1.cc (test for excess errors)
UNRESOLVED: 22_locale/locale/cons/12658_thread-1.cc compilation failed to produce executable
FAIL: 22_locale/locale/cons/12658_thread-2.cc (test for excess errors)
UNRESOLVED: 22_locale/locale/cons/12658_thread-2.cc compilation failed to produce executable
FAIL: 22_locale/numpunct/members/char/3.cc execution test
FAIL: 22_locale/time_get/get_time/char/2.cc execution test
FAIL: 22_locale/time_get/get_time/char/wrapped_env.cc execution test
FAIL: 22_locale/time_get/get_time/char/wrapped_locale.cc execution test
FAIL: 22_locale/time_get/get_time/wchar_t/2.cc execution test
FAIL: 22_locale/time_get/get_time/wchar_t/wrapped_env.cc execution test
FAIL: 22_locale/time_get/get_time/wchar_t/wrapped_locale.cc execution test
FAIL: 23_containers/list/pthread1.cc (test for excess errors)
UNRESOLVED: 23_containers/list/pthread1.cc compilation failed to produce executable
FAIL: 23_containers/list/pthread5.cc (test for excess errors)
UNRESOLVED: 23_containers/list/pthread5.cc compilation failed to produce executable
FAIL: 23_containers/map/pthread6.cc (test for excess errors)
UNRESOLVED: 23_containers/map/pthread6.cc compilation failed to produce executable
FAIL: 26_numerics/random/random_device/94087.cc (test for excess errors)
UNRESOLVED: 26_numerics/random/random_device/94087.cc compilation failed to produce executable
FAIL: 27_io/basic_ofstream/pthread2.cc (test for excess errors)
UNRESOLVED: 27_io/basic_ofstream/pthread2.cc compilation failed to produce executable
FAIL: 27_io/basic_ostringstream/pthread3.cc (test for excess errors)
UNRESOLVED: 27_io/basic_ostringstream/pthread3.cc compilation failed to produce executable
FAIL: 29_atomics/atomic_float/value_init.cc (test for excess errors)
UNRESOLVED: 29_atomics/atomic_float/value_init.cc compilation failed to produce executable
FAIL: 29_atomics/atomic_ref/generic.cc (test for excess errors)
UNRESOLVED: 29_atomics/atomic_ref/generic.cc compilation failed to produce executable
FAIL: 29_atomics/atomic_ref/integral.cc (test for excess errors)
UNRESOLVED: 29_atomics/atomic_ref/integral.cc compilation failed to produce executable
FAIL: 29_atomics/atomic_ref/pointer.cc (test for excess errors)
UNRESOLVED: 29_atomics/atomic_ref/pointer.cc compilation failed to produce executable
FAIL: 30_threads/async/42819.cc (test for excess errors)
UNRESOLVED: 30_threads/async/42819.cc compilation failed to produce executable
FAIL: 30_threads/async/49668.cc (test for excess errors)
UNRESOLVED: 30_threads/async/49668.cc compilation failed to produce executable
FAIL: 30_threads/async/54297.cc (test for excess errors)
UNRESOLVED: 30_threads/async/54297.cc compilation failed to produce executable
FAIL: 30_threads/async/69724.cc (test for excess errors)
UNRESOLVED: 30_threads/async/69724.cc compilation failed to produce executable
FAIL: 30_threads/async/any.cc (test for excess errors)
UNRESOLVED: 30_threads/async/any.cc compilation failed to produce executable
FAIL: 30_threads/async/async.cc (test for excess errors)
UNRESOLVED: 30_threads/async/async.cc compilation failed to produce executable
FAIL: 30_threads/async/except.cc (test for excess errors)
UNRESOLVED: 30_threads/async/except.cc compilation failed to produce executable
FAIL: 30_threads/async/forced_unwind.cc (test for excess errors)
UNRESOLVED: 30_threads/async/forced_unwind.cc compilation failed to produce executable
FAIL: 30_threads/async/launch.cc (test for excess errors)
UNRESOLVED: 30_threads/async/launch.cc compilation failed to produce executable
FAIL: 30_threads/async/sync.cc (test for excess errors)
UNRESOLVED: 30_threads/async/sync.cc compilation failed to produce executable
FAIL: 30_threads/call_once/39909.cc (test for excess errors)
UNRESOLVED: 30_threads/call_once/39909.cc compilation failed to produce executable
FAIL: 30_threads/call_once/49668.cc (test for excess errors)
UNRESOLVED: 30_threads/call_once/49668.cc compilation failed to produce executable
FAIL: 30_threads/call_once/call_once1.cc (test for excess errors)
UNRESOLVED: 30_threads/call_once/call_once1.cc compilation failed to produce executable
FAIL: 30_threads/call_once/dr2442.cc (test for excess errors)
UNRESOLVED: 30_threads/call_once/dr2442.cc compilation failed to produce executable
FAIL: 30_threads/condition_variable/54185.cc (test for excess errors)
UNRESOLVED: 30_threads/condition_variable/54185.cc compilation failed to produce executable
FAIL: 30_threads/condition_variable/cons/1.cc (test for excess errors)
UNRESOLVED: 30_threads/condition_variable/cons/1.cc compilation failed to produce executable
FAIL: 30_threads/condition_variable/members/1.cc (test for excess errors)
UNRESOLVED: 30_threads/condition_variable/members/1.cc compilation failed to produce executable
FAIL: 30_threads/condition_variable/members/2.cc (test for excess errors)
UNRESOLVED: 30_threads/condition_variable/members/2.cc compilation failed to produce executable
FAIL: 30_threads/condition_variable/members/3.cc (test for excess errors)
UNRESOLVED: 30_threads/condition_variable/members/3.cc compilation failed to produce executable
FAIL: 30_threads/condition_variable/members/68519.cc (test for excess errors)
UNRESOLVED: 30_threads/condition_variable/members/68519.cc compilation failed to produce executable
FAIL: 30_threads/condition_variable/native_handle/typesizes.cc (test for excess errors)
UNRESOLVED: 30_threads/condition_variable/native_handle/typesizes.cc compilation failed to produce executable
FAIL: 30_threads/condition_variable_any/50862.cc (test for excess errors)
UNRESOLVED: 30_threads/condition_variable_any/50862.cc compilation failed to produce executable
FAIL: 30_threads/condition_variable_any/53830.cc (test for excess errors)
UNRESOLVED: 30_threads/condition_variable_any/53830.cc compilation failed to produce executable
FAIL: 30_threads/condition_variable_any/cond.cc (test for excess errors)
UNRESOLVED: 30_threads/condition_variable_any/cond.cc compilation failed to produce executable
FAIL: 30_threads/condition_variable_any/cons/1.cc (test for excess errors)
UNRESOLVED: 30_threads/condition_variable_any/cons/1.cc compilation failed to produce executable
FAIL: 30_threads/condition_variable_any/members/1.cc (test for excess errors)
UNRESOLVED: 30_threads/condition_variable_any/members/1.cc compilation failed to produce executable
FAIL: 30_threads/condition_variable_any/members/2.cc (test for excess errors)
UNRESOLVED: 30_threads/condition_variable_any/members/2.cc compilation failed to produce executable
FAIL: 30_threads/condition_variable_any/stop_token/wait_on.cc (test for excess errors)
UNRESOLVED: 30_threads/condition_variable_any/stop_token/wait_on.cc compilation failed to produce executable
FAIL: 30_threads/future/cons/move.cc (test for excess errors)
UNRESOLVED: 30_threads/future/cons/move.cc compilation failed to produce executable
FAIL: 30_threads/future/members/45133.cc (test for excess errors)
UNRESOLVED: 30_threads/future/members/45133.cc compilation failed to produce executable
FAIL: 30_threads/future/members/get.cc (test for excess errors)
UNRESOLVED: 30_threads/future/members/get.cc compilation failed to produce executable
FAIL: 30_threads/future/members/get2.cc (test for excess errors)
UNRESOLVED: 30_threads/future/members/get2.cc compilation failed to produce executable
FAIL: 30_threads/future/members/share.cc (test for excess errors)
UNRESOLVED: 30_threads/future/members/share.cc compilation failed to produce executable
FAIL: 30_threads/future/members/valid.cc (test for excess errors)
UNRESOLVED: 30_threads/future/members/valid.cc compilation failed to produce executable
FAIL: 30_threads/future/members/wait.cc (test for excess errors)
UNRESOLVED: 30_threads/future/members/wait.cc compilation failed to produce executable
FAIL: 30_threads/future/members/wait_for.cc (test for excess errors)
UNRESOLVED: 30_threads/future/members/wait_for.cc compilation failed to produce executable
FAIL: 30_threads/future/members/wait_until.cc (test for excess errors)
UNRESOLVED: 30_threads/future/members/wait_until.cc compilation failed to produce executable
FAIL: 30_threads/jthread/jthread.cc (test for excess errors)
UNRESOLVED: 30_threads/jthread/jthread.cc compilation failed to produce executable
FAIL: 30_threads/lock/1.cc (test for excess errors)
UNRESOLVED: 30_threads/lock/1.cc compilation failed to produce executable
FAIL: 30_threads/lock/2.cc (test for excess errors)
UNRESOLVED: 30_threads/lock/2.cc compilation failed to produce executable
FAIL: 30_threads/lock/3.cc (test for excess errors)
UNRESOLVED: 30_threads/lock/3.cc compilation failed to produce executable
FAIL: 30_threads/lock/4.cc (test for excess errors)
UNRESOLVED: 30_threads/lock/4.cc compilation failed to produce executable
FAIL: 30_threads/mutex/cons/1.cc (test for excess errors)
UNRESOLVED: 30_threads/mutex/cons/1.cc compilation failed to produce executable
FAIL: 30_threads/mutex/dest/destructor_locked.cc (test for excess errors)
UNRESOLVED: 30_threads/mutex/dest/destructor_locked.cc compilation failed to produce executable
FAIL: 30_threads/mutex/lock/1.cc (test for excess errors)
UNRESOLVED: 30_threads/mutex/lock/1.cc compilation failed to produce executable
FAIL: 30_threads/mutex/native_handle/1.cc (test for excess errors)
UNRESOLVED: 30_threads/mutex/native_handle/1.cc compilation failed to produce executable
FAIL: 30_threads/mutex/native_handle/typesizes.cc (test for excess errors)
UNRESOLVED: 30_threads/mutex/native_handle/typesizes.cc compilation failed to produce executable
FAIL: 30_threads/mutex/try_lock/1.cc (test for excess errors)
UNRESOLVED: 30_threads/mutex/try_lock/1.cc compilation failed to produce executable
FAIL: 30_threads/mutex/try_lock/2.cc (test for excess errors)
UNRESOLVED: 30_threads/mutex/try_lock/2.cc compilation failed to produce executable
FAIL: 30_threads/mutex/unlock/1.cc (test for excess errors)
UNRESOLVED: 30_threads/mutex/unlock/1.cc compilation failed to produce executable
FAIL: 30_threads/mutex/unlock/2.cc (test for excess errors)
UNRESOLVED: 30_threads/mutex/unlock/2.cc compilation failed to produce executable
FAIL: 30_threads/packaged_task/49668.cc (test for excess errors)
UNRESOLVED: 30_threads/packaged_task/49668.cc compilation failed to produce executable
FAIL: 30_threads/packaged_task/60564.cc (test for excess errors)
UNRESOLVED: 30_threads/packaged_task/60564.cc compilation failed to produce executable
FAIL: 30_threads/packaged_task/cons/1.cc (test for excess errors)
UNRESOLVED: 30_threads/packaged_task/cons/1.cc compilation failed to produce executable
FAIL: 30_threads/packaged_task/cons/2.cc (test for excess errors)
UNRESOLVED: 30_threads/packaged_task/cons/2.cc compilation failed to produce executable
FAIL: 30_threads/packaged_task/cons/3.cc (test for excess errors)
UNRESOLVED: 30_threads/packaged_task/cons/3.cc compilation failed to produce executable
FAIL: 30_threads/packaged_task/cons/alloc.cc (test for excess errors)
UNRESOLVED: 30_threads/packaged_task/cons/alloc.cc compilation failed to produce executable
FAIL: 30_threads/packaged_task/cons/move.cc (test for excess errors)
UNRESOLVED: 30_threads/packaged_task/cons/move.cc compilation failed to produce executable
FAIL: 30_threads/packaged_task/cons/move_assign.cc (test for excess errors)
UNRESOLVED: 30_threads/packaged_task/cons/move_assign.cc compilation failed to produce executable
FAIL: 30_threads/packaged_task/forced_unwind.cc (test for excess errors)
UNRESOLVED: 30_threads/packaged_task/forced_unwind.cc compilation failed to produce executable
FAIL: 30_threads/packaged_task/members/at_thread_exit.cc (test for excess errors)
UNRESOLVED: 30_threads/packaged_task/members/at_thread_exit.cc compilation failed to produce executable
FAIL: 30_threads/packaged_task/members/get_future.cc (test for excess errors)
UNRESOLVED: 30_threads/packaged_task/members/get_future.cc compilation failed to produce executable
FAIL: 30_threads/packaged_task/members/get_future2.cc (test for excess errors)
UNRESOLVED: 30_threads/packaged_task/members/get_future2.cc compilation failed to produce executable
FAIL: 30_threads/packaged_task/members/invoke.cc (test for excess errors)
UNRESOLVED: 30_threads/packaged_task/members/invoke.cc compilation failed to produce executable
FAIL: 30_threads/packaged_task/members/invoke2.cc (test for excess errors)
UNRESOLVED: 30_threads/packaged_task/members/invoke2.cc compilation failed to produce executable
FAIL: 30_threads/packaged_task/members/invoke3.cc (test for excess errors)
UNRESOLVED: 30_threads/packaged_task/members/invoke3.cc compilation failed to produce executable
FAIL: 30_threads/packaged_task/members/invoke4.cc (test for excess errors)
UNRESOLVED: 30_threads/packaged_task/members/invoke4.cc compilation failed to produce executable
FAIL: 30_threads/packaged_task/members/invoke5.cc (test for excess errors)
UNRESOLVED: 30_threads/packaged_task/members/invoke5.cc compilation failed to produce executable
FAIL: 30_threads/packaged_task/members/reset.cc (test for excess errors)
UNRESOLVED: 30_threads/packaged_task/members/reset.cc compilation failed to produce executable
FAIL: 30_threads/packaged_task/members/reset2.cc (test for excess errors)
UNRESOLVED: 30_threads/packaged_task/members/reset2.cc compilation failed to produce executable
FAIL: 30_threads/packaged_task/members/swap.cc (test for excess errors)
UNRESOLVED: 30_threads/packaged_task/members/swap.cc compilation failed to produce executable
FAIL: 30_threads/packaged_task/members/valid.cc (test for excess errors)
UNRESOLVED: 30_threads/packaged_task/members/valid.cc compilation failed to produce executable
FAIL: 30_threads/promise/60966.cc (test for excess errors)
UNRESOLVED: 30_threads/promise/60966.cc compilation failed to produce executable
FAIL: 30_threads/promise/cons/1.cc (test for excess errors)
UNRESOLVED: 30_threads/promise/cons/1.cc compilation failed to produce executable
FAIL: 30_threads/promise/cons/alloc.cc (test for excess errors)
UNRESOLVED: 30_threads/promise/cons/alloc.cc compilation failed to produce executable
FAIL: 30_threads/promise/cons/move.cc (test for excess errors)
UNRESOLVED: 30_threads/promise/cons/move.cc compilation failed to produce executable
FAIL: 30_threads/promise/cons/move_assign.cc (test for excess errors)
UNRESOLVED: 30_threads/promise/cons/move_assign.cc compilation failed to produce executable
FAIL: 30_threads/promise/members/at_thread_exit.cc (test for excess errors)
UNRESOLVED: 30_threads/promise/members/at_thread_exit.cc compilation failed to produce executable
FAIL: 30_threads/promise/members/at_thread_exit2.cc (test for excess errors)
UNRESOLVED: 30_threads/promise/members/at_thread_exit2.cc compilation failed to produce executable
FAIL: 30_threads/promise/members/get_future.cc (test for excess errors)
UNRESOLVED: 30_threads/promise/members/get_future.cc compilation failed to produce executable
FAIL: 30_threads/promise/members/get_future2.cc (test for excess errors)
UNRESOLVED: 30_threads/promise/members/get_future2.cc compilation failed to produce executable
FAIL: 30_threads/promise/members/set_exception.cc (test for excess errors)
UNRESOLVED: 30_threads/promise/members/set_exception.cc compilation failed to produce executable
FAIL: 30_threads/promise/members/set_exception2.cc (test for excess errors)
UNRESOLVED: 30_threads/promise/members/set_exception2.cc compilation failed to produce executable
FAIL: 30_threads/promise/members/set_value.cc (test for excess errors)
UNRESOLVED: 30_threads/promise/members/set_value.cc compilation failed to produce executable
FAIL: 30_threads/promise/members/set_value2.cc (test for excess errors)
UNRESOLVED: 30_threads/promise/members/set_value2.cc compilation failed to produce executable
FAIL: 30_threads/promise/members/set_value3.cc (test for excess errors)
UNRESOLVED: 30_threads/promise/members/set_value3.cc compilation failed to produce executable
FAIL: 30_threads/promise/members/swap.cc (test for excess errors)
UNRESOLVED: 30_threads/promise/members/swap.cc compilation failed to produce executable
FAIL: 30_threads/recursive_mutex/cons/1.cc (test for excess errors)
UNRESOLVED: 30_threads/recursive_mutex/cons/1.cc compilation failed to produce executable
FAIL: 30_threads/recursive_mutex/dest/destructor_locked.cc (test for excess errors)
UNRESOLVED: 30_threads/recursive_mutex/dest/destructor_locked.cc compilation failed to produce executable
FAIL: 30_threads/recursive_mutex/lock/1.cc (test for excess errors)
UNRESOLVED: 30_threads/recursive_mutex/lock/1.cc compilation failed to produce executable
FAIL: 30_threads/recursive_mutex/native_handle/1.cc (test for excess errors)
UNRESOLVED: 30_threads/recursive_mutex/native_handle/1.cc compilation failed to produce executable
FAIL: 30_threads/recursive_mutex/native_handle/typesizes.cc (test for excess errors)
UNRESOLVED: 30_threads/recursive_mutex/native_handle/typesizes.cc compilation failed to produce executable
FAIL: 30_threads/recursive_mutex/try_lock/1.cc (test for excess errors)
UNRESOLVED: 30_threads/recursive_mutex/try_lock/1.cc compilation failed to produce executable
FAIL: 30_threads/recursive_mutex/try_lock/2.cc (test for excess errors)
UNRESOLVED: 30_threads/recursive_mutex/try_lock/2.cc compilation failed to produce executable
FAIL: 30_threads/recursive_mutex/unlock/1.cc (test for excess errors)
UNRESOLVED: 30_threads/recursive_mutex/unlock/1.cc compilation failed to produce executable
FAIL: 30_threads/recursive_mutex/unlock/2.cc (test for excess errors)
UNRESOLVED: 30_threads/recursive_mutex/unlock/2.cc compilation failed to produce executable
FAIL: 30_threads/recursive_timed_mutex/cons/1.cc (test for excess errors)
UNRESOLVED: 30_threads/recursive_timed_mutex/cons/1.cc compilation failed to produce executable
FAIL: 30_threads/recursive_timed_mutex/dest/destructor_locked.cc (test for excess errors)
UNRESOLVED: 30_threads/recursive_timed_mutex/dest/destructor_locked.cc compilation failed to produce executable
FAIL: 30_threads/recursive_timed_mutex/lock/1.cc (test for excess errors)
UNRESOLVED: 30_threads/recursive_timed_mutex/lock/1.cc compilation failed to produce executable
FAIL: 30_threads/recursive_timed_mutex/lock/2.cc (test for excess errors)
UNRESOLVED: 30_threads/recursive_timed_mutex/lock/2.cc compilation failed to produce executable
FAIL: 30_threads/recursive_timed_mutex/native_handle/1.cc (test for excess errors)
UNRESOLVED: 30_threads/recursive_timed_mutex/native_handle/1.cc compilation failed to produce executable
FAIL: 30_threads/recursive_timed_mutex/native_handle/typesizes.cc (test for excess errors)
UNRESOLVED: 30_threads/recursive_timed_mutex/native_handle/typesizes.cc compilation failed to produce executable
FAIL: 30_threads/recursive_timed_mutex/try_lock/1.cc (test for excess errors)
UNRESOLVED: 30_threads/recursive_timed_mutex/try_lock/1.cc compilation failed to produce executable
FAIL: 30_threads/recursive_timed_mutex/try_lock/2.cc (test for excess errors)
UNRESOLVED: 30_threads/recursive_timed_mutex/try_lock/2.cc compilation failed to produce executable
FAIL: 30_threads/recursive_timed_mutex/try_lock_for/1.cc (test for excess errors)
UNRESOLVED: 30_threads/recursive_timed_mutex/try_lock_for/1.cc compilation failed to produce executable
FAIL: 30_threads/recursive_timed_mutex/try_lock_for/2.cc (test for excess errors)
UNRESOLVED: 30_threads/recursive_timed_mutex/try_lock_for/2.cc compilation failed to produce executable
FAIL: 30_threads/recursive_timed_mutex/try_lock_for/3.cc (test for excess errors)
UNRESOLVED: 30_threads/recursive_timed_mutex/try_lock_for/3.cc compilation failed to produce executable
FAIL: 30_threads/recursive_timed_mutex/try_lock_until/1.cc (test for excess errors)
UNRESOLVED: 30_threads/recursive_timed_mutex/try_lock_until/1.cc compilation failed to produce executable
FAIL: 30_threads/recursive_timed_mutex/try_lock_until/2.cc (test for excess errors)
UNRESOLVED: 30_threads/recursive_timed_mutex/try_lock_until/2.cc compilation failed to produce executable
FAIL: 30_threads/recursive_timed_mutex/try_lock_until/3.cc (test for excess errors)
UNRESOLVED: 30_threads/recursive_timed_mutex/try_lock_until/3.cc compilation failed to produce executable
FAIL: 30_threads/recursive_timed_mutex/unlock/1.cc (test for excess errors)
UNRESOLVED: 30_threads/recursive_timed_mutex/unlock/1.cc compilation failed to produce executable
FAIL: 30_threads/recursive_timed_mutex/unlock/2.cc (test for excess errors)
UNRESOLVED: 30_threads/recursive_timed_mutex/unlock/2.cc compilation failed to produce executable
FAIL: 30_threads/shared_future/cons/move.cc (test for excess errors)
UNRESOLVED: 30_threads/shared_future/cons/move.cc compilation failed to produce executable
FAIL: 30_threads/shared_future/members/45133.cc (test for excess errors)
UNRESOLVED: 30_threads/shared_future/members/45133.cc compilation failed to produce executable
FAIL: 30_threads/shared_future/members/get.cc (test for excess errors)
UNRESOLVED: 30_threads/shared_future/members/get.cc compilation failed to produce executable
FAIL: 30_threads/shared_future/members/get2.cc (test for excess errors)
UNRESOLVED: 30_threads/shared_future/members/get2.cc compilation failed to produce executable
FAIL: 30_threads/shared_future/members/valid.cc (test for excess errors)
UNRESOLVED: 30_threads/shared_future/members/valid.cc compilation failed to produce executable
FAIL: 30_threads/shared_future/members/wait.cc (test for excess errors)
UNRESOLVED: 30_threads/shared_future/members/wait.cc compilation failed to produce executable
FAIL: 30_threads/shared_future/members/wait_for.cc (test for excess errors)
UNRESOLVED: 30_threads/shared_future/members/wait_for.cc compilation failed to produce executable
FAIL: 30_threads/shared_future/members/wait_until.cc (test for excess errors)
UNRESOLVED: 30_threads/shared_future/members/wait_until.cc compilation failed to produce executable
FAIL: 30_threads/shared_lock/cons/1.cc (test for excess errors)
UNRESOLVED: 30_threads/shared_lock/cons/1.cc compilation failed to produce executable
FAIL: 30_threads/shared_lock/cons/2.cc (test for excess errors)
UNRESOLVED: 30_threads/shared_lock/cons/2.cc compilation failed to produce executable
FAIL: 30_threads/shared_lock/cons/3.cc (test for excess errors)
UNRESOLVED: 30_threads/shared_lock/cons/3.cc compilation failed to produce executable
FAIL: 30_threads/shared_lock/cons/4.cc (test for excess errors)
UNRESOLVED: 30_threads/shared_lock/cons/4.cc compilation failed to produce executable
FAIL: 30_threads/shared_lock/cons/5.cc (test for excess errors)
UNRESOLVED: 30_threads/shared_lock/cons/5.cc compilation failed to produce executable
FAIL: 30_threads/shared_lock/cons/6.cc (test for excess errors)
UNRESOLVED: 30_threads/shared_lock/cons/6.cc compilation failed to produce executable
FAIL: 30_threads/shared_lock/locking/1.cc (test for excess errors)
UNRESOLVED: 30_threads/shared_lock/locking/1.cc compilation failed to produce executable
FAIL: 30_threads/shared_lock/locking/2.cc (test for excess errors)
UNRESOLVED: 30_threads/shared_lock/locking/2.cc compilation failed to produce executable
FAIL: 30_threads/shared_lock/locking/3.cc (test for excess errors)
UNRESOLVED: 30_threads/shared_lock/locking/3.cc compilation failed to produce executable
FAIL: 30_threads/shared_lock/locking/4.cc (test for excess errors)
UNRESOLVED: 30_threads/shared_lock/locking/4.cc compilation failed to produce executable
FAIL: 30_threads/shared_lock/modifiers/1.cc (test for excess errors)
UNRESOLVED: 30_threads/shared_lock/modifiers/1.cc compilation failed to produce executable
FAIL: 30_threads/shared_mutex/cons/1.cc (test for excess errors)
UNRESOLVED: 30_threads/shared_mutex/cons/1.cc compilation failed to produce executable
FAIL: 30_threads/shared_mutex/try_lock/1.cc (test for excess errors)
UNRESOLVED: 30_threads/shared_mutex/try_lock/1.cc compilation failed to produce executable
FAIL: 30_threads/shared_mutex/try_lock/2.cc (test for excess errors)
UNRESOLVED: 30_threads/shared_mutex/try_lock/2.cc compilation failed to produce executable
FAIL: 30_threads/shared_mutex/unlock/1.cc (test for excess errors)
UNRESOLVED: 30_threads/shared_mutex/unlock/1.cc compilation failed to produce executable
FAIL: 30_threads/shared_timed_mutex/cons/1.cc (test for excess errors)
UNRESOLVED: 30_threads/shared_timed_mutex/cons/1.cc compilation failed to produce executable
FAIL: 30_threads/shared_timed_mutex/try_lock/1.cc (test for excess errors)
UNRESOLVED: 30_threads/shared_timed_mutex/try_lock/1.cc compilation failed to produce executable
FAIL: 30_threads/shared_timed_mutex/try_lock/2.cc (test for excess errors)
UNRESOLVED: 30_threads/shared_timed_mutex/try_lock/2.cc compilation failed to produce executable
FAIL: 30_threads/shared_timed_mutex/try_lock/3.cc (test for excess errors)
UNRESOLVED: 30_threads/shared_timed_mutex/try_lock/3.cc compilation failed to produce executable
FAIL: 30_threads/shared_timed_mutex/try_lock_until/1.cc (test for excess errors)
UNRESOLVED: 30_threads/shared_timed_mutex/try_lock_until/1.cc compilation failed to produce executable
FAIL: 30_threads/shared_timed_mutex/try_lock_until/2.cc (test for excess errors)
UNRESOLVED: 30_threads/shared_timed_mutex/try_lock_until/2.cc compilation failed to produce executable
FAIL: 30_threads/shared_timed_mutex/unlock/1.cc (test for excess errors)
UNRESOLVED: 30_threads/shared_timed_mutex/unlock/1.cc compilation failed to produce executable
FAIL: 30_threads/stop_token/stop_callback.cc (test for excess errors)
UNRESOLVED: 30_threads/stop_token/stop_callback.cc compilation failed to produce executable
FAIL: 30_threads/stop_token/stop_callback/deadlock-mt.cc (test for excess errors)
UNRESOLVED: 30_threads/stop_token/stop_callback/deadlock-mt.cc compilation failed to produce executable
FAIL: 30_threads/stop_token/stop_callback/deadlock.cc (test for excess errors)
UNRESOLVED: 30_threads/stop_token/stop_callback/deadlock.cc compilation failed to produce executable
FAIL: 30_threads/stop_token/stop_callback/destroy.cc (test for excess errors)
UNRESOLVED: 30_threads/stop_token/stop_callback/destroy.cc compilation failed to produce executable
FAIL: 30_threads/stop_token/stop_callback/invoke.cc (test for excess errors)
UNRESOLVED: 30_threads/stop_token/stop_callback/invoke.cc compilation failed to produce executable
FAIL: 30_threads/stop_token/stop_source.cc (test for excess errors)
UNRESOLVED: 30_threads/stop_token/stop_source.cc compilation failed to produce executable
FAIL: 30_threads/stop_token/stop_source/assign.cc (test for excess errors)
UNRESOLVED: 30_threads/stop_token/stop_source/assign.cc compilation failed to produce executable
FAIL: 30_threads/stop_token/stop_token.cc (test for excess errors)
UNRESOLVED: 30_threads/stop_token/stop_token.cc compilation failed to produce executable
FAIL: 30_threads/stop_token/stop_token/stop_possible.cc (test for excess errors)
UNRESOLVED: 30_threads/stop_token/stop_token/stop_possible.cc compilation failed to produce executable
FAIL: 30_threads/this_thread/1.cc (test for excess errors)
UNRESOLVED: 30_threads/this_thread/1.cc compilation failed to produce executable
FAIL: 30_threads/this_thread/60421.cc (test for excess errors)
UNRESOLVED: 30_threads/this_thread/60421.cc compilation failed to produce executable
FAIL: 30_threads/this_thread/sleep_for-mt.cc (test for excess errors)
UNRESOLVED: 30_threads/this_thread/sleep_for-mt.cc compilation failed to produce executable
FAIL: 30_threads/this_thread/sleep_until-mt.cc (test for excess errors)
UNRESOLVED: 30_threads/this_thread/sleep_until-mt.cc compilation failed to produce executable
FAIL: 30_threads/this_thread/yield.cc (test for excess errors)
UNRESOLVED: 30_threads/this_thread/yield.cc compilation failed to produce executable
FAIL: 30_threads/thread/cons/1.cc (test for excess errors)
UNRESOLVED: 30_threads/thread/cons/1.cc compilation failed to produce executable
FAIL: 30_threads/thread/cons/2.cc (test for excess errors)
UNRESOLVED: 30_threads/thread/cons/2.cc compilation failed to produce executable
FAIL: 30_threads/thread/cons/3.cc (test for excess errors)
UNRESOLVED: 30_threads/thread/cons/3.cc compilation failed to produce executable
FAIL: 30_threads/thread/cons/4.cc (test for excess errors)
UNRESOLVED: 30_threads/thread/cons/4.cc compilation failed to produce executable
FAIL: 30_threads/thread/cons/49668.cc (test for excess errors)
UNRESOLVED: 30_threads/thread/cons/49668.cc compilation failed to produce executable
FAIL: 30_threads/thread/cons/5.cc (test for excess errors)
UNRESOLVED: 30_threads/thread/cons/5.cc compilation failed to produce executable
FAIL: 30_threads/thread/cons/6.cc (test for excess errors)
UNRESOLVED: 30_threads/thread/cons/6.cc compilation failed to produce executable
FAIL: 30_threads/thread/cons/69724.cc (test for excess errors)
UNRESOLVED: 30_threads/thread/cons/69724.cc compilation failed to produce executable
FAIL: 30_threads/thread/cons/7.cc (test for excess errors)
UNRESOLVED: 30_threads/thread/cons/7.cc compilation failed to produce executable
FAIL: 30_threads/thread/cons/8.cc (test for excess errors)
UNRESOLVED: 30_threads/thread/cons/8.cc compilation failed to produce executable
FAIL: 30_threads/thread/cons/9.cc (test for excess errors)
UNRESOLVED: 30_threads/thread/cons/9.cc compilation failed to produce executable
FAIL: 30_threads/thread/cons/moveable.cc (test for excess errors)
UNRESOLVED: 30_threads/thread/cons/moveable.cc compilation failed to produce executable
FAIL: 30_threads/thread/cons/terminate.cc (test for excess errors)
UNRESOLVED: 30_threads/thread/cons/terminate.cc compilation failed to produce executable
FAIL: 30_threads/thread/members/1.cc (test for excess errors)
UNRESOLVED: 30_threads/thread/members/1.cc compilation failed to produce executable
FAIL: 30_threads/thread/members/2.cc (test for excess errors)
UNRESOLVED: 30_threads/thread/members/2.cc compilation failed to produce executable
FAIL: 30_threads/thread/members/3.cc (test for excess errors)
UNRESOLVED: 30_threads/thread/members/3.cc compilation failed to produce executable
FAIL: 30_threads/thread/members/4.cc (test for excess errors)
UNRESOLVED: 30_threads/thread/members/4.cc compilation failed to produce executable
FAIL: 30_threads/thread/members/5.cc (test for excess errors)
UNRESOLVED: 30_threads/thread/members/5.cc compilation failed to produce executable
FAIL: 30_threads/thread/members/hardware_concurrency.cc (test for excess errors)
UNRESOLVED: 30_threads/thread/members/hardware_concurrency.cc compilation failed to produce executable
FAIL: 30_threads/thread/native_handle/cancel.cc (test for excess errors)
UNRESOLVED: 30_threads/thread/native_handle/cancel.cc compilation failed to produce executable
FAIL: 30_threads/thread/native_handle/typesizes.cc (test for excess errors)
UNRESOLVED: 30_threads/thread/native_handle/typesizes.cc compilation failed to produce executable
FAIL: 30_threads/thread/swap/1.cc (test for excess errors)
UNRESOLVED: 30_threads/thread/swap/1.cc compilation failed to produce executable
FAIL: 30_threads/timed_mutex/cons/1.cc (test for excess errors)
UNRESOLVED: 30_threads/timed_mutex/cons/1.cc compilation failed to produce executable
FAIL: 30_threads/timed_mutex/dest/destructor_locked.cc (test for excess errors)
UNRESOLVED: 30_threads/timed_mutex/dest/destructor_locked.cc compilation failed to produce executable
FAIL: 30_threads/timed_mutex/lock/1.cc (test for excess errors)
UNRESOLVED: 30_threads/timed_mutex/lock/1.cc compilation failed to produce executable
FAIL: 30_threads/timed_mutex/native_handle/1.cc (test for excess errors)
UNRESOLVED: 30_threads/timed_mutex/native_handle/1.cc compilation failed to produce executable
FAIL: 30_threads/timed_mutex/native_handle/typesizes.cc (test for excess errors)
UNRESOLVED: 30_threads/timed_mutex/native_handle/typesizes.cc compilation failed to produce executable
FAIL: 30_threads/timed_mutex/try_lock/1.cc (test for excess errors)
UNRESOLVED: 30_threads/timed_mutex/try_lock/1.cc compilation failed to produce executable
FAIL: 30_threads/timed_mutex/try_lock/2.cc (test for excess errors)
UNRESOLVED: 30_threads/timed_mutex/try_lock/2.cc compilation failed to produce executable
FAIL: 30_threads/timed_mutex/try_lock_for/1.cc (test for excess errors)
UNRESOLVED: 30_threads/timed_mutex/try_lock_for/1.cc compilation failed to produce executable
FAIL: 30_threads/timed_mutex/try_lock_for/2.cc (test for excess errors)
UNRESOLVED: 30_threads/timed_mutex/try_lock_for/2.cc compilation failed to produce executable
FAIL: 30_threads/timed_mutex/try_lock_for/3.cc (test for excess errors)
UNRESOLVED: 30_threads/timed_mutex/try_lock_for/3.cc compilation failed to produce executable
FAIL: 30_threads/timed_mutex/try_lock_until/1.cc (test for excess errors)
UNRESOLVED: 30_threads/timed_mutex/try_lock_until/1.cc compilation failed to produce executable
FAIL: 30_threads/timed_mutex/try_lock_until/2.cc (test for excess errors)
UNRESOLVED: 30_threads/timed_mutex/try_lock_until/2.cc compilation failed to produce executable
FAIL: 30_threads/timed_mutex/try_lock_until/3.cc (test for excess errors)
UNRESOLVED: 30_threads/timed_mutex/try_lock_until/3.cc compilation failed to produce executable
FAIL: 30_threads/timed_mutex/try_lock_until/4.cc (test for excess errors)
UNRESOLVED: 30_threads/timed_mutex/try_lock_until/4.cc compilation failed to produce executable
FAIL: 30_threads/timed_mutex/try_lock_until/57641.cc (test for excess errors)
UNRESOLVED: 30_threads/timed_mutex/try_lock_until/57641.cc compilation failed to produce executable
FAIL: 30_threads/timed_mutex/unlock/1.cc (test for excess errors)
UNRESOLVED: 30_threads/timed_mutex/unlock/1.cc compilation failed to produce executable
FAIL: 30_threads/timed_mutex/unlock/2.cc (test for excess errors)
UNRESOLVED: 30_threads/timed_mutex/unlock/2.cc compilation failed to produce executable
FAIL: 30_threads/try_lock/1.cc (test for excess errors)
UNRESOLVED: 30_threads/try_lock/1.cc compilation failed to produce executable
FAIL: 30_threads/try_lock/2.cc (test for excess errors)
UNRESOLVED: 30_threads/try_lock/2.cc compilation failed to produce executable
FAIL: 30_threads/try_lock/3.cc (test for excess errors)
UNRESOLVED: 30_threads/try_lock/3.cc compilation failed to produce executable
FAIL: 30_threads/try_lock/4.cc (test for excess errors)
UNRESOLVED: 30_threads/try_lock/4.cc compilation failed to produce executable
FAIL: 30_threads/unique_lock/cons/1.cc (test for excess errors)
UNRESOLVED: 30_threads/unique_lock/cons/1.cc compilation failed to produce executable
FAIL: 30_threads/unique_lock/cons/2.cc (test for excess errors)
UNRESOLVED: 30_threads/unique_lock/cons/2.cc compilation failed to produce executable
FAIL: 30_threads/unique_lock/cons/3.cc (test for excess errors)
UNRESOLVED: 30_threads/unique_lock/cons/3.cc compilation failed to produce executable
FAIL: 30_threads/unique_lock/cons/4.cc (test for excess errors)
UNRESOLVED: 30_threads/unique_lock/cons/4.cc compilation failed to produce executable
FAIL: 30_threads/unique_lock/cons/5.cc (test for excess errors)
UNRESOLVED: 30_threads/unique_lock/cons/5.cc compilation failed to produce executable
FAIL: 30_threads/unique_lock/cons/6.cc (test for excess errors)
UNRESOLVED: 30_threads/unique_lock/cons/6.cc compilation failed to produce executable
FAIL: 30_threads/unique_lock/locking/1.cc (test for excess errors)
UNRESOLVED: 30_threads/unique_lock/locking/1.cc compilation failed to produce executable
FAIL: 30_threads/unique_lock/locking/2.cc (test for excess errors)
UNRESOLVED: 30_threads/unique_lock/locking/2.cc compilation failed to produce executable
FAIL: 30_threads/unique_lock/locking/3.cc (test for excess errors)
UNRESOLVED: 30_threads/unique_lock/locking/3.cc compilation failed to produce executable
FAIL: 30_threads/unique_lock/locking/4.cc (test for excess errors)
UNRESOLVED: 30_threads/unique_lock/locking/4.cc compilation failed to produce executable
FAIL: 30_threads/unique_lock/modifiers/1.cc (test for excess errors)
UNRESOLVED: 30_threads/unique_lock/modifiers/1.cc compilation failed to produce executable
FAIL: experimental/net/execution_context/use_service.cc (test for excess errors)
UNRESOLVED: experimental/net/execution_context/use_service.cc compilation failed to produce executable
FAIL: experimental/net/system_context/1.cc (test for excess errors)
UNRESOLVED: experimental/net/system_context/1.cc compilation failed to produce executable
FAIL: experimental/net/timer/waitable/cons.cc (test for excess errors)
UNRESOLVED: experimental/net/timer/waitable/cons.cc compilation failed to produce executable
FAIL: experimental/net/timer/waitable/dest.cc (test for excess errors)
UNRESOLVED: experimental/net/timer/waitable/dest.cc compilation failed to produce executable
FAIL: experimental/net/timer/waitable/ops.cc (test for excess errors)
UNRESOLVED: experimental/net/timer/waitable/ops.cc compilation failed to produce executable
FAIL: ext/mt_allocator/22309_thread.cc (test for excess errors)
UNRESOLVED: ext/mt_allocator/22309_thread.cc compilation failed to produce executable
FAIL: ext/rope/pthread7-rope.cc (test for excess errors)
UNRESOLVED: ext/rope/pthread7-rope.cc compilation failed to produce executable
FAIL: tr1/2_general_utilities/shared_ptr/thread/default_weaktoshared.cc (test for excess errors)
UNRESOLVED: tr1/2_general_utilities/shared_ptr/thread/default_weaktoshared.cc compilation failed to produce executable
FAIL: tr1/2_general_utilities/shared_ptr/thread/mutex_weaktoshared.cc (test for excess errors)
UNRESOLVED: tr1/2_general_utilities/shared_ptr/thread/mutex_weaktoshared.cc compilation failed to produce executable
=== libstdc++ Summary ===
# of expected passes 14547
# of unexpected failures 253
# of expected failures 98
# of unresolved testcases 246
# of unsupported tests 383
Compiler version: 11.0.0 20201030 (experimental) [master revision 39bf4f14fc7] (GCC)
Platform: riscv64-suse-linux-gnu
configure flags: --prefix=/usr --build=riscv64-suse-linux --enable-shared --with-system-zlib CFLAGS='-O2 -g' CXXFLAGS='-O2 -g' --with-multilib-list=lp64d
More information about the Gcc-testresults
mailing list