Results for 11.0.0 20200529 (experimental) [master revision 07852a81f58532c63a57631d7c3757fc6bcea17d] (GCC) testsuite on sparc-sun-solaris2.11
Rainer Orth
ro@CeBiTec.Uni-Bielefeld.DE
Sat May 30 13:54:11 GMT 2020
LAST_UPDATED: Fri May 29 08:49:32 UTC 2020 (revision 07852a81f58532c63a57631d7c3757fc6bcea17d)
=== acats tests ===
=== acats Summary ===
# of expected passes 2320
# of unexpected failures 0
Native configuration is sparc-sun-solaris2.11
=== g++ tests ===
Running target unix
FAIL: c-c++-common/asan/pointer-subtract-3.c -O0 execution test
FAIL: c-c++-common/asan/pointer-subtract-3.c -O1 execution test
FAIL: c-c++-common/asan/pointer-subtract-3.c -O2 execution test
FAIL: c-c++-common/asan/pointer-subtract-3.c -O2 -flto -fno-use-linker-plugin -flto-partition=none execution test
FAIL: c-c++-common/asan/pointer-subtract-3.c -O2 -flto -fuse-linker-plugin -fno-fat-lto-objects execution test
FAIL: c-c++-common/asan/pointer-subtract-3.c -O3 -g execution test
FAIL: c-c++-common/asan/pointer-subtract-3.c -Os execution test
FAIL: g++.dg/asan/deep-thread-stack-1.C -O0 output pattern test
FAIL: g++.dg/asan/deep-thread-stack-1.C -O1 output pattern test
FAIL: g++.dg/asan/deep-thread-stack-1.C -O2 output pattern test
FAIL: g++.dg/asan/deep-thread-stack-1.C -O2 -flto -fno-use-linker-plugin -flto-partition=none output pattern test
FAIL: g++.dg/asan/deep-thread-stack-1.C -O2 -flto -fuse-linker-plugin -fno-fat-lto-objects output pattern test
FAIL: g++.dg/asan/deep-thread-stack-1.C -O3 -g output pattern test
FAIL: g++.dg/asan/deep-thread-stack-1.C -Os output pattern test
FAIL: g++.dg/asan/default-options-1.C -O0 execution test
FAIL: g++.dg/asan/default-options-1.C -O1 execution test
FAIL: g++.dg/asan/default-options-1.C -O2 execution test
FAIL: g++.dg/asan/default-options-1.C -O2 -flto -fno-use-linker-plugin -flto-partition=none execution test
FAIL: g++.dg/asan/default-options-1.C -O2 -flto -fuse-linker-plugin -fno-fat-lto-objects execution test
FAIL: g++.dg/asan/default-options-1.C -O3 -g execution test
FAIL: g++.dg/asan/default-options-1.C -Os execution test
FAIL: g++.dg/cpp1y/lambda-generic-variadic20.C -std=c++14 (internal compiler error)
FAIL: g++.dg/cpp1y/lambda-generic-variadic20.C -std=c++14 (test for excess errors)
FAIL: g++.dg/cpp1y/lambda-generic-variadic20.C -std=c++17 (internal compiler error)
FAIL: g++.dg/cpp1y/lambda-generic-variadic20.C -std=c++17 (test for excess errors)
FAIL: g++.dg/cpp1y/lambda-generic-variadic20.C -std=c++2a (internal compiler error)
FAIL: g++.dg/cpp1y/lambda-generic-variadic20.C -std=c++2a (test for excess errors)
FAIL: g++.dg/gcov/pr16855-priority.C -std=gnu++14 gcov: 1 failures in line counts, 0 in branch percentages, 0 in return percentages, 0 in intermediate format
FAIL: g++.dg/gcov/pr16855-priority.C -std=gnu++14 line 22: is #####:should be 1
FAIL: g++.dg/gcov/pr16855-priority.C -std=gnu++17 gcov: 1 failures in line counts, 0 in branch percentages, 0 in return percentages, 0 in intermediate format
FAIL: g++.dg/gcov/pr16855-priority.C -std=gnu++17 line 22: is #####:should be 1
FAIL: g++.dg/gcov/pr16855-priority.C -std=gnu++2a gcov: 1 failures in line counts, 0 in branch percentages, 0 in return percentages, 0 in intermediate format
FAIL: g++.dg/gcov/pr16855-priority.C -std=gnu++2a line 22: is #####:should be 1
FAIL: g++.dg/gcov/pr16855-priority.C -std=gnu++98 gcov: 1 failures in line counts, 0 in branch percentages, 0 in return percentages, 0 in intermediate format
FAIL: g++.dg/gcov/pr16855-priority.C -std=gnu++98 line 22: is #####:should be 1
FAIL: g++.dg/gcov/pr16855.C -std=gnu++14 gcov: 1 failures in line counts, 0 in branch percentages, 0 in return percentages, 0 in intermediate format
FAIL: g++.dg/gcov/pr16855.C -std=gnu++14 line 24: is #####:should be 1
FAIL: g++.dg/gcov/pr16855.C -std=gnu++17 gcov: 1 failures in line counts, 0 in branch percentages, 0 in return percentages, 0 in intermediate format
FAIL: g++.dg/gcov/pr16855.C -std=gnu++17 line 24: is #####:should be 1
FAIL: g++.dg/gcov/pr16855.C -std=gnu++2a gcov: 1 failures in line counts, 0 in branch percentages, 0 in return percentages, 0 in intermediate format
FAIL: g++.dg/gcov/pr16855.C -std=gnu++2a line 24: is #####:should be 1
FAIL: g++.dg/gcov/pr16855.C -std=gnu++98 gcov: 1 failures in line counts, 0 in branch percentages, 0 in return percentages, 0 in intermediate format
FAIL: g++.dg/gcov/pr16855.C -std=gnu++98 line 24: is #####:should be 1
=== g++ Summary for unix ===
# of expected passes 182955
# of unexpected failures 43
# of expected failures 692
# of unsupported tests 8768
Running target unix/-m64
FAIL: g++.dg/gcov/pr16855-priority.C -std=gnu++14 gcov: 1 failures in line counts, 0 in branch percentages, 0 in return percentages, 0 in intermediate format
FAIL: g++.dg/gcov/pr16855-priority.C -std=gnu++14 line 22: is #####:should be 1
FAIL: g++.dg/gcov/pr16855-priority.C -std=gnu++17 gcov: 1 failures in line counts, 0 in branch percentages, 0 in return percentages, 0 in intermediate format
FAIL: g++.dg/gcov/pr16855-priority.C -std=gnu++17 line 22: is #####:should be 1
FAIL: g++.dg/gcov/pr16855-priority.C -std=gnu++2a gcov: 1 failures in line counts, 0 in branch percentages, 0 in return percentages, 0 in intermediate format
FAIL: g++.dg/gcov/pr16855-priority.C -std=gnu++2a line 22: is #####:should be 1
FAIL: g++.dg/gcov/pr16855-priority.C -std=gnu++98 gcov: 1 failures in line counts, 0 in branch percentages, 0 in return percentages, 0 in intermediate format
FAIL: g++.dg/gcov/pr16855-priority.C -std=gnu++98 line 22: is #####:should be 1
FAIL: g++.dg/gcov/pr16855.C -std=gnu++14 gcov: 1 failures in line counts, 0 in branch percentages, 0 in return percentages, 0 in intermediate format
FAIL: g++.dg/gcov/pr16855.C -std=gnu++14 line 24: is #####:should be 1
FAIL: g++.dg/gcov/pr16855.C -std=gnu++17 gcov: 1 failures in line counts, 0 in branch percentages, 0 in return percentages, 0 in intermediate format
FAIL: g++.dg/gcov/pr16855.C -std=gnu++17 line 24: is #####:should be 1
FAIL: g++.dg/gcov/pr16855.C -std=gnu++2a gcov: 1 failures in line counts, 0 in branch percentages, 0 in return percentages, 0 in intermediate format
FAIL: g++.dg/gcov/pr16855.C -std=gnu++2a line 24: is #####:should be 1
FAIL: g++.dg/gcov/pr16855.C -std=gnu++98 gcov: 1 failures in line counts, 0 in branch percentages, 0 in return percentages, 0 in intermediate format
FAIL: g++.dg/gcov/pr16855.C -std=gnu++98 line 24: is #####:should be 1
=== g++ Summary for unix/-m64 ===
# of expected passes 183798
# of unexpected failures 16
# of expected failures 696
# of unsupported tests 8443
=== g++ Summary ===
# of expected passes 366753
# of unexpected failures 59
# of expected failures 1388
# of unsupported tests 17211
/var/gcc/regression/master/11.4-gcc-gas-gld/build/gcc/xg++ version 11.0.0 20200529 (experimental) [master revision 07852a81f58532c63a57631d7c3757fc6bcea17d] (GCC)
=== gcc tests ===
Running target unix
FAIL: c-c++-common/asan/pointer-subtract-3.c -O0 execution test
FAIL: c-c++-common/asan/pointer-subtract-3.c -O1 execution test
FAIL: c-c++-common/asan/pointer-subtract-3.c -O2 execution test
FAIL: c-c++-common/asan/pointer-subtract-3.c -O2 -flto -fno-use-linker-plugin -flto-partition=none execution test
FAIL: c-c++-common/asan/pointer-subtract-3.c -O2 -flto -fuse-linker-plugin -fno-fat-lto-objects execution test
FAIL: c-c++-common/asan/pointer-subtract-3.c -O3 -g execution test
FAIL: c-c++-common/asan/pointer-subtract-3.c -Os execution test
FAIL: gcc.dg/pr34457-1.c (internal compiler error)
FAIL: gcc.dg/pr34457-1.c (test for excess errors)
FAIL: gcc.dg/pr84877.c execution test
XPASS: gcc.dg/graphite/pr80906.c scan-tree-dump graphite "isl AST to Gimple succeeded"
FAIL: gcc.dg/ipa/iinline-attr.c scan-ipa-dump inline "hooray[^\\\\n]*inline copy in test"
FAIL: gcc.dg/lto/pr88077 c_lto_pr88077_0.o-c_lto_pr88077_1.o link, -O0 -flto -flto-partition=1to1 -fno-use-linker-plugin
FAIL: gcc.dg/lto/pr88077 c_lto_pr88077_0.o-c_lto_pr88077_1.o link, -O2 -flto -flto-partition=1to1 -fno-use-linker-plugin
FAIL: gcc.dg/simulate-thread/atomic-other-int.c -O2 -g thread simulation test
FAIL: gcc.dg/simulate-thread/atomic-other-int.c -O3 -g thread simulation test
FAIL: gcc.dg/simulate-thread/speculative-store-4.c -O0 -g thread simulation test
FAIL: gcc.dg/simulate-thread/speculative-store-4.c -O2 -g thread simulation test
FAIL: gcc.dg/simulate-thread/speculative-store-4.c -O3 -g thread simulation test
FAIL: gcc.dg/simulate-thread/speculative-store.c -O0 -g thread simulation test
FAIL: gcc.dg/torture/pr92088-1.c -O2 -flto -fno-use-linker-plugin -flto-partition=none (internal compiler error)
FAIL: gcc.dg/torture/pr92088-1.c -O2 -flto -fno-use-linker-plugin -flto-partition=none (test for excess errors)
FAIL: gcc.dg/torture/pr92088-1.c -O2 -flto -fuse-linker-plugin -fno-fat-lto-objects (internal compiler error)
FAIL: gcc.dg/torture/pr92088-1.c -O2 -flto -fuse-linker-plugin -fno-fat-lto-objects (test for excess errors)
UNRESOLVED: gcc.dg/torture/pr92088-1.c -O2 -flto -fuse-linker-plugin -fno-fat-lto-objects compilation failed to produce executable
UNRESOLVED: gcc.dg/tree-prof/crossmodule-indir-call-topn-1.c scan-pgo-wpa-ipa-dump profile_estimate "2 \\\\(200.00%\\\\) speculations produced."
UNRESOLVED: gcc.dg/tree-prof/crossmodule-indir-call-topn-2.c scan-pgo-wpa-ipa-dump profile_estimate "2 \\\\(200.00%\\\\) speculations produced."
=== gcc Summary for unix ===
# of expected passes 125219
# of unexpected failures 23
# of unexpected successes 1
# of expected failures 777
# of unresolved testcases 3
# of unsupported tests 3673
Running target unix/-m64
FAIL: gcc.dg/builtin-bswap-11.c (internal compiler error)
FAIL: gcc.dg/builtin-bswap-11.c (test for excess errors)
UNRESOLVED: gcc.dg/builtin-bswap-11.c compilation failed to produce executable
FAIL: gcc.dg/pr34457-1.c (internal compiler error)
FAIL: gcc.dg/pr34457-1.c (test for excess errors)
FAIL: gcc.dg/strcmpopt_8.c (test for excess errors)
FAIL: gcc.dg/strcmpopt_8.c scan-tree-dump-not forwprop1 "strncmp"
XPASS: gcc.dg/graphite/pr80906.c scan-tree-dump graphite "isl AST to Gimple succeeded"
FAIL: gcc.dg/torture/pr92088-1.c -O2 -flto -fno-use-linker-plugin -flto-partition=none (internal compiler error)
FAIL: gcc.dg/torture/pr92088-1.c -O2 -flto -fno-use-linker-plugin -flto-partition=none (test for excess errors)
FAIL: gcc.dg/torture/pr92088-1.c -O2 -flto -fuse-linker-plugin -fno-fat-lto-objects (internal compiler error)
FAIL: gcc.dg/torture/pr92088-1.c -O2 -flto -fuse-linker-plugin -fno-fat-lto-objects (test for excess errors)
UNRESOLVED: gcc.dg/torture/pr92088-1.c -O2 -flto -fuse-linker-plugin -fno-fat-lto-objects compilation failed to produce executable
UNRESOLVED: gcc.dg/tree-prof/crossmodule-indir-call-topn-1.c scan-pgo-wpa-ipa-dump profile_estimate "2 \\\\(200.00%\\\\) speculations produced."
UNRESOLVED: gcc.dg/tree-prof/crossmodule-indir-call-topn-2.c scan-pgo-wpa-ipa-dump profile_estimate "2 \\\\(200.00%\\\\) speculations produced."
=== gcc Summary for unix/-m64 ===
# of expected passes 124900
# of unexpected failures 10
# of unexpected successes 1
# of expected failures 767
# of unresolved testcases 4
# of unsupported tests 2991
=== gcc Summary ===
# of expected passes 250119
# of unexpected failures 33
# of unexpected successes 2
# of expected failures 1544
# of unresolved testcases 7
# of unsupported tests 6664
/var/gcc/regression/master/11.4-gcc-gas-gld/build/gcc/xgcc version 11.0.0 20200529 (experimental) [master revision 07852a81f58532c63a57631d7c3757fc6bcea17d] (GCC)
=== gdc tests ===
Running target unix
=== gdc Summary for unix ===
# of expected passes 21217
# of unsupported tests 129
Running target unix/-m64
=== gdc Summary for unix/-m64 ===
# of expected passes 21216
# of unsupported tests 129
=== gdc Summary ===
# of expected passes 42433
# of unsupported tests 258
/var/gcc/regression/master/11.4-gcc-gas-gld/build/gcc/gdc version 11.0.0 20200529 (experimental) [master revision 07852a81f58532c63a57631d7c3757fc6bcea17d] (GCC)
=== gfortran tests ===
Running target unix
FAIL: gfortran.dg/analyzer/pr93993.f90 -O (test for excess errors)
FAIL: gfortran.dg/inquiry_type_ref_2.f90 -O (test for errors, line 13)
FAIL: gfortran.dg/inquiry_type_ref_2.f90 -O (test for errors, line 14)
FAIL: gfortran.dg/inquiry_type_ref_2.f90 -O (test for errors, line 15)
FAIL: gfortran.dg/inquiry_type_ref_2.f90 -O (test for errors, line 16)
FAIL: gfortran.dg/inquiry_type_ref_2.f90 -O (test for excess errors)
FAIL: gfortran.dg/gomp/target1.f90 -O (internal compiler error)
FAIL: gfortran.dg/gomp/target1.f90 -O (test for excess errors)
=== gfortran Summary for unix ===
# of expected passes 53627
# of unexpected failures 8
# of expected failures 195
# of unsupported tests 278
Running target unix/-m64
FAIL: gfortran.dg/analyzer/pr93993.f90 -O (test for excess errors)
FAIL: gfortran.dg/inquiry_type_ref_2.f90 -O (test for errors, line 13)
FAIL: gfortran.dg/inquiry_type_ref_2.f90 -O (test for errors, line 14)
FAIL: gfortran.dg/inquiry_type_ref_2.f90 -O (test for errors, line 15)
FAIL: gfortran.dg/inquiry_type_ref_2.f90 -O (test for errors, line 16)
FAIL: gfortran.dg/inquiry_type_ref_2.f90 -O (test for excess errors)
FAIL: gfortran.dg/gomp/target1.f90 -O (internal compiler error)
FAIL: gfortran.dg/gomp/target1.f90 -O (test for excess errors)
=== gfortran Summary for unix/-m64 ===
# of expected passes 53876
# of unexpected failures 8
# of expected failures 193
# of unsupported tests 151
=== gfortran Summary ===
# of expected passes 107503
# of unexpected failures 16
# of expected failures 388
# of unsupported tests 429
/var/gcc/regression/master/11.4-gcc-gas-gld/build/gcc/gfortran version 11.0.0 20200529 (experimental) [master revision 07852a81f58532c63a57631d7c3757fc6bcea17d] (GCC)
=== gnat tests ===
Running target unix
=== gnat Summary for unix ===
# of expected passes 3254
# of expected failures 23
# of unsupported tests 30
Running target unix/-m64
=== gnat Summary for unix/-m64 ===
# of expected passes 3254
# of expected failures 23
# of unsupported tests 30
=== gnat Summary ===
# of expected passes 6508
# of expected failures 46
# of unsupported tests 60
/var/gcc/regression/master/11.4-gcc-gas-gld/build/gcc/gnatmake version 11.0.0 20200529 (experimental) [master revision 07852a81f58532c63a57631d7c3757fc6bcea17d]
=== go tests ===
Running target unix
FAIL: ./index0-out.go execution, -O0 -g -fno-var-tracking-assignments
FAIL: go.test/test/fixedbugs/issue4085b.go execution, -O2 -g
FAIL: go.test/test/fixedbugs/issue4562.go execution, -O2 -g
FAIL: go.test/test/nil.go execution, -O2 -g
=== go Summary for unix ===
# of expected passes 7464
# of unexpected failures 4
# of expected failures 1
# of untested testcases 11
# of unsupported tests 3
Running target unix/-m64
FAIL: ./index0-out.go execution, -O0 -g -fno-var-tracking-assignments
=== go Summary for unix/-m64 ===
# of expected passes 7347
# of unexpected failures 1
# of expected failures 1
# of untested testcases 11
# of unsupported tests 3
=== go Summary ===
# of expected passes 14811
# of unexpected failures 5
# of expected failures 2
# of untested testcases 22
# of unsupported tests 6
/var/gcc/regression/master/11.4-gcc-gas-gld/build/gcc/gccgo version 11.0.0 20200529 (experimental) [master revision 07852a81f58532c63a57631d7c3757fc6bcea17d] (GCC)
=== obj-c++ tests ===
Running target unix
=== obj-c++ Summary for unix ===
# of expected passes 1450
# of expected failures 2
# of unsupported tests 77
Running target unix/-m64
=== obj-c++ Summary for unix/-m64 ===
# of expected passes 1442
# of expected failures 10
# of unsupported tests 77
=== obj-c++ Summary ===
# of expected passes 2892
# of expected failures 12
# of unsupported tests 154
/var/gcc/regression/master/11.4-gcc-gas-gld/build/gcc/xg++ version 11.0.0 20200529 (experimental) [master revision 07852a81f58532c63a57631d7c3757fc6bcea17d] (GCC)
=== objc tests ===
Running target unix
=== objc Summary for unix ===
# of expected passes 2784
# of unsupported tests 68
Running target unix/-m64
=== objc Summary for unix/-m64 ===
# of expected passes 2784
# of unsupported tests 68
=== objc Summary ===
# of expected passes 5568
# of unsupported tests 136
/var/gcc/regression/master/11.4-gcc-gas-gld/build/gcc/xgcc version 11.0.0 20200529 (experimental) [master revision 07852a81f58532c63a57631d7c3757fc6bcea17d] (GCC)
=== gotools tests ===
FAIL: go test cmd/go
FAIL: TestAbort
FAIL: TestBreakpoint
FAIL: TestCgoSignalDeadlock
FAIL: TestGccgoCrashTracebackNodebug
FAIL: TestPanicInlined
FAIL: TestSelectStackAdjust
FAIL: go test runtime
FAIL: go test misc/cgo/test
FAIL: TestCompileWithoutShared
FAIL: TestEarlySignalHandler
FAIL: TestOsSignal
FAIL: TestSigaltstack
FAIL: TestSignalForwarding
FAIL: TestSignalForwardingExternal
FAIL: go test misc/cgo/testcarchive
FAIL: go test cmd/vet
=== gotools Summary ===
# of expected passes 245
# of unexpected failures 17
# of untested testcases 160
/var/gcc/regression/master/11.4-gcc-gas-gld/build/./gcc/gccgo version 11.0.0 20200529 (experimental) [master revision 07852a81f58532c63a57631d7c3757fc6bcea17d] (GCC)
=== libatomic tests ===
Running target unix
=== libatomic Summary for unix ===
# of expected passes 44
# of unsupported tests 5
Running target unix/-m64
=== libatomic Summary for unix/-m64 ===
# of expected passes 54
=== libatomic Summary ===
# of expected passes 98
# of unsupported tests 5
=== libffi tests ===
Running target unix
=== libffi Summary for unix ===
# of expected passes 2214
Running target unix/-m64
=== libffi Summary for unix/-m64 ===
# of expected passes 2214
=== libffi Summary ===
# of expected passes 4428
=== libgo tests ===
Running target unix
FAIL: cmd/go/internal/par
FAIL: go/build
FAIL: os/signal
FAIL: runtime
FAIL: runtime/pprof
FAIL: sync/atomic
=== libgo Summary for unix ===
# of expected passes 167
# of unexpected failures 6
Running target unix/-m64
FAIL: cmd/go/internal/par
FAIL: go/build
FAIL: net/http
FAIL: runtime
FAIL: runtime/pprof
FAIL: sync/atomic
=== libgo Summary for unix/-m64 ===
# of expected passes 167
# of unexpected failures 6
=== libgo Summary ===
# of expected passes 334
# of unexpected failures 12
/var/gcc/regression/master/11.4-gcc-gas-gld/build/./gcc/gccgo version 11.0.0 20200529 (experimental) [master revision 07852a81f58532c63a57631d7c3757fc6bcea17d] (GCC)
=== libgomp tests ===
Running target unix
WARNING: libgomp.c++/task-reduction-10.C execution test program timed out.
FAIL: libgomp.c++/task-reduction-10.C execution test
WARNING: libgomp.c++/task-reduction-11.C execution test program timed out.
FAIL: libgomp.c++/task-reduction-11.C execution test
=== libgomp Summary for unix ===
# of expected passes 7691
# of unexpected failures 2
# of expected failures 4
# of unsupported tests 529
Running target unix/-m64
=== libgomp Summary for unix/-m64 ===
# of expected passes 7693
# of expected failures 4
# of unsupported tests 529
=== libgomp Summary ===
# of expected passes 15384
# of unexpected failures 2
# of expected failures 8
# of unsupported tests 1058
=== libitm tests ===
Running target unix
=== libitm Summary for unix ===
# of expected passes 42
# of expected failures 3
# of unsupported tests 1
Running target unix/-m64
=== libitm Summary for unix/-m64 ===
# of expected passes 42
# of expected failures 3
# of unsupported tests 1
=== libitm Summary ===
# of expected passes 84
# of expected failures 6
# of unsupported tests 2
=== libphobos tests ===
Running target unix
FAIL: libphobos.aa/test_aa.d (test for excess errors)
FAIL: libphobos.aa/test_aa.d execution test
FAIL: libphobos.allocations/overflow_from_existing.d (test for excess errors)
FAIL: libphobos.allocations/overflow_from_existing.d output pattern test
FAIL: libphobos.allocations/overflow_from_zero.d (test for excess errors)
FAIL: libphobos.allocations/overflow_from_zero.d output pattern test
FAIL: libphobos.allocations/tls_gc_integration.d (test for excess errors)
FAIL: libphobos.allocations/tls_gc_integration.d execution test
FAIL: libphobos.cycles/mod1.d --DRT-oncycle=abort (test for excess errors)
FAIL: libphobos.cycles/mod1.d --DRT-oncycle=deprecate (test for excess errors)
FAIL: libphobos.cycles/mod1.d --DRT-oncycle=deprecate execution test
FAIL: libphobos.cycles/mod1.d --DRT-oncycle=ignore (test for excess errors)
FAIL: libphobos.cycles/mod1.d --DRT-oncycle=ignore execution test
FAIL: libphobos.cycles/mod1.d --DRT-oncycle=print (test for excess errors)
FAIL: libphobos.cycles/mod1.d --DRT-oncycle=print execution test
FAIL: libphobos.cycles/mod2.d --DRT-oncycle=abort (test for excess errors)
FAIL: libphobos.cycles/mod2.d --DRT-oncycle=deprecate (test for excess errors)
FAIL: libphobos.cycles/mod2.d --DRT-oncycle=deprecate execution test
FAIL: libphobos.cycles/mod2.d --DRT-oncycle=ignore (test for excess errors)
FAIL: libphobos.cycles/mod2.d --DRT-oncycle=ignore execution test
FAIL: libphobos.cycles/mod2.d --DRT-oncycle=print (test for excess errors)
FAIL: libphobos.cycles/mod2.d --DRT-oncycle=print execution test
FAIL: libphobos.cycles/mod3.d --DRT-oncycle=abort (test for excess errors)
FAIL: libphobos.cycles/mod3.d --DRT-oncycle=deprecate (test for excess errors)
FAIL: libphobos.cycles/mod3.d --DRT-oncycle=deprecate execution test
FAIL: libphobos.cycles/mod3.d --DRT-oncycle=ignore (test for excess errors)
FAIL: libphobos.cycles/mod3.d --DRT-oncycle=ignore execution test
FAIL: libphobos.cycles/mod3.d --DRT-oncycle=print (test for excess errors)
FAIL: libphobos.cycles/mod3.d --DRT-oncycle=print execution test
FAIL: libphobos.druntime_shared/core/thread.d execution test
FAIL: libphobos.exceptions/chain.d (test for excess errors)
FAIL: libphobos.exceptions/chain.d execution test
FAIL: libphobos.exceptions/invalid_memory_operation.d (test for excess errors)
FAIL: libphobos.exceptions/invalid_memory_operation.d output pattern test
FAIL: libphobos.exceptions/line_trace.d (test for excess errors)
FAIL: libphobos.exceptions/line_trace.d execution test
FAIL: libphobos.exceptions/static_dtor.d (test for excess errors)
FAIL: libphobos.exceptions/static_dtor.d output pattern test
FAIL: libphobos.exceptions/stderr_msg.d (test for excess errors)
FAIL: libphobos.exceptions/stderr_msg.d output pattern test
FAIL: libphobos.exceptions/unittest_assert.d (test for excess errors)
FAIL: libphobos.exceptions/unittest_assert.d output pattern test
FAIL: libphobos.hash/test_hash.d (test for excess errors)
FAIL: libphobos.hash/test_hash.d execution test
FAIL: libphobos.init_fini/runtime_args.d (test for excess errors)
FAIL: libphobos.init_fini/runtime_args.d execution test
FAIL: libphobos.init_fini/thread_join.d (test for excess errors)
FAIL: libphobos.init_fini/thread_join.d execution test
FAIL: libphobos.shared/finalize.d -shared-libphobos -ldl execution test
FAIL: libphobos.shared/linkD.c lib.so -ldl -pthread (test for excess errors)
FAIL: libphobos.shared/load.d -shared-libphobos -ldl execution test
FAIL: libphobos.shared/load_13414.d -shared-libphobos -ldl execution test
FAIL: libphobos.thread/fiber_guard_page.d (test for excess errors)
FAIL: libphobos.thread/tlsgc_sections.d (test for excess errors)
FAIL: libphobos.thread/tlsgc_sections.d execution test
FAIL: libphobos.typeinfo/comparison.d (test for excess errors)
FAIL: libphobos.typeinfo/comparison.d execution test
FAIL: libphobos.typeinfo/struct-align.d (test for excess errors)
FAIL: libphobos.typeinfo/struct-align.d execution test
=== libphobos Summary for unix ===
# of expected passes 134
# of unexpected failures 59
Running target unix/-m64
FAIL: libphobos.aa/test_aa.d (test for excess errors)
FAIL: libphobos.aa/test_aa.d execution test
FAIL: libphobos.allocations/overflow_from_existing.d (test for excess errors)
FAIL: libphobos.allocations/overflow_from_existing.d output pattern test
FAIL: libphobos.allocations/overflow_from_zero.d (test for excess errors)
FAIL: libphobos.allocations/overflow_from_zero.d output pattern test
FAIL: libphobos.allocations/tls_gc_integration.d (test for excess errors)
FAIL: libphobos.allocations/tls_gc_integration.d execution test
FAIL: libphobos.cycles/mod1.d --DRT-oncycle=abort (test for excess errors)
FAIL: libphobos.cycles/mod1.d --DRT-oncycle=deprecate (test for excess errors)
FAIL: libphobos.cycles/mod1.d --DRT-oncycle=deprecate execution test
FAIL: libphobos.cycles/mod1.d --DRT-oncycle=ignore (test for excess errors)
FAIL: libphobos.cycles/mod1.d --DRT-oncycle=ignore execution test
FAIL: libphobos.cycles/mod1.d --DRT-oncycle=print (test for excess errors)
FAIL: libphobos.cycles/mod1.d --DRT-oncycle=print execution test
FAIL: libphobos.cycles/mod2.d --DRT-oncycle=abort (test for excess errors)
FAIL: libphobos.cycles/mod2.d --DRT-oncycle=deprecate (test for excess errors)
FAIL: libphobos.cycles/mod2.d --DRT-oncycle=deprecate execution test
FAIL: libphobos.cycles/mod2.d --DRT-oncycle=ignore (test for excess errors)
FAIL: libphobos.cycles/mod2.d --DRT-oncycle=ignore execution test
FAIL: libphobos.cycles/mod2.d --DRT-oncycle=print (test for excess errors)
FAIL: libphobos.cycles/mod2.d --DRT-oncycle=print execution test
FAIL: libphobos.cycles/mod3.d --DRT-oncycle=abort (test for excess errors)
FAIL: libphobos.cycles/mod3.d --DRT-oncycle=deprecate (test for excess errors)
FAIL: libphobos.cycles/mod3.d --DRT-oncycle=deprecate execution test
FAIL: libphobos.cycles/mod3.d --DRT-oncycle=ignore (test for excess errors)
FAIL: libphobos.cycles/mod3.d --DRT-oncycle=ignore execution test
FAIL: libphobos.cycles/mod3.d --DRT-oncycle=print (test for excess errors)
FAIL: libphobos.cycles/mod3.d --DRT-oncycle=print execution test
FAIL: libphobos.druntime_shared/core/thread.d execution test
FAIL: libphobos.exceptions/chain.d (test for excess errors)
FAIL: libphobos.exceptions/chain.d execution test
FAIL: libphobos.exceptions/invalid_memory_operation.d (test for excess errors)
FAIL: libphobos.exceptions/invalid_memory_operation.d output pattern test
FAIL: libphobos.exceptions/line_trace.d (test for excess errors)
FAIL: libphobos.exceptions/line_trace.d execution test
FAIL: libphobos.exceptions/static_dtor.d (test for excess errors)
FAIL: libphobos.exceptions/static_dtor.d output pattern test
FAIL: libphobos.exceptions/stderr_msg.d (test for excess errors)
FAIL: libphobos.exceptions/stderr_msg.d output pattern test
FAIL: libphobos.exceptions/unittest_assert.d (test for excess errors)
FAIL: libphobos.exceptions/unittest_assert.d output pattern test
FAIL: libphobos.hash/test_hash.d (test for excess errors)
FAIL: libphobos.hash/test_hash.d execution test
FAIL: libphobos.init_fini/runtime_args.d (test for excess errors)
FAIL: libphobos.init_fini/runtime_args.d execution test
FAIL: libphobos.init_fini/thread_join.d (test for excess errors)
FAIL: libphobos.init_fini/thread_join.d execution test
FAIL: libphobos.shared/finalize.d -shared-libphobos -ldl execution test
FAIL: libphobos.shared/linkD.c lib.so -ldl -pthread (test for excess errors)
FAIL: libphobos.shared/load.d -shared-libphobos -ldl execution test
FAIL: libphobos.shared/load_13414.d -shared-libphobos -ldl execution test
FAIL: libphobos.thread/fiber_guard_page.d (test for excess errors)
FAIL: libphobos.thread/tlsgc_sections.d (test for excess errors)
FAIL: libphobos.thread/tlsgc_sections.d execution test
FAIL: libphobos.typeinfo/comparison.d (test for excess errors)
FAIL: libphobos.typeinfo/comparison.d execution test
FAIL: libphobos.typeinfo/struct-align.d (test for excess errors)
FAIL: libphobos.typeinfo/struct-align.d execution test
=== libphobos Summary for unix/-m64 ===
# of expected passes 134
# of unexpected failures 59
=== libphobos Summary ===
# of expected passes 268
# of unexpected failures 118
=== libstdc++ tests ===
Running target unix
=== libstdc++ Summary for unix ===
# of expected passes 14014
# of expected failures 93
# of unsupported tests 731
Running target unix/-m64
=== libstdc++ Summary for unix/-m64 ===
# of expected passes 14014
# of expected failures 93
# of unsupported tests 731
=== libstdc++ Summary ===
# of expected passes 28028
# of expected failures 186
# of unsupported tests 1462
Compiler version: 11.0.0 20200529 (experimental) [master revision 07852a81f58532c63a57631d7c3757fc6bcea17d] (GCC)
Platform: sparc-sun-solaris2.11
configure flags: --prefix=/vol/gcc --target=sparc-sun-solaris2.11 --enable-objc-gc --with-target-bdw-gc-include=/vol/gcc/include --with-target-bdw-gc-lib=/vol/gcc/lib,sparcv9=/vol/gcc/lib/sparcv9 --with-as=/vol/gcc/bin/gas-2.34 --with-gnu-as --with-ld=/vol/gcc/bin/gld-2.34 --with-gnu-ld --with-gmp-include=/vol/gcc/include --with-gmp-lib=/vol/gcc/lib --with-mpfr-include=/vol/gcc/include --with-mpfr-lib=/vol/gcc/lib --with-mpc-include=/vol/gcc/include --with-mpc-lib=/vol/gcc/lib --enable-languages=all,ada,obj-c++,go --with-isl-include=/vol/gcc/include --with-isl-lib=/vol/gcc/lib --with-zstd-include=/vol/gcc/include --with-zstd-lib=/vol/gcc/lib --build=sparc-sun-solaris2.11 --host=sparc-sun-solaris2.11
BOOT_CFLAGS=-g -O2
More information about the Gcc-testresults
mailing list