Results for 11.0.0 20200529 (experimental) [master revision 07852a81f58532c63a57631d7c3757fc6bcea17d] (GCC) testsuite on i386-pc-solaris2.11
Rainer Orth
ro@CeBiTec.Uni-Bielefeld.DE
Fri May 29 11:45:39 GMT 2020
LAST_UPDATED: Fri May 29 08:49:32 UTC 2020 (revision 07852a81f58532c63a57631d7c3757fc6bcea17d)
=== acats tests ===
=== acats Summary ===
# of expected passes 2320
# of unexpected failures 0
Native configuration is i386-pc-solaris2.11
=== g++ tests ===
Running target unix
FAIL: c-c++-common/asan/null-deref-1.c -O0 output pattern test
FAIL: c-c++-common/asan/null-deref-1.c -O1 output pattern test
FAIL: c-c++-common/asan/null-deref-1.c -O2 output pattern test
FAIL: c-c++-common/asan/null-deref-1.c -O2 -flto output pattern test
FAIL: c-c++-common/asan/null-deref-1.c -O2 -flto -flto-partition=none output pattern test
FAIL: c-c++-common/asan/null-deref-1.c -O3 -g output pattern test
FAIL: c-c++-common/asan/null-deref-1.c -Os output pattern test
FAIL: c-c++-common/asan/swapcontext-test-1.c -O0 execution test
FAIL: c-c++-common/asan/swapcontext-test-1.c -O1 execution test
FAIL: c-c++-common/asan/swapcontext-test-1.c -O2 execution test
FAIL: c-c++-common/asan/swapcontext-test-1.c -O2 -flto execution test
FAIL: c-c++-common/asan/swapcontext-test-1.c -O2 -flto -flto-partition=none execution test
FAIL: c-c++-common/asan/swapcontext-test-1.c -O3 -fomit-frame-pointer -funroll-loops -fpeel-loops -ftracer -finline-functions execution test
FAIL: c-c++-common/asan/swapcontext-test-1.c -O3 -g execution test
FAIL: c-c++-common/asan/swapcontext-test-1.c -Os execution test
FAIL: g++.dg/asan/default-options-1.C -O0 execution test
FAIL: g++.dg/asan/default-options-1.C -O1 execution test
FAIL: g++.dg/asan/default-options-1.C -O2 execution test
FAIL: g++.dg/asan/default-options-1.C -O2 -flto execution test
FAIL: g++.dg/asan/default-options-1.C -O2 -flto -flto-partition=none execution test
FAIL: g++.dg/asan/default-options-1.C -O3 -g execution test
FAIL: g++.dg/asan/default-options-1.C -Os execution test
FAIL: g++.dg/gcov/pr16855-priority.C -std=gnu++14 gcov: 1 failures in line counts, 0 in branch percentages, 0 in return percentages, 0 in intermediate format
FAIL: g++.dg/gcov/pr16855-priority.C -std=gnu++14 line 22: is #####:should be 1
FAIL: g++.dg/gcov/pr16855-priority.C -std=gnu++17 gcov: 1 failures in line counts, 0 in branch percentages, 0 in return percentages, 0 in intermediate format
FAIL: g++.dg/gcov/pr16855-priority.C -std=gnu++17 line 22: is #####:should be 1
FAIL: g++.dg/gcov/pr16855-priority.C -std=gnu++2a gcov: 1 failures in line counts, 0 in branch percentages, 0 in return percentages, 0 in intermediate format
FAIL: g++.dg/gcov/pr16855-priority.C -std=gnu++2a line 22: is #####:should be 1
FAIL: g++.dg/gcov/pr16855-priority.C -std=gnu++98 gcov: 1 failures in line counts, 0 in branch percentages, 0 in return percentages, 0 in intermediate format
FAIL: g++.dg/gcov/pr16855-priority.C -std=gnu++98 line 22: is #####:should be 1
FAIL: g++.dg/gcov/pr16855.C -std=gnu++14 gcov: 1 failures in line counts, 0 in branch percentages, 0 in return percentages, 0 in intermediate format
FAIL: g++.dg/gcov/pr16855.C -std=gnu++14 line 24: is #####:should be 1
FAIL: g++.dg/gcov/pr16855.C -std=gnu++17 gcov: 1 failures in line counts, 0 in branch percentages, 0 in return percentages, 0 in intermediate format
FAIL: g++.dg/gcov/pr16855.C -std=gnu++17 line 24: is #####:should be 1
FAIL: g++.dg/gcov/pr16855.C -std=gnu++2a gcov: 1 failures in line counts, 0 in branch percentages, 0 in return percentages, 0 in intermediate format
FAIL: g++.dg/gcov/pr16855.C -std=gnu++2a line 24: is #####:should be 1
FAIL: g++.dg/gcov/pr16855.C -std=gnu++98 gcov: 1 failures in line counts, 0 in branch percentages, 0 in return percentages, 0 in intermediate format
FAIL: g++.dg/gcov/pr16855.C -std=gnu++98 line 24: is #####:should be 1
FAIL: g++.dg/lto/pr89335 cp_lto_pr89335_0.o assemble, -O2 -flto -Wsuggest-final-methods
=== g++ Summary for unix ===
# of expected passes 185123
# of unexpected failures 39
# of expected failures 712
# of unsupported tests 8189
Running target unix/-m64
FAIL: g++.dg/gcov/pr16855-priority.C -std=gnu++14 gcov: 1 failures in line counts, 0 in branch percentages, 0 in return percentages, 0 in intermediate format
FAIL: g++.dg/gcov/pr16855-priority.C -std=gnu++14 line 22: is #####:should be 1
FAIL: g++.dg/gcov/pr16855-priority.C -std=gnu++17 gcov: 1 failures in line counts, 0 in branch percentages, 0 in return percentages, 0 in intermediate format
FAIL: g++.dg/gcov/pr16855-priority.C -std=gnu++17 line 22: is #####:should be 1
FAIL: g++.dg/gcov/pr16855-priority.C -std=gnu++2a gcov: 1 failures in line counts, 0 in branch percentages, 0 in return percentages, 0 in intermediate format
FAIL: g++.dg/gcov/pr16855-priority.C -std=gnu++2a line 22: is #####:should be 1
FAIL: g++.dg/gcov/pr16855-priority.C -std=gnu++98 gcov: 1 failures in line counts, 0 in branch percentages, 0 in return percentages, 0 in intermediate format
FAIL: g++.dg/gcov/pr16855-priority.C -std=gnu++98 line 22: is #####:should be 1
FAIL: g++.dg/gcov/pr16855.C -std=gnu++14 gcov: 1 failures in line counts, 0 in branch percentages, 0 in return percentages, 0 in intermediate format
FAIL: g++.dg/gcov/pr16855.C -std=gnu++14 line 24: is #####:should be 1
FAIL: g++.dg/gcov/pr16855.C -std=gnu++17 gcov: 1 failures in line counts, 0 in branch percentages, 0 in return percentages, 0 in intermediate format
FAIL: g++.dg/gcov/pr16855.C -std=gnu++17 line 24: is #####:should be 1
FAIL: g++.dg/gcov/pr16855.C -std=gnu++2a gcov: 1 failures in line counts, 0 in branch percentages, 0 in return percentages, 0 in intermediate format
FAIL: g++.dg/gcov/pr16855.C -std=gnu++2a line 24: is #####:should be 1
FAIL: g++.dg/gcov/pr16855.C -std=gnu++98 gcov: 1 failures in line counts, 0 in branch percentages, 0 in return percentages, 0 in intermediate format
FAIL: g++.dg/gcov/pr16855.C -std=gnu++98 line 24: is #####:should be 1
FAIL: g++.dg/lto/pr89335 cp_lto_pr89335_0.o assemble, -O2 -flto -Wsuggest-final-methods
=== g++ Summary for unix/-m64 ===
# of expected passes 185529
# of unexpected failures 17
# of expected failures 716
# of unsupported tests 8135
=== g++ Summary ===
# of expected passes 370652
# of unexpected failures 56
# of expected failures 1428
# of unsupported tests 16324
/var/gcc/regression/master/11.4-gcc/build/gcc/xg++ version 11.0.0 20200529 (experimental) [master revision 07852a81f58532c63a57631d7c3757fc6bcea17d] (GCC)
=== gcc tests ===
Running target unix
FAIL: gcc.c-torture/compile/pr61159.c -O0 (test for excess errors)
FAIL: gcc.c-torture/compile/pr61159.c -O1 (test for excess errors)
FAIL: gcc.c-torture/compile/pr61159.c -O2 (test for excess errors)
FAIL: gcc.c-torture/compile/pr61159.c -O2 -flto (test for excess errors)
FAIL: gcc.c-torture/compile/pr61159.c -O2 -flto -flto-partition=none (test for excess errors)
FAIL: gcc.c-torture/compile/pr61159.c -O3 -g (test for excess errors)
FAIL: gcc.c-torture/compile/pr61159.c -Os (test for excess errors)
FAIL: c-c++-common/asan/null-deref-1.c -O0 output pattern test
FAIL: c-c++-common/asan/null-deref-1.c -O1 output pattern test
FAIL: c-c++-common/asan/null-deref-1.c -O2 output pattern test
FAIL: c-c++-common/asan/null-deref-1.c -O2 -flto output pattern test
FAIL: c-c++-common/asan/null-deref-1.c -O2 -flto -flto-partition=none output pattern test
FAIL: c-c++-common/asan/null-deref-1.c -O3 -g output pattern test
FAIL: c-c++-common/asan/null-deref-1.c -Os output pattern test
FAIL: c-c++-common/asan/swapcontext-test-1.c -O0 execution test
FAIL: c-c++-common/asan/swapcontext-test-1.c -O1 execution test
FAIL: c-c++-common/asan/swapcontext-test-1.c -O2 execution test
FAIL: c-c++-common/asan/swapcontext-test-1.c -O2 -flto execution test
FAIL: c-c++-common/asan/swapcontext-test-1.c -O2 -flto -flto-partition=none execution test
FAIL: c-c++-common/asan/swapcontext-test-1.c -O3 -fomit-frame-pointer -funroll-loops -fpeel-loops -ftracer -finline-functions execution test
FAIL: c-c++-common/asan/swapcontext-test-1.c -O3 -g execution test
FAIL: c-c++-common/asan/swapcontext-test-1.c -Os execution test
FAIL: gcc.dg/attr-weakref-1.c (test for excess errors)
UNRESOLVED: gcc.dg/attr-weakref-1.c compilation failed to produce executable
FAIL: gcc.dg/pr34457-1.c (internal compiler error)
FAIL: gcc.dg/pr34457-1.c (test for excess errors)
XPASS: gcc.dg/graphite/pr80906.c scan-tree-dump graphite "isl AST to Gimple succeeded"
FAIL: gcc.dg/ipa/iinline-attr.c scan-ipa-dump inline "hooray[^\\\\n]*inline copy in test"
FAIL: gcc.dg/ipa/ipa-icf-38.c scan-ltrans-tree-dump-not optimized "Function bar"
FAIL: gcc.dg/torture/pr92088-1.c -O2 -flto (internal compiler error)
FAIL: gcc.dg/torture/pr92088-1.c -O2 -flto (test for excess errors)
FAIL: gcc.dg/torture/pr92088-1.c -O2 -flto -flto-partition=none (internal compiler error)
FAIL: gcc.dg/torture/pr92088-1.c -O2 -flto -flto-partition=none (test for excess errors)
UNRESOLVED: gcc.dg/tree-prof/crossmodule-indir-call-topn-1.c scan-pgo-wpa-ipa-dump profile_estimate "2 \\\\(200.00%\\\\) speculations produced."
UNRESOLVED: gcc.dg/tree-prof/crossmodule-indir-call-topn-2.c scan-pgo-wpa-ipa-dump profile_estimate "2 \\\\(200.00%\\\\) speculations produced."
FAIL: outputs doc double !-c -o -db'' -flto: extra
FAIL: outputs lto dbsovrdd mult named: extra
FAIL: outputs lto dbsovrdd mult namedb: extra
FAIL: outputs lto dbsovrdd mult unnamed: extra
FAIL: outputs lto dbsovrdd sing named: extra
FAIL: outputs lto dbsovrdd sing namedb: extra
FAIL: outputs lto dbsovrdd sing unnamed: extra
FAIL: outputs lto dbswthdd mult named: extra
FAIL: outputs lto dbswthdd mult namedb: extra
FAIL: outputs lto dbswthdd mult unnamed: extra
FAIL: outputs lto dbswthdd sing named: extra
FAIL: outputs lto dbswthdd sing namedb: extra
FAIL: outputs lto dbswthdd sing unnamed: extra
FAIL: outputs lto mult dumpbase named: extra
FAIL: outputs lto mult dumpbase namedb: extra
FAIL: outputs lto mult dumpbase unnamed: extra
FAIL: outputs lto mult dumpdir named: extra
FAIL: outputs lto mult dumpdir namedb: extra
FAIL: outputs lto mult dumpdir unnamed: extra
FAIL: outputs lto mult empty dumpbase dumpdir named: extra
FAIL: outputs lto mult empty dumpbase dumpdir namedb: extra
FAIL: outputs lto mult empty dumpbase dumpdir unnamed: extra
FAIL: outputs lto mult empty dumpbase named: extra
FAIL: outputs lto mult empty dumpbase namedb: extra
FAIL: outputs lto mult empty dumpbase unnamed: extra
FAIL: outputs lto mult empty dumpdir empty dumpbase named: extra
FAIL: outputs lto mult empty dumpdir empty dumpbase namedb: extra
FAIL: outputs lto mult empty dumpdir empty dumpbase unnamed: extra
FAIL: outputs lto mult named: extra
FAIL: outputs lto mult nameddir: extra
FAIL: outputs lto mult unnamed: extra
FAIL: outputs lto sing dumpbase named: extra
FAIL: outputs lto sing dumpbase namedb: extra
FAIL: outputs lto sing dumpbase unnamed: extra
FAIL: outputs lto sing dumpdir named: extra
FAIL: outputs lto sing dumpdir namedb: extra
FAIL: outputs lto sing dumpdir unnamed: extra
FAIL: outputs lto sing empty dumpbase dumpdir named: extra
FAIL: outputs lto sing empty dumpbase dumpdir namedb: extra
FAIL: outputs lto sing empty dumpbase dumpdir unnamed: extra
FAIL: outputs lto sing empty dumpbase named: extra
FAIL: outputs lto sing empty dumpbase namedb: extra
FAIL: outputs lto sing empty dumpbase unnamed: extra
FAIL: outputs lto sing empty dumpdir empty dumpbase named: extra
FAIL: outputs lto sing empty dumpdir empty dumpbase namedb: extra
FAIL: outputs lto sing empty dumpdir empty dumpbase unnamed: extra
FAIL: outputs lto sing named: extra
FAIL: outputs lto sing nameddir: extra
FAIL: outputs lto sing unnamed: extra
FAIL: outputs lto st mult dumpdir empty dumpbase named: dir/outputs-1.lto_wrapper_args
FAIL: outputs lto st mult dumpdir empty dumpbase named: dir/outputs-1.res
FAIL: outputs lto st mult dumpdir empty dumpbase named: extra
FAIL: outputs lto st mult dumpdir named: dir/outputs-lto_wrapper_args
FAIL: outputs lto st mult dumpdir named: dir/outputs-res
FAIL: outputs lto st mult dumpdir named: extra
FAIL: outputs lto st mult empty dumpbase namedb: dir/outputs.lto_wrapper_args
FAIL: outputs lto st mult empty dumpbase namedb: dir/outputs.res
FAIL: outputs lto st mult empty dumpbase namedb: extra
FAIL: outputs lto st mult empty dumpbase unnamed: a.lto_wrapper_args
FAIL: outputs lto st mult empty dumpbase unnamed: a.res
FAIL: outputs lto st mult empty dumpbase unnamed: extra
FAIL: outputs lto st mult namedb: dir/outputs.lto_wrapper_args
FAIL: outputs lto st mult namedb: dir/outputs.res
FAIL: outputs lto st mult namedb: extra
FAIL: outputs lto st mult unnamed: a.lto_wrapper_args
FAIL: outputs lto st mult unnamed: a.res
FAIL: outputs lto st mult unnamed: extra
FAIL: outputs lto st sing dumpdir empty dumpbase named: dir/outputs-0.lto_wrapper_args
FAIL: outputs lto st sing dumpdir empty dumpbase named: dir/outputs-0.res
FAIL: outputs lto st sing dumpdir empty dumpbase named: extra
FAIL: outputs lto st sing dumpdir named: dir/outputs-lto_wrapper_args
FAIL: outputs lto st sing dumpdir named: dir/outputs-res
FAIL: outputs lto st sing dumpdir named: extra
FAIL: outputs lto st sing empty dumpbase namedb: dir/outputs.lto_wrapper_args
FAIL: outputs lto st sing empty dumpbase namedb: dir/outputs.res
FAIL: outputs lto st sing empty dumpbase namedb: extra
FAIL: outputs lto st sing empty dumpbase unnamed: a.lto_wrapper_args
FAIL: outputs lto st sing empty dumpbase unnamed: a.res
FAIL: outputs lto st sing empty dumpbase unnamed: extra
FAIL: outputs lto st sing namedb: dir/outputs.lto_wrapper_args
FAIL: outputs lto st sing namedb: dir/outputs.res
FAIL: outputs lto st sing namedb: extra
FAIL: outputs lto st sing unnamed: a.lto_wrapper_args
FAIL: outputs lto st sing unnamed: a.res
FAIL: outputs lto st sing unnamed: extra
FAIL: gcc.target/i386/avx512bw-pr86036.c (test for excess errors)
UNRESOLVED: gcc.target/i386/avx512bw-pr86036.c compilation failed to produce executable
FAIL: gcc.target/i386/avx512bw-pr92686-vpcmp-2.c (test for excess errors)
UNRESOLVED: gcc.target/i386/avx512bw-pr92686-vpcmp-2.c compilation failed to produce executable
FAIL: gcc.target/i386/avx512bw-pr92908.c (test for excess errors)
UNRESOLVED: gcc.target/i386/avx512bw-pr92908.c compilation failed to produce executable
FAIL: gcc.target/i386/avx512bw-vpmovb2m-2.c (test for excess errors)
UNRESOLVED: gcc.target/i386/avx512bw-vpmovb2m-2.c compilation failed to produce executable
FAIL: gcc.target/i386/avx512bw-vpmovm2b-2.c (test for excess errors)
UNRESOLVED: gcc.target/i386/avx512bw-vpmovm2b-2.c compilation failed to produce executable
FAIL: gcc.target/i386/avx512bw-vpmovm2w-2.c (test for excess errors)
UNRESOLVED: gcc.target/i386/avx512bw-vpmovm2w-2.c compilation failed to produce executable
FAIL: gcc.target/i386/avx512bw-vpmovw2m-2.c (test for excess errors)
UNRESOLVED: gcc.target/i386/avx512bw-vpmovw2m-2.c compilation failed to produce executable
FAIL: gcc.target/i386/avx512dq-vpmovd2m-2.c (test for excess errors)
UNRESOLVED: gcc.target/i386/avx512dq-vpmovd2m-2.c compilation failed to produce executable
FAIL: gcc.target/i386/avx512dq-vpmovm2d-2.c (test for excess errors)
UNRESOLVED: gcc.target/i386/avx512dq-vpmovm2d-2.c compilation failed to produce executable
FAIL: gcc.target/i386/avx512dq-vpmovq2m-2.c (test for excess errors)
UNRESOLVED: gcc.target/i386/avx512dq-vpmovq2m-2.c compilation failed to produce executable
FAIL: gcc.target/i386/avx512vl-pr88514-1.c (test for excess errors)
FAIL: gcc.target/i386/avx512vl-pr88514-2.c (test for excess errors)
FAIL: gcc.target/i386/avx512vl-pr88514-3.c (test for excess errors)
FAIL: gcc.target/i386/avx512vl-pr88547-2.c (test for excess errors)
UNRESOLVED: gcc.target/i386/avx512vl-pr88547-2.c compilation failed to produce executable
FAIL: gcc.target/i386/avx512vl-pr88547-3.c (test for excess errors)
UNRESOLVED: gcc.target/i386/avx512vl-pr88547-3.c compilation failed to produce executable
FAIL: gcc.target/i386/avx512vl-pr92686-vpcmp-2.c (test for excess errors)
UNRESOLVED: gcc.target/i386/avx512vl-pr92686-vpcmp-2.c compilation failed to produce executable
FAIL: gcc.target/i386/avx512vl-vpmovb2m-2.c (test for excess errors)
UNRESOLVED: gcc.target/i386/avx512vl-vpmovb2m-2.c compilation failed to produce executable
FAIL: gcc.target/i386/avx512vl-vpmovd2m-2.c (test for excess errors)
UNRESOLVED: gcc.target/i386/avx512vl-vpmovd2m-2.c compilation failed to produce executable
FAIL: gcc.target/i386/avx512vl-vpmovm2b-2.c (test for excess errors)
UNRESOLVED: gcc.target/i386/avx512vl-vpmovm2b-2.c compilation failed to produce executable
FAIL: gcc.target/i386/avx512vl-vpmovm2d-2.c (test for excess errors)
UNRESOLVED: gcc.target/i386/avx512vl-vpmovm2d-2.c compilation failed to produce executable
FAIL: gcc.target/i386/avx512vl-vpmovm2w-2.c (test for excess errors)
UNRESOLVED: gcc.target/i386/avx512vl-vpmovm2w-2.c compilation failed to produce executable
FAIL: gcc.target/i386/avx512vl-vpmovq2m-2.c (test for excess errors)
UNRESOLVED: gcc.target/i386/avx512vl-vpmovq2m-2.c compilation failed to produce executable
FAIL: gcc.target/i386/avx512vl-vpmovw2m-2.c (test for excess errors)
UNRESOLVED: gcc.target/i386/avx512vl-vpmovw2m-2.c compilation failed to produce executable
FAIL: gcc.target/i386/pr69454-2.c (internal compiler error)
FAIL: gcc.target/i386/pr69454-2.c (test for excess errors)
FAIL: gcc.target/i386/pr80569.c (test for excess errors)
FAIL: gcc.target/i386/pr95021-1.c scan-assembler movq[ \\t]%xmm[0-9]+, \\\\(%esp\\\\)
FAIL: gcc.target/i386/pr95021-3.c scan-assembler movq[ \\t]+[^\\n]*, %xmm
FAIL: gcc.target/i386/pr95356.c (internal compiler error)
FAIL: gcc.target/i386/pr95356.c (test for excess errors)
UNRESOLVED: gcc.target/i386/stackalign/longlong-1.c -mno-stackrealign scan-assembler-not and[lq]?[^\\\\n]*-8,[^\\\\n]*sp
FAIL: gcc.target/i386/stackalign/longlong-1.c -mno-stackrealign (internal compiler error)
FAIL: gcc.target/i386/stackalign/longlong-1.c -mno-stackrealign (test for excess errors)
UNRESOLVED: gcc.target/i386/stackalign/longlong-1.c -mstackrealign scan-assembler-not and[lq]?[^\\\\n]*-8,[^\\\\n]*sp
FAIL: gcc.target/i386/stackalign/longlong-1.c -mstackrealign (internal compiler error)
FAIL: gcc.target/i386/stackalign/longlong-1.c -mstackrealign (test for excess errors)
=== gcc Summary for unix ===
# of expected passes 146279
# of unexpected failures 150
# of unexpected successes 1
# of expected failures 722
# of unresolved testcases 25
# of unsupported tests 3685
Running target unix/-m64
FAIL: gcc.c-torture/compile/pr61159.c -O0 (test for excess errors)
FAIL: gcc.c-torture/compile/pr61159.c -O1 (test for excess errors)
FAIL: gcc.c-torture/compile/pr61159.c -O2 (test for excess errors)
FAIL: gcc.c-torture/compile/pr61159.c -O2 -flto (test for excess errors)
FAIL: gcc.c-torture/compile/pr61159.c -O2 -flto -flto-partition=none (test for excess errors)
FAIL: gcc.c-torture/compile/pr61159.c -O3 -g (test for excess errors)
FAIL: gcc.c-torture/compile/pr61159.c -Os (test for excess errors)
FAIL: gcc.dg/attr-weakref-1.c (test for excess errors)
UNRESOLVED: gcc.dg/attr-weakref-1.c compilation failed to produce executable
FAIL: gcc.dg/pr34457-1.c (internal compiler error)
FAIL: gcc.dg/pr34457-1.c (test for excess errors)
FAIL: gcc.dg/strcmpopt_8.c (test for excess errors)
FAIL: gcc.dg/strcmpopt_8.c scan-tree-dump-not forwprop1 "strncmp"
XPASS: gcc.dg/graphite/pr80906.c scan-tree-dump graphite "isl AST to Gimple succeeded"
FAIL: gcc.dg/ipa/iinline-attr.c scan-ipa-dump inline "hooray[^\\\\n]*inline copy in test"
FAIL: gcc.dg/ipa/ipa-icf-38.c scan-ltrans-tree-dump-not optimized "Function bar"
FAIL: gcc.dg/torture/pr92088-1.c -O2 -flto (internal compiler error)
FAIL: gcc.dg/torture/pr92088-1.c -O2 -flto (test for excess errors)
FAIL: gcc.dg/torture/pr92088-1.c -O2 -flto -flto-partition=none (internal compiler error)
FAIL: gcc.dg/torture/pr92088-1.c -O2 -flto -flto-partition=none (test for excess errors)
UNRESOLVED: gcc.dg/tree-prof/crossmodule-indir-call-topn-1.c scan-pgo-wpa-ipa-dump profile_estimate "2 \\\\(200.00%\\\\) speculations produced."
UNRESOLVED: gcc.dg/tree-prof/crossmodule-indir-call-topn-2.c scan-pgo-wpa-ipa-dump profile_estimate "2 \\\\(200.00%\\\\) speculations produced."
XPASS: gcc.dg/tree-ssa/builtin-snprintf-6.c scan-tree-dump-times optimized "Function test_assign_aggregate" 1
FAIL: outputs doc double !-c -o -db'' -flto: extra
FAIL: outputs lto dbsovrdd mult named: extra
FAIL: outputs lto dbsovrdd mult namedb: extra
FAIL: outputs lto dbsovrdd mult unnamed: extra
FAIL: outputs lto dbsovrdd sing named: extra
FAIL: outputs lto dbsovrdd sing namedb: extra
FAIL: outputs lto dbsovrdd sing unnamed: extra
FAIL: outputs lto dbswthdd mult named: extra
FAIL: outputs lto dbswthdd mult namedb: extra
FAIL: outputs lto dbswthdd mult unnamed: extra
FAIL: outputs lto dbswthdd sing named: extra
FAIL: outputs lto dbswthdd sing namedb: extra
FAIL: outputs lto dbswthdd sing unnamed: extra
FAIL: outputs lto mult dumpbase named: extra
FAIL: outputs lto mult dumpbase namedb: extra
FAIL: outputs lto mult dumpbase unnamed: extra
FAIL: outputs lto mult dumpdir named: extra
FAIL: outputs lto mult dumpdir namedb: extra
FAIL: outputs lto mult dumpdir unnamed: extra
FAIL: outputs lto mult empty dumpbase dumpdir named: extra
FAIL: outputs lto mult empty dumpbase dumpdir namedb: extra
FAIL: outputs lto mult empty dumpbase dumpdir unnamed: extra
FAIL: outputs lto mult empty dumpbase named: extra
FAIL: outputs lto mult empty dumpbase namedb: extra
FAIL: outputs lto mult empty dumpbase unnamed: extra
FAIL: outputs lto mult empty dumpdir empty dumpbase named: extra
FAIL: outputs lto mult empty dumpdir empty dumpbase namedb: extra
FAIL: outputs lto mult empty dumpdir empty dumpbase unnamed: extra
FAIL: outputs lto mult named: extra
FAIL: outputs lto mult nameddir: extra
FAIL: outputs lto mult unnamed: extra
FAIL: outputs lto sing dumpbase named: extra
FAIL: outputs lto sing dumpbase namedb: extra
FAIL: outputs lto sing dumpbase unnamed: extra
FAIL: outputs lto sing dumpdir named: extra
FAIL: outputs lto sing dumpdir namedb: extra
FAIL: outputs lto sing dumpdir unnamed: extra
FAIL: outputs lto sing empty dumpbase dumpdir named: extra
FAIL: outputs lto sing empty dumpbase dumpdir namedb: extra
FAIL: outputs lto sing empty dumpbase dumpdir unnamed: extra
FAIL: outputs lto sing empty dumpbase named: extra
FAIL: outputs lto sing empty dumpbase namedb: extra
FAIL: outputs lto sing empty dumpbase unnamed: extra
FAIL: outputs lto sing empty dumpdir empty dumpbase named: extra
FAIL: outputs lto sing empty dumpdir empty dumpbase namedb: extra
FAIL: outputs lto sing empty dumpdir empty dumpbase unnamed: extra
FAIL: outputs lto sing named: extra
FAIL: outputs lto sing nameddir: extra
FAIL: outputs lto sing unnamed: extra
FAIL: outputs lto st mult dumpdir empty dumpbase named: dir/outputs-1.lto_wrapper_args
FAIL: outputs lto st mult dumpdir empty dumpbase named: dir/outputs-1.res
FAIL: outputs lto st mult dumpdir empty dumpbase named: extra
FAIL: outputs lto st mult dumpdir named: dir/outputs-lto_wrapper_args
FAIL: outputs lto st mult dumpdir named: dir/outputs-res
FAIL: outputs lto st mult dumpdir named: extra
FAIL: outputs lto st mult empty dumpbase namedb: dir/outputs.lto_wrapper_args
FAIL: outputs lto st mult empty dumpbase namedb: dir/outputs.res
FAIL: outputs lto st mult empty dumpbase namedb: extra
FAIL: outputs lto st mult empty dumpbase unnamed: a.lto_wrapper_args
FAIL: outputs lto st mult empty dumpbase unnamed: a.res
FAIL: outputs lto st mult empty dumpbase unnamed: extra
FAIL: outputs lto st mult namedb: dir/outputs.lto_wrapper_args
FAIL: outputs lto st mult namedb: dir/outputs.res
FAIL: outputs lto st mult namedb: extra
FAIL: outputs lto st mult unnamed: a.lto_wrapper_args
FAIL: outputs lto st mult unnamed: a.res
FAIL: outputs lto st mult unnamed: extra
FAIL: outputs lto st sing dumpdir empty dumpbase named: dir/outputs-0.lto_wrapper_args
FAIL: outputs lto st sing dumpdir empty dumpbase named: dir/outputs-0.res
FAIL: outputs lto st sing dumpdir empty dumpbase named: extra
FAIL: outputs lto st sing dumpdir named: dir/outputs-lto_wrapper_args
FAIL: outputs lto st sing dumpdir named: dir/outputs-res
FAIL: outputs lto st sing dumpdir named: extra
FAIL: outputs lto st sing empty dumpbase namedb: dir/outputs.lto_wrapper_args
FAIL: outputs lto st sing empty dumpbase namedb: dir/outputs.res
FAIL: outputs lto st sing empty dumpbase namedb: extra
FAIL: outputs lto st sing empty dumpbase unnamed: a.lto_wrapper_args
FAIL: outputs lto st sing empty dumpbase unnamed: a.res
FAIL: outputs lto st sing empty dumpbase unnamed: extra
FAIL: outputs lto st sing namedb: dir/outputs.lto_wrapper_args
FAIL: outputs lto st sing namedb: dir/outputs.res
FAIL: outputs lto st sing namedb: extra
FAIL: outputs lto st sing unnamed: a.lto_wrapper_args
FAIL: outputs lto st sing unnamed: a.res
FAIL: outputs lto st sing unnamed: extra
FAIL: gcc.target/i386/avx512bw-pr86036.c (test for excess errors)
UNRESOLVED: gcc.target/i386/avx512bw-pr86036.c compilation failed to produce executable
FAIL: gcc.target/i386/avx512bw-pr92686-vpcmp-2.c (test for excess errors)
UNRESOLVED: gcc.target/i386/avx512bw-pr92686-vpcmp-2.c compilation failed to produce executable
FAIL: gcc.target/i386/avx512bw-pr92908.c (test for excess errors)
UNRESOLVED: gcc.target/i386/avx512bw-pr92908.c compilation failed to produce executable
FAIL: gcc.target/i386/avx512bw-vpmovb2m-2.c (test for excess errors)
UNRESOLVED: gcc.target/i386/avx512bw-vpmovb2m-2.c compilation failed to produce executable
FAIL: gcc.target/i386/avx512bw-vpmovm2b-2.c (test for excess errors)
UNRESOLVED: gcc.target/i386/avx512bw-vpmovm2b-2.c compilation failed to produce executable
FAIL: gcc.target/i386/avx512bw-vpmovm2w-2.c (test for excess errors)
UNRESOLVED: gcc.target/i386/avx512bw-vpmovm2w-2.c compilation failed to produce executable
FAIL: gcc.target/i386/avx512bw-vpmovw2m-2.c (test for excess errors)
UNRESOLVED: gcc.target/i386/avx512bw-vpmovw2m-2.c compilation failed to produce executable
FAIL: gcc.target/i386/avx512dq-vpmovd2m-2.c (test for excess errors)
UNRESOLVED: gcc.target/i386/avx512dq-vpmovd2m-2.c compilation failed to produce executable
FAIL: gcc.target/i386/avx512dq-vpmovm2d-2.c (test for excess errors)
UNRESOLVED: gcc.target/i386/avx512dq-vpmovm2d-2.c compilation failed to produce executable
FAIL: gcc.target/i386/avx512dq-vpmovq2m-2.c (test for excess errors)
UNRESOLVED: gcc.target/i386/avx512dq-vpmovq2m-2.c compilation failed to produce executable
FAIL: gcc.target/i386/avx512vl-pr88514-1.c (test for excess errors)
FAIL: gcc.target/i386/avx512vl-pr88514-2.c (test for excess errors)
FAIL: gcc.target/i386/avx512vl-pr88514-3.c (test for excess errors)
FAIL: gcc.target/i386/avx512vl-pr88547-2.c (test for excess errors)
UNRESOLVED: gcc.target/i386/avx512vl-pr88547-2.c compilation failed to produce executable
FAIL: gcc.target/i386/avx512vl-pr88547-3.c (test for excess errors)
UNRESOLVED: gcc.target/i386/avx512vl-pr88547-3.c compilation failed to produce executable
FAIL: gcc.target/i386/avx512vl-pr92686-vpcmp-2.c (test for excess errors)
UNRESOLVED: gcc.target/i386/avx512vl-pr92686-vpcmp-2.c compilation failed to produce executable
FAIL: gcc.target/i386/avx512vl-vpmovb2m-2.c (test for excess errors)
UNRESOLVED: gcc.target/i386/avx512vl-vpmovb2m-2.c compilation failed to produce executable
FAIL: gcc.target/i386/avx512vl-vpmovd2m-2.c (test for excess errors)
UNRESOLVED: gcc.target/i386/avx512vl-vpmovd2m-2.c compilation failed to produce executable
FAIL: gcc.target/i386/avx512vl-vpmovm2b-2.c (test for excess errors)
UNRESOLVED: gcc.target/i386/avx512vl-vpmovm2b-2.c compilation failed to produce executable
FAIL: gcc.target/i386/avx512vl-vpmovm2d-2.c (test for excess errors)
UNRESOLVED: gcc.target/i386/avx512vl-vpmovm2d-2.c compilation failed to produce executable
FAIL: gcc.target/i386/avx512vl-vpmovm2w-2.c (test for excess errors)
UNRESOLVED: gcc.target/i386/avx512vl-vpmovm2w-2.c compilation failed to produce executable
FAIL: gcc.target/i386/avx512vl-vpmovq2m-2.c (test for excess errors)
UNRESOLVED: gcc.target/i386/avx512vl-vpmovq2m-2.c compilation failed to produce executable
FAIL: gcc.target/i386/avx512vl-vpmovw2m-2.c (test for excess errors)
UNRESOLVED: gcc.target/i386/avx512vl-vpmovw2m-2.c compilation failed to produce executable
FAIL: gcc.target/i386/avx512vl-vround-2.c (test for excess errors)
UNRESOLVED: gcc.target/i386/avx512vl-vround-2.c compilation failed to produce executable
FAIL: gcc.target/i386/pr61599-1.c (test for excess errors)
UNRESOLVED: gcc.target/i386/pr61599-1.c compilation failed to produce executable
FAIL: gcc.target/i386/pr80569.c (test for excess errors)
FAIL: gcc.target/i386/pr95356.c (internal compiler error)
FAIL: gcc.target/i386/pr95356.c (test for excess errors)
=== gcc Summary for unix/-m64 ===
# of expected passes 146793
# of unexpected failures 131
# of unexpected successes 2
# of expected failures 711
# of unresolved testcases 25
# of unsupported tests 3094
=== gcc Summary ===
# of expected passes 293072
# of unexpected failures 281
# of unexpected successes 3
# of expected failures 1433
# of unresolved testcases 50
# of unsupported tests 6779
/var/gcc/regression/master/11.4-gcc/build/gcc/xgcc version 11.0.0 20200529 (experimental) [master revision 07852a81f58532c63a57631d7c3757fc6bcea17d] (GCC)
=== gdc tests ===
Running target unix
=== gdc Summary for unix ===
# of expected passes 21216
# of unsupported tests 129
Running target unix/-m64
=== gdc Summary for unix/-m64 ===
# of expected passes 21216
# of unsupported tests 129
=== gdc Summary ===
# of expected passes 42432
# of unsupported tests 258
/var/gcc/regression/master/11.4-gcc/build/gcc/gdc version 11.0.0 20200529 (experimental) [master revision 07852a81f58532c63a57631d7c3757fc6bcea17d] (GCC)
=== gfortran tests ===
Running target unix
FAIL: gfortran.dg/analyzer/pr93993.f90 -O (test for excess errors)
FAIL: gfortran.dg/default_format_1.f90 -O0 execution test
FAIL: gfortran.dg/default_format_1.f90 -O1 execution test
FAIL: gfortran.dg/default_format_1.f90 -O2 execution test
FAIL: gfortran.dg/default_format_1.f90 -O3 -fomit-frame-pointer -funroll-loops -fpeel-loops -ftracer -finline-functions execution test
FAIL: gfortran.dg/default_format_1.f90 -O3 -g execution test
FAIL: gfortran.dg/default_format_1.f90 -Os execution test
FAIL: gfortran.dg/fmt_g0_1.f08 -O0 execution test
FAIL: gfortran.dg/fmt_g0_1.f08 -O1 execution test
FAIL: gfortran.dg/fmt_g0_1.f08 -O2 execution test
FAIL: gfortran.dg/fmt_g0_1.f08 -O3 -fomit-frame-pointer -funroll-loops -fpeel-loops -ftracer -finline-functions execution test
FAIL: gfortran.dg/fmt_g0_1.f08 -O3 -g execution test
FAIL: gfortran.dg/fmt_g0_1.f08 -Os execution test
FAIL: gfortran.dg/inquiry_type_ref_2.f90 -O (test for errors, line 13)
FAIL: gfortran.dg/inquiry_type_ref_2.f90 -O (test for errors, line 14)
FAIL: gfortran.dg/inquiry_type_ref_2.f90 -O (test for errors, line 15)
FAIL: gfortran.dg/inquiry_type_ref_2.f90 -O (test for errors, line 16)
FAIL: gfortran.dg/inquiry_type_ref_2.f90 -O (test for excess errors)
FAIL: gfortran.dg/round_4.f90 -O0 execution test
FAIL: gfortran.dg/round_4.f90 -O1 execution test
FAIL: gfortran.dg/round_4.f90 -O2 execution test
FAIL: gfortran.dg/round_4.f90 -O3 -fomit-frame-pointer -funroll-loops -fpeel-loops -ftracer -finline-functions execution test
FAIL: gfortran.dg/round_4.f90 -O3 -g execution test
FAIL: gfortran.dg/round_4.f90 -Os execution test
FAIL: gfortran.dg/gomp/target1.f90 -O (internal compiler error)
FAIL: gfortran.dg/gomp/target1.f90 -O (test for excess errors)
=== gfortran Summary for unix ===
# of expected passes 53752
# of unexpected failures 26
# of expected failures 195
# of unsupported tests 208
Running target unix/-m64
FAIL: gfortran.dg/analyzer/pr93993.f90 -O (test for excess errors)
FAIL: gfortran.dg/inquiry_type_ref_2.f90 -O (test for errors, line 13)
FAIL: gfortran.dg/inquiry_type_ref_2.f90 -O (test for errors, line 14)
FAIL: gfortran.dg/inquiry_type_ref_2.f90 -O (test for errors, line 15)
FAIL: gfortran.dg/inquiry_type_ref_2.f90 -O (test for errors, line 16)
FAIL: gfortran.dg/inquiry_type_ref_2.f90 -O (test for excess errors)
FAIL: gfortran.dg/gomp/target1.f90 -O (internal compiler error)
FAIL: gfortran.dg/gomp/target1.f90 -O (test for excess errors)
=== gfortran Summary for unix/-m64 ===
# of expected passes 53989
# of unexpected failures 8
# of expected failures 193
# of unsupported tests 99
=== gfortran Summary ===
# of expected passes 107741
# of unexpected failures 34
# of expected failures 388
# of unsupported tests 307
/var/gcc/regression/master/11.4-gcc/build/gcc/gfortran version 11.0.0 20200529 (experimental) [master revision 07852a81f58532c63a57631d7c3757fc6bcea17d] (GCC)
=== gnat tests ===
Running target unix
=== gnat Summary for unix ===
# of expected passes 3295
# of expected failures 23
# of unsupported tests 9
Running target unix/-m64
=== gnat Summary for unix/-m64 ===
# of expected passes 3295
# of expected failures 23
# of unsupported tests 9
=== gnat Summary ===
# of expected passes 6590
# of expected failures 46
# of unsupported tests 18
/var/gcc/regression/master/11.4-gcc/build/gcc/gnatmake version 11.0.0 20200529 (experimental) [master revision 07852a81f58532c63a57631d7c3757fc6bcea17d]
=== go tests ===
Running target unix
FAIL: ./index0-out.go execution, -O0 -g -fno-var-tracking-assignments
FAIL: go.test/test/fixedbugs/issue4085b.go execution, -O2 -g
=== go Summary for unix ===
# of expected passes 7469
# of unexpected failures 2
# of expected failures 1
# of untested testcases 10
# of unsupported tests 2
Running target unix/-m64
FAIL: ./index0-out.go execution, -O0 -g -fno-var-tracking-assignments
=== go Summary for unix/-m64 ===
# of expected passes 7351
# of unexpected failures 1
# of expected failures 1
# of untested testcases 10
# of unsupported tests 1
=== go Summary ===
# of expected passes 14820
# of unexpected failures 3
# of expected failures 2
# of untested testcases 20
# of unsupported tests 3
=== obj-c++ tests ===
Running target unix
=== obj-c++ Summary for unix ===
# of expected passes 1450
# of expected failures 2
# of unsupported tests 77
Running target unix/-m64
=== obj-c++ Summary for unix/-m64 ===
# of expected passes 1442
# of expected failures 10
# of unsupported tests 77
=== obj-c++ Summary ===
# of expected passes 2892
# of expected failures 12
# of unsupported tests 154
/var/gcc/regression/master/11.4-gcc/build/gcc/xg++ version 11.0.0 20200529 (experimental) [master revision 07852a81f58532c63a57631d7c3757fc6bcea17d] (GCC)
=== objc tests ===
Running target unix
=== objc Summary for unix ===
# of expected passes 2778
# of expected failures 6
# of unsupported tests 68
Running target unix/-m64
=== objc Summary for unix/-m64 ===
# of expected passes 2778
# of expected failures 6
# of unsupported tests 68
=== objc Summary ===
# of expected passes 5556
# of expected failures 12
# of unsupported tests 136
/var/gcc/regression/master/11.4-gcc/build/gcc/xgcc version 11.0.0 20200529 (experimental) [master revision 07852a81f58532c63a57631d7c3757fc6bcea17d] (GCC)
=== gotools tests ===
FAIL: TestAbort
FAIL: TestGccgoCrashTracebackNodebug
FAIL: TestMemmoveAtomicity
FAIL: TestSelectStackAdjust
FAIL: go test runtime
=== gotools Summary ===
# of expected passes 430
# of unexpected failures 5
# of untested testcases 191
/var/gcc/regression/master/11.4-gcc/build/./gcc/gccgo version 11.0.0 20200529 (experimental) [master revision 07852a81f58532c63a57631d7c3757fc6bcea17d] (GCC)
=== libatomic tests ===
Running target unix
=== libatomic Summary for unix ===
# of expected passes 44
# of unsupported tests 5
Running target unix/-m64
=== libatomic Summary for unix/-m64 ===
# of expected passes 54
=== libatomic Summary ===
# of expected passes 98
# of unsupported tests 5
=== libffi tests ===
Running target unix
=== libffi Summary for unix ===
# of expected passes 2799
Running target unix/-m64
=== libffi Summary for unix/-m64 ===
# of expected passes 2214
=== libffi Summary ===
# of expected passes 5013
=== libgo tests ===
Running target unix
FAIL: go/build
FAIL: runtime
=== libgo Summary for unix ===
# of expected passes 171
# of unexpected failures 2
Running target unix/-m64
FAIL: go/build
=== libgo Summary for unix/-m64 ===
# of expected passes 172
# of unexpected failures 1
=== libgo Summary ===
# of expected passes 343
# of unexpected failures 3
/var/gcc/regression/master/11.4-gcc/build/./gcc/gccgo version 11.0.0 20200529 (experimental) [master revision 07852a81f58532c63a57631d7c3757fc6bcea17d] (GCC)
=== libgomp tests ===
Running target unix
WARNING: libgomp.c++/task-reduction-11.C execution test program timed out.
FAIL: libgomp.c++/task-reduction-11.C execution test
WARNING: libgomp.c++/task-reduction-8.C execution test program timed out.
FAIL: libgomp.c++/task-reduction-8.C execution test
=== libgomp Summary for unix ===
# of expected passes 7712
# of unexpected failures 2
# of expected failures 4
# of unsupported tests 527
Running target unix/-m64
WARNING: libgomp.c++/task-reduction-8.C execution test program timed out.
FAIL: libgomp.c++/task-reduction-8.C execution test
=== libgomp Summary for unix/-m64 ===
# of expected passes 7713
# of unexpected failures 1
# of expected failures 4
# of unsupported tests 527
=== libgomp Summary ===
# of expected passes 15425
# of unexpected failures 3
# of expected failures 8
# of unsupported tests 1054
=== libitm tests ===
Running target unix
=== libitm Summary for unix ===
# of expected passes 42
# of expected failures 3
# of unsupported tests 1
Running target unix/-m64
=== libitm Summary for unix/-m64 ===
# of expected passes 42
# of expected failures 3
# of unsupported tests 1
=== libitm Summary ===
# of expected passes 84
# of expected failures 6
# of unsupported tests 2
=== libstdc++ tests ===
Running target unix
FAIL: ext/random/k_distribution/operators/serialize.cc execution test
=== libstdc++ Summary for unix ===
# of expected passes 14048
# of unexpected failures 1
# of expected failures 93
# of unsupported tests 712
Running target unix/-m64
=== libstdc++ Summary for unix/-m64 ===
# of expected passes 14041
# of expected failures 93
# of unsupported tests 716
=== libstdc++ Summary ===
# of expected passes 28089
# of unexpected failures 1
# of expected failures 186
# of unsupported tests 1428
Compiler version: 11.0.0 20200529 (experimental) [master revision 07852a81f58532c63a57631d7c3757fc6bcea17d] (GCC)
Platform: i386-pc-solaris2.11
configure flags: --prefix=/vol/gcc --target=i386-pc-solaris2.11 --enable-objc-gc --with-target-bdw-gc-include=/vol/gcc/include --with-target-bdw-gc-lib=/vol/gcc/lib,amd64=/vol/gcc/lib/amd64 --with-as=/usr/ccs/bin/as --without-gnu-as --with-gmp-include=/vol/gcc/include --with-gmp-lib=/vol/gcc/lib --with-mpfr-include=/vol/gcc/include --with-mpfr-lib=/vol/gcc/lib --with-mpc-include=/vol/gcc/include --with-mpc-lib=/vol/gcc/lib --enable-languages=all,ada,obj-c++,go --with-isl-include=/vol/gcc/include --with-isl-lib=/vol/gcc/lib --with-zstd-include=/vol/gcc/include --with-zstd-lib=/vol/gcc/lib --build=i386-pc-solaris2.11 --host=i386-pc-solaris2.11
BOOT_CFLAGS=-g -O2
More information about the Gcc-testresults
mailing list