Results for 11.0.0 20200512 (experimental) [master revision r11-310-gdc703151d4f4] (GCC) testsuite on powerpc-apple-darwin9
Iain Sandoe
iains.gcc@gmail.com
Wed May 13 19:42:10 GMT 2020
LAST_UPDATED: Tue May 12 07:57:09 UTC 2020 (revision r11-310-gdc703151d4f4)
=== acats tests ===
=== acats Summary ===
# of expected passes 2320
# of unexpected failures 0
Native configuration is powerpc-apple-darwin9
=== g++ tests ===
Running target unix/-m32
FAIL: g++.dg/abi/pure-virtual1.C -std=c++14 (test for excess errors)
FAIL: g++.dg/abi/pure-virtual1.C -std=c++17 (test for excess errors)
FAIL: g++.dg/abi/pure-virtual1.C -std=c++2a (test for excess errors)
FAIL: g++.dg/abi/pure-virtual1.C -std=c++98 (test for excess errors)
FAIL: g++.dg/ipa/pr67056.C scan-ipa-dump cp "Speculative outer
type:struct CompositeClass"
FAIL: g++.dg/lto/pr65276 cp_lto_pr65276_0.o-cp_lto_pr65276_1.o link, -flto
-O0 -std=c++11
FAIL: g++.dg/lto/pr89335 cp_lto_pr89335_0.o assemble, -O2 -flto
-Wsuggest-final-methods
FAIL: g++.dg/tls/thread_local-order2.C -std=c++14 execution test
FAIL: g++.dg/tls/thread_local-order2.C -std=c++17 execution test
FAIL: g++.dg/tls/thread_local-order2.C -std=c++2a execution test
=== g++ Summary for unix/-m32 ===
# of expected passes 177755
# of unexpected failures 10
# of expected failures 723
# of unsupported tests 8316
Running target unix/-m64
FAIL: g++.dg/abi/pure-virtual1.C -std=c++14 (test for excess errors)
FAIL: g++.dg/abi/pure-virtual1.C -std=c++17 (test for excess errors)
FAIL: g++.dg/abi/pure-virtual1.C -std=c++2a (test for excess errors)
FAIL: g++.dg/abi/pure-virtual1.C -std=c++98 (test for excess errors)
XPASS: g++.dg/ext/sync-4.C -std=gnu++14 execution test
XPASS: g++.dg/ext/sync-4.C -std=gnu++17 execution test
XPASS: g++.dg/ext/sync-4.C -std=gnu++2a execution test
XPASS: g++.dg/ext/sync-4.C -std=gnu++98 execution test
FAIL: g++.dg/ipa/pr67056.C scan-ipa-dump cp "Speculative outer
type:struct CompositeClass"
FAIL: g++.dg/lto/pr65276 cp_lto_pr65276_0.o-cp_lto_pr65276_1.o link, -flto
-O0 -std=c++11
FAIL: g++.dg/lto/pr89335 cp_lto_pr89335_0.o assemble, -O2 -flto
-Wsuggest-final-methods
FAIL: g++.dg/tls/thread_local-order2.C -std=c++14 execution test
FAIL: g++.dg/tls/thread_local-order2.C -std=c++17 execution test
FAIL: g++.dg/tls/thread_local-order2.C -std=c++2a execution test
FAIL: g++.dg/torture/pr85496.C -O1 (internal compiler error)
FAIL: g++.dg/torture/pr85496.C -O1 (test for excess errors)
FAIL: g++.dg/torture/pr85496.C -O2 (internal compiler error)
FAIL: g++.dg/torture/pr85496.C -O2 (test for excess errors)
FAIL: g++.dg/torture/pr85496.C -O2 -flto (internal compiler error)
FAIL: g++.dg/torture/pr85496.C -O2 -flto (test for excess errors)
FAIL: g++.dg/torture/pr85496.C -O2 -flto -flto-partition=none (internal
compiler error)
FAIL: g++.dg/torture/pr85496.C -O2 -flto -flto-partition=none (test for
excess errors)
FAIL: g++.dg/torture/pr85496.C -O3 -g (internal compiler error)
FAIL: g++.dg/torture/pr85496.C -O3 -g (test for excess errors)
FAIL: g++.dg/torture/pr85496.C -Os (internal compiler error)
FAIL: g++.dg/torture/pr85496.C -Os (test for excess errors)
=== g++ Summary for unix/-m64 ===
# of expected passes 180394
# of unexpected failures 22
# of unexpected successes 4
# of expected failures 723
# of unsupported tests 8245
=== g++ Summary ===
# of expected passes 358149
# of unexpected failures 32
# of unexpected successes 4
# of expected failures 1446
# of unsupported tests 16561
/Volumes/scratch/10-5-leo/gcc-master/gcc/testsuite/g++/../../xg++ version
11.0.0 20200512 (experimental) [master revision r11-310-gdc703151d4f4] (GCC)
=== gcc tests ===
Running target unix/-m32
FAIL: gcc.c-torture/execute/20141107-1.c -O0 execution test
FAIL: gcc.c-torture/execute/20141107-1.c -O1 (internal compiler error)
FAIL: gcc.c-torture/execute/20141107-1.c -O1 (test for excess errors)
UNRESOLVED: gcc.c-torture/execute/20141107-1.c -O1 compilation failed to
produce executable
FAIL: gcc.c-torture/execute/20141107-1.c -O2 (internal compiler error)
FAIL: gcc.c-torture/execute/20141107-1.c -O2 (test for excess errors)
UNRESOLVED: gcc.c-torture/execute/20141107-1.c -O2 compilation failed to
produce executable
FAIL: gcc.c-torture/execute/20141107-1.c -O2 -flto (internal compiler
error)
FAIL: gcc.c-torture/execute/20141107-1.c -O2 -flto (test for excess
errors)
UNRESOLVED: gcc.c-torture/execute/20141107-1.c -O2 -flto compilation
failed to produce executable
FAIL: gcc.c-torture/execute/20141107-1.c -O2 -flto -flto-partition=none
(internal compiler error)
FAIL: gcc.c-torture/execute/20141107-1.c -O2 -flto -flto-partition=none
(test for excess errors)
UNRESOLVED: gcc.c-torture/execute/20141107-1.c -O2 -flto
-flto-partition=none compilation failed to produce executable
FAIL: gcc.c-torture/execute/20141107-1.c -O3 -g (internal compiler error)
FAIL: gcc.c-torture/execute/20141107-1.c -O3 -g (test for excess errors)
UNRESOLVED: gcc.c-torture/execute/20141107-1.c -O3 -g compilation failed
to produce executable
FAIL: gcc.c-torture/execute/20141107-1.c -Os (internal compiler error)
FAIL: gcc.c-torture/execute/20141107-1.c -Os (test for excess errors)
UNRESOLVED: gcc.c-torture/execute/20141107-1.c -Os compilation failed to
produce executable
FAIL: gcc.dg/analyzer/dot-output.c dg-check-dot dot-output.c.state-purge.dot
FAIL: gcc.dg/debug/dwarf2/inline4.c scan-assembler
DW_TAG_inlined_subroutine[^\\\\(]*\\\\([^\\\\)]*\\\\)[^\\\\(]*\\\\(DIE
\\\\(0x[0-9a-f]*\\\\) DW_TAG_formal_parameter[^\\\\(]*\\\\(DIE
\\\\(0x[0-9a-f]*\\\\) DW_TAG_variable
FAIL: gcc.dg/debug/dwarf2/inline5.c scan-assembler-not \\\\(DIE
\\\\(0x([0-9a-f]*)\\\\)
DW_TAG_lexical_block\\\\)[^#/!@;\\\\|]*[#/!@;\\\\|]+
+[^(].*DW_TAG_lexical_block\\\\)[^#/!@;\\\\|x]*x\\\\1[^#/!@;\\\\|]*[#/!@;\\\\|]
+DW_AT_abstract_origin
FAIL: gcc.dg/debug/dwarf2/inline5.c scan-assembler-times
DW_TAG_lexical_block\\\\)[^#/!@;\\\\|]*[#/!@;\\\\|]+ +[^#/!@\\\\|]*\\\\(DIE
\\\\(0x[0-9a-f]*\\\\) DW_TAG_variable 1
FAIL: gcc.dg/debug/dwarf2/pr53948.c scan-assembler .loc 1 8 [0-9]|[#/!][
\\t]+line 8
FAIL: gcc.dg/atomic-flag.c execution test
FAIL: gcc.dg/builtin-apply4.c execution test
FAIL: gcc.dg/cdce3.c scan-tree-dump cdce "cdce3.c:10: [^\\n\\r]* function
call is shrink-wrapped into error conditions."
FAIL: gcc.dg/gimplefe-28.c (internal compiler error)
FAIL: gcc.dg/gimplefe-28.c (test for excess errors)
FAIL: gcc.dg/pow-sqrt-synth-1.c scan-tree-dump-times sincos "synthesizing" 7
FAIL: gcc.dg/pr56228.c (test for excess errors)
FAIL: gcc.dg/pr56837.c scan-tree-dump-times optimized "memset ..b, 1,
1024.;" 1
FAIL: gcc.dg/sinatan-1.c execution test
FAIL: gcc.dg/store_merging_9.c scan-tree-dump-times store-merging "Merging
successful" 2
FAIL: gcc.dg/strlenopt-73.c scan-tree-dump-times optimized
"_not_eliminated_" 0
FAIL: gcc.dg/strlenopt-73.c scan-tree-dump-times optimized "strlen" 0
FAIL: gcc.dg/strlenopt-80.c scan-tree-dump-times optimized "failure_on_line
\\\\(" 0
FAIL: c-c++-common/goacc/firstprivate-mappings-1.c scan-tree-dump omplower
"(?n)#pragma omp target oacc_parallel map\\\\(from:array_so \\\\[len:
4\\\\]\\\\) firstprivate\\\\(array_li.[0-9]+\\\\)
map\\\\(tofrom:\\\\(\\\\*array.[0-9]+\\\\) \\\\[len: D\\\\.[0-9]+\\\\]\\\\)
map\\\\(firstprivate:array \\\\[pointer assign, bias: 0\\\\]\\\\) \\\\["
XPASS: gcc.dg/graphite/pr69728.c scan-tree-dump graphite "loop nest
optimized"
XPASS: gcc.dg/graphite/pr80906.c scan-tree-dump graphite "isl AST to Gimple
succeeded"
FAIL: gcc.dg/graphite/scop-19.c scan-tree-dump-times graphite "number of
SCoPs: 0" 1
FAIL: gcc.dg/ipa/ipa-icf-38.c scan-ltrans-tree-dump-not optimized "Function
bar"
FAIL: gcc.dg/lto/pr94157 c_lto_pr94157_0.o assemble, -O0 -fipa-vrp -flto
-Wa,--noexecstack -Wa,--noexecstack -Wa,--execstack -Wa,--execstack
-Wa,--execstack -Wa,--execstack -Wa,--execstack -Wa,--execstack
-Wa,--execstack -Wa,--execstack -Wa,--execstack -Wa,--execstack
-Wa,--execstack -Wa,--execstack -Wa,--execstack -Wa,--execstack
UNRESOLVED: gcc.dg/lto/pr94157 c_lto_pr94157_0.o-c_lto_pr94157_0.o execute
-O0 -fipa-vrp -flto -Wa,--noexecstack -Wa,--noexecstack -Wa,--execstack
-Wa,--execstack -Wa,--execstack -Wa,--execstack -Wa,--execstack
-Wa,--execstack -Wa,--execstack -Wa,--execstack -Wa,--execstack
-Wa,--execstack -Wa,--execstack -Wa,--execstack -Wa,--execstack
-Wa,--execstack
UNRESOLVED: gcc.dg/lto/pr94157 c_lto_pr94157_0.o-c_lto_pr94157_0.o link
-O0 -fipa-vrp -flto -Wa,--noexecstack -Wa,--noexecstack -Wa,--execstack
-Wa,--execstack -Wa,--execstack -Wa,--execstack -Wa,--execstack
-Wa,--execstack -Wa,--execstack -Wa,--execstack -Wa,--execstack
-Wa,--execstack -Wa,--execstack -Wa,--execstack -Wa,--execstack
-Wa,--execstack
FAIL: gcc.dg/torture/pr52451.c -O0 execution test
FAIL: gcc.dg/torture/pr52451.c -O1 execution test
FAIL: gcc.dg/torture/pr52451.c -O2 execution test
FAIL: gcc.dg/torture/pr52451.c -O2 -flto execution test
FAIL: gcc.dg/torture/pr52451.c -O2 -flto -flto-partition=none execution
test
FAIL: gcc.dg/torture/pr52451.c -O3 -g execution test
FAIL: gcc.dg/torture/pr52451.c -Os execution test
FAIL: gcc.dg/torture/pr71522.c -O1 execution test
FAIL: gcc.dg/torture/pr71522.c -O2 execution test
FAIL: gcc.dg/torture/pr71522.c -O2 -flto execution test
FAIL: gcc.dg/torture/pr71522.c -O2 -flto -flto-partition=none execution
test
FAIL: gcc.dg/torture/pr71522.c -O3 -g execution test
FAIL: gcc.dg/torture/pr71522.c -Os execution test
FAIL: gcc.dg/torture/pr91323.c -O0 execution test
FAIL: gcc.dg/torture/pr91323.c -O1 execution test
FAIL: gcc.dg/torture/pr91323.c -O2 execution test
FAIL: gcc.dg/torture/pr91323.c -O2 -flto execution test
FAIL: gcc.dg/torture/pr91323.c -O2 -flto -flto-partition=none execution
test
FAIL: gcc.dg/torture/pr91323.c -O3 -g execution test
FAIL: gcc.dg/torture/pr91323.c -Os execution test
FAIL: gcc.dg/torture/pr91445.c -O0 execution test
FAIL: gcc.dg/torture/pr91445.c -O1 execution test
FAIL: gcc.dg/torture/pr91445.c -O2 execution test
FAIL: gcc.dg/torture/pr91445.c -O2 -flto execution test
FAIL: gcc.dg/torture/pr91445.c -O2 -flto -flto-partition=none execution
test
FAIL: gcc.dg/torture/pr91445.c -O3 -g execution test
FAIL: gcc.dg/torture/pr91445.c -Os execution test
FAIL: gcc.dg/torture/pr94988.c -O0 execution test
FAIL: gcc.dg/torture/pr94988.c -O1 execution test
FAIL: gcc.dg/torture/pr94988.c -O2 execution test
FAIL: gcc.dg/torture/pr94988.c -O2 -flto execution test
FAIL: gcc.dg/torture/pr94988.c -O2 -flto -flto-partition=none execution
test
FAIL: gcc.dg/torture/pr94988.c -O3 -fomit-frame-pointer -funroll-loops
-fpeel-loops -ftracer -finline-functions execution test
FAIL: gcc.dg/torture/pr94988.c -O3 -g execution test
FAIL: gcc.dg/torture/pr94988.c -Os execution test
FAIL: gcc.dg/torture/stackalign/builtin-apply-4.c -O0 execution test
FAIL: gcc.dg/torture/stackalign/builtin-apply-4.c -O0 -fpic execution test
FAIL: gcc.dg/torture/stackalign/builtin-apply-4.c -O1 execution test
FAIL: gcc.dg/torture/stackalign/builtin-apply-4.c -O1 -fpic execution test
FAIL: gcc.dg/torture/stackalign/builtin-apply-4.c -O2 execution test
FAIL: gcc.dg/torture/stackalign/builtin-apply-4.c -O2 -flto execution test
FAIL: gcc.dg/torture/stackalign/builtin-apply-4.c -O2 -flto
-flto-partition=none execution test
FAIL: gcc.dg/torture/stackalign/builtin-apply-4.c -O2 -flto
-flto-partition=none -fpic execution test
FAIL: gcc.dg/torture/stackalign/builtin-apply-4.c -O2 -flto -fpic
execution test
FAIL: gcc.dg/torture/stackalign/builtin-apply-4.c -O2 -fpic execution test
FAIL: gcc.dg/torture/stackalign/builtin-apply-4.c -O3 -g execution test
FAIL: gcc.dg/torture/stackalign/builtin-apply-4.c -O3 -g -fpic execution
test
FAIL: gcc.dg/torture/stackalign/builtin-apply-4.c -Os execution test
FAIL: gcc.dg/torture/stackalign/builtin-apply-4.c -Os -fpic execution test
XPASS: gcc.dg/tree-ssa/cunroll-15.c scan-tree-dump optimized "return 1;"
FAIL: gcc.dg/tree-ssa/sra-17.c scan-tree-dump-times esra "Removing load: a
= \\\\*.?L.?C.?.?.?0;" 1
FAIL: gcc.dg/tree-ssa/sra-17.c scan-tree-dump-times esra "SR[.\$][0-9_]+ =
\\\\*.?L.?C.?.?.?0\\\\[" 4
FAIL: gcc.dg/tree-ssa/sra-18.c scan-tree-dump-times esra "Removing load: a
= \\\\*.?L.?C.?.?.?0;" 1
FAIL: gcc.dg/tree-ssa/sra-18.c scan-tree-dump-times esra "SR[.\$][0-9_]+ =
\\\\*.?L.?C.?.?.?0\\\\.b\\\\[0\\\\]\\\\.f\\\\[0\\\\]\\\\.x" 1
FAIL: gcc.dg/tree-ssa/sra-18.c scan-tree-dump-times esra "SR[.\$][0-9_]+ =
\\\\*.?L.?C.?.?.?0\\\\.b\\\\[0\\\\]\\\\.f\\\\[1\\\\]\\\\.x" 1
FAIL: gcc.dg/tree-ssa/sra-18.c scan-tree-dump-times esra "SR[.\$][0-9_]+ =
\\\\*.?L.?C.?.?.?0\\\\.b\\\\[1\\\\]\\\\.f\\\\[0\\\\]\\\\.x" 1
FAIL: gcc.dg/tree-ssa/sra-18.c scan-tree-dump-times esra "SR[.\$][0-9_]+ =
\\\\*.?L.?C.?.?.?0\\\\.b\\\\[1\\\\]\\\\.f\\\\[1\\\\]\\\\.x" 1
FAIL: gcc.dg/tree-ssa/ssa-fre-82.c execution test
FAIL: gcc.dg/tree-ssa/ssa-fre-82.c scan-tree-dump fre1 "Deleted redundant
store"
FAIL: gcc.dg/vect/costmodel/ppc/costmodel-bb-slp-9a-pr63175.c
scan-assembler-not \\tlwz?u?x?
FAIL: gcc.dg/vect/costmodel/ppc/costmodel-bb-slp-9a-pr63175.c
scan-assembler-not \\tstwu?x?
FAIL: gcc.dg/vect/costmodel/ppc/costmodel-vect-31a.c scan-tree-dump-times
vect "not vectorized: unsupported unaligned store" 1
FAIL: gcc.dg/vect/costmodel/ppc/costmodel-vect-76b.c scan-tree-dump-times
vect "vectorization not profitable" 1
FAIL: gcc.dg/vect/costmodel/ppc/costmodel-vect-76b.c scan-tree-dump-times
vect "vectorized 1 loops" 0
FAIL: gcc.dg/vect/bb-slp-pr69907.c -flto -ffat-lto-objects scan-tree-dump
slp1 "BB vectorization with gaps at the end of a load is not supported"
FAIL: gcc.dg/vect/bb-slp-pr69907.c scan-tree-dump slp1 "BB vectorization
with gaps at the end of a load is not supported"
FAIL: gcc.dg/vect/no-tree-sra-bb-slp-pr50730.c scan-tree-dump-times slp2
"basic block vectorized" 1
FAIL: gcc.dg/vect/no-vfa-vect-depend-2.c scan-tree-dump-times vect
"vectorized 1 loops" 1
FAIL: gcc.dg/vect/no-vfa-vect-depend-3.c scan-tree-dump-times vect
"vectorized 1 loops" 4
FAIL: gcc.dg/vect/pr60505.c (test for excess errors)
FAIL: gcc.dg/vect/pr60505.c -flto -ffat-lto-objects (test for excess errors)
FAIL: gcc.dg/vect/pr85586.c -flto -ffat-lto-objects scan-tree-dump-times
vect "LOOP VECTORIZED" 1
FAIL: gcc.dg/vect/pr85586.c scan-tree-dump-times vect "LOOP VECTORIZED" 1
FAIL: gcc.dg/vect/section-anchors-vect-69.c scan-tree-dump-times vect
"vectorized 4 loops" 1
FAIL: gcc.dg/vect/slp-43.c -flto -ffat-lto-objects scan-tree-dump-times
vect "vectorized 1 loops" 2
FAIL: gcc.dg/vect/slp-43.c scan-tree-dump-times vect "vectorized 1 loops" 2
FAIL: gcc.dg/vect/vect-31.c -flto -ffat-lto-objects scan-tree-dump-times
vect "vectorized 4 loops" 1
FAIL: gcc.dg/vect/vect-31.c scan-tree-dump-times vect "vectorized 4 loops" 1
FAIL: gcc.dg/vect/vect-44.c -flto -ffat-lto-objects scan-tree-dump-times
vect "Vectorizing an unaligned access" 3
FAIL: gcc.dg/vect/vect-44.c scan-tree-dump-times vect "Vectorizing an
unaligned access" 3
FAIL: gcc.dg/vect/vect-50.c -flto -ffat-lto-objects scan-tree-dump-times
vect "Vectorizing an unaligned access" 3
FAIL: gcc.dg/vect/vect-50.c scan-tree-dump-times vect "Vectorizing an
unaligned access" 3
FAIL: gcc.dg/vect/vect-82.c -flto -ffat-lto-objects scan-tree-dump-times
vect "vectorized 1 loops" 1
FAIL: gcc.dg/vect/vect-82.c scan-tree-dump-times vect "vectorized 1 loops" 1
FAIL: gcc.dg/vect/vect-82_64.c -flto -ffat-lto-objects
scan-tree-dump-times vect "vectorized 1 loops" 1
FAIL: gcc.dg/vect/vect-82_64.c scan-tree-dump-times vect "vectorized 1
loops" 1
FAIL: gcc.dg/vect/vect-83.c -flto -ffat-lto-objects scan-tree-dump-times
vect "vectorized 1 loops" 1
FAIL: gcc.dg/vect/vect-83.c scan-tree-dump-times vect "vectorized 1 loops" 1
FAIL: gcc.dg/vect/vect-83_64.c -flto -ffat-lto-objects
scan-tree-dump-times vect "vectorized 1 loops" 1
FAIL: gcc.dg/vect/vect-83_64.c scan-tree-dump-times vect "vectorized 1
loops" 1
FAIL: gcc.dg/vect/vect-93.c -flto -ffat-lto-objects scan-tree-dump-times
vect "vectorized 2 loops" 2
FAIL: gcc.dg/vect/vect-93.c scan-tree-dump-times vect "vectorized 2 loops" 2
FAIL: gcc.dg/vect/vect-alias-check-18.c -flto -ffat-lto-objects
scan-tree-dump vect "using an index-based WAR/WAW test"
FAIL: gcc.dg/vect/vect-alias-check-18.c scan-tree-dump vect "using an
index-based WAR/WAW test"
FAIL: gcc.dg/vect/vect-strided-a-u8-i2-gap.c -flto -ffat-lto-objects
scan-tree-dump-times vect "vectorized 1 loops" 1
FAIL: gcc.dg/vect/vect-strided-a-u8-i2-gap.c scan-tree-dump-times vect
"vectorized 1 loops" 1
FAIL: gcc.target/powerpc/cntlzdm-0.c (internal compiler error)
FAIL: gcc.target/powerpc/cntlzdm-0.c (test for excess errors)
UNRESOLVED: gcc.target/powerpc/cntlzdm-0.c scan-assembler \\\\mcntlzdm\\\\M
FAIL: gcc.target/powerpc/cnttzdm-0.c (internal compiler error)
FAIL: gcc.target/powerpc/cnttzdm-0.c (test for excess errors)
UNRESOLVED: gcc.target/powerpc/cnttzdm-0.c scan-assembler \\\\mcnttzdm\\\\M
FAIL: gcc.target/powerpc/pdep-0.c (internal compiler error)
FAIL: gcc.target/powerpc/pdep-0.c (test for excess errors)
UNRESOLVED: gcc.target/powerpc/pdep-0.c scan-assembler \\\\mpdepd\\\\M
FAIL: gcc.target/powerpc/pextd-0.c (internal compiler error)
FAIL: gcc.target/powerpc/pextd-0.c (test for excess errors)
UNRESOLVED: gcc.target/powerpc/pextd-0.c scan-assembler \\\\mpextd\\\\M
FAIL: gcc.target/powerpc/pr17381.c scan-assembler-times fmr 1
FAIL: gcc.target/powerpc/pr70010.c scan-assembler \\\\mbl
\\\\.?vadd_no_vsx\\\\M
FAIL: gcc.target/powerpc/shrink-wrap-separate-0.c scan-assembler
#before\\\\M.*\\\\mmflr\\\\M
FAIL: gcc.target/powerpc/shrink-wrap-separate-1.c scan-assembler
\\\\mmflr\\\\M.*\\\\mbl\\\\M.*\\\\mmflr\\\\M.*\\\\mbl\\\\M
FAIL: gcc.target/powerpc/shrink-wrap-separate-2.c scan-assembler
\\\\mmflr\\\\M.*\\\\mbl\\\\M.*\\\\mmflr\\\\M.*\\\\mbl\\\\M
FAIL: gcc.target/powerpc/test_fpscr_rn_builtin.c execution test
FAIL: gcc.target/powerpc/vec-gnb-0.c (test for excess errors)
UNRESOLVED: gcc.target/powerpc/vec-gnb-0.c scan-assembler \\\\mvgnb\\\\M
FAIL: gcc.target/powerpc/vec-gnb-2.c (test for errors, line 14)
FAIL: gcc.target/powerpc/vec-gnb-2.c (test for errors, line 16)
FAIL: gcc.target/powerpc/vec-gnb-2.c (test for errors, line 18)
FAIL: gcc.target/powerpc/vec-gnb-2.c (test for errors, line 20)
FAIL: gcc.target/powerpc/vec-gnb-2.c (test for errors, line 22)
FAIL: gcc.target/powerpc/vec-gnb-2.c (test for excess errors)
FAIL: gcc.target/powerpc/vec-ternarylogic-10.c (test for errors, line 30)
FAIL: gcc.target/powerpc/vec-ternarylogic-10.c (test for errors, line 49)
FAIL: gcc.target/powerpc/vec-ternarylogic-10.c (test for errors, line 82)
FAIL: gcc.target/powerpc/vec-ternarylogic-10.c (test for excess errors)
FAIL: gcc.target/powerpc/vec-ternarylogic-8.c (test for excess errors)
UNRESOLVED: gcc.target/powerpc/vec-ternarylogic-8.c scan-assembler
\\\\mxxeval\\\\M
=== gcc Summary for unix/-m32 ===
# of expected passes 121063
# of unexpected failures 156
# of unexpected successes 3
# of expected failures 708
# of unresolved testcases 14
# of unsupported tests 4295
Running target unix/-m64
FAIL: gcc.dg/analyzer/dot-output.c dg-check-dot dot-output.c.state-purge.dot
FAIL: gcc.dg/debug/dwarf2/inline4.c scan-assembler
DW_TAG_inlined_subroutine[^\\\\(]*\\\\([^\\\\)]*\\\\)[^\\\\(]*\\\\(DIE
\\\\(0x[0-9a-f]*\\\\) DW_TAG_formal_parameter[^\\\\(]*\\\\(DIE
\\\\(0x[0-9a-f]*\\\\) DW_TAG_variable
FAIL: gcc.dg/debug/dwarf2/inline5.c scan-assembler-not \\\\(DIE
\\\\(0x([0-9a-f]*)\\\\)
DW_TAG_lexical_block\\\\)[^#/!@;\\\\|]*[#/!@;\\\\|]+
+[^(].*DW_TAG_lexical_block\\\\)[^#/!@;\\\\|x]*x\\\\1[^#/!@;\\\\|]*[#/!@;\\\\|]
+DW_AT_abstract_origin
FAIL: gcc.dg/debug/dwarf2/inline5.c scan-assembler-times
DW_TAG_lexical_block\\\\)[^#/!@;\\\\|]*[#/!@;\\\\|]+ +[^#/!@\\\\|]*\\\\(DIE
\\\\(0x[0-9a-f]*\\\\) DW_TAG_variable 1
FAIL: gcc.dg/debug/dwarf2/pr53948.c scan-assembler .loc 1 8 [0-9]|[#/!][
\\t]+line 8
XPASS: gcc.dg/Wtrampolines.c standard descriptors (test for warnings, line
29)
FAIL: gcc.dg/cdce3.c scan-tree-dump cdce "cdce3.c:10: [^\\n\\r]* function
call is shrink-wrapped into error conditions."
FAIL: gcc.dg/gimplefe-28.c (internal compiler error)
FAIL: gcc.dg/gimplefe-28.c (test for excess errors)
FAIL: gcc.dg/pow-sqrt-synth-1.c scan-tree-dump-times sincos "synthesizing" 7
FAIL: gcc.dg/pr56228.c (test for excess errors)
FAIL: gcc.dg/sinatan-1.c execution test
FAIL: gcc.dg/strcmpopt_8.c (test for excess errors)
FAIL: gcc.dg/strcmpopt_8.c scan-tree-dump-not forwprop1 "strncmp"
XPASS: gcc.dg/graphite/pr69728.c scan-tree-dump graphite "loop nest
optimized"
XPASS: gcc.dg/graphite/pr80906.c scan-tree-dump graphite "isl AST to Gimple
succeeded"
FAIL: gcc.dg/graphite/scop-19.c scan-tree-dump-times graphite "number of
SCoPs: 0" 1
FAIL: gcc.dg/ipa/ipa-icf-38.c scan-ltrans-tree-dump-not optimized "Function
bar"
FAIL: gcc.dg/lto/pr94157 c_lto_pr94157_0.o assemble, -O0 -fipa-vrp -flto
-Wa,--noexecstack -Wa,--noexecstack -Wa,--execstack -Wa,--execstack
-Wa,--execstack -Wa,--execstack -Wa,--execstack -Wa,--execstack
-Wa,--execstack -Wa,--execstack -Wa,--execstack -Wa,--execstack
-Wa,--execstack -Wa,--execstack -Wa,--execstack -Wa,--execstack
UNRESOLVED: gcc.dg/lto/pr94157 c_lto_pr94157_0.o-c_lto_pr94157_0.o execute
-O0 -fipa-vrp -flto -Wa,--noexecstack -Wa,--noexecstack -Wa,--execstack
-Wa,--execstack -Wa,--execstack -Wa,--execstack -Wa,--execstack
-Wa,--execstack -Wa,--execstack -Wa,--execstack -Wa,--execstack
-Wa,--execstack -Wa,--execstack -Wa,--execstack -Wa,--execstack
-Wa,--execstack
UNRESOLVED: gcc.dg/lto/pr94157 c_lto_pr94157_0.o-c_lto_pr94157_0.o link
-O0 -fipa-vrp -flto -Wa,--noexecstack -Wa,--noexecstack -Wa,--execstack
-Wa,--execstack -Wa,--execstack -Wa,--execstack -Wa,--execstack
-Wa,--execstack -Wa,--execstack -Wa,--execstack -Wa,--execstack
-Wa,--execstack -Wa,--execstack -Wa,--execstack -Wa,--execstack
-Wa,--execstack
FAIL: gcc.dg/torture/pr52451.c -O0 execution test
FAIL: gcc.dg/torture/pr52451.c -O1 execution test
FAIL: gcc.dg/torture/pr52451.c -O2 execution test
FAIL: gcc.dg/torture/pr52451.c -O2 -flto execution test
FAIL: gcc.dg/torture/pr52451.c -O2 -flto -flto-partition=none execution
test
FAIL: gcc.dg/torture/pr52451.c -O3 -g execution test
FAIL: gcc.dg/torture/pr52451.c -Os execution test
FAIL: gcc.dg/torture/pr91323.c -O0 execution test
FAIL: gcc.dg/torture/pr91323.c -O1 execution test
FAIL: gcc.dg/torture/pr91323.c -O2 execution test
FAIL: gcc.dg/torture/pr91323.c -O2 -flto execution test
FAIL: gcc.dg/torture/pr91323.c -O2 -flto -flto-partition=none execution
test
FAIL: gcc.dg/torture/pr91323.c -O3 -g execution test
FAIL: gcc.dg/torture/pr91323.c -Os execution test
FAIL: gcc.dg/torture/pr94988.c -O0 execution test
FAIL: gcc.dg/torture/pr94988.c -O1 execution test
FAIL: gcc.dg/torture/pr94988.c -O2 execution test
FAIL: gcc.dg/torture/pr94988.c -O2 -flto execution test
FAIL: gcc.dg/torture/pr94988.c -O2 -flto -flto-partition=none execution
test
FAIL: gcc.dg/torture/pr94988.c -O3 -fomit-frame-pointer -funroll-loops
-fpeel-loops -ftracer -finline-functions execution test
FAIL: gcc.dg/torture/pr94988.c -O3 -g execution test
FAIL: gcc.dg/torture/pr94988.c -Os execution test
XPASS: gcc.dg/tree-ssa/cunroll-15.c scan-tree-dump optimized "return 1;"
XPASS: gcc.dg/tree-ssa/pr91091-2.c scan-tree-dump-times fre1 " = [^;]*x;" 1
XPASS: gcc.dg/tree-ssa/pr91091-2.c scan-tree-dump-times fre1 "x = " 1
FAIL: gcc.dg/tree-ssa/sra-17.c scan-tree-dump-times esra "Removing load: a
= \\\\*.?L.?C.?.?.?0;" 1
FAIL: gcc.dg/tree-ssa/sra-17.c scan-tree-dump-times esra "SR[.\$][0-9_]+ =
\\\\*.?L.?C.?.?.?0\\\\[" 4
FAIL: gcc.dg/tree-ssa/sra-18.c scan-tree-dump-times esra "Removing load: a
= \\\\*.?L.?C.?.?.?0;" 1
FAIL: gcc.dg/tree-ssa/sra-18.c scan-tree-dump-times esra "SR[.\$][0-9_]+ =
\\\\*.?L.?C.?.?.?0\\\\.b\\\\[0\\\\]\\\\.f\\\\[0\\\\]\\\\.x" 1
FAIL: gcc.dg/tree-ssa/sra-18.c scan-tree-dump-times esra "SR[.\$][0-9_]+ =
\\\\*.?L.?C.?.?.?0\\\\.b\\\\[0\\\\]\\\\.f\\\\[1\\\\]\\\\.x" 1
FAIL: gcc.dg/tree-ssa/sra-18.c scan-tree-dump-times esra "SR[.\$][0-9_]+ =
\\\\*.?L.?C.?.?.?0\\\\.b\\\\[1\\\\]\\\\.f\\\\[0\\\\]\\\\.x" 1
FAIL: gcc.dg/tree-ssa/sra-18.c scan-tree-dump-times esra "SR[.\$][0-9_]+ =
\\\\*.?L.?C.?.?.?0\\\\.b\\\\[1\\\\]\\\\.f\\\\[1\\\\]\\\\.x" 1
XPASS: gcc.dg/tree-ssa/ssa-dom-cse-2.c scan-tree-dump optimized "return 28;"
XPASS: gcc.dg/tree-ssa/ssa-fre-77.c scan-tree-dump fre1 "return 1;"
FAIL: gcc.dg/vect/costmodel/ppc/costmodel-bb-slp-9a-pr63175.c
scan-assembler-not \\tlwz?u?x?
FAIL: gcc.dg/vect/costmodel/ppc/costmodel-bb-slp-9a-pr63175.c
scan-assembler-not \\tstwu?x?
FAIL: gcc.dg/vect/costmodel/ppc/costmodel-pr37194.c scan-tree-dump-times
vect "vectorization not profitable" 1
FAIL: gcc.dg/vect/costmodel/ppc/costmodel-pr37194.c scan-tree-dump-times
vect "vectorized 1 loops" 1
FAIL: gcc.dg/vect/costmodel/ppc/costmodel-vect-31a.c scan-tree-dump-times
vect "not vectorized: unsupported unaligned store" 1
FAIL: gcc.dg/vect/costmodel/ppc/costmodel-vect-33.c scan-tree-dump-times
vect "vectorization not profitable" 1
FAIL: gcc.dg/vect/bb-slp-pr69907.c -flto -ffat-lto-objects scan-tree-dump
slp1 "BB vectorization with gaps at the end of a load is not supported"
FAIL: gcc.dg/vect/bb-slp-pr69907.c scan-tree-dump slp1 "BB vectorization
with gaps at the end of a load is not supported"
FAIL: gcc.dg/vect/no-tree-sra-bb-slp-pr50730.c scan-tree-dump-times slp2
"basic block vectorized" 1
FAIL: gcc.dg/vect/no-vfa-vect-depend-2.c scan-tree-dump-times vect
"vectorized 1 loops" 1
FAIL: gcc.dg/vect/no-vfa-vect-depend-3.c scan-tree-dump-times vect
"vectorized 1 loops" 4
FAIL: gcc.dg/vect/pr60505.c (test for excess errors)
FAIL: gcc.dg/vect/pr60505.c -flto -ffat-lto-objects (test for excess errors)
FAIL: gcc.dg/vect/pr65947-13.c -flto -ffat-lto-objects
scan-tree-dump-times vect "LOOP VECTORIZED" 2
FAIL: gcc.dg/vect/pr65947-13.c scan-tree-dump-times vect "LOOP VECTORIZED" 2
FAIL: gcc.dg/vect/pr85586.c -flto -ffat-lto-objects scan-tree-dump-times
vect "LOOP VECTORIZED" 1
FAIL: gcc.dg/vect/pr85586.c scan-tree-dump-times vect "LOOP VECTORIZED" 1
FAIL: gcc.dg/vect/section-anchors-vect-69.c scan-tree-dump-times vect
"Alignment of access forced using versioning" 4
FAIL: gcc.dg/vect/section-anchors-vect-69.c scan-tree-dump-times vect
"vectorized 4 loops" 1
FAIL: gcc.dg/vect/slp-43.c -flto -ffat-lto-objects scan-tree-dump-times
vect "vectorized 1 loops" 2
FAIL: gcc.dg/vect/slp-43.c scan-tree-dump-times vect "vectorized 1 loops" 2
FAIL: gcc.dg/vect/vect-31.c -flto -ffat-lto-objects scan-tree-dump-times
vect "vectorized 4 loops" 1
FAIL: gcc.dg/vect/vect-31.c scan-tree-dump-times vect "vectorized 4 loops" 1
XPASS: gcc.dg/vect/vect-44.c -flto -ffat-lto-objects scan-tree-dump-times
vect "Alignment of access forced using peeling" 0
FAIL: gcc.dg/vect/vect-44.c -flto -ffat-lto-objects scan-tree-dump-times
vect "Vectorizing an unaligned access" 3
XPASS: gcc.dg/vect/vect-44.c scan-tree-dump-times vect "Alignment of access
forced using peeling" 0
FAIL: gcc.dg/vect/vect-44.c scan-tree-dump-times vect "Vectorizing an
unaligned access" 3
XPASS: gcc.dg/vect/vect-50.c -flto -ffat-lto-objects scan-tree-dump-times
vect "Alignment of access forced using peeling" 0
FAIL: gcc.dg/vect/vect-50.c -flto -ffat-lto-objects scan-tree-dump-times
vect "Vectorizing an unaligned access" 3
XPASS: gcc.dg/vect/vect-50.c scan-tree-dump-times vect "Alignment of access
forced using peeling" 0
FAIL: gcc.dg/vect/vect-50.c scan-tree-dump-times vect "Vectorizing an
unaligned access" 3
FAIL: gcc.dg/vect/vect-82.c -flto -ffat-lto-objects scan-tree-dump-times
vect "vectorized 1 loops" 1
FAIL: gcc.dg/vect/vect-82.c scan-tree-dump-times vect "vectorized 1 loops" 1
FAIL: gcc.dg/vect/vect-82_64.c -flto -ffat-lto-objects
scan-tree-dump-times vect "vectorized 1 loops" 1
FAIL: gcc.dg/vect/vect-82_64.c scan-tree-dump-times vect "vectorized 1
loops" 1
FAIL: gcc.dg/vect/vect-83.c -flto -ffat-lto-objects scan-tree-dump-times
vect "vectorized 1 loops" 1
FAIL: gcc.dg/vect/vect-83.c scan-tree-dump-times vect "vectorized 1 loops" 1
FAIL: gcc.dg/vect/vect-83_64.c -flto -ffat-lto-objects
scan-tree-dump-times vect "vectorized 1 loops" 1
FAIL: gcc.dg/vect/vect-83_64.c scan-tree-dump-times vect "vectorized 1
loops" 1
FAIL: gcc.dg/vect/vect-93.c -flto -ffat-lto-objects scan-tree-dump-times
vect "vectorized 2 loops" 2
FAIL: gcc.dg/vect/vect-93.c scan-tree-dump-times vect "vectorized 2 loops" 2
FAIL: gcc.dg/vect/vect-alias-check-18.c -flto -ffat-lto-objects
scan-tree-dump vect "using an index-based WAR/WAW test"
FAIL: gcc.dg/vect/vect-alias-check-18.c scan-tree-dump vect "using an
index-based WAR/WAW test"
FAIL: gcc.dg/vect/vect-strided-a-u8-i2-gap.c -flto -ffat-lto-objects
scan-tree-dump-times vect "vectorized 1 loops" 1
FAIL: gcc.dg/vect/vect-strided-a-u8-i2-gap.c scan-tree-dump-times vect
"vectorized 1 loops" 1
FAIL: gcc.target/powerpc/20050603-3.c scan-assembler-not \\\\mrldic
FAIL: gcc.target/powerpc/pr17381.c scan-assembler-times fmr 1
FAIL: gcc.target/powerpc/pr70010.c scan-assembler \\\\mbl
\\\\.?vadd_no_vsx\\\\M
FAIL: gcc.target/powerpc/pr88233.c scan-assembler-times \\\\mlxvd2x\\\\M 1
FAIL: gcc.target/powerpc/pr88233.c scan-assembler-times \\\\mstxvd2x\\\\M 1
FAIL: gcc.target/powerpc/pragma_power7.c (test for excess errors)
FAIL: gcc.target/powerpc/pragma_power9.c (test for excess errors)
FAIL: gcc.target/powerpc/r2_shrink-wrap.c scan-rtl-dump-times
pro_and_epilogue "Performing shrink-wrapping" 1
FAIL: gcc.target/powerpc/rlwimi-2.c scan-assembler-times (?n)^\\\\s+[a-z]
20217
FAIL: gcc.target/powerpc/rlwimi-2.c scan-assembler-times (?n)^\\\\s+rldicl
6728
FAIL: gcc.target/powerpc/rlwimi-2.c scan-assembler-times (?n)^\\\\s+rlwimi
1692
FAIL: gcc.target/powerpc/shrink-wrap-separate-0.c scan-assembler
#before\\\\M.*\\\\mmflr\\\\M
FAIL: gcc.target/powerpc/shrink-wrap-separate-1.c scan-assembler
\\\\mmflr\\\\M.*\\\\mbl\\\\M.*\\\\mmflr\\\\M.*\\\\mbl\\\\M
FAIL: gcc.target/powerpc/shrink-wrap-separate-2.c scan-assembler
\\\\mmflr\\\\M.*\\\\mbl\\\\M.*\\\\mmflr\\\\M.*\\\\mbl\\\\M
FAIL: gcc.target/powerpc/test_fpscr_rn_builtin.c execution test
=== gcc Summary for unix/-m64 ===
# of expected passes 122414
# of unexpected failures 101
# of unexpected successes 12
# of expected failures 720
# of unresolved testcases 2
# of unsupported tests 3979
=== gcc Summary ===
# of expected passes 243477
# of unexpected failures 257
# of unexpected successes 15
# of expected failures 1428
# of unresolved testcases 16
# of unsupported tests 8274
/Volumes/scratch/10-5-leo/gcc-master/gcc/xgcc version 11.0.0 20200512
(experimental) [master revision r11-310-gdc703151d4f4] (GCC)
=== gfortran tests ===
Running target unix/-m32
FAIL: gfortran.dg/analyzer/pr93993.f90 -O (test for excess errors)
FAIL: gfortran.dg/dec_math.f90 -O0 execution test
FAIL: gfortran.dg/dec_math.f90 -O1 execution test
FAIL: gfortran.dg/dec_math.f90 -O2 execution test
FAIL: gfortran.dg/dec_math.f90 -O3 -fomit-frame-pointer -funroll-loops
-fpeel-loops -ftracer -finline-functions execution test
FAIL: gfortran.dg/dec_math.f90 -O3 -g execution test
FAIL: gfortran.dg/dec_math.f90 -Os execution test
FAIL: gfortran.dg/erf_3.F90 -O0 execution test
FAIL: gfortran.dg/erf_3.F90 -O1 execution test
FAIL: gfortran.dg/erf_3.F90 -O2 execution test
FAIL: gfortran.dg/erf_3.F90 -O3 -fomit-frame-pointer -funroll-loops
-fpeel-loops -ftracer -finline-functions execution test
FAIL: gfortran.dg/erf_3.F90 -O3 -g execution test
FAIL: gfortran.dg/erf_3.F90 -Os execution test
FAIL: gfortran.dg/large_real_kind_2.F90 -O0 execution test
FAIL: gfortran.dg/large_real_kind_3.F90 -O0 execution test
XPASS: gfortran.dg/namelist_utf8.f90 -O0 execution test
XPASS: gfortran.dg/namelist_utf8.f90 -O1 execution test
XPASS: gfortran.dg/namelist_utf8.f90 -O2 execution test
XPASS: gfortran.dg/namelist_utf8.f90 -O3 -fomit-frame-pointer
-funroll-loops -fpeel-loops -ftracer -finline-functions execution test
XPASS: gfortran.dg/namelist_utf8.f90 -O3 -g execution test
XPASS: gfortran.dg/namelist_utf8.f90 -Os execution test
FAIL: gfortran.dg/norm2_3.f90 -O0 execution test
FAIL: gfortran.dg/norm2_3.f90 -O1 execution test
FAIL: gfortran.dg/norm2_3.f90 -O2 execution test
FAIL: gfortran.dg/norm2_3.f90 -O3 -fomit-frame-pointer -funroll-loops
-fpeel-loops -ftracer -finline-functions execution test
FAIL: gfortran.dg/norm2_3.f90 -O3 -g execution test
FAIL: gfortran.dg/norm2_3.f90 -Os execution test
FAIL: gfortran.dg/quad_2.f90 -O0 execution test
FAIL: gfortran.dg/quad_2.f90 -O1 execution test
FAIL: gfortran.dg/quad_2.f90 -O2 execution test
FAIL: gfortran.dg/quad_2.f90 -O3 -fomit-frame-pointer -funroll-loops
-fpeel-loops -ftracer -finline-functions execution test
FAIL: gfortran.dg/quad_2.f90 -O3 -g execution test
FAIL: gfortran.dg/quad_2.f90 -Os execution test
FAIL: gfortran.dg/vect/pr48329.f90 -O scan-tree-dump-times vect
"vectorized 1 loops" 1
FAIL: gfortran.dg/vect/pr62283-2.f -O scan-tree-dump slp2 "basic block
vectorized"
=== gfortran Summary for unix/-m32 ===
# of expected passes 53267
# of unexpected failures 29
# of unexpected successes 6
# of expected failures 219
# of unsupported tests 260
Running target unix/-m64
FAIL: gfortran.dg/analyzer/pr93993.f90 -O (test for excess errors)
FAIL: gfortran.dg/dec_math.f90 -O0 execution test
FAIL: gfortran.dg/dec_math.f90 -O1 execution test
FAIL: gfortran.dg/dec_math.f90 -O2 execution test
FAIL: gfortran.dg/dec_math.f90 -O3 -fomit-frame-pointer -funroll-loops
-fpeel-loops -ftracer -finline-functions execution test
FAIL: gfortran.dg/dec_math.f90 -O3 -g execution test
FAIL: gfortran.dg/dec_math.f90 -Os execution test
FAIL: gfortran.dg/erf_3.F90 -O0 execution test
FAIL: gfortran.dg/erf_3.F90 -O1 execution test
FAIL: gfortran.dg/erf_3.F90 -O2 execution test
FAIL: gfortran.dg/erf_3.F90 -O3 -fomit-frame-pointer -funroll-loops
-fpeel-loops -ftracer -finline-functions execution test
FAIL: gfortran.dg/erf_3.F90 -O3 -g execution test
FAIL: gfortran.dg/erf_3.F90 -Os execution test
FAIL: gfortran.dg/large_real_kind_2.F90 -O0 execution test
FAIL: gfortran.dg/large_real_kind_3.F90 -O0 execution test
XPASS: gfortran.dg/namelist_utf8.f90 -O0 execution test
XPASS: gfortran.dg/namelist_utf8.f90 -O1 execution test
XPASS: gfortran.dg/namelist_utf8.f90 -O2 execution test
XPASS: gfortran.dg/namelist_utf8.f90 -O3 -fomit-frame-pointer
-funroll-loops -fpeel-loops -ftracer -finline-functions execution test
XPASS: gfortran.dg/namelist_utf8.f90 -O3 -g execution test
XPASS: gfortran.dg/namelist_utf8.f90 -Os execution test
FAIL: gfortran.dg/norm2_3.f90 -O0 execution test
FAIL: gfortran.dg/norm2_3.f90 -O1 execution test
FAIL: gfortran.dg/norm2_3.f90 -O2 execution test
FAIL: gfortran.dg/norm2_3.f90 -O3 -fomit-frame-pointer -funroll-loops
-fpeel-loops -ftracer -finline-functions execution test
FAIL: gfortran.dg/norm2_3.f90 -O3 -g execution test
FAIL: gfortran.dg/norm2_3.f90 -Os execution test
FAIL: gfortran.dg/quad_2.f90 -O0 execution test
FAIL: gfortran.dg/quad_2.f90 -O1 execution test
FAIL: gfortran.dg/quad_2.f90 -O2 execution test
FAIL: gfortran.dg/quad_2.f90 -O3 -fomit-frame-pointer -funroll-loops
-fpeel-loops -ftracer -finline-functions execution test
FAIL: gfortran.dg/quad_2.f90 -O3 -g execution test
FAIL: gfortran.dg/quad_2.f90 -Os execution test
FAIL: gfortran.dg/vect/pr48329.f90 -O scan-tree-dump-times vect
"vectorized 1 loops" 1
FAIL: gfortran.dg/vect/pr62283-2.f -O scan-tree-dump slp2 "basic block
vectorized"
=== gfortran Summary for unix/-m64 ===
# of expected passes 53531
# of unexpected failures 29
# of unexpected successes 6
# of expected failures 217
# of unsupported tests 133
=== gfortran Summary ===
# of expected passes 106798
# of unexpected failures 58
# of unexpected successes 12
# of expected failures 436
# of unsupported tests 393
/Volumes/scratch/10-5-leo/gcc-master/gcc/testsuite/gfortran/../../gfortran
version 11.0.0 20200512 (experimental) [master revision
r11-310-gdc703151d4f4] (GCC)
=== gnat tests ===
Running target unix/-m32
FAIL: gnat.dg/bias1.adb scan-assembler DW_AT_GNU_bias
FAIL: gnat.dg/opt39.adb scan-tree-dump-not optimized "tmp"
=== gnat Summary for unix/-m32 ===
# of expected passes 3244
# of unexpected failures 2
# of expected failures 23
# of unsupported tests 30
Running target unix/-m64
FAIL: gnat.dg/bias1.adb scan-assembler DW_AT_GNU_bias
FAIL: gnat.dg/opt39.adb scan-tree-dump-not optimized "tmp"
FAIL: gnat.dg/unroll4.adb scan-rtl-dump-times loop2_unroll "optimized: loop
unrolled 7 times" 2
=== gnat Summary for unix/-m64 ===
# of expected passes 3243
# of unexpected failures 3
# of expected failures 23
# of unsupported tests 30
=== gnat Summary ===
# of expected passes 6487
# of unexpected failures 5
# of expected failures 46
# of unsupported tests 60
/Volumes/scratch/10-5-leo/gcc-master/gcc/gnatmake version 11.0.0 20200512
(experimental) [master revision r11-310-gdc703151d4f4]
=== obj-c++ tests ===
Running target unix/-m32
FAIL: obj-c++.dg/syntax-error-10.mm -fgnu-runtime (test for errors, line 1)
FAIL: obj-c++.dg/syntax-error-10.mm -fgnu-runtime (test for excess errors)
FAIL: obj-c++.dg/syntax-error-8.mm -fgnu-runtime (test for errors, line 1)
FAIL: obj-c++.dg/syntax-error-8.mm -fgnu-runtime (test for excess errors)
FAIL: obj-c++.dg/syntax-error-9.mm -fgnu-runtime (test for errors, line 2)
FAIL: obj-c++.dg/syntax-error-9.mm -fgnu-runtime (test for excess errors)
FAIL: obj-c++.dg/syntax-error-10.mm -fnext-runtime (test for errors, line 1)
FAIL: obj-c++.dg/syntax-error-10.mm -fnext-runtime (test for excess errors)
FAIL: obj-c++.dg/syntax-error-8.mm -fnext-runtime (test for errors, line 1)
FAIL: obj-c++.dg/syntax-error-8.mm -fnext-runtime (test for excess errors)
FAIL: obj-c++.dg/syntax-error-9.mm -fnext-runtime (test for errors, line 2)
FAIL: obj-c++.dg/syntax-error-9.mm -fnext-runtime (test for excess errors)
FAIL: obj-c++.dg/property/property-neg-6.mm -fgnu-runtime (test for
errors, line 8)
FAIL: obj-c++.dg/property/property-neg-6.mm -fgnu-runtime (test for excess
errors)
FAIL: obj-c++.dg/property/property-neg-6.mm -fnext-runtime (test for
errors, line 8)
FAIL: obj-c++.dg/property/property-neg-6.mm -fnext-runtime (test for excess
errors)
=== obj-c++ Summary for unix/-m32 ===
# of expected passes 3088
# of unexpected failures 16
# of expected failures 2
# of unsupported tests 62
Running target unix/-m64
FAIL: obj-c++.dg/syntax-error-10.mm -fgnu-runtime (test for errors, line 1)
FAIL: obj-c++.dg/syntax-error-10.mm -fgnu-runtime (test for excess errors)
FAIL: obj-c++.dg/syntax-error-8.mm -fgnu-runtime (test for errors, line 1)
FAIL: obj-c++.dg/syntax-error-8.mm -fgnu-runtime (test for excess errors)
FAIL: obj-c++.dg/syntax-error-9.mm -fgnu-runtime (test for errors, line 2)
FAIL: obj-c++.dg/syntax-error-9.mm -fgnu-runtime (test for excess errors)
FAIL: obj-c++.dg/bitfield-2.mm -fnext-runtime execution test
FAIL: obj-c++.dg/syntax-error-10.mm -fnext-runtime (test for errors, line 1)
FAIL: obj-c++.dg/syntax-error-10.mm -fnext-runtime (test for excess errors)
FAIL: obj-c++.dg/syntax-error-8.mm -fnext-runtime (test for errors, line 1)
FAIL: obj-c++.dg/syntax-error-8.mm -fnext-runtime (test for excess errors)
FAIL: obj-c++.dg/syntax-error-9.mm -fnext-runtime (test for errors, line 2)
FAIL: obj-c++.dg/syntax-error-9.mm -fnext-runtime (test for excess errors)
FAIL: obj-c++.dg/property/property-neg-6.mm -fgnu-runtime (test for
errors, line 8)
FAIL: obj-c++.dg/property/property-neg-6.mm -fgnu-runtime (test for excess
errors)
FAIL: obj-c++.dg/property/property-neg-6.mm -fnext-runtime (test for
errors, line 8)
FAIL: obj-c++.dg/property/property-neg-6.mm -fnext-runtime (test for excess
errors)
FAIL: obj-c++.dg/property/synthesize-10.mm -fnext-runtime execution test
=== obj-c++ Summary for unix/-m64 ===
# of expected passes 3031
# of unexpected failures 18
# of expected failures 19
# of unsupported tests 67
=== obj-c++ Summary ===
# of expected passes 6119
# of unexpected failures 34
# of expected failures 21
# of unsupported tests 129
/Volumes/scratch/10-5-leo/gcc-master/gcc/testsuite/obj-c++/../../xg++
version 11.0.0 20200512 (experimental) [master revision
r11-310-gdc703151d4f4] (GCC)
=== objc tests ===
Running target unix/-m32
FAIL: objc.dg/fix-and-continue-1.m -fgnu-runtime execution test
FAIL: objc.dg/ivar-scope-4.m -fnext-runtime execution test
FAIL: objc.dg-struct-layout-encoding-1/t001_main.m execution test
FAIL: objc.dg-struct-layout-encoding-1/t002_main.m execution test
FAIL: objc.dg-struct-layout-encoding-1/t003_main.m execution test
FAIL: objc.dg-struct-layout-encoding-1/t004_main.m execution test
FAIL: objc.dg-struct-layout-encoding-1/t005_main.m execution test
FAIL: objc.dg-struct-layout-encoding-1/t006_main.m execution test
FAIL: objc.dg-struct-layout-encoding-1/t007_main.m execution test
FAIL: objc.dg-struct-layout-encoding-1/t008_main.m execution test
FAIL: objc.dg-struct-layout-encoding-1/t009_main.m execution test
FAIL: objc.dg-struct-layout-encoding-1/t010_main.m execution test
FAIL: objc.dg-struct-layout-encoding-1/t011_main.m execution test
FAIL: objc.dg-struct-layout-encoding-1/t012_main.m execution test
FAIL: objc.dg-struct-layout-encoding-1/t013_main.m execution test
FAIL: objc.dg-struct-layout-encoding-1/t014_main.m execution test
FAIL: objc.dg-struct-layout-encoding-1/t015_main.m execution test
FAIL: objc.dg-struct-layout-encoding-1/t016_main.m execution test
FAIL: objc.dg-struct-layout-encoding-1/t017_main.m execution test
FAIL: objc.dg-struct-layout-encoding-1/t018_main.m execution test
FAIL: objc.dg-struct-layout-encoding-1/t019_main.m execution test
FAIL: objc.dg-struct-layout-encoding-1/t020_main.m execution test
FAIL: objc.dg-struct-layout-encoding-1/t021_main.m execution test
FAIL: objc.dg-struct-layout-encoding-1/t022_main.m execution test
FAIL: objc.dg-struct-layout-encoding-1/t023_main.m execution test
FAIL: objc.dg-struct-layout-encoding-1/t024_main.m execution test
FAIL: objc.dg-struct-layout-encoding-1/t026_main.m execution test
FAIL: objc.dg-struct-layout-encoding-1/t030_main.m execution test
=== objc Summary for unix/-m32 ===
# of expected passes 5615
# of unexpected failures 28
# of expected failures 4
# of unsupported tests 78
Running target unix/-m64
FAIL: objc.dg/fix-and-continue-1.m -fgnu-runtime execution test
FAIL: objc.dg/ivar-scope-4.m -fnext-runtime execution test
=== objc Summary for unix/-m64 ===
# of expected passes 5592
# of unexpected failures 2
# of expected failures 6
# of unsupported tests 85
=== objc Summary ===
# of expected passes 11207
# of unexpected failures 30
# of expected failures 10
# of unsupported tests 163
/Volumes/scratch/10-5-leo/gcc-master/gcc/xgcc version 11.0.0 20200512
(experimental) [master revision r11-310-gdc703151d4f4] (GCC)
=== libatomic tests ===
Running target unix/-m32
=== libatomic Summary for unix/-m32 ===
# of expected passes 44
# of unsupported tests 5
Running target unix/-m64
=== libatomic Summary for unix/-m64 ===
# of expected passes 54
=== libatomic Summary ===
# of expected passes 98
# of unsupported tests 5
=== libgomp tests ===
Running target unix/-m32
WARNING: program timed out.
FAIL: libgomp.c++/task-reduction-10.C execution test
WARNING: program timed out.
FAIL: libgomp.c++/task-reduction-8.C execution test
FAIL: libgomp.oacc-c/../libgomp.oacc-c-c++-common/atomic_update-1.c
-DACC_DEVICE_TYPE_host=1 -DACC_MEM_SHARED=1 -foffload=disable -O2
execution test
FAIL: libgomp.oacc-c++/../libgomp.oacc-c-c++-common/atomic_update-1.c
-DACC_DEVICE_TYPE_host=1 -DACC_MEM_SHARED=1 -foffload=disable -O2
execution test
=== libgomp Summary for unix/-m32 ===
# of expected passes 7565
# of unexpected failures 4
# of expected failures 4
# of unsupported tests 529
Running target unix/-m64
WARNING: program timed out.
FAIL: libgomp.c++/task-reduction-8.C execution test
=== libgomp Summary for unix/-m64 ===
# of expected passes 7568
# of unexpected failures 1
# of expected failures 4
# of unsupported tests 529
=== libgomp Summary ===
# of expected passes 15133
# of unexpected failures 5
# of expected failures 8
# of unsupported tests 1058
=== libitm tests ===
Running target unix/-m32
=== libitm Summary for unix/-m32 ===
# of expected passes 40
# of expected failures 3
# of unsupported tests 2
Running target unix/-m64
=== libitm Summary for unix/-m64 ===
# of expected passes 40
# of expected failures 3
# of unsupported tests 2
=== libitm Summary ===
# of expected passes 80
# of expected failures 6
# of unsupported tests 4
=== libstdc++ tests ===
Running target unix/-m32
FAIL: 27_io/basic_filebuf/open/char/2.cc execution test
FAIL: 29_atomics/atomic_float/value_init.cc (test for excess errors)
UNRESOLVED: 29_atomics/atomic_float/value_init.cc compilation failed to
produce executable
WARNING: 30_threads/condition_variable/54185.cc execution test program
timed out.
FAIL: 30_threads/condition_variable/54185.cc execution test
FAIL: experimental/net/internet/resolver/ops/reverse.cc execution test
FAIL: ext/mt_allocator/deallocate_global_thread-1.cc execution test
FAIL: ext/mt_allocator/deallocate_global_thread-3.cc execution test
FAIL: ext/stdio_filebuf/char/10063-2.cc execution test
FAIL: ext/stdio_filebuf/char/81751.cc execution test
=== libstdc++ Summary for unix/-m32 ===
# of expected passes 13142
# of unexpected failures 8
# of expected failures 93
# of unresolved testcases 1
# of unsupported tests 781
Running target unix/-m64
FAIL: 27_io/basic_filebuf/open/char/2.cc execution test
WARNING: 30_threads/condition_variable/54185.cc execution test program
timed out.
FAIL: 30_threads/condition_variable/54185.cc execution test
FAIL: experimental/net/internet/resolver/ops/reverse.cc execution test
FAIL: ext/mt_allocator/deallocate_global_thread-1.cc execution test
FAIL: ext/mt_allocator/deallocate_global_thread-3.cc execution test
FAIL: ext/stdio_filebuf/char/10063-2.cc execution test
FAIL: ext/stdio_filebuf/char/81751.cc execution test
=== libstdc++ Summary for unix/-m64 ===
# of expected passes 13142
# of unexpected failures 7
# of expected failures 93
# of unsupported tests 782
=== libstdc++ Summary ===
# of expected passes 26284
# of unexpected failures 15
# of expected failures 186
# of unresolved testcases 1
# of unsupported tests 1563
Compiler version: 11.0.0 20200512 (experimental) [master revision
r11-310-gdc703151d4f4] (GCC)
Platform: powerpc-apple-darwin9
configure flags: --prefix=/opt/iains/powerpc-apple-darwin9/gcc-11-0-0
--target=powerpc-apple-darwin9 --host=powerpc-apple-darwin9
--build=powerpc-apple-darwin9 --disable-nls --with-as=/usr/bin/as
--with-ld=/usr/bin/ld --enable-languages=all --enable-checking=yes,rtl
More information about the Gcc-testresults
mailing list