Results for 11.0.0 20200513 (experimental) [master revision 9042fea9722] (GCC) testsuite on aarch64-suse-linux-gnu
Andreas Schwab
schwab@suse.de
Wed May 13 08:11:22 GMT 2020
LAST_UPDATED: Wed May 13 02:01:22 UTC 2020 (revision 9042fea9722)
Native configuration is aarch64-suse-linux-gnu
=== libatomic tests ===
Running target unix/-mabi=lp64
=== libatomic Summary for unix/-mabi=lp64 ===
# of expected passes 54
Running target unix/-mabi=ilp32
=== libatomic Summary for unix/-mabi=ilp32 ===
# of expected passes 54
=== libatomic Summary ===
# of expected passes 108
=== libffi tests ===
Running target unix/-mabi=lp64
FAIL: libffi.complex/cls_complex_va_double.c -W -Wall -Wno-psabi -O0 execution test
FAIL: libffi.complex/cls_complex_va_double.c -W -Wall -Wno-psabi -O2 execution test
FAIL: libffi.complex/cls_complex_va_double.c -W -Wall -Wno-psabi -O3 execution test
FAIL: libffi.complex/cls_complex_va_double.c -W -Wall -Wno-psabi -Os execution test
FAIL: libffi.complex/cls_complex_va_double.c -W -Wall -Wno-psabi -O2 -fomit-frame-pointer execution test
FAIL: libffi.complex/cls_complex_va_float.c -W -Wall -Wno-psabi -O0 execution test
FAIL: libffi.complex/cls_complex_va_float.c -W -Wall -Wno-psabi -O2 execution test
FAIL: libffi.complex/cls_complex_va_float.c -W -Wall -Wno-psabi -O3 execution test
FAIL: libffi.complex/cls_complex_va_float.c -W -Wall -Wno-psabi -Os execution test
FAIL: libffi.complex/cls_complex_va_float.c -W -Wall -Wno-psabi -O2 -fomit-frame-pointer execution test
FAIL: libffi.complex/cls_complex_va_longdouble.c -W -Wall -Wno-psabi -O0 execution test
FAIL: libffi.complex/cls_complex_va_longdouble.c -W -Wall -Wno-psabi -O2 execution test
FAIL: libffi.complex/cls_complex_va_longdouble.c -W -Wall -Wno-psabi -O3 execution test
FAIL: libffi.complex/cls_complex_va_longdouble.c -W -Wall -Wno-psabi -Os execution test
FAIL: libffi.complex/cls_complex_va_longdouble.c -W -Wall -Wno-psabi -O2 -fomit-frame-pointer execution test
=== libffi Summary for unix/-mabi=lp64 ===
# of expected passes 2199
# of unexpected failures 15
Running target unix/-mabi=ilp32
FAIL: libffi.complex/cls_complex_va_double.c -W -Wall -Wno-psabi -O0 execution test
FAIL: libffi.complex/cls_complex_va_double.c -W -Wall -Wno-psabi -O2 execution test
FAIL: libffi.complex/cls_complex_va_double.c -W -Wall -Wno-psabi -O3 execution test
FAIL: libffi.complex/cls_complex_va_double.c -W -Wall -Wno-psabi -Os execution test
FAIL: libffi.complex/cls_complex_va_double.c -W -Wall -Wno-psabi -O2 -fomit-frame-pointer execution test
FAIL: libffi.complex/cls_complex_va_float.c -W -Wall -Wno-psabi -O0 execution test
FAIL: libffi.complex/cls_complex_va_float.c -W -Wall -Wno-psabi -O2 execution test
FAIL: libffi.complex/cls_complex_va_float.c -W -Wall -Wno-psabi -O3 execution test
FAIL: libffi.complex/cls_complex_va_float.c -W -Wall -Wno-psabi -Os execution test
FAIL: libffi.complex/cls_complex_va_float.c -W -Wall -Wno-psabi -O2 -fomit-frame-pointer execution test
FAIL: libffi.complex/cls_complex_va_longdouble.c -W -Wall -Wno-psabi -O0 execution test
FAIL: libffi.complex/cls_complex_va_longdouble.c -W -Wall -Wno-psabi -O2 execution test
FAIL: libffi.complex/cls_complex_va_longdouble.c -W -Wall -Wno-psabi -O3 execution test
FAIL: libffi.complex/cls_complex_va_longdouble.c -W -Wall -Wno-psabi -Os execution test
FAIL: libffi.complex/cls_complex_va_longdouble.c -W -Wall -Wno-psabi -O2 -fomit-frame-pointer execution test
=== libffi Summary for unix/-mabi=ilp32 ===
# of expected passes 2199
# of unexpected failures 15
=== libffi Summary ===
# of expected passes 4398
# of unexpected failures 30
=== libgo tests ===
Running target unix
FAIL: net
=== libgo Summary for unix ===
# of expected passes 172
# of unexpected failures 1
Running target unix/-mabi=ilp32
FAIL: encoding/gob
FAIL: net
FAIL: runtime
=== libgo Summary for unix/-mabi=ilp32 ===
# of expected passes 170
# of unexpected failures 3
=== libgo Summary ===
# of expected passes 342
# of unexpected failures 4
/opt/gcc/gcc-20200513/Build/./gcc/gccgo version 11.0.0 20200513 (experimental) [master revision 9042fea9722] (GCC)
=== libgomp tests ===
Running target unix/-mabi=lp64
=== libgomp Summary for unix/-mabi=lp64 ===
# of expected passes 7573
# of expected failures 4
# of unsupported tests 527
Running target unix/-mabi=ilp32
=== libgomp Summary for unix/-mabi=ilp32 ===
# of expected passes 7573
# of expected failures 4
# of unsupported tests 527
=== libgomp Summary ===
# of expected passes 15146
# of expected failures 8
# of unsupported tests 1054
=== libitm tests ===
Running target unix/-mabi=lp64
=== libitm Summary for unix/-mabi=lp64 ===
# of expected passes 42
# of expected failures 3
# of unsupported tests 1
Running target unix/-mabi=ilp32
=== libitm Summary for unix/-mabi=ilp32 ===
# of expected passes 42
# of expected failures 3
# of unsupported tests 1
=== libitm Summary ===
# of expected passes 84
# of expected failures 6
# of unsupported tests 2
=== libphobos tests ===
Running target unix/-mabi=ilp32
WARNING: libphobos.druntime/core/internal/arrayop.d (test for excess errors) program timed out.
FAIL: libphobos.druntime/core/internal/arrayop.d (test for excess errors)
UNRESOLVED: libphobos.druntime/core/internal/arrayop.d compilation failed to produce executable
FAIL: libphobos.druntime/core/thread.d execution test
FAIL: libphobos.druntime_shared/core/thread.d execution test
WARNING: libphobos.phobos/std/algorithm/iteration.d (test for excess errors) program timed out.
FAIL: libphobos.phobos/std/algorithm/iteration.d (test for excess errors)
UNRESOLVED: libphobos.phobos/std/algorithm/iteration.d compilation failed to produce executable
WARNING: libphobos.phobos/std/algorithm/searching.d (test for excess errors) program timed out.
FAIL: libphobos.phobos/std/algorithm/searching.d (test for excess errors)
UNRESOLVED: libphobos.phobos/std/algorithm/searching.d compilation failed to produce executable
WARNING: libphobos.phobos/std/algorithm/setops.d (test for excess errors) program timed out.
FAIL: libphobos.phobos/std/algorithm/setops.d (test for excess errors)
UNRESOLVED: libphobos.phobos/std/algorithm/setops.d compilation failed to produce executable
WARNING: libphobos.phobos/std/algorithm/sorting.d (test for excess errors) program timed out.
FAIL: libphobos.phobos/std/algorithm/sorting.d (test for excess errors)
UNRESOLVED: libphobos.phobos/std/algorithm/sorting.d compilation failed to produce executable
WARNING: libphobos.phobos/std/array.d (test for excess errors) program timed out.
FAIL: libphobos.phobos/std/array.d (test for excess errors)
UNRESOLVED: libphobos.phobos/std/array.d compilation failed to produce executable
FAIL: libphobos.phobos/std/concurrency.d execution test
WARNING: libphobos.phobos/std/container/rbtree.d (test for excess errors) program timed out.
FAIL: libphobos.phobos/std/container/rbtree.d (test for excess errors)
UNRESOLVED: libphobos.phobos/std/container/rbtree.d compilation failed to produce executable
WARNING: libphobos.phobos/std/conv.d (test for excess errors) program timed out.
FAIL: libphobos.phobos/std/conv.d (test for excess errors)
UNRESOLVED: libphobos.phobos/std/conv.d compilation failed to produce executable
WARNING: libphobos.phobos/std/datetime/date.d (test for excess errors) program timed out.
FAIL: libphobos.phobos/std/datetime/date.d (test for excess errors)
UNRESOLVED: libphobos.phobos/std/datetime/date.d compilation failed to produce executable
WARNING: libphobos.phobos/std/datetime/interval.d (test for excess errors) program timed out.
FAIL: libphobos.phobos/std/datetime/interval.d (test for excess errors)
UNRESOLVED: libphobos.phobos/std/datetime/interval.d compilation failed to produce executable
WARNING: libphobos.phobos/std/datetime/systime.d (test for excess errors) program timed out.
FAIL: libphobos.phobos/std/datetime/systime.d (test for excess errors)
UNRESOLVED: libphobos.phobos/std/datetime/systime.d compilation failed to produce executable
WARNING: libphobos.phobos/std/format.d (test for excess errors) program timed out.
FAIL: libphobos.phobos/std/format.d (test for excess errors)
UNRESOLVED: libphobos.phobos/std/format.d compilation failed to produce executable
FAIL: libphobos.phobos/std/internal/math/errorfunction.d execution test
FAIL: libphobos.phobos/std/internal/math/gammafunction.d execution test
FAIL: libphobos.phobos/std/math.d execution test
WARNING: libphobos.phobos/std/net/isemail.d (test for excess errors) program timed out.
FAIL: libphobos.phobos/std/net/isemail.d (test for excess errors)
UNRESOLVED: libphobos.phobos/std/net/isemail.d compilation failed to produce executable
FAIL: libphobos.phobos/std/numeric.d execution test
WARNING: libphobos.phobos/std/path.d (test for excess errors) program timed out.
FAIL: libphobos.phobos/std/path.d (test for excess errors)
UNRESOLVED: libphobos.phobos/std/path.d compilation failed to produce executable
WARNING: libphobos.phobos/std/random.d (test for excess errors) program timed out.
FAIL: libphobos.phobos/std/random.d (test for excess errors)
UNRESOLVED: libphobos.phobos/std/random.d compilation failed to produce executable
WARNING: libphobos.phobos/std/range/package.d (test for excess errors) program timed out.
FAIL: libphobos.phobos/std/range/package.d (test for excess errors)
UNRESOLVED: libphobos.phobos/std/range/package.d compilation failed to produce executable
WARNING: libphobos.phobos/std/regex/internal/tests.d (test for excess errors) program timed out.
FAIL: libphobos.phobos/std/regex/internal/tests.d (test for excess errors)
UNRESOLVED: libphobos.phobos/std/regex/internal/tests.d compilation failed to produce executable
WARNING: libphobos.phobos/std/regex/package.d (test for excess errors) program timed out.
FAIL: libphobos.phobos/std/regex/package.d (test for excess errors)
UNRESOLVED: libphobos.phobos/std/regex/package.d compilation failed to produce executable
WARNING: libphobos.phobos/std/string.d (test for excess errors) program timed out.
FAIL: libphobos.phobos/std/string.d (test for excess errors)
UNRESOLVED: libphobos.phobos/std/string.d compilation failed to produce executable
WARNING: libphobos.phobos/std/typecons.d (test for excess errors) program timed out.
FAIL: libphobos.phobos/std/typecons.d (test for excess errors)
UNRESOLVED: libphobos.phobos/std/typecons.d compilation failed to produce executable
WARNING: libphobos.phobos/std/uni.d (test for excess errors) program timed out.
FAIL: libphobos.phobos/std/uni.d (test for excess errors)
UNRESOLVED: libphobos.phobos/std/uni.d compilation failed to produce executable
WARNING: libphobos.phobos/std/utf.d (test for excess errors) program timed out.
FAIL: libphobos.phobos/std/utf.d (test for excess errors)
UNRESOLVED: libphobos.phobos/std/utf.d compilation failed to produce executable
WARNING: libphobos.phobos/std/uuid.d (test for excess errors) program timed out.
FAIL: libphobos.phobos/std/uuid.d (test for excess errors)
UNRESOLVED: libphobos.phobos/std/uuid.d compilation failed to produce executable
WARNING: libphobos.phobos/std/variant.d (test for excess errors) program timed out.
FAIL: libphobos.phobos/std/variant.d (test for excess errors)
UNRESOLVED: libphobos.phobos/std/variant.d compilation failed to produce executable
WARNING: libphobos.phobos_shared/std/algorithm/iteration.d (test for excess errors) program timed out.
FAIL: libphobos.phobos_shared/std/algorithm/iteration.d (test for excess errors)
UNRESOLVED: libphobos.phobos_shared/std/algorithm/iteration.d compilation failed to produce executable
WARNING: libphobos.phobos_shared/std/algorithm/searching.d (test for excess errors) program timed out.
FAIL: libphobos.phobos_shared/std/algorithm/searching.d (test for excess errors)
UNRESOLVED: libphobos.phobos_shared/std/algorithm/searching.d compilation failed to produce executable
WARNING: libphobos.phobos_shared/std/algorithm/setops.d (test for excess errors) program timed out.
FAIL: libphobos.phobos_shared/std/algorithm/setops.d (test for excess errors)
UNRESOLVED: libphobos.phobos_shared/std/algorithm/setops.d compilation failed to produce executable
WARNING: libphobos.phobos_shared/std/algorithm/sorting.d (test for excess errors) program timed out.
FAIL: libphobos.phobos_shared/std/algorithm/sorting.d (test for excess errors)
UNRESOLVED: libphobos.phobos_shared/std/algorithm/sorting.d compilation failed to produce executable
WARNING: libphobos.phobos_shared/std/array.d (test for excess errors) program timed out.
FAIL: libphobos.phobos_shared/std/array.d (test for excess errors)
UNRESOLVED: libphobos.phobos_shared/std/array.d compilation failed to produce executable
FAIL: libphobos.phobos_shared/std/concurrency.d execution test
WARNING: libphobos.phobos_shared/std/container/rbtree.d (test for excess errors) program timed out.
FAIL: libphobos.phobos_shared/std/container/rbtree.d (test for excess errors)
UNRESOLVED: libphobos.phobos_shared/std/container/rbtree.d compilation failed to produce executable
WARNING: libphobos.phobos_shared/std/conv.d (test for excess errors) program timed out.
FAIL: libphobos.phobos_shared/std/conv.d (test for excess errors)
UNRESOLVED: libphobos.phobos_shared/std/conv.d compilation failed to produce executable
WARNING: libphobos.phobos_shared/std/datetime/date.d (test for excess errors) program timed out.
FAIL: libphobos.phobos_shared/std/datetime/date.d (test for excess errors)
UNRESOLVED: libphobos.phobos_shared/std/datetime/date.d compilation failed to produce executable
WARNING: libphobos.phobos_shared/std/datetime/interval.d (test for excess errors) program timed out.
FAIL: libphobos.phobos_shared/std/datetime/interval.d (test for excess errors)
UNRESOLVED: libphobos.phobos_shared/std/datetime/interval.d compilation failed to produce executable
WARNING: libphobos.phobos_shared/std/datetime/systime.d (test for excess errors) program timed out.
FAIL: libphobos.phobos_shared/std/datetime/systime.d (test for excess errors)
UNRESOLVED: libphobos.phobos_shared/std/datetime/systime.d compilation failed to produce executable
WARNING: libphobos.phobos_shared/std/format.d (test for excess errors) program timed out.
FAIL: libphobos.phobos_shared/std/format.d (test for excess errors)
UNRESOLVED: libphobos.phobos_shared/std/format.d compilation failed to produce executable
FAIL: libphobos.phobos_shared/std/internal/math/errorfunction.d execution test
FAIL: libphobos.phobos_shared/std/internal/math/gammafunction.d execution test
FAIL: libphobos.phobos_shared/std/math.d execution test
WARNING: libphobos.phobos_shared/std/net/isemail.d (test for excess errors) program timed out.
FAIL: libphobos.phobos_shared/std/net/isemail.d (test for excess errors)
UNRESOLVED: libphobos.phobos_shared/std/net/isemail.d compilation failed to produce executable
FAIL: libphobos.phobos_shared/std/numeric.d execution test
WARNING: libphobos.phobos_shared/std/path.d (test for excess errors) program timed out.
FAIL: libphobos.phobos_shared/std/path.d (test for excess errors)
UNRESOLVED: libphobos.phobos_shared/std/path.d compilation failed to produce executable
WARNING: libphobos.phobos_shared/std/random.d (test for excess errors) program timed out.
FAIL: libphobos.phobos_shared/std/random.d (test for excess errors)
UNRESOLVED: libphobos.phobos_shared/std/random.d compilation failed to produce executable
WARNING: libphobos.phobos_shared/std/range/package.d (test for excess errors) program timed out.
FAIL: libphobos.phobos_shared/std/range/package.d (test for excess errors)
UNRESOLVED: libphobos.phobos_shared/std/range/package.d compilation failed to produce executable
WARNING: libphobos.phobos_shared/std/range/primitives.d (test for excess errors) program timed out.
FAIL: libphobos.phobos_shared/std/range/primitives.d (test for excess errors)
UNRESOLVED: libphobos.phobos_shared/std/range/primitives.d compilation failed to produce executable
WARNING: libphobos.phobos_shared/std/regex/internal/tests.d (test for excess errors) program timed out.
FAIL: libphobos.phobos_shared/std/regex/internal/tests.d (test for excess errors)
UNRESOLVED: libphobos.phobos_shared/std/regex/internal/tests.d compilation failed to produce executable
WARNING: libphobos.phobos_shared/std/regex/package.d (test for excess errors) program timed out.
FAIL: libphobos.phobos_shared/std/regex/package.d (test for excess errors)
UNRESOLVED: libphobos.phobos_shared/std/regex/package.d compilation failed to produce executable
WARNING: libphobos.phobos_shared/std/string.d (test for excess errors) program timed out.
FAIL: libphobos.phobos_shared/std/string.d (test for excess errors)
UNRESOLVED: libphobos.phobos_shared/std/string.d compilation failed to produce executable
WARNING: libphobos.phobos_shared/std/typecons.d (test for excess errors) program timed out.
FAIL: libphobos.phobos_shared/std/typecons.d (test for excess errors)
UNRESOLVED: libphobos.phobos_shared/std/typecons.d compilation failed to produce executable
WARNING: libphobos.phobos_shared/std/uni.d (test for excess errors) program timed out.
FAIL: libphobos.phobos_shared/std/uni.d (test for excess errors)
UNRESOLVED: libphobos.phobos_shared/std/uni.d compilation failed to produce executable
WARNING: libphobos.phobos_shared/std/utf.d (test for excess errors) program timed out.
FAIL: libphobos.phobos_shared/std/utf.d (test for excess errors)
UNRESOLVED: libphobos.phobos_shared/std/utf.d compilation failed to produce executable
WARNING: libphobos.phobos_shared/std/uuid.d (test for excess errors) program timed out.
FAIL: libphobos.phobos_shared/std/uuid.d (test for excess errors)
UNRESOLVED: libphobos.phobos_shared/std/uuid.d compilation failed to produce executable
WARNING: libphobos.phobos_shared/std/variant.d (test for excess errors) program timed out.
FAIL: libphobos.phobos_shared/std/variant.d (test for excess errors)
UNRESOLVED: libphobos.phobos_shared/std/variant.d compilation failed to produce executable
FAIL: libphobos.shared/host.c -ldl -pthread execution test
FAIL: libphobos.shared/loadDR.c -ldl -pthread -g execution test
=== libphobos Summary for unix/-mabi=ilp32 ===
# of expected passes 642
# of unexpected failures 62
# of unresolved testcases 48
# of unsupported tests 2
Running target unix/-mabi=lp64
WARNING: libphobos.phobos_shared/std/algorithm/iteration.d (test for excess errors) program timed out.
FAIL: libphobos.phobos_shared/std/algorithm/iteration.d (test for excess errors)
UNRESOLVED: libphobos.phobos_shared/std/algorithm/iteration.d compilation failed to produce executable
WARNING: libphobos.phobos_shared/std/algorithm/searching.d (test for excess errors) program timed out.
FAIL: libphobos.phobos_shared/std/algorithm/searching.d (test for excess errors)
UNRESOLVED: libphobos.phobos_shared/std/algorithm/searching.d compilation failed to produce executable
WARNING: libphobos.phobos_shared/std/algorithm/setops.d (test for excess errors) program timed out.
FAIL: libphobos.phobos_shared/std/algorithm/setops.d (test for excess errors)
UNRESOLVED: libphobos.phobos_shared/std/algorithm/setops.d compilation failed to produce executable
WARNING: libphobos.phobos_shared/std/algorithm/sorting.d (test for excess errors) program timed out.
FAIL: libphobos.phobos_shared/std/algorithm/sorting.d (test for excess errors)
UNRESOLVED: libphobos.phobos_shared/std/algorithm/sorting.d compilation failed to produce executable
WARNING: libphobos.phobos_shared/std/array.d (test for excess errors) program timed out.
FAIL: libphobos.phobos_shared/std/array.d (test for excess errors)
UNRESOLVED: libphobos.phobos_shared/std/array.d compilation failed to produce executable
WARNING: libphobos.phobos_shared/std/container/rbtree.d (test for excess errors) program timed out.
FAIL: libphobos.phobos_shared/std/container/rbtree.d (test for excess errors)
UNRESOLVED: libphobos.phobos_shared/std/container/rbtree.d compilation failed to produce executable
WARNING: libphobos.phobos_shared/std/conv.d (test for excess errors) program timed out.
FAIL: libphobos.phobos_shared/std/conv.d (test for excess errors)
UNRESOLVED: libphobos.phobos_shared/std/conv.d compilation failed to produce executable
WARNING: libphobos.phobos_shared/std/datetime/date.d (test for excess errors) program timed out.
FAIL: libphobos.phobos_shared/std/datetime/date.d (test for excess errors)
UNRESOLVED: libphobos.phobos_shared/std/datetime/date.d compilation failed to produce executable
WARNING: libphobos.phobos_shared/std/datetime/interval.d (test for excess errors) program timed out.
FAIL: libphobos.phobos_shared/std/datetime/interval.d (test for excess errors)
UNRESOLVED: libphobos.phobos_shared/std/datetime/interval.d compilation failed to produce executable
WARNING: libphobos.phobos_shared/std/datetime/systime.d (test for excess errors) program timed out.
FAIL: libphobos.phobos_shared/std/datetime/systime.d (test for excess errors)
UNRESOLVED: libphobos.phobos_shared/std/datetime/systime.d compilation failed to produce executable
FAIL: libphobos.phobos_shared/std/datetime/timezone.d execution test
WARNING: libphobos.phobos_shared/std/format.d (test for excess errors) program timed out.
FAIL: libphobos.phobos_shared/std/format.d (test for excess errors)
UNRESOLVED: libphobos.phobos_shared/std/format.d compilation failed to produce executable
FAIL: libphobos.phobos_shared/std/internal/math/errorfunction.d execution test
FAIL: libphobos.phobos_shared/std/internal/math/gammafunction.d execution test
FAIL: libphobos.phobos_shared/std/math.d execution test
WARNING: libphobos.phobos_shared/std/net/isemail.d (test for excess errors) program timed out.
FAIL: libphobos.phobos_shared/std/net/isemail.d (test for excess errors)
UNRESOLVED: libphobos.phobos_shared/std/net/isemail.d compilation failed to produce executable
FAIL: libphobos.phobos_shared/std/numeric.d execution test
WARNING: libphobos.phobos_shared/std/path.d (test for excess errors) program timed out.
FAIL: libphobos.phobos_shared/std/path.d (test for excess errors)
UNRESOLVED: libphobos.phobos_shared/std/path.d compilation failed to produce executable
WARNING: libphobos.phobos_shared/std/random.d (test for excess errors) program timed out.
FAIL: libphobos.phobos_shared/std/random.d (test for excess errors)
UNRESOLVED: libphobos.phobos_shared/std/random.d compilation failed to produce executable
WARNING: libphobos.phobos_shared/std/range/package.d (test for excess errors) program timed out.
FAIL: libphobos.phobos_shared/std/range/package.d (test for excess errors)
UNRESOLVED: libphobos.phobos_shared/std/range/package.d compilation failed to produce executable
WARNING: libphobos.phobos_shared/std/range/primitives.d (test for excess errors) program timed out.
FAIL: libphobos.phobos_shared/std/range/primitives.d (test for excess errors)
UNRESOLVED: libphobos.phobos_shared/std/range/primitives.d compilation failed to produce executable
WARNING: libphobos.phobos_shared/std/regex/internal/kickstart.d (test for excess errors) program timed out.
FAIL: libphobos.phobos_shared/std/regex/internal/kickstart.d (test for excess errors)
UNRESOLVED: libphobos.phobos_shared/std/regex/internal/kickstart.d compilation failed to produce executable
WARNING: libphobos.phobos_shared/std/regex/internal/tests.d (test for excess errors) program timed out.
FAIL: libphobos.phobos_shared/std/regex/internal/tests.d (test for excess errors)
UNRESOLVED: libphobos.phobos_shared/std/regex/internal/tests.d compilation failed to produce executable
WARNING: libphobos.phobos_shared/std/regex/package.d (test for excess errors) program timed out.
FAIL: libphobos.phobos_shared/std/regex/package.d (test for excess errors)
UNRESOLVED: libphobos.phobos_shared/std/regex/package.d compilation failed to produce executable
WARNING: libphobos.phobos_shared/std/string.d (test for excess errors) program timed out.
FAIL: libphobos.phobos_shared/std/string.d (test for excess errors)
UNRESOLVED: libphobos.phobos_shared/std/string.d compilation failed to produce executable
WARNING: libphobos.phobos_shared/std/typecons.d (test for excess errors) program timed out.
FAIL: libphobos.phobos_shared/std/typecons.d (test for excess errors)
UNRESOLVED: libphobos.phobos_shared/std/typecons.d compilation failed to produce executable
WARNING: libphobos.phobos_shared/std/uni.d (test for excess errors) program timed out.
FAIL: libphobos.phobos_shared/std/uni.d (test for excess errors)
UNRESOLVED: libphobos.phobos_shared/std/uni.d compilation failed to produce executable
WARNING: libphobos.phobos_shared/std/utf.d (test for excess errors) program timed out.
FAIL: libphobos.phobos_shared/std/utf.d (test for excess errors)
UNRESOLVED: libphobos.phobos_shared/std/utf.d compilation failed to produce executable
WARNING: libphobos.phobos_shared/std/uuid.d (test for excess errors) program timed out.
FAIL: libphobos.phobos_shared/std/uuid.d (test for excess errors)
UNRESOLVED: libphobos.phobos_shared/std/uuid.d compilation failed to produce executable
WARNING: libphobos.phobos_shared/std/variant.d (test for excess errors) program timed out.
FAIL: libphobos.phobos_shared/std/variant.d (test for excess errors)
UNRESOLVED: libphobos.phobos_shared/std/variant.d compilation failed to produce executable
=== libphobos Summary for unix/-mabi=lp64 ===
# of expected passes 367
# of unexpected failures 30
# of unresolved testcases 25
# of unsupported tests 1
=== libphobos Summary ===
# of expected passes 1009
# of unexpected failures 92
# of unresolved testcases 73
# of unsupported tests 3
=== libstdc++ tests ===
Running target unix/-mabi=ilp32
FAIL: libstdc++-abi/abi_check
FAIL: 22_locale/codecvt/in/wchar_t/3.cc execution test
FAIL: 22_locale/codecvt/out/wchar_t/3.cc execution test
=== libstdc++ Summary for unix/-mabi=ilp32 ===
# of expected passes 14134
# of unexpected failures 3
# of expected failures 93
# of unsupported tests 663
Running target unix/-mabi=lp64
FAIL: 22_locale/numpunct/members/char/3.cc execution test
FAIL: 22_locale/time_get/get_time/char/2.cc execution test
FAIL: 22_locale/time_get/get_time/char/wrapped_env.cc execution test
FAIL: 22_locale/time_get/get_time/char/wrapped_locale.cc execution test
FAIL: 22_locale/time_get/get_time/wchar_t/2.cc execution test
FAIL: 22_locale/time_get/get_time/wchar_t/wrapped_env.cc execution test
FAIL: 22_locale/time_get/get_time/wchar_t/wrapped_locale.cc execution test
=== libstdc++ Summary for unix/-mabi=lp64 ===
# of expected passes 14711
# of unexpected failures 7
# of expected failures 93
# of unsupported tests 373
=== libstdc++ Summary ===
# of expected passes 28845
# of unexpected failures 10
# of expected failures 186
# of unsupported tests 1036
=== acats tests ===
=== acats Summary ===
# of expected passes 2320
# of unexpected failures 0
=== g++ tests ===
Running target unix/-mabi=ilp32
FAIL: g++.dg/gomp/declare-simd-1.C -std=gnu++14 (test for warnings, line 12)
FAIL: g++.dg/gomp/declare-simd-1.C -std=gnu++14 (test for warnings, line 192)
FAIL: g++.dg/gomp/declare-simd-1.C -std=gnu++14 (test for warnings, line 210)
FAIL: g++.dg/gomp/declare-simd-1.C -std=gnu++14 scan-assembler-times _ZGVnM2va16__ZN2N12N23f10EPx: 1
FAIL: g++.dg/gomp/declare-simd-1.C -std=gnu++14 scan-assembler-times _ZGVnN2va16__ZN2N12N23f10EPx: 1
FAIL: g++.dg/gomp/declare-simd-1.C -std=gnu++14 (test for excess errors)
FAIL: g++.dg/gomp/declare-simd-1.C -std=gnu++17 (test for warnings, line 12)
FAIL: g++.dg/gomp/declare-simd-1.C -std=gnu++17 (test for warnings, line 192)
FAIL: g++.dg/gomp/declare-simd-1.C -std=gnu++17 (test for warnings, line 210)
FAIL: g++.dg/gomp/declare-simd-1.C -std=gnu++17 scan-assembler-times _ZGVnM2va16__ZN2N12N23f10EPx: 1
FAIL: g++.dg/gomp/declare-simd-1.C -std=gnu++17 scan-assembler-times _ZGVnN2va16__ZN2N12N23f10EPx: 1
FAIL: g++.dg/gomp/declare-simd-1.C -std=gnu++17 (test for excess errors)
FAIL: g++.dg/gomp/declare-simd-1.C -std=gnu++2a (test for warnings, line 12)
FAIL: g++.dg/gomp/declare-simd-1.C -std=gnu++2a (test for warnings, line 192)
FAIL: g++.dg/gomp/declare-simd-1.C -std=gnu++2a (test for warnings, line 210)
FAIL: g++.dg/gomp/declare-simd-1.C -std=gnu++2a scan-assembler-times _ZGVnM2va16__ZN2N12N23f10EPx: 1
FAIL: g++.dg/gomp/declare-simd-1.C -std=gnu++2a scan-assembler-times _ZGVnN2va16__ZN2N12N23f10EPx: 1
FAIL: g++.dg/gomp/declare-simd-1.C -std=gnu++2a (test for excess errors)
FAIL: g++.dg/gomp/declare-simd-1.C -std=gnu++98 (test for warnings, line 12)
FAIL: g++.dg/gomp/declare-simd-1.C -std=gnu++98 (test for warnings, line 192)
FAIL: g++.dg/gomp/declare-simd-1.C -std=gnu++98 (test for warnings, line 210)
FAIL: g++.dg/gomp/declare-simd-1.C -std=gnu++98 scan-assembler-times _ZGVnM2va16__ZN2N12N23f10EPx: 1
FAIL: g++.dg/gomp/declare-simd-1.C -std=gnu++98 scan-assembler-times _ZGVnN2va16__ZN2N12N23f10EPx: 1
FAIL: g++.dg/gomp/declare-simd-1.C -std=gnu++98 (test for excess errors)
FAIL: g++.dg/gomp/declare-simd-3.C -std=gnu++14 (test for warnings, line 28)
FAIL: g++.dg/gomp/declare-simd-3.C -std=gnu++14 (test for warnings, line 5)
FAIL: g++.dg/gomp/declare-simd-3.C -std=gnu++14 (test for warnings, line 56)
FAIL: g++.dg/gomp/declare-simd-3.C -std=gnu++14 (test for warnings, line 72)
FAIL: g++.dg/gomp/declare-simd-3.C -std=gnu++17 (test for warnings, line 28)
FAIL: g++.dg/gomp/declare-simd-3.C -std=gnu++17 (test for warnings, line 5)
FAIL: g++.dg/gomp/declare-simd-3.C -std=gnu++17 (test for warnings, line 56)
FAIL: g++.dg/gomp/declare-simd-3.C -std=gnu++17 (test for warnings, line 72)
FAIL: g++.dg/gomp/declare-simd-3.C -std=gnu++2a (test for warnings, line 28)
FAIL: g++.dg/gomp/declare-simd-3.C -std=gnu++2a (test for warnings, line 5)
FAIL: g++.dg/gomp/declare-simd-3.C -std=gnu++2a (test for warnings, line 56)
FAIL: g++.dg/gomp/declare-simd-3.C -std=gnu++2a (test for warnings, line 72)
FAIL: g++.dg/gomp/declare-simd-3.C -std=gnu++98 (test for warnings, line 28)
FAIL: g++.dg/gomp/declare-simd-3.C -std=gnu++98 (test for warnings, line 5)
FAIL: g++.dg/gomp/declare-simd-3.C -std=gnu++98 (test for warnings, line 56)
FAIL: g++.dg/gomp/declare-simd-3.C -std=gnu++98 (test for warnings, line 72)
FAIL: g++.dg/gomp/declare-simd-4.C -std=c++14 (test for warnings, line 20)
FAIL: g++.dg/gomp/declare-simd-4.C -std=c++14 (test for warnings, line 3)
FAIL: g++.dg/gomp/declare-simd-4.C -std=c++14 (test for warnings, line 33)
FAIL: g++.dg/gomp/declare-simd-4.C -std=c++14 (test for excess errors)
FAIL: g++.dg/gomp/declare-simd-4.C -std=c++17 (test for warnings, line 20)
FAIL: g++.dg/gomp/declare-simd-4.C -std=c++17 (test for warnings, line 3)
FAIL: g++.dg/gomp/declare-simd-4.C -std=c++17 (test for warnings, line 33)
FAIL: g++.dg/gomp/declare-simd-4.C -std=c++17 (test for excess errors)
FAIL: g++.dg/gomp/declare-simd-4.C -std=c++2a (test for warnings, line 20)
FAIL: g++.dg/gomp/declare-simd-4.C -std=c++2a (test for warnings, line 3)
FAIL: g++.dg/gomp/declare-simd-4.C -std=c++2a (test for warnings, line 33)
FAIL: g++.dg/gomp/declare-simd-4.C -std=c++2a (test for excess errors)
FAIL: g++.dg/gomp/declare-simd-4.C -std=c++98 (test for warnings, line 20)
FAIL: g++.dg/gomp/declare-simd-4.C -std=c++98 (test for warnings, line 3)
FAIL: g++.dg/gomp/declare-simd-4.C -std=c++98 (test for warnings, line 33)
FAIL: g++.dg/gomp/declare-simd-4.C -std=c++98 (test for excess errors)
FAIL: g++.dg/gomp/declare-simd-7.C -std=c++14 (test for warnings, line 17)
FAIL: g++.dg/gomp/declare-simd-7.C -std=c++14 (test for warnings, line 28)
FAIL: g++.dg/gomp/declare-simd-7.C -std=c++14 (test for warnings, line 39)
FAIL: g++.dg/gomp/declare-simd-7.C -std=c++14 (test for warnings, line 50)
FAIL: g++.dg/gomp/declare-simd-7.C -std=c++17 (test for warnings, line 17)
FAIL: g++.dg/gomp/declare-simd-7.C -std=c++17 (test for warnings, line 28)
FAIL: g++.dg/gomp/declare-simd-7.C -std=c++17 (test for warnings, line 39)
FAIL: g++.dg/gomp/declare-simd-7.C -std=c++17 (test for warnings, line 50)
FAIL: g++.dg/gomp/declare-simd-7.C -std=c++2a (test for warnings, line 17)
FAIL: g++.dg/gomp/declare-simd-7.C -std=c++2a (test for warnings, line 28)
FAIL: g++.dg/gomp/declare-simd-7.C -std=c++2a (test for warnings, line 39)
FAIL: g++.dg/gomp/declare-simd-7.C -std=c++2a (test for warnings, line 50)
FAIL: g++.dg/gomp/declare-simd-7.C -std=c++98 (test for warnings, line 17)
FAIL: g++.dg/gomp/declare-simd-7.C -std=c++98 (test for warnings, line 28)
FAIL: g++.dg/gomp/declare-simd-7.C -std=c++98 (test for warnings, line 39)
FAIL: g++.dg/gomp/declare-simd-7.C -std=c++98 (test for warnings, line 50)
FAIL: g++.target/aarch64/return_address_sign_ab_exception.C execution test
FAIL: g++.target/aarch64/return_address_sign_b_exception.C (test for excess errors)
UNRESOLVED: g++.target/aarch64/return_address_sign_b_exception.C compilation failed to produce executable
UNRESOLVED: g++.target/aarch64/return_address_sign_b_exception.C scan-assembler-times .cfi_b_key_frame 2
=== g++ Summary for unix/-mabi=ilp32 ===
# of expected passes 286843
# of unexpected failures 74
# of expected failures 1900
# of unresolved testcases 2
# of unsupported tests 8586
Running target unix/-mabi=lp64
=== g++ Summary for unix/-mabi=lp64 ===
# of expected passes 301636
# of expected failures 1904
# of unsupported tests 8533
=== g++ Summary ===
# of expected passes 588479
# of unexpected failures 74
# of expected failures 3804
# of unresolved testcases 2
# of unsupported tests 17119
/opt/gcc/gcc-20200513/Build/gcc/xg++ version 11.0.0 20200513 (experimental) [master revision 9042fea9722] (GCC)
=== gcc tests ===
Running target unix/-mabi=ilp32
FAIL: gcc.c-torture/execute/alias-2.c -O1 execution test
FAIL: gcc.c-torture/execute/alias-2.c -O2 execution test
FAIL: gcc.c-torture/execute/alias-2.c -O2 -flto -fno-use-linker-plugin -flto-partition=none execution test
FAIL: gcc.c-torture/execute/alias-2.c -O3 -g execution test
FAIL: gcc.c-torture/execute/alias-2.c -Os execution test
FAIL: gcc.dg/compat/scalar-by-value-3 c_compat_x_tst.o-c_compat_y_tst.o execute
FAIL: gcc.dg/compat/scalar-by-value-4 c_compat_x_tst.o-c_compat_y_tst.o execute
FAIL: gcc.dg/compat/scalar-by-value-5 c_compat_x_tst.o-c_compat_y_tst.o execute
FAIL: gcc.dg/compat/scalar-by-value-6 c_compat_x_tst.o-c_compat_y_tst.o execute
FAIL: gcc.dg/compat/scalar-return-3 c_compat_x_tst.o-c_compat_y_tst.o execute
FAIL: gcc.dg/compat/scalar-return-4 c_compat_x_tst.o-c_compat_y_tst.o execute
FAIL: gcc.dg/complex-1.c execution test
FAIL: gcc.dg/pr90838.c scan-tree-dump-times forwprop2 "= \\\\.CTZ" 4
FAIL: gcc.dg/sms-compare-debug-1.c (test for excess errors)
FAIL: gcc.dg/store_merging_5.c scan-tree-dump-times store-merging "MEM <unsigned int> \\\\[.*\\\\]" 1
ERROR: gcc.dg/unclosed-init.c: syntax error in target selector ".+1" for " dg-error 3 "-: expected '.' at end of input" { target *-*-* } .+1 "
ERROR: gcc.dg/unclosed-init.c: syntax error in target selector ".+1" for " dg-error 3 "-: expected '.' at end of input" { target *-*-* } .+1 "
FAIL: c-c++-common/goacc/firstprivate-mappings-1.c scan-tree-dump omplower "(?n)#pragma omp target oacc_parallel map\\\\(from:array_so \\\\[len: 4\\\\]\\\\) firstprivate\\\\(array_li.[0-9]+\\\\) map\\\\(tofrom:\\\\(\\\\*array.[0-9]+\\\\) \\\\[len: D\\\\.[0-9]+\\\\]\\\\) map\\\\(firstprivate:array \\\\[pointer assign, bias: 0\\\\]\\\\) \\\\["
FAIL: gcc.dg/gomp/declare-simd-1.c (test for warnings, line 104)
FAIL: gcc.dg/gomp/declare-simd-1.c (test for warnings, line 11)
FAIL: gcc.dg/gomp/declare-simd-1.c (test for warnings, line 126)
FAIL: gcc.dg/gomp/declare-simd-1.c (test for warnings, line 151)
FAIL: gcc.dg/gomp/declare-simd-1.c (test for warnings, line 68)
FAIL: gcc.dg/gomp/declare-simd-1.c (test for warnings, line 85)
FAIL: gcc.dg/gomp/declare-simd-1.c (test for excess errors)
FAIL: gcc.dg/gomp/declare-simd-3.c (test for warnings, line 20)
FAIL: gcc.dg/gomp/declare-simd-3.c (test for warnings, line 3)
FAIL: gcc.dg/gomp/declare-simd-3.c (test for excess errors)
FAIL: gcc.dg/gomp/pr59669-2.c (test for warnings, line 7)
FAIL: gcc.dg/gomp/pr87895-1.c (test for warnings, line 15)
XPASS: gcc.dg/gomp/pr87895-2.c (test for excess errors)
FAIL: gcc.dg/gomp/simd-clones-2.c (test for warnings, line 12)
FAIL: gcc.dg/gomp/simd-clones-2.c (test for warnings, line 5)
XPASS: gcc.dg/graphite/pr80906.c scan-tree-dump graphite "isl AST to Gimple succeeded"
XPASS: gcc.dg/guality/example.c -O0 execution test
XPASS: gcc.dg/guality/guality.c -O0 execution test
XPASS: gcc.dg/guality/guality.c -O1 -DPREVENT_OPTIMIZATION execution test
XPASS: gcc.dg/guality/guality.c -O2 -DPREVENT_OPTIMIZATION execution test
XPASS: gcc.dg/guality/guality.c -O2 -flto -fno-use-linker-plugin -flto-partition=none -DPREVENT_OPTIMIZATION execution test
XPASS: gcc.dg/guality/guality.c -O2 -flto -fuse-linker-plugin -fno-fat-lto-objects -DPREVENT_OPTIMIZATION execution test
XPASS: gcc.dg/guality/guality.c -O3 -g -DPREVENT_OPTIMIZATION execution test
XPASS: gcc.dg/guality/guality.c -Os -DPREVENT_OPTIMIZATION execution test
XPASS: gcc.dg/guality/guality.c -Og -DPREVENT_OPTIMIZATION execution test
FAIL: gcc.dg/guality/inline-params.c -O1 -DPREVENT_OPTIMIZATION execution test
FAIL: gcc.dg/guality/inline-params.c -Og -DPREVENT_OPTIMIZATION execution test
FAIL: gcc.dg/guality/loop-1.c -O3 -fomit-frame-pointer -funroll-loops -fpeel-loops -ftracer -finline-functions -DPREVENT_OPTIMIZATION line 20 i == 1
FAIL: gcc.dg/guality/pr36728-1.c -O2 -flto -fuse-linker-plugin -fno-fat-lto-objects -DPREVENT_OPTIMIZATION line 16 y == 2
FAIL: gcc.dg/guality/pr36728-2.c -O2 -flto -fuse-linker-plugin -fno-fat-lto-objects -DPREVENT_OPTIMIZATION line 16 arg1 == 1
FAIL: gcc.dg/guality/pr36728-2.c -O2 -flto -fuse-linker-plugin -fno-fat-lto-objects -DPREVENT_OPTIMIZATION line 16 arg2 == 2
FAIL: gcc.dg/guality/pr36728-2.c -O2 -flto -fuse-linker-plugin -fno-fat-lto-objects -DPREVENT_OPTIMIZATION line 16 arg3 == 3
FAIL: gcc.dg/guality/pr36728-2.c -O2 -flto -fuse-linker-plugin -fno-fat-lto-objects -DPREVENT_OPTIMIZATION line 16 arg4 == 4
FAIL: gcc.dg/guality/pr36728-2.c -O2 -flto -fuse-linker-plugin -fno-fat-lto-objects -DPREVENT_OPTIMIZATION line 16 arg5 == 5
FAIL: gcc.dg/guality/pr36728-2.c -O2 -flto -fuse-linker-plugin -fno-fat-lto-objects -DPREVENT_OPTIMIZATION line 16 arg6 == 6
FAIL: gcc.dg/guality/pr36728-2.c -O2 -flto -fuse-linker-plugin -fno-fat-lto-objects -DPREVENT_OPTIMIZATION line 16 arg7 == 30
FAIL: gcc.dg/guality/pr36728-2.c -O2 -flto -fuse-linker-plugin -fno-fat-lto-objects -DPREVENT_OPTIMIZATION line 16 y == 2
FAIL: gcc.dg/guality/pr36728-2.c -O2 -flto -fuse-linker-plugin -fno-fat-lto-objects -DPREVENT_OPTIMIZATION line 18 arg1 == 1
FAIL: gcc.dg/guality/pr36728-2.c -O2 -flto -fuse-linker-plugin -fno-fat-lto-objects -DPREVENT_OPTIMIZATION line 18 arg2 == 2
FAIL: gcc.dg/guality/pr36728-2.c -O2 -flto -fuse-linker-plugin -fno-fat-lto-objects -DPREVENT_OPTIMIZATION line 18 arg3 == 3
FAIL: gcc.dg/guality/pr36728-2.c -O2 -flto -fuse-linker-plugin -fno-fat-lto-objects -DPREVENT_OPTIMIZATION line 18 arg4 == 4
FAIL: gcc.dg/guality/pr36728-2.c -O2 -flto -fuse-linker-plugin -fno-fat-lto-objects -DPREVENT_OPTIMIZATION line 18 arg5 == 5
FAIL: gcc.dg/guality/pr36728-2.c -O2 -flto -fuse-linker-plugin -fno-fat-lto-objects -DPREVENT_OPTIMIZATION line 18 arg6 == 6
FAIL: gcc.dg/guality/pr36728-2.c -O2 -flto -fuse-linker-plugin -fno-fat-lto-objects -DPREVENT_OPTIMIZATION line 18 arg7 == 30
FAIL: gcc.dg/guality/pr36728-2.c -O3 -g -DPREVENT_OPTIMIZATION line 16 arg1 == 1
FAIL: gcc.dg/guality/pr36728-2.c -O3 -g -DPREVENT_OPTIMIZATION line 16 arg2 == 2
FAIL: gcc.dg/guality/pr36728-2.c -O3 -g -DPREVENT_OPTIMIZATION line 16 arg3 == 3
FAIL: gcc.dg/guality/pr36728-2.c -O3 -g -DPREVENT_OPTIMIZATION line 16 arg4 == 4
FAIL: gcc.dg/guality/pr36728-2.c -O3 -g -DPREVENT_OPTIMIZATION line 16 arg5 == 5
FAIL: gcc.dg/guality/pr36728-2.c -O3 -g -DPREVENT_OPTIMIZATION line 16 arg6 == 6
FAIL: gcc.dg/guality/pr36728-2.c -O3 -g -DPREVENT_OPTIMIZATION line 16 arg7 == 30
FAIL: gcc.dg/guality/pr36728-2.c -O3 -g -DPREVENT_OPTIMIZATION line 18 arg1 == 1
FAIL: gcc.dg/guality/pr36728-2.c -O3 -g -DPREVENT_OPTIMIZATION line 18 arg2 == 2
FAIL: gcc.dg/guality/pr36728-2.c -O3 -g -DPREVENT_OPTIMIZATION line 18 arg3 == 3
FAIL: gcc.dg/guality/pr36728-2.c -O3 -g -DPREVENT_OPTIMIZATION line 18 arg4 == 4
FAIL: gcc.dg/guality/pr36728-2.c -O3 -g -DPREVENT_OPTIMIZATION line 18 arg5 == 5
FAIL: gcc.dg/guality/pr36728-2.c -O3 -g -DPREVENT_OPTIMIZATION line 18 arg6 == 6
FAIL: gcc.dg/guality/pr36728-2.c -O3 -g -DPREVENT_OPTIMIZATION line 18 arg7 == 30
FAIL: gcc.dg/guality/pr36728-3.c -O3 -g -DPREVENT_OPTIMIZATION line 14 y == 2
XPASS: gcc.dg/guality/pr41353-1.c -O0 line 28 j == 28 + 37
FAIL: gcc.dg/guality/pr41447-1.c -O2 -DPREVENT_OPTIMIZATION execution test
FAIL: gcc.dg/guality/pr41447-1.c -O2 -flto -fno-use-linker-plugin -flto-partition=none -DPREVENT_OPTIMIZATION execution test
FAIL: gcc.dg/guality/pr41447-1.c -O3 -g -DPREVENT_OPTIMIZATION execution test
FAIL: gcc.dg/guality/pr41447-1.c -Os -DPREVENT_OPTIMIZATION execution test
FAIL: gcc.dg/guality/pr54200.c -O1 -DPREVENT_OPTIMIZATION line 20 z == 3
FAIL: gcc.dg/guality/pr54200.c -O2 -DPREVENT_OPTIMIZATION line 20 z == 3
FAIL: gcc.dg/guality/pr54200.c -O2 -flto -fno-use-linker-plugin -flto-partition=none -DPREVENT_OPTIMIZATION line 20 z == 3
FAIL: gcc.dg/guality/pr54200.c -O3 -g -DPREVENT_OPTIMIZATION line 20 z == 3
FAIL: gcc.dg/guality/pr54200.c -Os -DPREVENT_OPTIMIZATION line 20 z == 3
FAIL: gcc.dg/guality/pr54519-1.c -O2 -flto -fno-use-linker-plugin -flto-partition=none -DPREVENT_OPTIMIZATION line 20 y == 25
FAIL: gcc.dg/guality/pr54519-1.c -O2 -flto -fno-use-linker-plugin -flto-partition=none -DPREVENT_OPTIMIZATION line 20 z == 6
FAIL: gcc.dg/guality/pr54519-1.c -O2 -flto -fno-use-linker-plugin -flto-partition=none -DPREVENT_OPTIMIZATION line 23 y == 117
FAIL: gcc.dg/guality/pr54519-1.c -O2 -flto -fno-use-linker-plugin -flto-partition=none -DPREVENT_OPTIMIZATION line 23 z == 8
FAIL: gcc.dg/guality/pr54519-1.c -O2 -flto -fuse-linker-plugin -fno-fat-lto-objects -DPREVENT_OPTIMIZATION line 20 y == 25
FAIL: gcc.dg/guality/pr54519-1.c -O2 -flto -fuse-linker-plugin -fno-fat-lto-objects -DPREVENT_OPTIMIZATION line 20 z == 6
FAIL: gcc.dg/guality/pr54519-1.c -O2 -flto -fuse-linker-plugin -fno-fat-lto-objects -DPREVENT_OPTIMIZATION line 23 y == 117
FAIL: gcc.dg/guality/pr54519-1.c -O2 -flto -fuse-linker-plugin -fno-fat-lto-objects -DPREVENT_OPTIMIZATION line 23 z == 8
FAIL: gcc.dg/guality/pr54519-2.c -O2 -flto -fno-use-linker-plugin -flto-partition=none -DPREVENT_OPTIMIZATION line 17 y == 25
FAIL: gcc.dg/guality/pr54519-2.c -O2 -flto -fuse-linker-plugin -fno-fat-lto-objects -DPREVENT_OPTIMIZATION line 17 y == 25
FAIL: gcc.dg/guality/pr54519-3.c -O2 -flto -fno-use-linker-plugin -flto-partition=none -DPREVENT_OPTIMIZATION line 20 y == 25
FAIL: gcc.dg/guality/pr54519-3.c -O2 -flto -fno-use-linker-plugin -flto-partition=none -DPREVENT_OPTIMIZATION line 20 z == 6
FAIL: gcc.dg/guality/pr54519-3.c -O2 -flto -fno-use-linker-plugin -flto-partition=none -DPREVENT_OPTIMIZATION line 23 y == 117
FAIL: gcc.dg/guality/pr54519-3.c -O2 -flto -fno-use-linker-plugin -flto-partition=none -DPREVENT_OPTIMIZATION line 23 z == 8
FAIL: gcc.dg/guality/pr54519-3.c -O2 -flto -fuse-linker-plugin -fno-fat-lto-objects -DPREVENT_OPTIMIZATION line 20 y == 25
FAIL: gcc.dg/guality/pr54519-3.c -O2 -flto -fuse-linker-plugin -fno-fat-lto-objects -DPREVENT_OPTIMIZATION line 20 z == 6
FAIL: gcc.dg/guality/pr54519-3.c -O2 -flto -fuse-linker-plugin -fno-fat-lto-objects -DPREVENT_OPTIMIZATION line 23 y == 117
FAIL: gcc.dg/guality/pr54519-3.c -O2 -flto -fuse-linker-plugin -fno-fat-lto-objects -DPREVENT_OPTIMIZATION line 23 z == 8
FAIL: gcc.dg/guality/pr54519-4.c -O2 -flto -fno-use-linker-plugin -flto-partition=none -DPREVENT_OPTIMIZATION line 17 y == 25
FAIL: gcc.dg/guality/pr54519-4.c -O2 -flto -fuse-linker-plugin -fno-fat-lto-objects -DPREVENT_OPTIMIZATION line 17 y == 25
FAIL: gcc.dg/guality/pr54519-5.c -O2 -flto -fno-use-linker-plugin -flto-partition=none -DPREVENT_OPTIMIZATION line 17 y == 25
FAIL: gcc.dg/guality/pr54519-5.c -O2 -flto -fuse-linker-plugin -fno-fat-lto-objects -DPREVENT_OPTIMIZATION line 17 y == 25
FAIL: gcc.dg/guality/pr54519-6.c -Os -DPREVENT_OPTIMIZATION line 11 x == 2
FAIL: gcc.dg/guality/pr54693-2.c -O2 -flto -fuse-linker-plugin -fno-fat-lto-objects -DPREVENT_OPTIMIZATION line 21 z == 30 - 3 * i
FAIL: gcc.dg/guality/pr54693-2.c -Os -DPREVENT_OPTIMIZATION line 21 z == 30 - 3 * i
XPASS: gcc.dg/guality/pr54970.c -O0 line 15 a[0] == 1
XPASS: gcc.dg/guality/pr54970.c -O0 line 20 a[0] == 1
XPASS: gcc.dg/guality/pr54970.c -O0 line 25 a[0] == 1
XPASS: gcc.dg/guality/pr54970.c -O0 line 31 a[0] == 4
XPASS: gcc.dg/guality/pr54970.c -O0 line 36 a[0] == 4
XPASS: gcc.dg/guality/pr54970.c -O0 line 45 a[0] == 4
XPASS: gcc.dg/guality/pr54970.c -O0 line 45 p[-2] == 4
XPASS: gcc.dg/guality/pr54970.c -O0 line 45 q[-1] == 4
XPASS: gcc.dg/guality/pr54970.c -Og -DPREVENT_OPTIMIZATION line 15 a[0] == 1
XPASS: gcc.dg/guality/pr54970.c -Og -DPREVENT_OPTIMIZATION line 20 a[0] == 1
XPASS: gcc.dg/guality/pr54970.c -Og -DPREVENT_OPTIMIZATION line 25 a[0] == 1
XPASS: gcc.dg/guality/pr54970.c -Og -DPREVENT_OPTIMIZATION line 31 a[0] == 4
XPASS: gcc.dg/guality/pr54970.c -Og -DPREVENT_OPTIMIZATION line 36 a[0] == 4
XPASS: gcc.dg/guality/pr54970.c -Og -DPREVENT_OPTIMIZATION line 45 a[0] == 4
XPASS: gcc.dg/guality/pr54970.c -Og -DPREVENT_OPTIMIZATION line 45 p[-2] == 4
XPASS: gcc.dg/guality/pr54970.c -Og -DPREVENT_OPTIMIZATION line 45 q[-1] == 4
FAIL: gcc.dg/guality/pr56154-1.c -Og -DPREVENT_OPTIMIZATION line pr56154-1.c:20 x.a == 6
XPASS: gcc.dg/guality/pr59776.c -O0 line pr59776.c:17 s2.g == 6.0
XPASS: gcc.dg/guality/pr59776.c -O0 line pr59776.c:20 s2.g == 6.0
FAIL: gcc.dg/guality/pr59776.c -Og -DPREVENT_OPTIMIZATION line pr59776.c:17 s1.f == 5.0
FAIL: gcc.dg/guality/pr59776.c -Og -DPREVENT_OPTIMIZATION line pr59776.c:17 s1.g == 6.0
FAIL: gcc.dg/guality/pr59776.c -Og -DPREVENT_OPTIMIZATION line pr59776.c:17 s2.f == 0.0
FAIL: gcc.dg/guality/pr59776.c -Og -DPREVENT_OPTIMIZATION line pr59776.c:20 s1.f == 5.0
FAIL: gcc.dg/guality/pr59776.c -Og -DPREVENT_OPTIMIZATION line pr59776.c:20 s1.g == 6.0
FAIL: gcc.dg/guality/pr59776.c -Og -DPREVENT_OPTIMIZATION line pr59776.c:20 s2.f == 5.0
FAIL: gcc.dg/guality/pr68860-1.c -O2 -DPREVENT_OPTIMIZATION line 14 y == 2
FAIL: gcc.dg/guality/pr68860-1.c -O3 -g -DPREVENT_OPTIMIZATION line 14 y == 2
FAIL: gcc.dg/guality/pr90074.c -O2 -flto -fuse-linker-plugin -fno-fat-lto-objects -DPREVENT_OPTIMIZATION line 28 c + 1 == 2
FAIL: gcc.dg/guality/pr90074.c -O2 -flto -fuse-linker-plugin -fno-fat-lto-objects -DPREVENT_OPTIMIZATION line 28 i + 1 == 8
FAIL: gcc.dg/guality/pr90716.c -O2 -flto -fuse-linker-plugin -fno-fat-lto-objects -DPREVENT_OPTIMIZATION line 23 j + 1 == 9
FAIL: gcc.dg/guality/sra-1.c -O2 -flto -fuse-linker-plugin -fno-fat-lto-objects -DPREVENT_OPTIMIZATION line 21 a.j == 14
FAIL: gcc.dg/guality/sra-1.c -O2 -flto -fuse-linker-plugin -fno-fat-lto-objects -DPREVENT_OPTIMIZATION line 32 a[1] == 14
FAIL: gcc.dg/guality/sra-1.c -O2 -flto -fuse-linker-plugin -fno-fat-lto-objects -DPREVENT_OPTIMIZATION line 43 a.j == 14
FAIL: gcc.dg/guality/sra-1.c -Og -DPREVENT_OPTIMIZATION line 43 a.i == 4
FAIL: gcc.dg/guality/sra-1.c -Og -DPREVENT_OPTIMIZATION line 43 a.j == 14
FAIL: gcc.dg/lto/pr88077 c_lto_pr88077_0.o-c_lto_pr88077_1.o link, -O0 -flto -flto-partition=1to1 -fno-use-linker-plugin
FAIL: gcc.dg/lto/pr88077 c_lto_pr88077_0.o-c_lto_pr88077_1.o link, -O2 -flto -flto-partition=1to1 -fno-use-linker-plugin
FAIL: gcc.dg/tls/pr78796.c (test for excess errors)
UNRESOLVED: gcc.dg/tls/pr78796.c compilation failed to produce executable
FAIL: gcc.dg/tree-prof/pr77698.c scan-rtl-dump-times alignments "internal loop alignment added" 1
FAIL: gcc.dg/tree-ssa/dump-6.c scan-tree-dump store-merging "MEM <unsigned int> \\\\[\\\\(char \\\\*\\\\)\\\\&a8] = "
FAIL: gcc.dg/tree-ssa/sra-17.c scan-tree-dump-times esra "Removing load: a = \\\\*.?L.?C.?.?.?0;" 1
FAIL: gcc.dg/tree-ssa/sra-17.c scan-tree-dump-times esra "SR[.\$][0-9_]+ = \\\\*.?L.?C.?.?.?0\\\\[" 4
FAIL: gcc.dg/tree-ssa/sra-18.c scan-tree-dump-times esra "Removing load: a = \\\\*.?L.?C.?.?.?0;" 1
FAIL: gcc.dg/tree-ssa/sra-18.c scan-tree-dump-times esra "SR[.\$][0-9_]+ = \\\\*.?L.?C.?.?.?0\\\\.b\\\\[0\\\\]\\\\.f\\\\[0\\\\]\\\\.x" 1
FAIL: gcc.dg/tree-ssa/sra-18.c scan-tree-dump-times esra "SR[.\$][0-9_]+ = \\\\*.?L.?C.?.?.?0\\\\.b\\\\[0\\\\]\\\\.f\\\\[1\\\\]\\\\.x" 1
FAIL: gcc.dg/tree-ssa/sra-18.c scan-tree-dump-times esra "SR[.\$][0-9_]+ = \\\\*.?L.?C.?.?.?0\\\\.b\\\\[1\\\\]\\\\.f\\\\[0\\\\]\\\\.x" 1
FAIL: gcc.dg/tree-ssa/sra-18.c scan-tree-dump-times esra "SR[.\$][0-9_]+ = \\\\*.?L.?C.?.?.?0\\\\.b\\\\[1\\\\]\\\\.f\\\\[1\\\\]\\\\.x" 1
XPASS: gcc.dg/vect/bb-slp-pr68892.c -flto -ffat-lto-objects scan-tree-dump slp2 "not profitable"
FAIL: gcc.dg/vect/bb-slp-pr68892.c -flto -ffat-lto-objects scan-tree-dump-times slp2 "Basic block will be vectorized" 1
XPASS: gcc.dg/vect/bb-slp-pr68892.c scan-tree-dump slp2 "not profitable"
FAIL: gcc.dg/vect/bb-slp-pr68892.c scan-tree-dump-times slp2 "Basic block will be vectorized" 1
FAIL: gcc.dg/vect/slp-perm-9.c -flto -ffat-lto-objects scan-tree-dump-times vect "permutation requires at least three vectors" 1
FAIL: gcc.dg/vect/slp-perm-9.c scan-tree-dump-times vect "permutation requires at least three vectors" 1
FAIL: gcc.dg/vect/vect-rounding-lceil.c -flto -ffat-lto-objects scan-tree-dump-times vect "vectorized 1 loops" 1
FAIL: gcc.dg/vect/vect-rounding-lceil.c scan-tree-dump-times vect "vectorized 1 loops" 1
FAIL: gcc.dg/vect/vect-rounding-lfloor.c -flto -ffat-lto-objects scan-tree-dump-times vect "vectorized 1 loops" 1
FAIL: gcc.dg/vect/vect-rounding-lfloor.c scan-tree-dump-times vect "vectorized 1 loops" 1
FAIL: gcc.target/aarch64/aapcs64/va_arg-7.c execution, -O0
FAIL: gcc.target/aarch64/aapcs64/va_arg-7.c execution, -O1
FAIL: gcc.target/aarch64/aapcs64/va_arg-7.c execution, -O2
FAIL: gcc.target/aarch64/aapcs64/va_arg-7.c execution, -O3 -g
FAIL: gcc.target/aarch64/aapcs64/va_arg-7.c execution, -Og -g
FAIL: gcc.target/aarch64/aapcs64/va_arg-7.c execution, -Os
FAIL: gcc.target/aarch64/asm-2.c (test for excess errors)
FAIL: gcc.target/aarch64/bfloat16_scalar_1.c check-function-bodies bfloat_mov_mr
FAIL: gcc.target/aarch64/bfloat16_scalar_1.c check-function-bodies bfloat_mov_rm
FAIL: gcc.target/aarch64/bfloat16_scalar_2.c check-function-bodies bfloat_mov_mr
FAIL: gcc.target/aarch64/bfloat16_scalar_2.c check-function-bodies bfloat_mov_rm
FAIL: gcc.target/aarch64/bfloat16_scalar_3.c check-function-bodies bfloat_mov_mr
FAIL: gcc.target/aarch64/bfloat16_scalar_3.c check-function-bodies bfloat_mov_rm
FAIL: gcc.target/aarch64/bfloat16_simd_1.c (test for excess errors)
FAIL: gcc.target/aarch64/bfloat16_simd_1.c check-function-bodies stacktest1
FAIL: gcc.target/aarch64/bfloat16_simd_1.c check-function-bodies stacktest2
FAIL: gcc.target/aarch64/bfloat16_simd_1.c check-function-bodies stacktest3
FAIL: gcc.target/aarch64/bfloat16_simd_2.c (test for excess errors)
FAIL: gcc.target/aarch64/bfloat16_simd_2.c check-function-bodies stacktest1
FAIL: gcc.target/aarch64/bfloat16_simd_2.c check-function-bodies stacktest2
FAIL: gcc.target/aarch64/bfloat16_simd_2.c check-function-bodies stacktest3
FAIL: gcc.target/aarch64/bfloat16_simd_3.c (test for excess errors)
FAIL: gcc.target/aarch64/bfloat16_simd_3.c check-function-bodies stacktest1
FAIL: gcc.target/aarch64/bfloat16_simd_3.c check-function-bodies stacktest2
FAIL: gcc.target/aarch64/bfloat16_simd_3.c check-function-bodies stacktest3
FAIL: gcc.target/aarch64/bfloat16_vector_typecheck_2.c (test for errors, line 120)
FAIL: gcc.target/aarch64/bfloat16_vector_typecheck_2.c (test for errors, line 27)
FAIL: gcc.target/aarch64/bfloat16_vector_typecheck_2.c (test for excess errors)
FAIL: gcc.target/aarch64/extend.c scan-assembler ldr\\tw[0-9]+,.*sxtw #?2]
FAIL: gcc.target/aarch64/extend.c scan-assembler ldr\\tw[0-9]+,.*sxtw]
FAIL: gcc.target/aarch64/extend.c scan-assembler ldr\\tw[0-9]+,.*uxtw #?2]
FAIL: gcc.target/aarch64/extend.c scan-assembler ldr\\tw[0-9]+,.*uxtw]
FAIL: gcc.target/aarch64/fix_trunc1.c scan-assembler fcvtzs\\\\td[0-9]+, d[0-9]+
FAIL: gcc.target/aarch64/fix_trunc1.c scan-assembler scvtf\\\\td[0-9]+, d[0-9]+
FAIL: gcc.target/aarch64/fmul_fcvt_1.c scan-assembler-times fcvtzs\\tx[0-9], s[0-9]*.*#2 1
FAIL: gcc.target/aarch64/fmul_fcvt_1.c scan-assembler-times fcvtzs\\tx[0-9], s[0-9]*.*#3 1
FAIL: gcc.target/aarch64/fmul_fcvt_1.c scan-assembler-times fcvtzs\\tx[0-9], s[0-9]*.*#4 1
FAIL: gcc.target/aarch64/fmul_fcvt_1.c scan-assembler-times fcvtzs\\tx[0-9], s[0-9]*.*#5 1
FAIL: gcc.target/aarch64/fmul_fcvt_1.c scan-assembler-times fcvtzu\\tx[0-9], s[0-9]*.*#2 1
FAIL: gcc.target/aarch64/fmul_fcvt_1.c scan-assembler-times fcvtzu\\tx[0-9], s[0-9]*.*#3 1
FAIL: gcc.target/aarch64/fmul_fcvt_1.c scan-assembler-times fcvtzu\\tx[0-9], s[0-9]*.*#4 1
FAIL: gcc.target/aarch64/fmul_fcvt_1.c scan-assembler-times fcvtzu\\tx[0-9], s[0-9]*.*#5 1
FAIL: gcc.target/aarch64/fmul_scvtf_1.c (test for excess errors)
FAIL: gcc.target/aarch64/fmul_scvtf_1.c execution test
FAIL: gcc.target/aarch64/fmul_scvtf_1.c scan-assembler-times scvtf\\td[0-9], w[0-9]*.*#32 1
FAIL: gcc.target/aarch64/fmul_scvtf_1.c scan-assembler-times scvtf\\td[0-9], x[0-9]*.*#32 1
FAIL: gcc.target/aarch64/fmul_scvtf_1.c scan-assembler-times scvtf\\ts[0-9], w[0-9]*.*#32 1
FAIL: gcc.target/aarch64/fmul_scvtf_1.c scan-assembler-times scvtf\\ts[0-9], x[0-9]*.*#32 1
FAIL: gcc.target/aarch64/fmul_scvtf_1.c scan-assembler-times ucvtf\\td[0-9], w[0-9]*.*#32 1
FAIL: gcc.target/aarch64/fmul_scvtf_1.c scan-assembler-times ucvtf\\td[0-9], x[0-9]*.*#32 1
FAIL: gcc.target/aarch64/fmul_scvtf_1.c scan-assembler-times ucvtf\\ts[0-9], w[0-9]*.*#32 1
FAIL: gcc.target/aarch64/fmul_scvtf_1.c scan-assembler-times ucvtf\\ts[0-9], x[0-9]*.*#32 1
FAIL: gcc.target/aarch64/insv_1.c scan-assembler bfi\\tx[0-9]+, x[0-9]+, 0, 8
FAIL: gcc.target/aarch64/insv_1.c scan-assembler bfi\\tx[0-9]+, x[0-9]+, 16, 5
FAIL: gcc.target/aarch64/insv_1.c scan-assembler movk\\tx[0-9]+, 0x1d6b, lsl 32
XPASS: gcc.target/aarch64/ldp_vec_64_1.c scan-assembler ldp\\td[0-9]+, d[0-9]
FAIL: gcc.target/aarch64/pr62178.c scan-assembler ldr\\\\tq[0-9]+, \\\\[x[0-9]+\\\\], [0-9]+
FAIL: gcc.target/aarch64/pr66912.c scan-assembler :got(page_lo15)?:n_common
FAIL: gcc.target/aarch64/pr66912.c scan-assembler :got(page_lo15)?:n_init
FAIL: gcc.target/aarch64/pr66912.c scan-assembler :got(page_lo15)?:n_weak_common
FAIL: gcc.target/aarch64/pr66912.c scan-assembler :got(page_lo15)?:n_weak_init
FAIL: gcc.target/aarch64/pr90838.c scan-assembler-times clz\\t 4
FAIL: gcc.target/aarch64/prfm_imm_offset_1.c scan-assembler-times prfm.*\\\\[x[0-9]+, 8\\\\] 1
FAIL: gcc.target/aarch64/return_address_sign_builtin.c (test for excess errors)
UNRESOLVED: gcc.target/aarch64/return_address_sign_builtin.c scan-assembler-times autia1716 1
UNRESOLVED: gcc.target/aarch64/return_address_sign_builtin.c scan-assembler-times autib1716 1
UNRESOLVED: gcc.target/aarch64/return_address_sign_builtin.c scan-assembler-times pacia1716 1
UNRESOLVED: gcc.target/aarch64/return_address_sign_builtin.c scan-assembler-times pacib1716 1
FAIL: gcc.target/aarch64/subsp.c scan-assembler sub\\tsp, sp, x[0-9]*, sxtw 4\\n
FAIL: gcc.target/aarch64/symbol-range.c (test for excess errors)
FAIL: gcc.target/aarch64/vect_mixed_sizes_14.c check-function-bodies foo
FAIL: gcc.target/aarch64/advsimd-intrinsics/bfdot-2.c -O0 (test for excess errors)
UNRESOLVED: gcc.target/aarch64/advsimd-intrinsics/bfdot-2.c -O1 check-function-bodies ufoo
UNRESOLVED: gcc.target/aarch64/advsimd-intrinsics/bfdot-2.c -O1 check-function-bodies ufoo_lane
UNRESOLVED: gcc.target/aarch64/advsimd-intrinsics/bfdot-2.c -O1 check-function-bodies ufoo_laneq
UNRESOLVED: gcc.target/aarch64/advsimd-intrinsics/bfdot-2.c -O1 check-function-bodies ufoo_untied
UNRESOLVED: gcc.target/aarch64/advsimd-intrinsics/bfdot-2.c -O1 check-function-bodies ufooq
UNRESOLVED: gcc.target/aarch64/advsimd-intrinsics/bfdot-2.c -O1 check-function-bodies ufooq_lane
UNRESOLVED: gcc.target/aarch64/advsimd-intrinsics/bfdot-2.c -O1 check-function-bodies ufooq_lane_untied
UNRESOLVED: gcc.target/aarch64/advsimd-intrinsics/bfdot-2.c -O1 check-function-bodies ufooq_laneq
FAIL: gcc.target/aarch64/advsimd-intrinsics/bfdot-2.c -O1 (test for excess errors)
UNRESOLVED: gcc.target/aarch64/advsimd-intrinsics/bfdot-2.c -O2 check-function-bodies ufoo
UNRESOLVED: gcc.target/aarch64/advsimd-intrinsics/bfdot-2.c -O2 check-function-bodies ufoo_lane
UNRESOLVED: gcc.target/aarch64/advsimd-intrinsics/bfdot-2.c -O2 check-function-bodies ufoo_laneq
UNRESOLVED: gcc.target/aarch64/advsimd-intrinsics/bfdot-2.c -O2 check-function-bodies ufoo_untied
UNRESOLVED: gcc.target/aarch64/advsimd-intrinsics/bfdot-2.c -O2 check-function-bodies ufooq
UNRESOLVED: gcc.target/aarch64/advsimd-intrinsics/bfdot-2.c -O2 check-function-bodies ufooq_lane
UNRESOLVED: gcc.target/aarch64/advsimd-intrinsics/bfdot-2.c -O2 check-function-bodies ufooq_lane_untied
UNRESOLVED: gcc.target/aarch64/advsimd-intrinsics/bfdot-2.c -O2 check-function-bodies ufooq_laneq
FAIL: gcc.target/aarch64/advsimd-intrinsics/bfdot-2.c -O2 (test for excess errors)
UNRESOLVED: gcc.target/aarch64/advsimd-intrinsics/bfdot-2.c -O2 -flto -fno-use-linker-plugin -flto-partition=none check-function-bodies ufoo
UNRESOLVED: gcc.target/aarch64/advsimd-intrinsics/bfdot-2.c -O2 -flto -fno-use-linker-plugin -flto-partition=none check-function-bodies ufoo_lane
UNRESOLVED: gcc.target/aarch64/advsimd-intrinsics/bfdot-2.c -O2 -flto -fno-use-linker-plugin -flto-partition=none check-function-bodies ufoo_laneq
UNRESOLVED: gcc.target/aarch64/advsimd-intrinsics/bfdot-2.c -O2 -flto -fno-use-linker-plugin -flto-partition=none check-function-bodies ufoo_untied
UNRESOLVED: gcc.target/aarch64/advsimd-intrinsics/bfdot-2.c -O2 -flto -fno-use-linker-plugin -flto-partition=none check-function-bodies ufooq
UNRESOLVED: gcc.target/aarch64/advsimd-intrinsics/bfdot-2.c -O2 -flto -fno-use-linker-plugin -flto-partition=none check-function-bodies ufooq_lane
UNRESOLVED: gcc.target/aarch64/advsimd-intrinsics/bfdot-2.c -O2 -flto -fno-use-linker-plugin -flto-partition=none check-function-bodies ufooq_lane_untied
UNRESOLVED: gcc.target/aarch64/advsimd-intrinsics/bfdot-2.c -O2 -flto -fno-use-linker-plugin -flto-partition=none check-function-bodies ufooq_laneq
FAIL: gcc.target/aarch64/advsimd-intrinsics/bfdot-2.c -O2 -flto -fno-use-linker-plugin -flto-partition=none (test for excess errors)
UNRESOLVED: gcc.target/aarch64/advsimd-intrinsics/bfdot-2.c -O3 -g check-function-bodies ufoo
UNRESOLVED: gcc.target/aarch64/advsimd-intrinsics/bfdot-2.c -O3 -g check-function-bodies ufoo_lane
UNRESOLVED: gcc.target/aarch64/advsimd-intrinsics/bfdot-2.c -O3 -g check-function-bodies ufoo_laneq
UNRESOLVED: gcc.target/aarch64/advsimd-intrinsics/bfdot-2.c -O3 -g check-function-bodies ufoo_untied
UNRESOLVED: gcc.target/aarch64/advsimd-intrinsics/bfdot-2.c -O3 -g check-function-bodies ufooq
UNRESOLVED: gcc.target/aarch64/advsimd-intrinsics/bfdot-2.c -O3 -g check-function-bodies ufooq_lane
UNRESOLVED: gcc.target/aarch64/advsimd-intrinsics/bfdot-2.c -O3 -g check-function-bodies ufooq_lane_untied
UNRESOLVED: gcc.target/aarch64/advsimd-intrinsics/bfdot-2.c -O3 -g check-function-bodies ufooq_laneq
FAIL: gcc.target/aarch64/advsimd-intrinsics/bfdot-2.c -O3 -g (test for excess errors)
UNRESOLVED: gcc.target/aarch64/advsimd-intrinsics/bfdot-2.c -Og -g check-function-bodies ufoo
UNRESOLVED: gcc.target/aarch64/advsimd-intrinsics/bfdot-2.c -Og -g check-function-bodies ufoo_lane
UNRESOLVED: gcc.target/aarch64/advsimd-intrinsics/bfdot-2.c -Og -g check-function-bodies ufoo_laneq
UNRESOLVED: gcc.target/aarch64/advsimd-intrinsics/bfdot-2.c -Og -g check-function-bodies ufoo_untied
UNRESOLVED: gcc.target/aarch64/advsimd-intrinsics/bfdot-2.c -Og -g check-function-bodies ufooq
UNRESOLVED: gcc.target/aarch64/advsimd-intrinsics/bfdot-2.c -Og -g check-function-bodies ufooq_lane
UNRESOLVED: gcc.target/aarch64/advsimd-intrinsics/bfdot-2.c -Og -g check-function-bodies ufooq_lane_untied
UNRESOLVED: gcc.target/aarch64/advsimd-intrinsics/bfdot-2.c -Og -g check-function-bodies ufooq_laneq
FAIL: gcc.target/aarch64/advsimd-intrinsics/bfdot-2.c -Og -g (test for excess errors)
UNRESOLVED: gcc.target/aarch64/advsimd-intrinsics/bfdot-2.c -Os check-function-bodies ufoo
UNRESOLVED: gcc.target/aarch64/advsimd-intrinsics/bfdot-2.c -Os check-function-bodies ufoo_lane
UNRESOLVED: gcc.target/aarch64/advsimd-intrinsics/bfdot-2.c -Os check-function-bodies ufoo_laneq
UNRESOLVED: gcc.target/aarch64/advsimd-intrinsics/bfdot-2.c -Os check-function-bodies ufoo_untied
UNRESOLVED: gcc.target/aarch64/advsimd-intrinsics/bfdot-2.c -Os check-function-bodies ufooq
UNRESOLVED: gcc.target/aarch64/advsimd-intrinsics/bfdot-2.c -Os check-function-bodies ufooq_lane
UNRESOLVED: gcc.target/aarch64/advsimd-intrinsics/bfdot-2.c -Os check-function-bodies ufooq_lane_untied
UNRESOLVED: gcc.target/aarch64/advsimd-intrinsics/bfdot-2.c -Os check-function-bodies ufooq_laneq
FAIL: gcc.target/aarch64/advsimd-intrinsics/bfdot-2.c -Os (test for excess errors)
FAIL: gcc.target/aarch64/advsimd-intrinsics/vdot-3-2.c -O0 (test for excess errors)
UNRESOLVED: gcc.target/aarch64/advsimd-intrinsics/vdot-3-2.c -O1 check-function-bodies sfoo_lane
UNRESOLVED: gcc.target/aarch64/advsimd-intrinsics/vdot-3-2.c -O1 check-function-bodies sfoo_laneq
UNRESOLVED: gcc.target/aarch64/advsimd-intrinsics/vdot-3-2.c -O1 check-function-bodies sfooq_lane
UNRESOLVED: gcc.target/aarch64/advsimd-intrinsics/vdot-3-2.c -O1 check-function-bodies sfooq_laneq
UNRESOLVED: gcc.target/aarch64/advsimd-intrinsics/vdot-3-2.c -O1 check-function-bodies ufoo
UNRESOLVED: gcc.target/aarch64/advsimd-intrinsics/vdot-3-2.c -O1 check-function-bodies ufoo_lane
UNRESOLVED: gcc.target/aarch64/advsimd-intrinsics/vdot-3-2.c -O1 check-function-bodies ufoo_laneq
UNRESOLVED: gcc.target/aarch64/advsimd-intrinsics/vdot-3-2.c -O1 check-function-bodies ufoo_untied
UNRESOLVED: gcc.target/aarch64/advsimd-intrinsics/vdot-3-2.c -O1 check-function-bodies ufooq
UNRESOLVED: gcc.target/aarch64/advsimd-intrinsics/vdot-3-2.c -O1 check-function-bodies ufooq_lane
UNRESOLVED: gcc.target/aarch64/advsimd-intrinsics/vdot-3-2.c -O1 check-function-bodies ufooq_laneq
UNRESOLVED: gcc.target/aarch64/advsimd-intrinsics/vdot-3-2.c -O1 check-function-bodies ufooq_laneq_untied
FAIL: gcc.target/aarch64/advsimd-intrinsics/vdot-3-2.c -O1 (test for excess errors)
UNRESOLVED: gcc.target/aarch64/advsimd-intrinsics/vdot-3-2.c -O2 check-function-bodies sfoo_lane
UNRESOLVED: gcc.target/aarch64/advsimd-intrinsics/vdot-3-2.c -O2 check-function-bodies sfoo_laneq
UNRESOLVED: gcc.target/aarch64/advsimd-intrinsics/vdot-3-2.c -O2 check-function-bodies sfooq_lane
UNRESOLVED: gcc.target/aarch64/advsimd-intrinsics/vdot-3-2.c -O2 check-function-bodies sfooq_laneq
UNRESOLVED: gcc.target/aarch64/advsimd-intrinsics/vdot-3-2.c -O2 check-function-bodies ufoo
UNRESOLVED: gcc.target/aarch64/advsimd-intrinsics/vdot-3-2.c -O2 check-function-bodies ufoo_lane
UNRESOLVED: gcc.target/aarch64/advsimd-intrinsics/vdot-3-2.c -O2 check-function-bodies ufoo_laneq
UNRESOLVED: gcc.target/aarch64/advsimd-intrinsics/vdot-3-2.c -O2 check-function-bodies ufoo_untied
UNRESOLVED: gcc.target/aarch64/advsimd-intrinsics/vdot-3-2.c -O2 check-function-bodies ufooq
UNRESOLVED: gcc.target/aarch64/advsimd-intrinsics/vdot-3-2.c -O2 check-function-bodies ufooq_lane
UNRESOLVED: gcc.target/aarch64/advsimd-intrinsics/vdot-3-2.c -O2 check-function-bodies ufooq_laneq
UNRESOLVED: gcc.target/aarch64/advsimd-intrinsics/vdot-3-2.c -O2 check-function-bodies ufooq_laneq_untied
FAIL: gcc.target/aarch64/advsimd-intrinsics/vdot-3-2.c -O2 (test for excess errors)
UNRESOLVED: gcc.target/aarch64/advsimd-intrinsics/vdot-3-2.c -O2 -flto -fno-use-linker-plugin -flto-partition=none check-function-bodies sfoo_lane
UNRESOLVED: gcc.target/aarch64/advsimd-intrinsics/vdot-3-2.c -O2 -flto -fno-use-linker-plugin -flto-partition=none check-function-bodies sfoo_laneq
UNRESOLVED: gcc.target/aarch64/advsimd-intrinsics/vdot-3-2.c -O2 -flto -fno-use-linker-plugin -flto-partition=none check-function-bodies sfooq_lane
UNRESOLVED: gcc.target/aarch64/advsimd-intrinsics/vdot-3-2.c -O2 -flto -fno-use-linker-plugin -flto-partition=none check-function-bodies sfooq_laneq
UNRESOLVED: gcc.target/aarch64/advsimd-intrinsics/vdot-3-2.c -O2 -flto -fno-use-linker-plugin -flto-partition=none check-function-bodies ufoo
UNRESOLVED: gcc.target/aarch64/advsimd-intrinsics/vdot-3-2.c -O2 -flto -fno-use-linker-plugin -flto-partition=none check-function-bodies ufoo_lane
UNRESOLVED: gcc.target/aarch64/advsimd-intrinsics/vdot-3-2.c -O2 -flto -fno-use-linker-plugin -flto-partition=none check-function-bodies ufoo_laneq
UNRESOLVED: gcc.target/aarch64/advsimd-intrinsics/vdot-3-2.c -O2 -flto -fno-use-linker-plugin -flto-partition=none check-function-bodies ufoo_untied
UNRESOLVED: gcc.target/aarch64/advsimd-intrinsics/vdot-3-2.c -O2 -flto -fno-use-linker-plugin -flto-partition=none check-function-bodies ufooq
UNRESOLVED: gcc.target/aarch64/advsimd-intrinsics/vdot-3-2.c -O2 -flto -fno-use-linker-plugin -flto-partition=none check-function-bodies ufooq_lane
UNRESOLVED: gcc.target/aarch64/advsimd-intrinsics/vdot-3-2.c -O2 -flto -fno-use-linker-plugin -flto-partition=none check-function-bodies ufooq_laneq
UNRESOLVED: gcc.target/aarch64/advsimd-intrinsics/vdot-3-2.c -O2 -flto -fno-use-linker-plugin -flto-partition=none check-function-bodies ufooq_laneq_untied
FAIL: gcc.target/aarch64/advsimd-intrinsics/vdot-3-2.c -O2 -flto -fno-use-linker-plugin -flto-partition=none (test for excess errors)
UNRESOLVED: gcc.target/aarch64/advsimd-intrinsics/vdot-3-2.c -O3 -g check-function-bodies sfoo_lane
UNRESOLVED: gcc.target/aarch64/advsimd-intrinsics/vdot-3-2.c -O3 -g check-function-bodies sfoo_laneq
UNRESOLVED: gcc.target/aarch64/advsimd-intrinsics/vdot-3-2.c -O3 -g check-function-bodies sfooq_lane
UNRESOLVED: gcc.target/aarch64/advsimd-intrinsics/vdot-3-2.c -O3 -g check-function-bodies sfooq_laneq
UNRESOLVED: gcc.target/aarch64/advsimd-intrinsics/vdot-3-2.c -O3 -g check-function-bodies ufoo
UNRESOLVED: gcc.target/aarch64/advsimd-intrinsics/vdot-3-2.c -O3 -g check-function-bodies ufoo_lane
UNRESOLVED: gcc.target/aarch64/advsimd-intrinsics/vdot-3-2.c -O3 -g check-function-bodies ufoo_laneq
UNRESOLVED: gcc.target/aarch64/advsimd-intrinsics/vdot-3-2.c -O3 -g check-function-bodies ufoo_untied
UNRESOLVED: gcc.target/aarch64/advsimd-intrinsics/vdot-3-2.c -O3 -g check-function-bodies ufooq
UNRESOLVED: gcc.target/aarch64/advsimd-intrinsics/vdot-3-2.c -O3 -g check-function-bodies ufooq_lane
UNRESOLVED: gcc.target/aarch64/advsimd-intrinsics/vdot-3-2.c -O3 -g check-function-bodies ufooq_laneq
UNRESOLVED: gcc.target/aarch64/advsimd-intrinsics/vdot-3-2.c -O3 -g check-function-bodies ufooq_laneq_untied
FAIL: gcc.target/aarch64/advsimd-intrinsics/vdot-3-2.c -O3 -g (test for excess errors)
UNRESOLVED: gcc.target/aarch64/advsimd-intrinsics/vdot-3-2.c -Og -g check-function-bodies sfoo_lane
UNRESOLVED: gcc.target/aarch64/advsimd-intrinsics/vdot-3-2.c -Og -g check-function-bodies sfoo_laneq
UNRESOLVED: gcc.target/aarch64/advsimd-intrinsics/vdot-3-2.c -Og -g check-function-bodies sfooq_lane
UNRESOLVED: gcc.target/aarch64/advsimd-intrinsics/vdot-3-2.c -Og -g check-function-bodies sfooq_laneq
UNRESOLVED: gcc.target/aarch64/advsimd-intrinsics/vdot-3-2.c -Og -g check-function-bodies ufoo
UNRESOLVED: gcc.target/aarch64/advsimd-intrinsics/vdot-3-2.c -Og -g check-function-bodies ufoo_lane
UNRESOLVED: gcc.target/aarch64/advsimd-intrinsics/vdot-3-2.c -Og -g check-function-bodies ufoo_laneq
UNRESOLVED: gcc.target/aarch64/advsimd-intrinsics/vdot-3-2.c -Og -g check-function-bodies ufoo_untied
UNRESOLVED: gcc.target/aarch64/advsimd-intrinsics/vdot-3-2.c -Og -g check-function-bodies ufooq
UNRESOLVED: gcc.target/aarch64/advsimd-intrinsics/vdot-3-2.c -Og -g check-function-bodies ufooq_lane
UNRESOLVED: gcc.target/aarch64/advsimd-intrinsics/vdot-3-2.c -Og -g check-function-bodies ufooq_laneq
UNRESOLVED: gcc.target/aarch64/advsimd-intrinsics/vdot-3-2.c -Og -g check-function-bodies ufooq_laneq_untied
FAIL: gcc.target/aarch64/advsimd-intrinsics/vdot-3-2.c -Og -g (test for excess errors)
UNRESOLVED: gcc.target/aarch64/advsimd-intrinsics/vdot-3-2.c -Os check-function-bodies sfoo_lane
UNRESOLVED: gcc.target/aarch64/advsimd-intrinsics/vdot-3-2.c -Os check-function-bodies sfoo_laneq
UNRESOLVED: gcc.target/aarch64/advsimd-intrinsics/vdot-3-2.c -Os check-function-bodies sfooq_lane
UNRESOLVED: gcc.target/aarch64/advsimd-intrinsics/vdot-3-2.c -Os check-function-bodies sfooq_laneq
UNRESOLVED: gcc.target/aarch64/advsimd-intrinsics/vdot-3-2.c -Os check-function-bodies ufoo
UNRESOLVED: gcc.target/aarch64/advsimd-intrinsics/vdot-3-2.c -Os check-function-bodies ufoo_lane
UNRESOLVED: gcc.target/aarch64/advsimd-intrinsics/vdot-3-2.c -Os check-function-bodies ufoo_laneq
UNRESOLVED: gcc.target/aarch64/advsimd-intrinsics/vdot-3-2.c -Os check-function-bodies ufoo_untied
UNRESOLVED: gcc.target/aarch64/advsimd-intrinsics/vdot-3-2.c -Os check-function-bodies ufooq
UNRESOLVED: gcc.target/aarch64/advsimd-intrinsics/vdot-3-2.c -Os check-function-bodies ufooq_lane
UNRESOLVED: gcc.target/aarch64/advsimd-intrinsics/vdot-3-2.c -Os check-function-bodies ufooq_laneq
UNRESOLVED: gcc.target/aarch64/advsimd-intrinsics/vdot-3-2.c -Os check-function-bodies ufooq_laneq_untied
FAIL: gcc.target/aarch64/advsimd-intrinsics/vdot-3-2.c -Os (test for excess errors)
=== gcc Summary for unix/-mabi=ilp32 ===
# of expected passes 229596
# of unexpected failures 215
# of unexpected successes 33
# of expected failures 1951
# of unresolved testcases 125
# of unsupported tests 4124
Running target unix/-mabi=lp64
FAIL: gcc.c-torture/execute/alias-2.c -O1 execution test
FAIL: gcc.c-torture/execute/alias-2.c -O2 execution test
FAIL: gcc.c-torture/execute/alias-2.c -O2 -flto -fno-use-linker-plugin -flto-partition=none execution test
FAIL: gcc.c-torture/execute/alias-2.c -O3 -g execution test
FAIL: gcc.c-torture/execute/alias-2.c -Os execution test
FAIL: gcc.dg/compat/scalar-by-value-3 c_compat_x_tst.o-c_compat_y_tst.o execute
FAIL: gcc.dg/compat/scalar-by-value-4 c_compat_x_tst.o-c_compat_y_tst.o execute
FAIL: gcc.dg/compat/scalar-by-value-5 c_compat_x_tst.o-c_compat_y_tst.o execute
FAIL: gcc.dg/compat/scalar-by-value-6 c_compat_x_tst.o-c_compat_y_tst.o execute
FAIL: gcc.dg/compat/scalar-return-3 c_compat_x_tst.o-c_compat_y_tst.o execute
FAIL: gcc.dg/compat/scalar-return-4 c_compat_x_tst.o-c_compat_y_tst.o execute
FAIL: gcc.dg/complex-1.c execution test
ERROR: gcc.dg/unclosed-init.c: syntax error in target selector ".+1" for " dg-error 3 "-: expected '.' at end of input" { target *-*-* } .+1 "
ERROR: gcc.dg/unclosed-init.c: syntax error in target selector ".+1" for " dg-error 3 "-: expected '.' at end of input" { target *-*-* } .+1 "
FAIL: gcc.dg/gomp/pr89104.c (test for excess errors)
XPASS: gcc.dg/graphite/pr80906.c scan-tree-dump graphite "isl AST to Gimple succeeded"
XPASS: gcc.dg/guality/example.c -O0 execution test
XPASS: gcc.dg/guality/example.c -O1 -DPREVENT_OPTIMIZATION execution test
XPASS: gcc.dg/guality/example.c -Og -DPREVENT_OPTIMIZATION execution test
XPASS: gcc.dg/guality/guality.c -O0 execution test
XPASS: gcc.dg/guality/guality.c -O1 -DPREVENT_OPTIMIZATION execution test
XPASS: gcc.dg/guality/guality.c -O2 -DPREVENT_OPTIMIZATION execution test
XPASS: gcc.dg/guality/guality.c -O2 -flto -fno-use-linker-plugin -flto-partition=none -DPREVENT_OPTIMIZATION execution test
XPASS: gcc.dg/guality/guality.c -O2 -flto -fuse-linker-plugin -fno-fat-lto-objects -DPREVENT_OPTIMIZATION execution test
XPASS: gcc.dg/guality/guality.c -O3 -g -DPREVENT_OPTIMIZATION execution test
XPASS: gcc.dg/guality/guality.c -Os -DPREVENT_OPTIMIZATION execution test
XPASS: gcc.dg/guality/guality.c -Og -DPREVENT_OPTIMIZATION execution test
XPASS: gcc.dg/guality/inline-params.c -O2 -DPREVENT_OPTIMIZATION execution test
XPASS: gcc.dg/guality/inline-params.c -O2 -flto -fno-use-linker-plugin -flto-partition=none -DPREVENT_OPTIMIZATION execution test
XPASS: gcc.dg/guality/inline-params.c -O2 -flto -fuse-linker-plugin -fno-fat-lto-objects -DPREVENT_OPTIMIZATION execution test
XPASS: gcc.dg/guality/inline-params.c -O3 -g -DPREVENT_OPTIMIZATION execution test
XPASS: gcc.dg/guality/inline-params.c -Os -DPREVENT_OPTIMIZATION execution test
FAIL: gcc.dg/guality/loop-1.c -O3 -fomit-frame-pointer -funroll-loops -fpeel-loops -ftracer -finline-functions -DPREVENT_OPTIMIZATION line 20 i == 1
FAIL: gcc.dg/guality/pr36728-1.c -O2 -flto -fuse-linker-plugin -fno-fat-lto-objects -DPREVENT_OPTIMIZATION line 16 y == 2
FAIL: gcc.dg/guality/pr36728-2.c -O2 -flto -fuse-linker-plugin -fno-fat-lto-objects -DPREVENT_OPTIMIZATION line 16 arg1 == 1
FAIL: gcc.dg/guality/pr36728-2.c -O2 -flto -fuse-linker-plugin -fno-fat-lto-objects -DPREVENT_OPTIMIZATION line 16 arg2 == 2
FAIL: gcc.dg/guality/pr36728-2.c -O2 -flto -fuse-linker-plugin -fno-fat-lto-objects -DPREVENT_OPTIMIZATION line 16 arg3 == 3
FAIL: gcc.dg/guality/pr36728-2.c -O2 -flto -fuse-linker-plugin -fno-fat-lto-objects -DPREVENT_OPTIMIZATION line 16 arg4 == 4
FAIL: gcc.dg/guality/pr36728-2.c -O2 -flto -fuse-linker-plugin -fno-fat-lto-objects -DPREVENT_OPTIMIZATION line 16 arg5 == 5
FAIL: gcc.dg/guality/pr36728-2.c -O2 -flto -fuse-linker-plugin -fno-fat-lto-objects -DPREVENT_OPTIMIZATION line 16 arg6 == 6
FAIL: gcc.dg/guality/pr36728-2.c -O2 -flto -fuse-linker-plugin -fno-fat-lto-objects -DPREVENT_OPTIMIZATION line 16 arg7 == 30
FAIL: gcc.dg/guality/pr36728-2.c -O2 -flto -fuse-linker-plugin -fno-fat-lto-objects -DPREVENT_OPTIMIZATION line 16 y == 2
FAIL: gcc.dg/guality/pr36728-2.c -O2 -flto -fuse-linker-plugin -fno-fat-lto-objects -DPREVENT_OPTIMIZATION line 18 arg1 == 1
FAIL: gcc.dg/guality/pr36728-2.c -O2 -flto -fuse-linker-plugin -fno-fat-lto-objects -DPREVENT_OPTIMIZATION line 18 arg2 == 2
FAIL: gcc.dg/guality/pr36728-2.c -O2 -flto -fuse-linker-plugin -fno-fat-lto-objects -DPREVENT_OPTIMIZATION line 18 arg3 == 3
FAIL: gcc.dg/guality/pr36728-2.c -O2 -flto -fuse-linker-plugin -fno-fat-lto-objects -DPREVENT_OPTIMIZATION line 18 arg4 == 4
FAIL: gcc.dg/guality/pr36728-2.c -O2 -flto -fuse-linker-plugin -fno-fat-lto-objects -DPREVENT_OPTIMIZATION line 18 arg5 == 5
FAIL: gcc.dg/guality/pr36728-2.c -O2 -flto -fuse-linker-plugin -fno-fat-lto-objects -DPREVENT_OPTIMIZATION line 18 arg6 == 6
FAIL: gcc.dg/guality/pr36728-2.c -O2 -flto -fuse-linker-plugin -fno-fat-lto-objects -DPREVENT_OPTIMIZATION line 18 arg7 == 30
FAIL: gcc.dg/guality/pr36728-2.c -O3 -g -DPREVENT_OPTIMIZATION line 16 arg1 == 1
FAIL: gcc.dg/guality/pr36728-2.c -O3 -g -DPREVENT_OPTIMIZATION line 16 arg2 == 2
FAIL: gcc.dg/guality/pr36728-2.c -O3 -g -DPREVENT_OPTIMIZATION line 16 arg3 == 3
FAIL: gcc.dg/guality/pr36728-2.c -O3 -g -DPREVENT_OPTIMIZATION line 16 arg4 == 4
FAIL: gcc.dg/guality/pr36728-2.c -O3 -g -DPREVENT_OPTIMIZATION line 16 arg5 == 5
FAIL: gcc.dg/guality/pr36728-2.c -O3 -g -DPREVENT_OPTIMIZATION line 16 arg6 == 6
FAIL: gcc.dg/guality/pr36728-2.c -O3 -g -DPREVENT_OPTIMIZATION line 16 arg7 == 30
FAIL: gcc.dg/guality/pr36728-2.c -O3 -g -DPREVENT_OPTIMIZATION line 18 arg1 == 1
FAIL: gcc.dg/guality/pr36728-2.c -O3 -g -DPREVENT_OPTIMIZATION line 18 arg2 == 2
FAIL: gcc.dg/guality/pr36728-2.c -O3 -g -DPREVENT_OPTIMIZATION line 18 arg3 == 3
FAIL: gcc.dg/guality/pr36728-2.c -O3 -g -DPREVENT_OPTIMIZATION line 18 arg4 == 4
FAIL: gcc.dg/guality/pr36728-2.c -O3 -g -DPREVENT_OPTIMIZATION line 18 arg5 == 5
FAIL: gcc.dg/guality/pr36728-2.c -O3 -g -DPREVENT_OPTIMIZATION line 18 arg6 == 6
FAIL: gcc.dg/guality/pr36728-2.c -O3 -g -DPREVENT_OPTIMIZATION line 18 arg7 == 30
FAIL: gcc.dg/guality/pr36728-3.c -O3 -g -DPREVENT_OPTIMIZATION line 14 y == 2
XPASS: gcc.dg/guality/pr41353-1.c -O0 line 28 j == 28 + 37
FAIL: gcc.dg/guality/pr41447-1.c -O2 -DPREVENT_OPTIMIZATION execution test
FAIL: gcc.dg/guality/pr41447-1.c -O2 -flto -fno-use-linker-plugin -flto-partition=none -DPREVENT_OPTIMIZATION execution test
FAIL: gcc.dg/guality/pr41447-1.c -O3 -g -DPREVENT_OPTIMIZATION execution test
FAIL: gcc.dg/guality/pr41447-1.c -Os -DPREVENT_OPTIMIZATION execution test
FAIL: gcc.dg/guality/pr54200.c -O1 -DPREVENT_OPTIMIZATION line 20 z == 3
FAIL: gcc.dg/guality/pr54200.c -O2 -DPREVENT_OPTIMIZATION line 20 z == 3
FAIL: gcc.dg/guality/pr54200.c -O2 -flto -fno-use-linker-plugin -flto-partition=none -DPREVENT_OPTIMIZATION line 20 z == 3
FAIL: gcc.dg/guality/pr54200.c -O3 -g -DPREVENT_OPTIMIZATION line 20 z == 3
FAIL: gcc.dg/guality/pr54200.c -Os -DPREVENT_OPTIMIZATION line 20 z == 3
FAIL: gcc.dg/guality/pr54519-1.c -O2 -flto -fno-use-linker-plugin -flto-partition=none -DPREVENT_OPTIMIZATION line 20 y == 25
FAIL: gcc.dg/guality/pr54519-1.c -O2 -flto -fno-use-linker-plugin -flto-partition=none -DPREVENT_OPTIMIZATION line 20 z == 6
FAIL: gcc.dg/guality/pr54519-1.c -O2 -flto -fno-use-linker-plugin -flto-partition=none -DPREVENT_OPTIMIZATION line 23 y == 117
FAIL: gcc.dg/guality/pr54519-1.c -O2 -flto -fno-use-linker-plugin -flto-partition=none -DPREVENT_OPTIMIZATION line 23 z == 8
FAIL: gcc.dg/guality/pr54519-1.c -O2 -flto -fuse-linker-plugin -fno-fat-lto-objects -DPREVENT_OPTIMIZATION line 20 y == 25
FAIL: gcc.dg/guality/pr54519-1.c -O2 -flto -fuse-linker-plugin -fno-fat-lto-objects -DPREVENT_OPTIMIZATION line 20 z == 6
FAIL: gcc.dg/guality/pr54519-1.c -O2 -flto -fuse-linker-plugin -fno-fat-lto-objects -DPREVENT_OPTIMIZATION line 23 y == 117
FAIL: gcc.dg/guality/pr54519-1.c -O2 -flto -fuse-linker-plugin -fno-fat-lto-objects -DPREVENT_OPTIMIZATION line 23 z == 8
FAIL: gcc.dg/guality/pr54519-2.c -O2 -flto -fno-use-linker-plugin -flto-partition=none -DPREVENT_OPTIMIZATION line 17 y == 25
FAIL: gcc.dg/guality/pr54519-2.c -O2 -flto -fuse-linker-plugin -fno-fat-lto-objects -DPREVENT_OPTIMIZATION line 17 y == 25
FAIL: gcc.dg/guality/pr54519-3.c -O2 -flto -fno-use-linker-plugin -flto-partition=none -DPREVENT_OPTIMIZATION line 20 y == 25
FAIL: gcc.dg/guality/pr54519-3.c -O2 -flto -fno-use-linker-plugin -flto-partition=none -DPREVENT_OPTIMIZATION line 20 z == 6
FAIL: gcc.dg/guality/pr54519-3.c -O2 -flto -fno-use-linker-plugin -flto-partition=none -DPREVENT_OPTIMIZATION line 23 y == 117
FAIL: gcc.dg/guality/pr54519-3.c -O2 -flto -fno-use-linker-plugin -flto-partition=none -DPREVENT_OPTIMIZATION line 23 z == 8
FAIL: gcc.dg/guality/pr54519-3.c -O2 -flto -fuse-linker-plugin -fno-fat-lto-objects -DPREVENT_OPTIMIZATION line 20 y == 25
FAIL: gcc.dg/guality/pr54519-3.c -O2 -flto -fuse-linker-plugin -fno-fat-lto-objects -DPREVENT_OPTIMIZATION line 20 z == 6
FAIL: gcc.dg/guality/pr54519-3.c -O2 -flto -fuse-linker-plugin -fno-fat-lto-objects -DPREVENT_OPTIMIZATION line 23 y == 117
FAIL: gcc.dg/guality/pr54519-3.c -O2 -flto -fuse-linker-plugin -fno-fat-lto-objects -DPREVENT_OPTIMIZATION line 23 z == 8
FAIL: gcc.dg/guality/pr54519-4.c -O2 -flto -fno-use-linker-plugin -flto-partition=none -DPREVENT_OPTIMIZATION line 17 y == 25
FAIL: gcc.dg/guality/pr54519-4.c -O2 -flto -fuse-linker-plugin -fno-fat-lto-objects -DPREVENT_OPTIMIZATION line 17 y == 25
FAIL: gcc.dg/guality/pr54519-5.c -O2 -flto -fno-use-linker-plugin -flto-partition=none -DPREVENT_OPTIMIZATION line 17 y == 25
FAIL: gcc.dg/guality/pr54519-5.c -O2 -flto -fuse-linker-plugin -fno-fat-lto-objects -DPREVENT_OPTIMIZATION line 17 y == 25
FAIL: gcc.dg/guality/pr54519-6.c -Os -DPREVENT_OPTIMIZATION line 11 x == 2
FAIL: gcc.dg/guality/pr54693-2.c -O2 -flto -fuse-linker-plugin -fno-fat-lto-objects -DPREVENT_OPTIMIZATION line 21 z == 30 - 3 * i
FAIL: gcc.dg/guality/pr54693-2.c -Os -DPREVENT_OPTIMIZATION line 21 z == 30 - 3 * i
XPASS: gcc.dg/guality/pr54970.c -O0 line 15 a[0] == 1
XPASS: gcc.dg/guality/pr54970.c -O0 line 20 a[0] == 1
XPASS: gcc.dg/guality/pr54970.c -O0 line 25 a[0] == 1
XPASS: gcc.dg/guality/pr54970.c -O0 line 31 a[0] == 4
XPASS: gcc.dg/guality/pr54970.c -O0 line 36 a[0] == 4
XPASS: gcc.dg/guality/pr54970.c -O0 line 45 a[0] == 4
XPASS: gcc.dg/guality/pr54970.c -O0 line 45 p[-2] == 4
XPASS: gcc.dg/guality/pr54970.c -O0 line 45 q[-1] == 4
XPASS: gcc.dg/guality/pr54970.c -Og -DPREVENT_OPTIMIZATION line 15 a[0] == 1
XPASS: gcc.dg/guality/pr54970.c -Og -DPREVENT_OPTIMIZATION line 20 a[0] == 1
XPASS: gcc.dg/guality/pr54970.c -Og -DPREVENT_OPTIMIZATION line 25 a[0] == 1
XPASS: gcc.dg/guality/pr54970.c -Og -DPREVENT_OPTIMIZATION line 31 a[0] == 4
XPASS: gcc.dg/guality/pr54970.c -Og -DPREVENT_OPTIMIZATION line 36 a[0] == 4
XPASS: gcc.dg/guality/pr54970.c -Og -DPREVENT_OPTIMIZATION line 45 a[0] == 4
XPASS: gcc.dg/guality/pr54970.c -Og -DPREVENT_OPTIMIZATION line 45 p[-2] == 4
XPASS: gcc.dg/guality/pr54970.c -Og -DPREVENT_OPTIMIZATION line 45 q[-1] == 4
FAIL: gcc.dg/guality/pr56154-1.c -Og -DPREVENT_OPTIMIZATION line pr56154-1.c:20 x.a == 6
XPASS: gcc.dg/guality/pr59776.c -O0 line pr59776.c:17 s2.g == 6.0
XPASS: gcc.dg/guality/pr59776.c -O0 line pr59776.c:20 s2.g == 6.0
FAIL: gcc.dg/guality/pr59776.c -Og -DPREVENT_OPTIMIZATION line pr59776.c:17 s1.f == 5.0
FAIL: gcc.dg/guality/pr59776.c -Og -DPREVENT_OPTIMIZATION line pr59776.c:17 s1.g == 6.0
FAIL: gcc.dg/guality/pr59776.c -Og -DPREVENT_OPTIMIZATION line pr59776.c:17 s2.f == 0.0
FAIL: gcc.dg/guality/pr59776.c -Og -DPREVENT_OPTIMIZATION line pr59776.c:20 s1.f == 5.0
FAIL: gcc.dg/guality/pr59776.c -Og -DPREVENT_OPTIMIZATION line pr59776.c:20 s1.g == 6.0
FAIL: gcc.dg/guality/pr59776.c -Og -DPREVENT_OPTIMIZATION line pr59776.c:20 s2.f == 5.0
FAIL: gcc.dg/guality/pr68860-1.c -O2 -DPREVENT_OPTIMIZATION line 14 y == 2
FAIL: gcc.dg/guality/pr68860-1.c -O3 -g -DPREVENT_OPTIMIZATION line 14 y == 2
FAIL: gcc.dg/guality/pr68860-2.c -O3 -g -DPREVENT_OPTIMIZATION line 14 y == 2
FAIL: gcc.dg/guality/pr90074.c -O2 -flto -fuse-linker-plugin -fno-fat-lto-objects -DPREVENT_OPTIMIZATION line 28 c + 1 == 2
FAIL: gcc.dg/guality/pr90074.c -O2 -flto -fuse-linker-plugin -fno-fat-lto-objects -DPREVENT_OPTIMIZATION line 28 i + 1 == 8
FAIL: gcc.dg/guality/pr90716.c -O2 -flto -fuse-linker-plugin -fno-fat-lto-objects -DPREVENT_OPTIMIZATION line 23 j + 1 == 9
FAIL: gcc.dg/guality/sra-1.c -O2 -flto -fuse-linker-plugin -fno-fat-lto-objects -DPREVENT_OPTIMIZATION line 21 a.j == 14
FAIL: gcc.dg/guality/sra-1.c -O2 -flto -fuse-linker-plugin -fno-fat-lto-objects -DPREVENT_OPTIMIZATION line 32 a[1] == 14
FAIL: gcc.dg/guality/sra-1.c -O2 -flto -fuse-linker-plugin -fno-fat-lto-objects -DPREVENT_OPTIMIZATION line 43 a.j == 14
FAIL: gcc.dg/guality/sra-1.c -Og -DPREVENT_OPTIMIZATION line 43 a.i == 4
FAIL: gcc.dg/guality/sra-1.c -Og -DPREVENT_OPTIMIZATION line 43 a.j == 14
XPASS: gcc.dg/vect/bb-slp-pr68892.c -flto -ffat-lto-objects scan-tree-dump slp2 "not profitable"
FAIL: gcc.dg/vect/bb-slp-pr68892.c -flto -ffat-lto-objects scan-tree-dump-times slp2 "Basic block will be vectorized" 1
XPASS: gcc.dg/vect/bb-slp-pr68892.c scan-tree-dump slp2 "not profitable"
FAIL: gcc.dg/vect/bb-slp-pr68892.c scan-tree-dump-times slp2 "Basic block will be vectorized" 1
FAIL: gcc.dg/vect/slp-perm-9.c -flto -ffat-lto-objects scan-tree-dump-times vect "permutation requires at least three vectors" 1
FAIL: gcc.dg/vect/slp-perm-9.c scan-tree-dump-times vect "permutation requires at least three vectors" 1
FAIL: gcc.target/aarch64/aapcs64/va_arg-7.c execution, -O0
FAIL: gcc.target/aarch64/aapcs64/va_arg-7.c execution, -O1
FAIL: gcc.target/aarch64/aapcs64/va_arg-7.c execution, -O2
FAIL: gcc.target/aarch64/aapcs64/va_arg-7.c execution, -O3 -g
FAIL: gcc.target/aarch64/aapcs64/va_arg-7.c execution, -Og -g
FAIL: gcc.target/aarch64/aapcs64/va_arg-7.c execution, -Os
FAIL: gcc.target/aarch64/insv_1.c scan-assembler bfi\\tx[0-9]+, x[0-9]+, 0, 8
FAIL: gcc.target/aarch64/insv_1.c scan-assembler bfi\\tx[0-9]+, x[0-9]+, 16, 5
FAIL: gcc.target/aarch64/insv_1.c scan-assembler movk\\tx[0-9]+, 0x1d6b, lsl 32
FAIL: gcc.target/aarch64/pr70398.c (test for excess errors)
UNRESOLVED: gcc.target/aarch64/pr70398.c compilation failed to produce executable
FAIL: gcc.target/aarch64/advsimd-intrinsics/bfdot-2.c -O0 (test for excess errors)
UNRESOLVED: gcc.target/aarch64/advsimd-intrinsics/bfdot-2.c -O1 check-function-bodies ufoo
UNRESOLVED: gcc.target/aarch64/advsimd-intrinsics/bfdot-2.c -O1 check-function-bodies ufoo_lane
UNRESOLVED: gcc.target/aarch64/advsimd-intrinsics/bfdot-2.c -O1 check-function-bodies ufoo_laneq
UNRESOLVED: gcc.target/aarch64/advsimd-intrinsics/bfdot-2.c -O1 check-function-bodies ufoo_untied
UNRESOLVED: gcc.target/aarch64/advsimd-intrinsics/bfdot-2.c -O1 check-function-bodies ufooq
UNRESOLVED: gcc.target/aarch64/advsimd-intrinsics/bfdot-2.c -O1 check-function-bodies ufooq_lane
UNRESOLVED: gcc.target/aarch64/advsimd-intrinsics/bfdot-2.c -O1 check-function-bodies ufooq_lane_untied
UNRESOLVED: gcc.target/aarch64/advsimd-intrinsics/bfdot-2.c -O1 check-function-bodies ufooq_laneq
FAIL: gcc.target/aarch64/advsimd-intrinsics/bfdot-2.c -O1 (test for excess errors)
UNRESOLVED: gcc.target/aarch64/advsimd-intrinsics/bfdot-2.c -O2 check-function-bodies ufoo
UNRESOLVED: gcc.target/aarch64/advsimd-intrinsics/bfdot-2.c -O2 check-function-bodies ufoo_lane
UNRESOLVED: gcc.target/aarch64/advsimd-intrinsics/bfdot-2.c -O2 check-function-bodies ufoo_laneq
UNRESOLVED: gcc.target/aarch64/advsimd-intrinsics/bfdot-2.c -O2 check-function-bodies ufoo_untied
UNRESOLVED: gcc.target/aarch64/advsimd-intrinsics/bfdot-2.c -O2 check-function-bodies ufooq
UNRESOLVED: gcc.target/aarch64/advsimd-intrinsics/bfdot-2.c -O2 check-function-bodies ufooq_lane
UNRESOLVED: gcc.target/aarch64/advsimd-intrinsics/bfdot-2.c -O2 check-function-bodies ufooq_lane_untied
UNRESOLVED: gcc.target/aarch64/advsimd-intrinsics/bfdot-2.c -O2 check-function-bodies ufooq_laneq
FAIL: gcc.target/aarch64/advsimd-intrinsics/bfdot-2.c -O2 (test for excess errors)
UNRESOLVED: gcc.target/aarch64/advsimd-intrinsics/bfdot-2.c -O2 -flto -fno-use-linker-plugin -flto-partition=none check-function-bodies ufoo
UNRESOLVED: gcc.target/aarch64/advsimd-intrinsics/bfdot-2.c -O2 -flto -fno-use-linker-plugin -flto-partition=none check-function-bodies ufoo_lane
UNRESOLVED: gcc.target/aarch64/advsimd-intrinsics/bfdot-2.c -O2 -flto -fno-use-linker-plugin -flto-partition=none check-function-bodies ufoo_laneq
UNRESOLVED: gcc.target/aarch64/advsimd-intrinsics/bfdot-2.c -O2 -flto -fno-use-linker-plugin -flto-partition=none check-function-bodies ufoo_untied
UNRESOLVED: gcc.target/aarch64/advsimd-intrinsics/bfdot-2.c -O2 -flto -fno-use-linker-plugin -flto-partition=none check-function-bodies ufooq
UNRESOLVED: gcc.target/aarch64/advsimd-intrinsics/bfdot-2.c -O2 -flto -fno-use-linker-plugin -flto-partition=none check-function-bodies ufooq_lane
UNRESOLVED: gcc.target/aarch64/advsimd-intrinsics/bfdot-2.c -O2 -flto -fno-use-linker-plugin -flto-partition=none check-function-bodies ufooq_lane_untied
UNRESOLVED: gcc.target/aarch64/advsimd-intrinsics/bfdot-2.c -O2 -flto -fno-use-linker-plugin -flto-partition=none check-function-bodies ufooq_laneq
FAIL: gcc.target/aarch64/advsimd-intrinsics/bfdot-2.c -O2 -flto -fno-use-linker-plugin -flto-partition=none (test for excess errors)
UNRESOLVED: gcc.target/aarch64/advsimd-intrinsics/bfdot-2.c -O3 -g check-function-bodies ufoo
UNRESOLVED: gcc.target/aarch64/advsimd-intrinsics/bfdot-2.c -O3 -g check-function-bodies ufoo_lane
UNRESOLVED: gcc.target/aarch64/advsimd-intrinsics/bfdot-2.c -O3 -g check-function-bodies ufoo_laneq
UNRESOLVED: gcc.target/aarch64/advsimd-intrinsics/bfdot-2.c -O3 -g check-function-bodies ufoo_untied
UNRESOLVED: gcc.target/aarch64/advsimd-intrinsics/bfdot-2.c -O3 -g check-function-bodies ufooq
UNRESOLVED: gcc.target/aarch64/advsimd-intrinsics/bfdot-2.c -O3 -g check-function-bodies ufooq_lane
UNRESOLVED: gcc.target/aarch64/advsimd-intrinsics/bfdot-2.c -O3 -g check-function-bodies ufooq_lane_untied
UNRESOLVED: gcc.target/aarch64/advsimd-intrinsics/bfdot-2.c -O3 -g check-function-bodies ufooq_laneq
FAIL: gcc.target/aarch64/advsimd-intrinsics/bfdot-2.c -O3 -g (test for excess errors)
UNRESOLVED: gcc.target/aarch64/advsimd-intrinsics/bfdot-2.c -Og -g check-function-bodies ufoo
UNRESOLVED: gcc.target/aarch64/advsimd-intrinsics/bfdot-2.c -Og -g check-function-bodies ufoo_lane
UNRESOLVED: gcc.target/aarch64/advsimd-intrinsics/bfdot-2.c -Og -g check-function-bodies ufoo_laneq
UNRESOLVED: gcc.target/aarch64/advsimd-intrinsics/bfdot-2.c -Og -g check-function-bodies ufoo_untied
UNRESOLVED: gcc.target/aarch64/advsimd-intrinsics/bfdot-2.c -Og -g check-function-bodies ufooq
UNRESOLVED: gcc.target/aarch64/advsimd-intrinsics/bfdot-2.c -Og -g check-function-bodies ufooq_lane
UNRESOLVED: gcc.target/aarch64/advsimd-intrinsics/bfdot-2.c -Og -g check-function-bodies ufooq_lane_untied
UNRESOLVED: gcc.target/aarch64/advsimd-intrinsics/bfdot-2.c -Og -g check-function-bodies ufooq_laneq
FAIL: gcc.target/aarch64/advsimd-intrinsics/bfdot-2.c -Og -g (test for excess errors)
UNRESOLVED: gcc.target/aarch64/advsimd-intrinsics/bfdot-2.c -Os check-function-bodies ufoo
UNRESOLVED: gcc.target/aarch64/advsimd-intrinsics/bfdot-2.c -Os check-function-bodies ufoo_lane
UNRESOLVED: gcc.target/aarch64/advsimd-intrinsics/bfdot-2.c -Os check-function-bodies ufoo_laneq
UNRESOLVED: gcc.target/aarch64/advsimd-intrinsics/bfdot-2.c -Os check-function-bodies ufoo_untied
UNRESOLVED: gcc.target/aarch64/advsimd-intrinsics/bfdot-2.c -Os check-function-bodies ufooq
UNRESOLVED: gcc.target/aarch64/advsimd-intrinsics/bfdot-2.c -Os check-function-bodies ufooq_lane
UNRESOLVED: gcc.target/aarch64/advsimd-intrinsics/bfdot-2.c -Os check-function-bodies ufooq_lane_untied
UNRESOLVED: gcc.target/aarch64/advsimd-intrinsics/bfdot-2.c -Os check-function-bodies ufooq_laneq
FAIL: gcc.target/aarch64/advsimd-intrinsics/bfdot-2.c -Os (test for excess errors)
FAIL: gcc.target/aarch64/advsimd-intrinsics/vdot-3-2.c -O0 (test for excess errors)
UNRESOLVED: gcc.target/aarch64/advsimd-intrinsics/vdot-3-2.c -O1 check-function-bodies sfoo_lane
UNRESOLVED: gcc.target/aarch64/advsimd-intrinsics/vdot-3-2.c -O1 check-function-bodies sfoo_laneq
UNRESOLVED: gcc.target/aarch64/advsimd-intrinsics/vdot-3-2.c -O1 check-function-bodies sfooq_lane
UNRESOLVED: gcc.target/aarch64/advsimd-intrinsics/vdot-3-2.c -O1 check-function-bodies sfooq_laneq
UNRESOLVED: gcc.target/aarch64/advsimd-intrinsics/vdot-3-2.c -O1 check-function-bodies ufoo
UNRESOLVED: gcc.target/aarch64/advsimd-intrinsics/vdot-3-2.c -O1 check-function-bodies ufoo_lane
UNRESOLVED: gcc.target/aarch64/advsimd-intrinsics/vdot-3-2.c -O1 check-function-bodies ufoo_laneq
UNRESOLVED: gcc.target/aarch64/advsimd-intrinsics/vdot-3-2.c -O1 check-function-bodies ufoo_untied
UNRESOLVED: gcc.target/aarch64/advsimd-intrinsics/vdot-3-2.c -O1 check-function-bodies ufooq
UNRESOLVED: gcc.target/aarch64/advsimd-intrinsics/vdot-3-2.c -O1 check-function-bodies ufooq_lane
UNRESOLVED: gcc.target/aarch64/advsimd-intrinsics/vdot-3-2.c -O1 check-function-bodies ufooq_laneq
UNRESOLVED: gcc.target/aarch64/advsimd-intrinsics/vdot-3-2.c -O1 check-function-bodies ufooq_laneq_untied
FAIL: gcc.target/aarch64/advsimd-intrinsics/vdot-3-2.c -O1 (test for excess errors)
UNRESOLVED: gcc.target/aarch64/advsimd-intrinsics/vdot-3-2.c -O2 check-function-bodies sfoo_lane
UNRESOLVED: gcc.target/aarch64/advsimd-intrinsics/vdot-3-2.c -O2 check-function-bodies sfoo_laneq
UNRESOLVED: gcc.target/aarch64/advsimd-intrinsics/vdot-3-2.c -O2 check-function-bodies sfooq_lane
UNRESOLVED: gcc.target/aarch64/advsimd-intrinsics/vdot-3-2.c -O2 check-function-bodies sfooq_laneq
UNRESOLVED: gcc.target/aarch64/advsimd-intrinsics/vdot-3-2.c -O2 check-function-bodies ufoo
UNRESOLVED: gcc.target/aarch64/advsimd-intrinsics/vdot-3-2.c -O2 check-function-bodies ufoo_lane
UNRESOLVED: gcc.target/aarch64/advsimd-intrinsics/vdot-3-2.c -O2 check-function-bodies ufoo_laneq
UNRESOLVED: gcc.target/aarch64/advsimd-intrinsics/vdot-3-2.c -O2 check-function-bodies ufoo_untied
UNRESOLVED: gcc.target/aarch64/advsimd-intrinsics/vdot-3-2.c -O2 check-function-bodies ufooq
UNRESOLVED: gcc.target/aarch64/advsimd-intrinsics/vdot-3-2.c -O2 check-function-bodies ufooq_lane
UNRESOLVED: gcc.target/aarch64/advsimd-intrinsics/vdot-3-2.c -O2 check-function-bodies ufooq_laneq
UNRESOLVED: gcc.target/aarch64/advsimd-intrinsics/vdot-3-2.c -O2 check-function-bodies ufooq_laneq_untied
FAIL: gcc.target/aarch64/advsimd-intrinsics/vdot-3-2.c -O2 (test for excess errors)
UNRESOLVED: gcc.target/aarch64/advsimd-intrinsics/vdot-3-2.c -O2 -flto -fno-use-linker-plugin -flto-partition=none check-function-bodies sfoo_lane
UNRESOLVED: gcc.target/aarch64/advsimd-intrinsics/vdot-3-2.c -O2 -flto -fno-use-linker-plugin -flto-partition=none check-function-bodies sfoo_laneq
UNRESOLVED: gcc.target/aarch64/advsimd-intrinsics/vdot-3-2.c -O2 -flto -fno-use-linker-plugin -flto-partition=none check-function-bodies sfooq_lane
UNRESOLVED: gcc.target/aarch64/advsimd-intrinsics/vdot-3-2.c -O2 -flto -fno-use-linker-plugin -flto-partition=none check-function-bodies sfooq_laneq
UNRESOLVED: gcc.target/aarch64/advsimd-intrinsics/vdot-3-2.c -O2 -flto -fno-use-linker-plugin -flto-partition=none check-function-bodies ufoo
UNRESOLVED: gcc.target/aarch64/advsimd-intrinsics/vdot-3-2.c -O2 -flto -fno-use-linker-plugin -flto-partition=none check-function-bodies ufoo_lane
UNRESOLVED: gcc.target/aarch64/advsimd-intrinsics/vdot-3-2.c -O2 -flto -fno-use-linker-plugin -flto-partition=none check-function-bodies ufoo_laneq
UNRESOLVED: gcc.target/aarch64/advsimd-intrinsics/vdot-3-2.c -O2 -flto -fno-use-linker-plugin -flto-partition=none check-function-bodies ufoo_untied
UNRESOLVED: gcc.target/aarch64/advsimd-intrinsics/vdot-3-2.c -O2 -flto -fno-use-linker-plugin -flto-partition=none check-function-bodies ufooq
UNRESOLVED: gcc.target/aarch64/advsimd-intrinsics/vdot-3-2.c -O2 -flto -fno-use-linker-plugin -flto-partition=none check-function-bodies ufooq_lane
UNRESOLVED: gcc.target/aarch64/advsimd-intrinsics/vdot-3-2.c -O2 -flto -fno-use-linker-plugin -flto-partition=none check-function-bodies ufooq_laneq
UNRESOLVED: gcc.target/aarch64/advsimd-intrinsics/vdot-3-2.c -O2 -flto -fno-use-linker-plugin -flto-partition=none check-function-bodies ufooq_laneq_untied
FAIL: gcc.target/aarch64/advsimd-intrinsics/vdot-3-2.c -O2 -flto -fno-use-linker-plugin -flto-partition=none (test for excess errors)
UNRESOLVED: gcc.target/aarch64/advsimd-intrinsics/vdot-3-2.c -O3 -g check-function-bodies sfoo_lane
UNRESOLVED: gcc.target/aarch64/advsimd-intrinsics/vdot-3-2.c -O3 -g check-function-bodies sfoo_laneq
UNRESOLVED: gcc.target/aarch64/advsimd-intrinsics/vdot-3-2.c -O3 -g check-function-bodies sfooq_lane
UNRESOLVED: gcc.target/aarch64/advsimd-intrinsics/vdot-3-2.c -O3 -g check-function-bodies sfooq_laneq
UNRESOLVED: gcc.target/aarch64/advsimd-intrinsics/vdot-3-2.c -O3 -g check-function-bodies ufoo
UNRESOLVED: gcc.target/aarch64/advsimd-intrinsics/vdot-3-2.c -O3 -g check-function-bodies ufoo_lane
UNRESOLVED: gcc.target/aarch64/advsimd-intrinsics/vdot-3-2.c -O3 -g check-function-bodies ufoo_laneq
UNRESOLVED: gcc.target/aarch64/advsimd-intrinsics/vdot-3-2.c -O3 -g check-function-bodies ufoo_untied
UNRESOLVED: gcc.target/aarch64/advsimd-intrinsics/vdot-3-2.c -O3 -g check-function-bodies ufooq
UNRESOLVED: gcc.target/aarch64/advsimd-intrinsics/vdot-3-2.c -O3 -g check-function-bodies ufooq_lane
UNRESOLVED: gcc.target/aarch64/advsimd-intrinsics/vdot-3-2.c -O3 -g check-function-bodies ufooq_laneq
UNRESOLVED: gcc.target/aarch64/advsimd-intrinsics/vdot-3-2.c -O3 -g check-function-bodies ufooq_laneq_untied
FAIL: gcc.target/aarch64/advsimd-intrinsics/vdot-3-2.c -O3 -g (test for excess errors)
UNRESOLVED: gcc.target/aarch64/advsimd-intrinsics/vdot-3-2.c -Og -g check-function-bodies sfoo_lane
UNRESOLVED: gcc.target/aarch64/advsimd-intrinsics/vdot-3-2.c -Og -g check-function-bodies sfoo_laneq
UNRESOLVED: gcc.target/aarch64/advsimd-intrinsics/vdot-3-2.c -Og -g check-function-bodies sfooq_lane
UNRESOLVED: gcc.target/aarch64/advsimd-intrinsics/vdot-3-2.c -Og -g check-function-bodies sfooq_laneq
UNRESOLVED: gcc.target/aarch64/advsimd-intrinsics/vdot-3-2.c -Og -g check-function-bodies ufoo
UNRESOLVED: gcc.target/aarch64/advsimd-intrinsics/vdot-3-2.c -Og -g check-function-bodies ufoo_lane
UNRESOLVED: gcc.target/aarch64/advsimd-intrinsics/vdot-3-2.c -Og -g check-function-bodies ufoo_laneq
UNRESOLVED: gcc.target/aarch64/advsimd-intrinsics/vdot-3-2.c -Og -g check-function-bodies ufoo_untied
UNRESOLVED: gcc.target/aarch64/advsimd-intrinsics/vdot-3-2.c -Og -g check-function-bodies ufooq
UNRESOLVED: gcc.target/aarch64/advsimd-intrinsics/vdot-3-2.c -Og -g check-function-bodies ufooq_lane
UNRESOLVED: gcc.target/aarch64/advsimd-intrinsics/vdot-3-2.c -Og -g check-function-bodies ufooq_laneq
UNRESOLVED: gcc.target/aarch64/advsimd-intrinsics/vdot-3-2.c -Og -g check-function-bodies ufooq_laneq_untied
FAIL: gcc.target/aarch64/advsimd-intrinsics/vdot-3-2.c -Og -g (test for excess errors)
UNRESOLVED: gcc.target/aarch64/advsimd-intrinsics/vdot-3-2.c -Os check-function-bodies sfoo_lane
UNRESOLVED: gcc.target/aarch64/advsimd-intrinsics/vdot-3-2.c -Os check-function-bodies sfoo_laneq
UNRESOLVED: gcc.target/aarch64/advsimd-intrinsics/vdot-3-2.c -Os check-function-bodies sfooq_lane
UNRESOLVED: gcc.target/aarch64/advsimd-intrinsics/vdot-3-2.c -Os check-function-bodies sfooq_laneq
UNRESOLVED: gcc.target/aarch64/advsimd-intrinsics/vdot-3-2.c -Os check-function-bodies ufoo
UNRESOLVED: gcc.target/aarch64/advsimd-intrinsics/vdot-3-2.c -Os check-function-bodies ufoo_lane
UNRESOLVED: gcc.target/aarch64/advsimd-intrinsics/vdot-3-2.c -Os check-function-bodies ufoo_laneq
UNRESOLVED: gcc.target/aarch64/advsimd-intrinsics/vdot-3-2.c -Os check-function-bodies ufoo_untied
UNRESOLVED: gcc.target/aarch64/advsimd-intrinsics/vdot-3-2.c -Os check-function-bodies ufooq
UNRESOLVED: gcc.target/aarch64/advsimd-intrinsics/vdot-3-2.c -Os check-function-bodies ufooq_lane
UNRESOLVED: gcc.target/aarch64/advsimd-intrinsics/vdot-3-2.c -Os check-function-bodies ufooq_laneq
UNRESOLVED: gcc.target/aarch64/advsimd-intrinsics/vdot-3-2.c -Os check-function-bodies ufooq_laneq_untied
FAIL: gcc.target/aarch64/advsimd-intrinsics/vdot-3-2.c -Os (test for excess errors)
=== gcc Summary for unix/-mabi=lp64 ===
# of expected passes 251965
# of unexpected failures 125
# of unexpected successes 38
# of expected failures 1980
# of unresolved testcases 121
# of unsupported tests 3918
=== gcc Summary ===
# of expected passes 481561
# of unexpected failures 340
# of unexpected successes 71
# of expected failures 3931
# of unresolved testcases 246
# of unsupported tests 8042
/opt/gcc/gcc-20200513/Build/gcc/xgcc version 11.0.0 20200513 (experimental) [master revision 9042fea9722] (GCC)
=== gdc tests ===
Running target unix/-mabi=ilp32
UNRESOLVED: runnable_cxx/cppa.d compilation failed to produce executable
UNRESOLVED: runnable_cxx/cppa.d -g compilation failed to produce executable
=== gdc Summary for unix/-mabi=ilp32 ===
# of expected passes 30624
# of unresolved testcases 2
Running target unix/-mabi=lp64
=== gdc Summary for unix/-mabi=lp64 ===
# of expected passes 30626
=== gdc Summary ===
# of expected passes 61250
# of unresolved testcases 2
/opt/gcc/gcc-20200513/Build/gcc/gdc version 11.0.0 20200513 (experimental) [master revision 9042fea9722] (GCC)
=== gfortran tests ===
Running target unix/-mabi=ilp32
FAIL: gfortran.dg/analyzer/pr93993.f90 -O (test for excess errors)
FAIL: gfortran.dg/gomp/declare-simd-2.f90 -O (test for warnings, line 15)
FAIL: gfortran.dg/gomp/declare-simd-2.f90 -O (test for warnings, line 3)
FAIL: gfortran.dg/gomp/pr79154-1.f90 -O (test for warnings, line 23)
FAIL: gfortran.dg/gomp/pr79154-1.f90 -O (test for warnings, line 4)
FAIL: gfortran.dg/gomp/pr83977.f90 -O (test for warnings, line 4)
FAIL: gfortran.dg/ieee/ieee_6.f90 -O0 execution test
FAIL: gfortran.dg/ieee/ieee_6.f90 -O1 execution test
FAIL: gfortran.dg/ieee/ieee_6.f90 -O2 execution test
FAIL: gfortran.dg/ieee/ieee_6.f90 -O3 -fomit-frame-pointer -funroll-loops -fpeel-loops -ftracer -finline-functions execution test
FAIL: gfortran.dg/ieee/ieee_6.f90 -O3 -g execution test
FAIL: gfortran.dg/ieee/ieee_6.f90 -Os execution test
XPASS: gfortran.dg/ieee/ieee_8.f90 -O0 execution test
XPASS: gfortran.dg/ieee/ieee_8.f90 -O1 execution test
XPASS: gfortran.dg/ieee/ieee_8.f90 -O2 execution test
XPASS: gfortran.dg/ieee/ieee_8.f90 -O3 -fomit-frame-pointer -funroll-loops -fpeel-loops -ftracer -finline-functions execution test
XPASS: gfortran.dg/ieee/ieee_8.f90 -O3 -g execution test
XPASS: gfortran.dg/ieee/ieee_8.f90 -Os execution test
=== gfortran Summary for unix/-mabi=ilp32 ===
# of expected passes 53348
# of unexpected failures 12
# of unexpected successes 6
# of expected failures 195
# of unsupported tests 90
Running target unix/-mabi=lp64
FAIL: gfortran.dg/analyzer/pr93993.f90 -O (test for excess errors)
FAIL: gfortran.dg/ieee/ieee_6.f90 -O0 execution test
FAIL: gfortran.dg/ieee/ieee_6.f90 -O1 execution test
FAIL: gfortran.dg/ieee/ieee_6.f90 -O2 execution test
FAIL: gfortran.dg/ieee/ieee_6.f90 -O3 -fomit-frame-pointer -funroll-loops -fpeel-loops -ftracer -finline-functions execution test
FAIL: gfortran.dg/ieee/ieee_6.f90 -O3 -g execution test
FAIL: gfortran.dg/ieee/ieee_6.f90 -Os execution test
XPASS: gfortran.dg/ieee/ieee_8.f90 -O0 execution test
XPASS: gfortran.dg/ieee/ieee_8.f90 -O1 execution test
XPASS: gfortran.dg/ieee/ieee_8.f90 -O2 execution test
XPASS: gfortran.dg/ieee/ieee_8.f90 -O3 -fomit-frame-pointer -funroll-loops -fpeel-loops -ftracer -finline-functions execution test
XPASS: gfortran.dg/ieee/ieee_8.f90 -O3 -g execution test
XPASS: gfortran.dg/ieee/ieee_8.f90 -Os execution test
=== gfortran Summary for unix/-mabi=lp64 ===
# of expected passes 53343
# of unexpected failures 7
# of unexpected successes 6
# of expected failures 193
# of unsupported tests 96
=== gfortran Summary ===
# of expected passes 106691
# of unexpected failures 19
# of unexpected successes 12
# of expected failures 388
# of unsupported tests 186
/opt/gcc/gcc-20200513/Build/gcc/gfortran version 11.0.0 20200513 (experimental) [master revision 9042fea9722] (GCC)
=== gnat tests ===
Running target unix/-mabi=ilp32
FAIL: gnat.dg/abstract_with_anonymous_result.adb (test for excess errors)
FAIL: gnat.dg/abstract_with_anonymous_result.adb 3 blank line(s) in output
UNRESOLVED: gnat.dg/abstract_with_anonymous_result.adb compilation failed to produce executable
FAIL: gnat.dg/access1.adb (test for excess errors)
FAIL: gnat.dg/access1.adb 3 blank line(s) in output
FAIL: gnat.dg/access9.adb (test for excess errors)
FAIL: gnat.dg/access9.adb 3 blank line(s) in output
UNRESOLVED: gnat.dg/access9.adb compilation failed to produce executable
FAIL: gnat.dg/access_discr.adb (test for excess errors)
FAIL: gnat.dg/access_discr.adb 3 blank line(s) in output
FAIL: gnat.dg/access_discr2.adb (test for excess errors)
FAIL: gnat.dg/access_discr2.adb 3 blank line(s) in output
UNRESOLVED: gnat.dg/access_discr2.adb compilation failed to produce executable
FAIL: gnat.dg/access_test.adb (test for excess errors)
FAIL: gnat.dg/access_test.adb 3 blank line(s) in output
UNRESOLVED: gnat.dg/access_test.adb compilation failed to produce executable
FAIL: gnat.dg/aggr2.adb (test for excess errors)
FAIL: gnat.dg/aggr2.adb 3 blank line(s) in output
FAIL: gnat.dg/aggr3.adb (test for excess errors)
FAIL: gnat.dg/aggr3.adb 3 blank line(s) in output
UNRESOLVED: gnat.dg/aggr3.adb compilation failed to produce executable
FAIL: gnat.dg/aggr7.adb (test for excess errors)
FAIL: gnat.dg/aggr7.adb 3 blank line(s) in output
FAIL: gnat.dg/array3.adb (test for excess errors)
FAIL: gnat.dg/array3.adb 3 blank line(s) in output
UNRESOLVED: gnat.dg/array3.adb compilation failed to produce executable
FAIL: gnat.dg/array30.adb (test for excess errors)
FAIL: gnat.dg/array30.adb 3 blank line(s) in output
UNRESOLVED: gnat.dg/array30.adb compilation failed to produce executable
FAIL: gnat.dg/atomic8.adb (test for excess errors)
FAIL: gnat.dg/atomic8.adb 3 blank line(s) in output
UNRESOLVED: gnat.dg/atomic8.adb compilation failed to produce executable
FAIL: gnat.dg/bip_aggregate_bug.adb (test for excess errors)
FAIL: gnat.dg/bip_aggregate_bug.adb 3 blank line(s) in output
UNRESOLVED: gnat.dg/bip_aggregate_bug.adb compilation failed to produce executable
FAIL: gnat.dg/check_displace_generation.adb (test for excess errors)
FAIL: gnat.dg/check_displace_generation.adb 3 blank line(s) in output
UNRESOLVED: gnat.dg/check_displace_generation.adb compilation failed to produce executable
FAIL: gnat.dg/class_wide1.adb (test for excess errors)
FAIL: gnat.dg/class_wide1.adb 3 blank line(s) in output
FAIL: gnat.dg/class_wide5.adb (test for excess errors)
FAIL: gnat.dg/class_wide5.adb 3 blank line(s) in output
FAIL: gnat.dg/controlled6.adb (test for excess errors)
FAIL: gnat.dg/controlled6.adb 3 blank line(s) in output
FAIL: gnat.dg/controlled8.adb (test for excess errors)
FAIL: gnat.dg/controlled8.adb 3 blank line(s) in output
FAIL: gnat.dg/curr_task.adb (test for excess errors)
FAIL: gnat.dg/curr_task.adb 3 blank line(s) in output
UNRESOLVED: gnat.dg/curr_task.adb compilation failed to produce executable
FAIL: gnat.dg/debug15.adb (test for excess errors)
FAIL: gnat.dg/debug15.adb 3 blank line(s) in output
FAIL: gnat.dg/debug4.adb (test for excess errors)
FAIL: gnat.dg/debug4.adb 3 blank line(s) in output
FAIL: gnat.dg/default_variants.adb (test for excess errors)
FAIL: gnat.dg/default_variants.adb 3 blank line(s) in output
FAIL: gnat.dg/delta_aggr.adb (test for excess errors)
FAIL: gnat.dg/delta_aggr.adb 3 blank line(s) in output
FAIL: gnat.dg/derived_type1.adb (test for excess errors)
FAIL: gnat.dg/derived_type1.adb 3 blank line(s) in output
FAIL: gnat.dg/discr13.adb (test for excess errors)
FAIL: gnat.dg/discr13.adb 3 blank line(s) in output
FAIL: gnat.dg/discr17.adb (test for excess errors)
FAIL: gnat.dg/discr17.adb 3 blank line(s) in output
FAIL: gnat.dg/discr19.adb (test for excess errors)
FAIL: gnat.dg/discr19.adb 3 blank line(s) in output
FAIL: gnat.dg/discr30.adb (test for excess errors)
FAIL: gnat.dg/discr30.adb 3 blank line(s) in output
FAIL: gnat.dg/discr4.adb (test for excess errors)
FAIL: gnat.dg/discr4.adb 3 blank line(s) in output
UNRESOLVED: gnat.dg/discr4.adb compilation failed to produce executable
FAIL: gnat.dg/discr51.adb (test for excess errors)
FAIL: gnat.dg/discr51.adb 3 blank line(s) in output
FAIL: gnat.dg/discr57.adb (test for excess errors)
FAIL: gnat.dg/discr57.adb 3 blank line(s) in output
FAIL: gnat.dg/discr_range_check.adb (test for excess errors)
FAIL: gnat.dg/discr_range_check.adb 3 blank line(s) in output
FAIL: gnat.dg/discr_test.adb (test for excess errors)
FAIL: gnat.dg/discr_test.adb 3 blank line(s) in output
FAIL: gnat.dg/entry_family.adb (test for excess errors)
FAIL: gnat.dg/entry_family.adb 3 blank line(s) in output
FAIL: gnat.dg/entry_queues.adb (test for excess errors)
FAIL: gnat.dg/entry_queues.adb 3 blank line(s) in output
UNRESOLVED: gnat.dg/entry_queues.adb compilation failed to produce executable
FAIL: gnat.dg/entry_queues2.adb (test for excess errors)
FAIL: gnat.dg/entry_queues2.adb 3 blank line(s) in output
FAIL: gnat.dg/entry_queues3.adb (test for excess errors)
FAIL: gnat.dg/entry_queues3.adb 3 blank line(s) in output
FAIL: gnat.dg/equal2.adb (test for excess errors)
FAIL: gnat.dg/equal2.adb 3 blank line(s) in output
UNRESOLVED: gnat.dg/equal2.adb compilation failed to produce executable
FAIL: gnat.dg/expr_func9.adb (test for excess errors)
FAIL: gnat.dg/expr_func9.adb 3 blank line(s) in output
FAIL: gnat.dg/finalized.adb (test for excess errors)
FAIL: gnat.dg/finalized.adb 3 blank line(s) in output
FAIL: gnat.dg/formal_containers.adb (test for excess errors)
FAIL: gnat.dg/formal_containers.adb 3 blank line(s) in output
FAIL: gnat.dg/frame_overflow.adb (test for errors, line 14)
FAIL: gnat.dg/frame_overflow.adb (test for errors, line 5)
FAIL: gnat.dg/frame_overflow.adb (test for excess errors)
FAIL: gnat.dg/frame_overflow2.adb (test for errors, line 5)
FAIL: gnat.dg/frame_overflow2.adb (test for excess errors)
FAIL: gnat.dg/generic_call_cw.adb (test for excess errors)
FAIL: gnat.dg/generic_call_cw.adb 3 blank line(s) in output
FAIL: gnat.dg/generic_call_iface.adb (test for excess errors)
FAIL: gnat.dg/generic_call_iface.adb 3 blank line(s) in output
FAIL: gnat.dg/inline10_pkg.adb (test for excess errors)
FAIL: gnat.dg/inline10_pkg.adb 3 blank line(s) in output
FAIL: gnat.dg/inline9_pkg.adb (test for excess errors)
FAIL: gnat.dg/inline9_pkg.adb 3 blank line(s) in output
FAIL: gnat.dg/inline_tagged.adb (test for excess errors)
FAIL: gnat.dg/inline_tagged.adb 3 blank line(s) in output
UNRESOLVED: gnat.dg/inline_tagged.adb compilation failed to produce executable
FAIL: gnat.dg/interface1.adb (test for excess errors)
FAIL: gnat.dg/interface1.adb 3 blank line(s) in output
UNRESOLVED: gnat.dg/interface1.adb compilation failed to produce executable
FAIL: gnat.dg/interface10.adb (test for excess errors)
FAIL: gnat.dg/interface10.adb 3 blank line(s) in output
UNRESOLVED: gnat.dg/interface10.adb compilation failed to produce executable
FAIL: gnat.dg/interface2.adb (test for excess errors)
FAIL: gnat.dg/interface2.adb 3 blank line(s) in output
UNRESOLVED: gnat.dg/interface2.adb compilation failed to produce executable
FAIL: gnat.dg/interface3.adb (test for excess errors)
FAIL: gnat.dg/interface3.adb 3 blank line(s) in output
UNRESOLVED: gnat.dg/interface3.adb compilation failed to produce executable
FAIL: gnat.dg/interface7.adb (test for excess errors)
FAIL: gnat.dg/interface7.adb 3 blank line(s) in output
FAIL: gnat.dg/interface9.adb (test for excess errors)
FAIL: gnat.dg/interface9.adb 3 blank line(s) in output
FAIL: gnat.dg/interface_conv.adb (test for excess errors)
FAIL: gnat.dg/interface_conv.adb 3 blank line(s) in output
UNRESOLVED: gnat.dg/interface_conv.adb compilation failed to produce executable
FAIL: gnat.dg/iprot_test.adb (test for excess errors)
FAIL: gnat.dg/iprot_test.adb 3 blank line(s) in output
UNRESOLVED: gnat.dg/iprot_test.adb compilation failed to produce executable
FAIL: gnat.dg/late_overriding.adb (test for excess errors)
FAIL: gnat.dg/late_overriding.adb 3 blank line(s) in output
FAIL: gnat.dg/lhs_view_convert.adb (test for excess errors)
FAIL: gnat.dg/lhs_view_convert.adb 3 blank line(s) in output
UNRESOLVED: gnat.dg/lhs_view_convert.adb compilation failed to produce executable
FAIL: gnat.dg/limited4.adb (test for excess errors)
FAIL: gnat.dg/limited4.adb 3 blank line(s) in output
FAIL: gnat.dg/lto21.adb (internal compiler error)
FAIL: gnat.dg/lto21.adb (test for excess errors)
UNRESOLVED: gnat.dg/lto21.adb compilation failed to produce executable
FAIL: gnat.dg/lto21_pkg2.adb (test for excess errors)
FAIL: gnat.dg/lto21_pkg2.adb 3 blank line(s) in output
FAIL: gnat.dg/lto8.adb (internal compiler error)
FAIL: gnat.dg/lto8.adb (test for excess errors)
UNRESOLVED: gnat.dg/lto8.adb compilation failed to produce executable
FAIL: gnat.dg/named_test.adb (test for excess errors)
FAIL: gnat.dg/named_test.adb 3 blank line(s) in output
UNRESOLVED: gnat.dg/named_test.adb compilation failed to produce executable
FAIL: gnat.dg/nested_controlled_alloc.adb (test for excess errors)
FAIL: gnat.dg/nested_controlled_alloc.adb 3 blank line(s) in output
UNRESOLVED: gnat.dg/nested_controlled_alloc.adb compilation failed to produce executable
FAIL: gnat.dg/nested_proc1.adb (test for excess errors)
FAIL: gnat.dg/nested_proc1.adb 3 blank line(s) in output
UNRESOLVED: gnat.dg/nested_proc1.adb compilation failed to produce executable
FAIL: gnat.dg/no_final.adb (test for excess errors)
FAIL: gnat.dg/no_final.adb 3 blank line(s) in output
UNRESOLVED: gnat.dg/no_final.adb compilation failed to produce executable
FAIL: gnat.dg/null_pointer_deref2.adb (test for excess errors)
FAIL: gnat.dg/null_pointer_deref2.adb 3 blank line(s) in output
UNRESOLVED: gnat.dg/null_pointer_deref2.adb compilation failed to produce executable
FAIL: gnat.dg/opt32.adb (test for excess errors)
FAIL: gnat.dg/opt32.adb 3 blank line(s) in output
FAIL: gnat.dg/opt33.adb (test for excess errors)
FAIL: gnat.dg/opt33.adb 3 blank line(s) in output
FAIL: gnat.dg/opt39.adb scan-tree-dump-not optimized "tmp"
FAIL: gnat.dg/opt83.adb (test for excess errors)
FAIL: gnat.dg/opt83.adb 3 blank line(s) in output
FAIL: gnat.dg/private_overriding.adb (test for excess errors)
FAIL: gnat.dg/private_overriding.adb 3 blank line(s) in output
FAIL: gnat.dg/prot1.adb (test for excess errors)
FAIL: gnat.dg/prot1.adb 3 blank line(s) in output
FAIL: gnat.dg/prot4.adb (test for excess errors)
FAIL: gnat.dg/prot4.adb 3 blank line(s) in output
FAIL: gnat.dg/raise_expr.adb (test for excess errors)
FAIL: gnat.dg/raise_expr.adb 3 blank line(s) in output
FAIL: gnat.dg/rep_clause7.adb (test for excess errors)
FAIL: gnat.dg/rep_clause7.adb 3 blank line(s) in output
FAIL: gnat.dg/requeue1.adb (test for excess errors)
FAIL: gnat.dg/requeue1.adb 3 blank line(s) in output
UNRESOLVED: gnat.dg/requeue1.adb compilation failed to produce executable
FAIL: gnat.dg/rt_signals.adb (test for excess errors)
FAIL: gnat.dg/rt_signals.adb 3 blank line(s) in output
UNRESOLVED: gnat.dg/rt_signals.adb compilation failed to produce executable
FAIL: gnat.dg/sso12.adb (test for excess errors)
FAIL: gnat.dg/sso12.adb 3 blank line(s) in output
FAIL: gnat.dg/sso13.adb (test for excess errors)
FAIL: gnat.dg/sso13.adb 3 blank line(s) in output
FAIL: gnat.dg/stack_check1.adb (test for excess errors)
FAIL: gnat.dg/stack_check1.adb 3 blank line(s) in output
UNRESOLVED: gnat.dg/stack_check1.adb compilation failed to produce executable
FAIL: gnat.dg/stack_check2.adb (test for excess errors)
FAIL: gnat.dg/stack_check2.adb 3 blank line(s) in output
UNRESOLVED: gnat.dg/stack_check2.adb compilation failed to produce executable
FAIL: gnat.dg/subpools1.adb (test for excess errors)
FAIL: gnat.dg/subpools1.adb 3 blank line(s) in output
FAIL: gnat.dg/taft_type3.adb (test for excess errors)
FAIL: gnat.dg/taft_type3.adb 3 blank line(s) in output
FAIL: gnat.dg/tag1.adb (test for excess errors)
FAIL: gnat.dg/tag1.adb 3 blank line(s) in output
UNRESOLVED: gnat.dg/tag1.adb compilation failed to produce executable
FAIL: gnat.dg/tagged3.adb (test for excess errors)
FAIL: gnat.dg/tagged3.adb 3 blank line(s) in output
UNRESOLVED: gnat.dg/tagged3.adb compilation failed to produce executable
FAIL: gnat.dg/tagged_alloc_free.adb (test for excess errors)
FAIL: gnat.dg/tagged_alloc_free.adb 3 blank line(s) in output
UNRESOLVED: gnat.dg/tagged_alloc_free.adb compilation failed to produce executable
FAIL: gnat.dg/tagged_prefix_call.adb (test for excess errors)
FAIL: gnat.dg/tagged_prefix_call.adb 3 blank line(s) in output
FAIL: gnat.dg/task4.adb (test for excess errors)
FAIL: gnat.dg/task4.adb 3 blank line(s) in output
FAIL: gnat.dg/task_stack_align.adb (test for excess errors)
FAIL: gnat.dg/task_stack_align.adb 3 blank line(s) in output
UNRESOLVED: gnat.dg/task_stack_align.adb compilation failed to produce executable
FAIL: gnat.dg/test_iface_aggr.adb (test for excess errors)
FAIL: gnat.dg/test_iface_aggr.adb 3 blank line(s) in output
UNRESOLVED: gnat.dg/test_iface_aggr.adb compilation failed to produce executable
FAIL: gnat.dg/test_prio.adb (test for excess errors)
FAIL: gnat.dg/test_prio.adb 3 blank line(s) in output
UNRESOLVED: gnat.dg/test_prio.adb compilation failed to produce executable
FAIL: gnat.dg/timer_cancel.adb (test for excess errors)
FAIL: gnat.dg/timer_cancel.adb 3 blank line(s) in output
UNRESOLVED: gnat.dg/timer_cancel.adb compilation failed to produce executable
FAIL: gnat.dg/tls1.adb (test for excess errors)
FAIL: gnat.dg/tls1.adb 3 blank line(s) in output
UNRESOLVED: gnat.dg/tls1.adb compilation failed to produce executable
FAIL: gnat.dg/trampoline2.adb (test for excess errors)
FAIL: gnat.dg/trampoline2.adb 3 blank line(s) in output
UNRESOLVED: gnat.dg/trampoline2.adb compilation failed to produce executable
FAIL: gnat.dg/trampoline3.adb (test for excess errors)
FAIL: gnat.dg/trampoline3.adb 3 blank line(s) in output
FAIL: gnat.dg/unroll4.adb scan-rtl-dump-times loop2_unroll "optimized: loop unrolled 7 times" 2
FAIL: gnat.dg/warn14.adb (test for excess errors)
FAIL: gnat.dg/warn14.adb 3 blank line(s) in output
FAIL: gnat.dg/warn17.adb (test for excess errors)
FAIL: gnat.dg/warn17.adb 3 blank line(s) in output
FAIL: gnat.dg/warn32.adb (test for excess errors)
FAIL: gnat.dg/warn32.adb 3 blank line(s) in output
FAIL: gnat.dg/specs/atomic1.ads (test for errors, line 13)
FAIL: gnat.dg/specs/atomic1.ads (test for errors, line 9)
=== gnat Summary for unix/-mabi=ilp32 ===
# of expected passes 3113
# of unexpected failures 201
# of expected failures 23
# of unresolved testcases 42
# of unsupported tests 23
Running target unix/-mabi=lp64
FAIL: gnat.dg/opt39.adb scan-tree-dump-not optimized "tmp"
=== gnat Summary for unix/-mabi=lp64 ===
# of expected passes 3259
# of unexpected failures 1
# of expected failures 23
# of unsupported tests 23
=== gnat Summary ===
# of expected passes 6372
# of unexpected failures 202
# of expected failures 46
# of unresolved testcases 42
# of unsupported tests 46
/opt/gcc/gcc-20200513/Build/gcc/gnatmake version 11.0.0 20200513 (experimental) [master revision 9042fea9722]
=== go tests ===
Running target unix/-mabi=ilp32
FAIL: ./index0-out.go execution, -O0 -g -fno-var-tracking-assignments
WARNING: go.test/test/cmplxdivide.go program timed out.
FAIL: go.test/test/cmplxdivide.go
FAIL: go.test/test/env.go execution, -O2 -g
FAIL: go.test/test/fixedbugs/issue4085b.go execution, -O2 -g
FAIL: go.test/test/ken/cplx2.go execution, -O2 -g
=== go Summary for unix/-mabi=ilp32 ===
# of expected passes 7465
# of unexpected failures 5
# of expected failures 1
# of untested testcases 10
# of unsupported tests 3
Running target unix/-mabi=lp64
FAIL: ./index0-out.go execution, -O0 -g -fno-var-tracking-assignments
WARNING: go.test/test/cmplxdivide.go program timed out.
FAIL: go.test/test/cmplxdivide.go
FAIL: go.test/test/ken/cplx2.go execution, -O2 -g
=== go Summary for unix/-mabi=lp64 ===
# of expected passes 7347
# of unexpected failures 3
# of expected failures 1
# of untested testcases 10
# of unsupported tests 3
=== go Summary ===
# of expected passes 14812
# of unexpected failures 8
# of expected failures 2
# of untested testcases 20
# of unsupported tests 6
/opt/gcc/gcc-20200513/Build/gcc/gccgo version 11.0.0 20200513 (experimental) [master revision 9042fea9722] (GCC)
=== obj-c++ tests ===
Running target unix/-mabi=lp64
=== obj-c++ Summary for unix/-mabi=lp64 ===
# of expected passes 1442
# of expected failures 10
# of unsupported tests 77
Running target unix/-mabi=ilp32
=== obj-c++ Summary for unix/-mabi=ilp32 ===
# of expected passes 1450
# of expected failures 2
# of unsupported tests 77
=== obj-c++ Summary ===
# of expected passes 2892
# of expected failures 12
# of unsupported tests 154
/opt/gcc/gcc-20200513/Build/gcc/xg++ version 11.0.0 20200513 (experimental) [master revision 9042fea9722] (GCC)
=== objc tests ===
Running target unix/-mabi=ilp32
=== objc Summary for unix/-mabi=ilp32 ===
# of expected passes 2782
# of unsupported tests 69
Running target unix/-mabi=lp64
=== objc Summary for unix/-mabi=lp64 ===
# of expected passes 2782
# of unsupported tests 69
=== objc Summary ===
# of expected passes 5564
# of unsupported tests 138
/opt/gcc/gcc-20200513/Build/gcc/xgcc version 11.0.0 20200513 (experimental) [master revision 9042fea9722] (GCC)
=== gotools tests ===
FAIL: TestScript
FAIL: go test cmd/go
FAIL: TestSpuriousWakeupsNeverHangSemasleep
FAIL: go test runtime
=== gotools Summary ===
# of expected passes 404
# of unexpected failures 4
# of untested testcases 180
/opt/gcc/gcc-20200513/Build/./gcc/gccgo version 11.0.0 20200513 (experimental) [master revision 9042fea9722] (GCC)
Compiler version: 11.0.0 20200513 (experimental) [master revision 9042fea9722] (GCC)
Platform: aarch64-suse-linux-gnu
configure flags: --prefix=/usr --build=aarch64-suse-linux --enable-shared --with-system-zlib CFLAGS='-O2 -g' CXXFLAGS='-O2 -g' --with-multilib-list=lp64,ilp32
More information about the Gcc-testresults
mailing list