Results for 11.0.0 20200512 (experimental) (GCC) testsuite on powerpc64-unknown-linux-gnu
Segher Boessenkool
segher@kernel.crashing.org
Tue May 12 13:17:54 GMT 2020
=== acats tests ===
=== acats Summary ===
# of expected passes 2320
# of unexpected failures 0
Native configuration is powerpc64-unknown-linux-gnu
=== g++ tests ===
Running target unix/-m32
FAIL: g++.dg/cpp1y/lambda-generic-variadic20.C -std=c++14 (internal compiler error)
FAIL: g++.dg/cpp1y/lambda-generic-variadic20.C -std=c++14 (test for excess errors)
FAIL: g++.dg/cpp1y/lambda-generic-variadic20.C -std=c++17 (internal compiler error)
FAIL: g++.dg/cpp1y/lambda-generic-variadic20.C -std=c++17 (test for excess errors)
FAIL: g++.dg/cpp1y/lambda-generic-variadic20.C -std=c++2a (internal compiler error)
FAIL: g++.dg/cpp1y/lambda-generic-variadic20.C -std=c++2a (test for excess errors)
FAIL: g++.dg/tls/thread_local-order2.C -std=c++14 execution test
FAIL: g++.dg/tls/thread_local-order2.C -std=c++17 execution test
FAIL: g++.dg/tls/thread_local-order2.C -std=c++2a execution test
=== g++ Summary for unix/-m32 ===
# of expected passes 187508
# of unexpected failures 9
# of expected failures 711
# of unsupported tests 8413
Running target unix/-m64
FAIL: c-c++-common/asan/swapcontext-test-1.c -O0 execution test
FAIL: c-c++-common/asan/swapcontext-test-1.c -O1 execution test
FAIL: c-c++-common/asan/swapcontext-test-1.c -O2 execution test
FAIL: c-c++-common/asan/swapcontext-test-1.c -O2 -flto -fno-use-linker-plugin -flto-partition=none execution test
FAIL: c-c++-common/asan/swapcontext-test-1.c -O2 -flto -fuse-linker-plugin -fno-fat-lto-objects execution test
FAIL: c-c++-common/asan/swapcontext-test-1.c -O3 -fomit-frame-pointer -funroll-loops -fpeel-loops -ftracer -finline-functions execution test
FAIL: c-c++-common/asan/swapcontext-test-1.c -O3 -g execution test
FAIL: c-c++-common/asan/swapcontext-test-1.c -Os execution test
FAIL: g++.dg/tls/thread_local-order2.C -std=c++14 execution test
FAIL: g++.dg/tls/thread_local-order2.C -std=c++17 execution test
FAIL: g++.dg/tls/thread_local-order2.C -std=c++2a execution test
FAIL: c-c++-common/tsan/race_on_mutex.c -O0 output pattern test
FAIL: c-c++-common/tsan/race_on_mutex.c -O2 output pattern test
=== g++ Summary for unix/-m64 ===
# of expected passes 190453
# of unexpected failures 13
# of expected failures 715
# of unsupported tests 8287
=== g++ Summary ===
# of expected passes 377961
# of unexpected failures 22
# of expected failures 1426
# of unsupported tests 16700
/home/segher/build/tot-master/gcc/testsuite/g++/../../xg++ version 11.0.0 20200512 (experimental) (GCC)
=== gcc tests ===
Running target unix/-m32
FAIL: gcc.dg/asan/pr95051.c -O0 (test for excess errors)
FAIL: gcc.dg/asan/pr95051.c -O1 (test for excess errors)
FAIL: gcc.dg/asan/pr95051.c -O2 (test for excess errors)
FAIL: gcc.dg/asan/pr95051.c -O2 -flto -fno-use-linker-plugin -flto-partition=none (test for excess errors)
FAIL: gcc.dg/asan/pr95051.c -O2 -flto -fuse-linker-plugin -fno-fat-lto-objects (test for excess errors)
FAIL: gcc.dg/asan/pr95051.c -O3 -g (test for excess errors)
FAIL: gcc.dg/asan/pr95051.c -Os (test for excess errors)
FAIL: gcc.dg/sms-1.c scan-rtl-dump-times sms "SMS succeeded" 1
FAIL: gcc.dg/strlenopt-73.c scan-tree-dump-times optimized "_not_eliminated_" 0
FAIL: gcc.dg/strlenopt-73.c scan-tree-dump-times optimized "strlen" 0
FAIL: gcc.dg/strlenopt-80.c scan-tree-dump-times optimized "failure_on_line \\\\(" 0
FAIL: gcc.dg/ipa/ipa-sra-19.c (test for excess errors)
FAIL: gcc.dg/torture/pr52451.c -O0 execution test
FAIL: gcc.dg/torture/pr52451.c -O1 execution test
FAIL: gcc.dg/torture/pr52451.c -O2 execution test
FAIL: gcc.dg/torture/pr52451.c -O2 -flto -fno-use-linker-plugin -flto-partition=none execution test
FAIL: gcc.dg/torture/pr52451.c -O2 -flto -fuse-linker-plugin -fno-fat-lto-objects execution test
FAIL: gcc.dg/torture/pr52451.c -O3 -g execution test
FAIL: gcc.dg/torture/pr52451.c -Os execution test
FAIL: gcc.dg/torture/pr91323.c -O0 execution test
FAIL: gcc.dg/torture/pr91323.c -O1 execution test
FAIL: gcc.dg/torture/pr91323.c -O2 execution test
FAIL: gcc.dg/torture/pr91323.c -O2 -flto -fno-use-linker-plugin -flto-partition=none execution test
FAIL: gcc.dg/torture/pr91323.c -O2 -flto -fuse-linker-plugin -fno-fat-lto-objects execution test
FAIL: gcc.dg/torture/pr91323.c -O3 -g execution test
FAIL: gcc.dg/torture/pr91323.c -Os execution test
FAIL: gcc.dg/torture/pr94988.c -O0 execution test
FAIL: gcc.dg/torture/pr94988.c -O1 execution test
FAIL: gcc.dg/torture/pr94988.c -O2 execution test
FAIL: gcc.dg/torture/pr94988.c -O2 -flto -fno-use-linker-plugin -flto-partition=none execution test
FAIL: gcc.dg/torture/pr94988.c -O2 -flto -fuse-linker-plugin -fno-fat-lto-objects execution test
FAIL: gcc.dg/torture/pr94988.c -O3 -fomit-frame-pointer -funroll-loops -fpeel-loops -ftracer -finline-functions execution test
FAIL: gcc.dg/torture/pr94988.c -O3 -g execution test
FAIL: gcc.dg/torture/pr94988.c -Os execution test
FAIL: gcc.dg/vect/costmodel/ppc/costmodel-vect-31a.c scan-tree-dump-times vect "not vectorized: unsupported unaligned store" 1
FAIL: gcc.dg/vect/costmodel/ppc/costmodel-vect-76b.c scan-tree-dump-times vect "vectorization not profitable" 1
FAIL: gcc.dg/vect/costmodel/ppc/costmodel-vect-76b.c scan-tree-dump-times vect "vectorized 1 loops" 0
FAIL: gcc.dg/vect/bb-slp-pr65935.c -flto -ffat-lto-objects scan-tree-dump-times slp1 "basic block vectorized" 2
FAIL: gcc.dg/vect/bb-slp-pr65935.c scan-tree-dump-times slp1 "basic block vectorized" 2
XPASS: gcc.dg/vect/bb-slp-pr68892.c -flto -ffat-lto-objects scan-tree-dump slp2 "not profitable"
FAIL: gcc.dg/vect/bb-slp-pr68892.c -flto -ffat-lto-objects scan-tree-dump-times slp2 "Basic block will be vectorized" 1
XPASS: gcc.dg/vect/bb-slp-pr68892.c scan-tree-dump slp2 "not profitable"
FAIL: gcc.dg/vect/bb-slp-pr68892.c scan-tree-dump-times slp2 "Basic block will be vectorized" 1
FAIL: gcc.dg/vect/bb-slp-pr69907.c -flto -ffat-lto-objects scan-tree-dump slp1 "BB vectorization with gaps at the end of a load is not supported"
FAIL: gcc.dg/vect/bb-slp-pr69907.c scan-tree-dump slp1 "BB vectorization with gaps at the end of a load is not supported"
FAIL: gcc.dg/vect/no-tree-sra-bb-slp-pr50730.c scan-tree-dump-times slp2 "basic block vectorized" 1
FAIL: gcc.dg/vect/no-vfa-vect-depend-2.c scan-tree-dump-times vect "vectorized 1 loops" 1
FAIL: gcc.dg/vect/no-vfa-vect-depend-3.c scan-tree-dump-times vect "vectorized 1 loops" 4
FAIL: gcc.dg/vect/pr25413.c -flto -ffat-lto-objects scan-tree-dump-times vect "not vectorized: unsupported unaligned store" 1
FAIL: gcc.dg/vect/pr25413.c -flto -ffat-lto-objects scan-tree-dump-times vect "vector alignment may not be reachable" 1
FAIL: gcc.dg/vect/pr25413.c -flto -ffat-lto-objects scan-tree-dump-times vect "vectorized 1 loops" 0
FAIL: gcc.dg/vect/pr25413.c scan-tree-dump-times vect "not vectorized: unsupported unaligned store" 1
FAIL: gcc.dg/vect/pr25413.c scan-tree-dump-times vect "vector alignment may not be reachable" 1
FAIL: gcc.dg/vect/pr25413.c scan-tree-dump-times vect "vectorized 1 loops" 0
FAIL: gcc.dg/vect/pr60505.c (test for excess errors)
FAIL: gcc.dg/vect/pr60505.c -flto -ffat-lto-objects (test for excess errors)
FAIL: gcc.dg/vect/pr62171.c -flto -ffat-lto-objects scan-tree-dump-not vect "versioned"
FAIL: gcc.dg/vect/pr62171.c scan-tree-dump-not vect "versioned"
FAIL: gcc.dg/vect/pr85586.c -flto -ffat-lto-objects scan-tree-dump-times vect "LOOP VECTORIZED" 1
FAIL: gcc.dg/vect/pr85586.c scan-tree-dump-times vect "LOOP VECTORIZED" 1
FAIL: gcc.dg/vect/section-anchors-vect-69.c scan-tree-dump-times vect "vectorized 4 loops" 1
FAIL: gcc.dg/vect/slp-43.c -flto -ffat-lto-objects scan-tree-dump-times vect "vectorized 1 loops" 2
FAIL: gcc.dg/vect/slp-43.c scan-tree-dump-times vect "vectorized 1 loops" 2
FAIL: gcc.dg/vect/vect-31.c -flto -ffat-lto-objects scan-tree-dump-times vect "vectorized 4 loops" 1
FAIL: gcc.dg/vect/vect-31.c scan-tree-dump-times vect "vectorized 4 loops" 1
FAIL: gcc.dg/vect/vect-44.c -flto -ffat-lto-objects scan-tree-dump-times vect "Vectorizing an unaligned access" 3
FAIL: gcc.dg/vect/vect-44.c scan-tree-dump-times vect "Vectorizing an unaligned access" 3
FAIL: gcc.dg/vect/vect-50.c -flto -ffat-lto-objects scan-tree-dump-times vect "Vectorizing an unaligned access" 3
FAIL: gcc.dg/vect/vect-50.c scan-tree-dump-times vect "Vectorizing an unaligned access" 3
FAIL: gcc.dg/vect/vect-93.c -flto -ffat-lto-objects scan-tree-dump-times vect "vectorized 2 loops" 2
FAIL: gcc.dg/vect/vect-93.c scan-tree-dump-times vect "vectorized 2 loops" 2
FAIL: gcc.dg/vect/vect-cond-reduc-4.c -flto -ffat-lto-objects scan-tree-dump-times vect "LOOP VECTORIZED" 2
FAIL: gcc.dg/vect/vect-cond-reduc-4.c scan-tree-dump-times vect "LOOP VECTORIZED" 2
FAIL: gcc.dg/vect/vect-outer-call-1.c -flto -ffat-lto-objects scan-tree-dump vect "OUTER LOOP VECTORIZED"
FAIL: gcc.dg/vect/vect-outer-call-1.c scan-tree-dump vect "OUTER LOOP VECTORIZED"
FAIL: gcc.dg/vect/vect-reduc-in-order-2.c -flto -ffat-lto-objects scan-tree-dump vect "in-order double reduction not supported"
FAIL: gcc.dg/vect/vect-reduc-in-order-2.c scan-tree-dump vect "in-order double reduction not supported"
FAIL: gcc.dg/vect/vect-strided-a-u8-i2-gap.c -flto -ffat-lto-objects scan-tree-dump-times vect "vectorized 1 loops" 1
FAIL: gcc.dg/vect/vect-strided-a-u8-i2-gap.c scan-tree-dump-times vect "vectorized 1 loops" 1
FAIL: gcc.target/powerpc/byte-in-set-2.c (test for errors, line 14)
FAIL: gcc.target/powerpc/byte-in-set-2.c (test for excess errors)
FAIL: gcc.target/powerpc/cntlzdm-0.c (internal compiler error)
FAIL: gcc.target/powerpc/cntlzdm-0.c (test for excess errors)
UNRESOLVED: gcc.target/powerpc/cntlzdm-0.c scan-assembler \\\\mcntlzdm\\\\M
FAIL: gcc.target/powerpc/cnttzdm-0.c (internal compiler error)
FAIL: gcc.target/powerpc/cnttzdm-0.c (test for excess errors)
UNRESOLVED: gcc.target/powerpc/cnttzdm-0.c scan-assembler \\\\mcnttzdm\\\\M
FAIL: gcc.target/powerpc/pdep-0.c (internal compiler error)
FAIL: gcc.target/powerpc/pdep-0.c (test for excess errors)
UNRESOLVED: gcc.target/powerpc/pdep-0.c scan-assembler \\\\mpdepd\\\\M
FAIL: gcc.target/powerpc/pextd-0.c (internal compiler error)
FAIL: gcc.target/powerpc/pextd-0.c (test for excess errors)
UNRESOLVED: gcc.target/powerpc/pextd-0.c scan-assembler \\\\mpextd\\\\M
FAIL: gcc.target/powerpc/pr94740.c (test for excess errors)
FAIL: gcc.target/powerpc/vec-gnb-0.c (test for excess errors)
UNRESOLVED: gcc.target/powerpc/vec-gnb-0.c scan-assembler \\\\mvgnb\\\\M
FAIL: gcc.target/powerpc/vec-gnb-2.c (test for errors, line 14)
FAIL: gcc.target/powerpc/vec-gnb-2.c (test for errors, line 16)
FAIL: gcc.target/powerpc/vec-gnb-2.c (test for errors, line 18)
FAIL: gcc.target/powerpc/vec-gnb-2.c (test for errors, line 20)
FAIL: gcc.target/powerpc/vec-gnb-2.c (test for errors, line 22)
FAIL: gcc.target/powerpc/vec-gnb-2.c (test for excess errors)
FAIL: gcc.target/powerpc/vec-ternarylogic-10.c (test for errors, line 30)
FAIL: gcc.target/powerpc/vec-ternarylogic-10.c (test for errors, line 49)
FAIL: gcc.target/powerpc/vec-ternarylogic-10.c (test for errors, line 82)
FAIL: gcc.target/powerpc/vec-ternarylogic-10.c (test for excess errors)
FAIL: gcc.target/powerpc/vec-ternarylogic-8.c (test for excess errors)
UNRESOLVED: gcc.target/powerpc/vec-ternarylogic-8.c scan-assembler \\\\mxxeval\\\\M
XPASS: gcc.target/powerpc/ppc-fortran/ieee128-math.f90 -O (test for excess errors)
FAIL: gcc.target/powerpc/vsu/vec-xl-len-13.c (test for errors, line 16)
FAIL: gcc.target/powerpc/vsu/vec-xl-len-13.c (test for excess errors)
=== gcc Summary for unix/-m32 ===
# of expected passes 128965
# of unexpected failures 102
# of unexpected successes 3
# of expected failures 703
# of unresolved testcases 6
# of unsupported tests 3759
Running target unix/-m64
FAIL: c-c++-common/asan/swapcontext-test-1.c -O0 execution test
FAIL: c-c++-common/asan/swapcontext-test-1.c -O1 execution test
FAIL: c-c++-common/asan/swapcontext-test-1.c -O2 execution test
FAIL: c-c++-common/asan/swapcontext-test-1.c -O2 -flto -fno-use-linker-plugin -flto-partition=none execution test
FAIL: c-c++-common/asan/swapcontext-test-1.c -O2 -flto -fuse-linker-plugin -fno-fat-lto-objects execution test
FAIL: c-c++-common/asan/swapcontext-test-1.c -O3 -fomit-frame-pointer -funroll-loops -fpeel-loops -ftracer -finline-functions execution test
FAIL: c-c++-common/asan/swapcontext-test-1.c -O3 -g execution test
FAIL: c-c++-common/asan/swapcontext-test-1.c -Os execution test
FAIL: gcc.dg/asan/pr95051.c -O0 (test for excess errors)
FAIL: gcc.dg/asan/pr95051.c -O1 (test for excess errors)
FAIL: gcc.dg/asan/pr95051.c -O2 (test for excess errors)
FAIL: gcc.dg/asan/pr95051.c -O2 -flto -fno-use-linker-plugin -flto-partition=none (test for excess errors)
FAIL: gcc.dg/asan/pr95051.c -O2 -flto -fuse-linker-plugin -fno-fat-lto-objects (test for excess errors)
FAIL: gcc.dg/asan/pr95051.c -O3 -g (test for excess errors)
FAIL: gcc.dg/asan/pr95051.c -Os (test for excess errors)
FAIL: gcc.dg/torture/pr52451.c -O0 execution test
FAIL: gcc.dg/torture/pr52451.c -O1 execution test
FAIL: gcc.dg/torture/pr52451.c -O2 execution test
FAIL: gcc.dg/torture/pr52451.c -O2 -flto -fno-use-linker-plugin -flto-partition=none execution test
FAIL: gcc.dg/torture/pr52451.c -O2 -flto -fuse-linker-plugin -fno-fat-lto-objects execution test
FAIL: gcc.dg/torture/pr52451.c -O3 -g execution test
FAIL: gcc.dg/torture/pr52451.c -Os execution test
FAIL: gcc.dg/torture/pr91323.c -O0 execution test
FAIL: gcc.dg/torture/pr91323.c -O1 execution test
FAIL: gcc.dg/torture/pr91323.c -O2 execution test
FAIL: gcc.dg/torture/pr91323.c -O2 -flto -fno-use-linker-plugin -flto-partition=none execution test
FAIL: gcc.dg/torture/pr91323.c -O2 -flto -fuse-linker-plugin -fno-fat-lto-objects execution test
FAIL: gcc.dg/torture/pr91323.c -O3 -g execution test
FAIL: gcc.dg/torture/pr91323.c -Os execution test
FAIL: gcc.dg/torture/pr94988.c -O0 execution test
FAIL: gcc.dg/torture/pr94988.c -O1 execution test
FAIL: gcc.dg/torture/pr94988.c -O2 execution test
FAIL: gcc.dg/torture/pr94988.c -O2 -flto -fno-use-linker-plugin -flto-partition=none execution test
FAIL: gcc.dg/torture/pr94988.c -O2 -flto -fuse-linker-plugin -fno-fat-lto-objects execution test
FAIL: gcc.dg/torture/pr94988.c -O3 -fomit-frame-pointer -funroll-loops -fpeel-loops -ftracer -finline-functions execution test
FAIL: gcc.dg/torture/pr94988.c -O3 -g execution test
FAIL: gcc.dg/torture/pr94988.c -Os execution test
XPASS: gcc.dg/tree-ssa/ssa-dom-cse-2.c scan-tree-dump optimized "return 28;"
FAIL: c-c++-common/tsan/race_on_mutex.c -O0 output pattern test
FAIL: c-c++-common/tsan/race_on_mutex.c -O2 output pattern test
FAIL: gcc.dg/vect/costmodel/ppc/costmodel-vect-31a.c scan-tree-dump-times vect "not vectorized: unsupported unaligned store" 1
FAIL: gcc.dg/vect/costmodel/ppc/costmodel-vect-76b.c scan-tree-dump-times vect "vectorization not profitable" 1
FAIL: gcc.dg/vect/costmodel/ppc/costmodel-vect-76b.c scan-tree-dump-times vect "vectorized 1 loops" 0
FAIL: gcc.dg/vect/bb-slp-pr65935.c -flto -ffat-lto-objects scan-tree-dump-times slp1 "basic block vectorized" 2
FAIL: gcc.dg/vect/bb-slp-pr65935.c scan-tree-dump-times slp1 "basic block vectorized" 2
XPASS: gcc.dg/vect/bb-slp-pr68892.c -flto -ffat-lto-objects scan-tree-dump slp2 "not profitable"
FAIL: gcc.dg/vect/bb-slp-pr68892.c -flto -ffat-lto-objects scan-tree-dump-times slp2 "Basic block will be vectorized" 1
XPASS: gcc.dg/vect/bb-slp-pr68892.c scan-tree-dump slp2 "not profitable"
FAIL: gcc.dg/vect/bb-slp-pr68892.c scan-tree-dump-times slp2 "Basic block will be vectorized" 1
FAIL: gcc.dg/vect/bb-slp-pr69907.c -flto -ffat-lto-objects scan-tree-dump slp1 "BB vectorization with gaps at the end of a load is not supported"
FAIL: gcc.dg/vect/bb-slp-pr69907.c scan-tree-dump slp1 "BB vectorization with gaps at the end of a load is not supported"
FAIL: gcc.dg/vect/no-tree-sra-bb-slp-pr50730.c scan-tree-dump-times slp2 "basic block vectorized" 1
FAIL: gcc.dg/vect/no-vfa-vect-depend-2.c scan-tree-dump-times vect "vectorized 1 loops" 1
FAIL: gcc.dg/vect/no-vfa-vect-depend-3.c scan-tree-dump-times vect "vectorized 1 loops" 4
FAIL: gcc.dg/vect/pr60505.c (test for excess errors)
FAIL: gcc.dg/vect/pr60505.c -flto -ffat-lto-objects (test for excess errors)
FAIL: gcc.dg/vect/pr62171.c -flto -ffat-lto-objects scan-tree-dump-not vect "versioned"
FAIL: gcc.dg/vect/pr62171.c scan-tree-dump-not vect "versioned"
FAIL: gcc.dg/vect/pr85586.c -flto -ffat-lto-objects scan-tree-dump-times vect "LOOP VECTORIZED" 1
FAIL: gcc.dg/vect/pr85586.c scan-tree-dump-times vect "LOOP VECTORIZED" 1
FAIL: gcc.dg/vect/section-anchors-vect-69.c scan-tree-dump-times vect "vectorized 4 loops" 1
FAIL: gcc.dg/vect/slp-43.c -flto -ffat-lto-objects scan-tree-dump-times vect "vectorized 1 loops" 2
FAIL: gcc.dg/vect/slp-43.c scan-tree-dump-times vect "vectorized 1 loops" 2
FAIL: gcc.dg/vect/vect-31.c -flto -ffat-lto-objects scan-tree-dump-times vect "vectorized 4 loops" 1
FAIL: gcc.dg/vect/vect-31.c scan-tree-dump-times vect "vectorized 4 loops" 1
FAIL: gcc.dg/vect/vect-44.c -flto -ffat-lto-objects scan-tree-dump-times vect "Vectorizing an unaligned access" 3
FAIL: gcc.dg/vect/vect-44.c scan-tree-dump-times vect "Vectorizing an unaligned access" 3
FAIL: gcc.dg/vect/vect-50.c -flto -ffat-lto-objects scan-tree-dump-times vect "Vectorizing an unaligned access" 3
FAIL: gcc.dg/vect/vect-50.c scan-tree-dump-times vect "Vectorizing an unaligned access" 3
FAIL: gcc.dg/vect/vect-93.c -flto -ffat-lto-objects scan-tree-dump-times vect "vectorized 2 loops" 2
FAIL: gcc.dg/vect/vect-93.c scan-tree-dump-times vect "vectorized 2 loops" 2
FAIL: gcc.dg/vect/vect-cond-reduc-4.c -flto -ffat-lto-objects scan-tree-dump-times vect "LOOP VECTORIZED" 2
FAIL: gcc.dg/vect/vect-cond-reduc-4.c scan-tree-dump-times vect "LOOP VECTORIZED" 2
FAIL: gcc.dg/vect/vect-outer-call-1.c -flto -ffat-lto-objects scan-tree-dump vect "OUTER LOOP VECTORIZED"
FAIL: gcc.dg/vect/vect-outer-call-1.c scan-tree-dump vect "OUTER LOOP VECTORIZED"
FAIL: gcc.dg/vect/vect-reduc-in-order-2.c -flto -ffat-lto-objects scan-tree-dump vect "in-order double reduction not supported"
FAIL: gcc.dg/vect/vect-reduc-in-order-2.c scan-tree-dump vect "in-order double reduction not supported"
FAIL: gcc.dg/vect/vect-strided-a-u8-i2-gap.c -flto -ffat-lto-objects scan-tree-dump-times vect "vectorized 1 loops" 1
FAIL: gcc.dg/vect/vect-strided-a-u8-i2-gap.c scan-tree-dump-times vect "vectorized 1 loops" 1
FAIL: gcc.target/powerpc/20050603-3.c scan-assembler-not \\\\mrldic
FAIL: gcc.target/powerpc/rlwimi-2.c scan-assembler-times (?n)^\\\\s+[a-z] 20217
FAIL: gcc.target/powerpc/rlwimi-2.c scan-assembler-times (?n)^\\\\s+rldicl 6728
FAIL: gcc.target/powerpc/rlwimi-2.c scan-assembler-times (?n)^\\\\s+rlwimi 1692
FAIL: gcc.target/powerpc/vec-rlmi-rlnm.c scan-assembler-times xxlor 2
XPASS: gcc.target/powerpc/ppc-fortran/ieee128-math.f90 -O (test for excess errors)
=== gcc Summary for unix/-m64 ===
# of expected passes 131866
# of unexpected failures 81
# of unexpected successes 4
# of expected failures 721
# of unsupported tests 3126
=== gcc Summary ===
# of expected passes 260831
# of unexpected failures 183
# of unexpected successes 7
# of expected failures 1424
# of unresolved testcases 6
# of unsupported tests 6885
/home/segher/build/tot-master/gcc/xgcc version 11.0.0 20200512 (experimental) (GCC)
=== gdc tests ===
Running target unix/-m32
=== gdc Summary for unix/-m32 ===
# of expected passes 28995
# of unsupported tests 825
Running target unix/-m64
=== gdc Summary for unix/-m64 ===
# of expected passes 28995
# of unsupported tests 825
=== gdc Summary ===
# of expected passes 57990
# of unsupported tests 1650
/home/segher/build/tot-master/gcc/testsuite/gdc/../../gdc version 11.0.0 20200512 (experimental) (GCC)
=== gfortran tests ===
Running target unix/-m32
FAIL: gfortran.dg/analyzer/pr93993.f90 -O (test for excess errors)
FAIL: gfortran.dg/ieee/large_2.f90 -O0 execution test
FAIL: gfortran.dg/ieee/large_2.f90 -O1 execution test
FAIL: gfortran.dg/ieee/large_2.f90 -O2 execution test
FAIL: gfortran.dg/ieee/large_2.f90 -O3 -fomit-frame-pointer -funroll-loops -fpeel-loops -ftracer -finline-functions execution test
FAIL: gfortran.dg/ieee/large_2.f90 -O3 -g execution test
FAIL: gfortran.dg/ieee/large_2.f90 -Os execution test
FAIL: gfortran.dg/vect/fast-math-mgrid-resid.f -O scan-tree-dump pcom "vectp_u.*__lsm.* = PHI <.*vectp_u.*__lsm"
FAIL: gfortran.dg/vect/fast-math-pr37021.f90 -O scan-tree-dump vect "vectorized 2 loops"
FAIL: gfortran.dg/vect/pr52580.f -O scan-tree-dump-times vect "LOOP VECTORIZED" 1
FAIL: gfortran.dg/vect/pr60510.f -O0 execution test
FAIL: gfortran.dg/vect/pr60510.f -O1 execution test
FAIL: gfortran.dg/vect/pr60510.f -O2 execution test
FAIL: gfortran.dg/vect/pr60510.f -O3 -fomit-frame-pointer -funroll-loops -fpeel-loops -ftracer -finline-functions execution test
FAIL: gfortran.dg/vect/pr60510.f -O3 -g execution test
FAIL: gfortran.dg/vect/pr60510.f -Os execution test
FAIL: gfortran.dg/vect/pr62283-2.f -O scan-tree-dump slp2 "basic block vectorized"
FAIL: gfortran.dg/vect/pr81303.f -O scan-tree-dump vect "vectorized 1 loops in function"
FAIL: gfortran.dg/vect/vect-8.f90 -O scan-tree-dump-times vect "vectorized 2[23] loops" 1
FAIL: gfortran.dg/vect/vect-gems.f90 -O scan-tree-dump-times vect "vectorized 1 loops" 1
=== gfortran Summary for unix/-m32 ===
# of expected passes 52922
# of unexpected failures 20
# of expected failures 203
# of unsupported tests 228
Running target unix/-m64
FAIL: gfortran.dg/analyzer/pr93993.f90 -O (test for excess errors)
FAIL: gfortran.dg/ieee/large_2.f90 -O0 execution test
FAIL: gfortran.dg/ieee/large_2.f90 -O1 execution test
FAIL: gfortran.dg/ieee/large_2.f90 -O2 execution test
FAIL: gfortran.dg/ieee/large_2.f90 -O3 -fomit-frame-pointer -funroll-loops -fpeel-loops -ftracer -finline-functions execution test
FAIL: gfortran.dg/ieee/large_2.f90 -O3 -g execution test
FAIL: gfortran.dg/ieee/large_2.f90 -Os execution test
FAIL: gfortran.dg/vect/fast-math-mgrid-resid.f -O scan-tree-dump pcom "Executing predictive commoning without unrolling"
FAIL: gfortran.dg/vect/fast-math-mgrid-resid.f -O scan-tree-dump pcom "vectp_u.*__lsm.* = PHI <.*vectp_u.*__lsm"
FAIL: gfortran.dg/vect/fast-math-pr37021.f90 -O scan-tree-dump vect "vectorized 2 loops"
FAIL: gfortran.dg/vect/pr52580.f -O scan-tree-dump-times vect "LOOP VECTORIZED" 1
FAIL: gfortran.dg/vect/pr62283-2.f -O scan-tree-dump slp2 "basic block vectorized"
FAIL: gfortran.dg/vect/pr81303.f -O scan-tree-dump vect "vectorized 1 loops in function"
FAIL: gfortran.dg/vect/vect-8.f90 -O scan-tree-dump-times vect "vectorized 2[23] loops" 1
FAIL: gfortran.dg/vect/vect-gems.f90 -O scan-tree-dump-times vect "vectorized 1 loops" 1
=== gfortran Summary for unix/-m64 ===
# of expected passes 53188
# of unexpected failures 15
# of expected failures 201
# of unsupported tests 101
=== gfortran Summary ===
# of expected passes 106110
# of unexpected failures 35
# of expected failures 404
# of unsupported tests 329
/home/segher/build/tot-master/gcc/testsuite/gfortran/../../gfortran version 11.0.0 20200512 (experimental) (GCC)
=== gnat tests ===
Running target unix/-m32
FAIL: gnat.dg/opt39.adb scan-tree-dump-not optimized "tmp"
=== gnat Summary for unix/-m32 ===
# of expected passes 3263
# of unexpected failures 1
# of expected failures 23
# of unsupported tests 22
Running target unix/-m64
FAIL: gnat.dg/opt39.adb scan-tree-dump-not optimized "tmp"
FAIL: gnat.dg/unroll4.adb scan-rtl-dump-times loop2_unroll "optimized: loop unrolled 7 times" 2
=== gnat Summary for unix/-m64 ===
# of expected passes 3262
# of unexpected failures 2
# of expected failures 23
# of unsupported tests 22
=== gnat Summary ===
# of expected passes 6525
# of unexpected failures 3
# of expected failures 46
# of unsupported tests 44
/home/segher/build/tot-master/gcc/gnatmake version 11.0.0 20200512 (experimental)
=== obj-c++ tests ===
Running target unix/-m64
FAIL: obj-c++.dg/syntax-error-10.mm -fgnu-runtime (test for errors, line 1)
FAIL: obj-c++.dg/syntax-error-10.mm -fgnu-runtime (test for excess errors)
FAIL: obj-c++.dg/syntax-error-8.mm -fgnu-runtime (test for errors, line 1)
FAIL: obj-c++.dg/syntax-error-8.mm -fgnu-runtime (test for excess errors)
FAIL: obj-c++.dg/syntax-error-9.mm -fgnu-runtime (test for errors, line 2)
FAIL: obj-c++.dg/syntax-error-9.mm -fgnu-runtime (test for excess errors)
FAIL: obj-c++.dg/property/property-neg-6.mm -fgnu-runtime (test for errors, line 8)
FAIL: obj-c++.dg/property/property-neg-6.mm -fgnu-runtime (test for excess errors)
=== obj-c++ Summary for unix/-m64 ===
# of expected passes 1434
# of unexpected failures 8
# of expected failures 10
# of unsupported tests 77
Running target unix/-m32
FAIL: obj-c++.dg/syntax-error-10.mm -fgnu-runtime (test for errors, line 1)
FAIL: obj-c++.dg/syntax-error-10.mm -fgnu-runtime (test for excess errors)
FAIL: obj-c++.dg/syntax-error-8.mm -fgnu-runtime (test for errors, line 1)
FAIL: obj-c++.dg/syntax-error-8.mm -fgnu-runtime (test for excess errors)
FAIL: obj-c++.dg/syntax-error-9.mm -fgnu-runtime (test for errors, line 2)
FAIL: obj-c++.dg/syntax-error-9.mm -fgnu-runtime (test for excess errors)
FAIL: obj-c++.dg/property/property-neg-6.mm -fgnu-runtime (test for errors, line 8)
FAIL: obj-c++.dg/property/property-neg-6.mm -fgnu-runtime (test for excess errors)
=== obj-c++ Summary for unix/-m32 ===
# of expected passes 1442
# of unexpected failures 8
# of expected failures 2
# of unsupported tests 77
=== obj-c++ Summary ===
# of expected passes 2876
# of unexpected failures 16
# of expected failures 12
# of unsupported tests 154
/home/segher/build/tot-master/gcc/testsuite/obj-c++/../../xg++ version 11.0.0 20200512 (experimental) (GCC)
=== objc tests ===
Running target unix/-m32
=== objc Summary for unix/-m32 ===
# of expected passes 2784
# of unsupported tests 68
Running target unix/-m64
=== objc Summary for unix/-m64 ===
# of expected passes 2784
# of unsupported tests 68
=== objc Summary ===
# of expected passes 5568
# of unsupported tests 136
/home/segher/build/tot-master/gcc/xgcc version 11.0.0 20200512 (experimental) (GCC)
=== libatomic tests ===
Running target unix/-m64
=== libatomic Summary for unix/-m64 ===
# of expected passes 54
Running target unix/-m32
=== libatomic Summary for unix/-m32 ===
# of expected passes 44
# of unsupported tests 5
=== libatomic Summary ===
# of expected passes 98
# of unsupported tests 5
=== libitm tests ===
Running target unix/-m64
=== libitm Summary for unix/-m64 ===
# of expected passes 42
# of expected failures 3
# of unsupported tests 1
Running target unix/-m32
=== libitm Summary for unix/-m32 ===
# of expected passes 42
# of expected failures 3
# of unsupported tests 1
=== libitm Summary ===
# of expected passes 84
# of expected failures 6
# of unsupported tests 2
=== libphobos tests ===
Running target unix/-m32
FAIL: libphobos.druntime/core/thread.d execution test
FAIL: libphobos.druntime_shared/core/thread.d execution test
=== libphobos Summary for unix/-m32 ===
# of expected passes 294
# of unexpected failures 2
Running target unix/-m64
FAIL: libphobos.shared/finalize.d -shared-libphobos -ldl execution test
=== libphobos Summary for unix/-m64 ===
# of expected passes 295
# of unexpected failures 1
=== libphobos Summary ===
# of expected passes 589
# of unexpected failures 3
=== libstdc++ tests ===
Running target unix/-m32
FAIL: 29_atomics/atomic_float/value_init.cc (test for excess errors)
UNRESOLVED: 29_atomics/atomic_float/value_init.cc compilation failed to produce executable
FAIL: experimental/memory_resource/new_delete_resource.cc execution test
=== libstdc++ Summary for unix/-m32 ===
# of expected passes 14357
# of unexpected failures 2
# of expected failures 93
# of unresolved testcases 1
# of unsupported tests 358
Running target unix/-m64
=== libstdc++ Summary for unix/-m64 ===
# of expected passes 14360
# of expected failures 93
# of unsupported tests 358
=== libstdc++ Summary ===
# of expected passes 28717
# of unexpected failures 2
# of expected failures 186
# of unresolved testcases 1
# of unsupported tests 716
Compiler version: 11.0.0 20200512 (experimental) (GCC)
Platform: powerpc64-unknown-linux-gnu
configure flags: --prefix=/home/segher/tot --enable-languages=c,c++,fortran,ada,d,objc,obj-c++ --disable-libgomp
More information about the Gcc-testresults
mailing list