Results for 11.0.0 20200501 (experimental) [master revision 7eee6d219617123a94cf0872821b1f78c2a9b8f1] (GCC) testsuite on i386-pc-solaris2.11
Rainer Orth
ro@CeBiTec.Uni-Bielefeld.DE
Fri May 1 21:25:28 GMT 2020
LAST_UPDATED: Fri May 1 09:47:23 UTC 2020 (revision 7eee6d219617123a94cf0872821b1f78c2a9b8f1)
=== acats tests ===
=== acats Summary ===
# of expected passes 2320
# of unexpected failures 0
Native configuration is i386-pc-solaris2.11
=== g++ tests ===
Running target unix
FAIL: c-c++-common/asan/swapcontext-test-1.c -O0 execution test
FAIL: c-c++-common/asan/swapcontext-test-1.c -O1 execution test
FAIL: c-c++-common/asan/swapcontext-test-1.c -O2 execution test
FAIL: c-c++-common/asan/swapcontext-test-1.c -O2 -flto execution test
FAIL: c-c++-common/asan/swapcontext-test-1.c -O2 -flto -flto-partition=none execution test
FAIL: c-c++-common/asan/swapcontext-test-1.c -O3 -fomit-frame-pointer -funroll-loops -fpeel-loops -ftracer -finline-functions execution test
FAIL: c-c++-common/asan/swapcontext-test-1.c -O3 -g execution test
FAIL: c-c++-common/asan/swapcontext-test-1.c -Os execution test
FAIL: g++.dg/lto/pr89335 cp_lto_pr89335_0.o assemble, -O2 -flto -Wsuggest-final-methods
=== g++ Summary for unix ===
# of expected passes 186510
# of unexpected failures 9
# of expected failures 712
# of unsupported tests 8224
Running target unix/-m64
FAIL: g++.dg/pr80481.C -std=gnu++14 scan-assembler-not vmovaps[^\\n\\r]*zmm[0-9]+,[^\\n\\r]*zmm[0-9]+
FAIL: g++.dg/pr80481.C -std=gnu++17 scan-assembler-not vmovaps[^\\n\\r]*zmm[0-9]+,[^\\n\\r]*zmm[0-9]+
FAIL: g++.dg/pr80481.C -std=gnu++2a scan-assembler-not vmovaps[^\\n\\r]*zmm[0-9]+,[^\\n\\r]*zmm[0-9]+
FAIL: g++.dg/pr80481.C -std=gnu++98 scan-assembler-not vmovaps[^\\n\\r]*zmm[0-9]+,[^\\n\\r]*zmm[0-9]+
FAIL: g++.dg/lto/pr89335 cp_lto_pr89335_0.o assemble, -O2 -flto -Wsuggest-final-methods
=== g++ Summary for unix/-m64 ===
# of expected passes 186949
# of unexpected failures 5
# of expected failures 716
# of unsupported tests 8165
=== g++ Summary ===
# of expected passes 373459
# of unexpected failures 14
# of expected failures 1428
# of unsupported tests 16389
/var/gcc/regression/master/11.3-gcc-gas/build/gcc/xg++ version 11.0.0 20200501 (experimental) [master revision 7eee6d219617123a94cf0872821b1f78c2a9b8f1] (GCC)
=== gcc tests ===
Running target unix
FAIL: c-c++-common/asan/swapcontext-test-1.c -O0 execution test
FAIL: c-c++-common/asan/swapcontext-test-1.c -O1 execution test
FAIL: c-c++-common/asan/swapcontext-test-1.c -O2 execution test
FAIL: c-c++-common/asan/swapcontext-test-1.c -O2 -flto execution test
FAIL: c-c++-common/asan/swapcontext-test-1.c -O2 -flto -flto-partition=none execution test
FAIL: c-c++-common/asan/swapcontext-test-1.c -O3 -fomit-frame-pointer -funroll-loops -fpeel-loops -ftracer -finline-functions execution test
FAIL: c-c++-common/asan/swapcontext-test-1.c -O3 -g execution test
FAIL: c-c++-common/asan/swapcontext-test-1.c -Os execution test
FAIL: gcc.dg/visibility-22.c execution test
FAIL: gcc.dg/ipa/iinline-attr.c scan-ipa-dump inline "hooray[^\\\\n]*inline copy in test"
FAIL: gcc.dg/ipa/ipa-icf-38.c scan-ltrans-tree-dump-not optimized "Function bar"
FAIL: gcc.dg/torture/pr60092.c -O0 execution test
=== gcc Summary for unix ===
# of expected passes 144487
# of unexpected failures 12
# of expected failures 713
# of unsupported tests 3066
Running target unix/-m64
FAIL: gcc.dg/strcmpopt_8.c (test for excess errors)
FAIL: gcc.dg/strcmpopt_8.c scan-tree-dump-not forwprop1 "strncmp"
FAIL: gcc.dg/visibility-22.c execution test
FAIL: gcc.dg/ipa/iinline-attr.c scan-ipa-dump inline "hooray[^\\\\n]*inline copy in test"
FAIL: gcc.dg/ipa/ipa-icf-38.c scan-ltrans-tree-dump-not optimized "Function bar"
FAIL: gcc.dg/torture/pr60092.c -O0 execution test
XPASS: gcc.dg/tree-ssa/builtin-snprintf-6.c scan-tree-dump-times optimized "Function test_assign_aggregate" 1
=== gcc Summary for unix/-m64 ===
# of expected passes 145093
# of unexpected failures 6
# of unexpected successes 1
# of expected failures 702
# of unsupported tests 2457
=== gcc Summary ===
# of expected passes 289580
# of unexpected failures 18
# of unexpected successes 1
# of expected failures 1415
# of unsupported tests 5523
/var/gcc/regression/master/11.3-gcc-gas/build/gcc/xgcc version 11.0.0 20200501 (experimental) [master revision 7eee6d219617123a94cf0872821b1f78c2a9b8f1] (GCC)
=== gdc tests ===
Running target unix
=== gdc Summary for unix ===
# of expected passes 30605
Running target unix/-m64
=== gdc Summary for unix/-m64 ===
# of expected passes 30604
=== gdc Summary ===
# of expected passes 61209
/var/gcc/regression/master/11.3-gcc-gas/build/gcc/gdc version 11.0.0 20200501 (experimental) [master revision 7eee6d219617123a94cf0872821b1f78c2a9b8f1] (GCC)
=== gfortran tests ===
Running target unix
FAIL: gfortran.dg/analyzer/pr93993.f90 -O (test for excess errors)
=== gfortran Summary for unix ===
# of expected passes 53660
# of unexpected failures 1
# of expected failures 191
# of unsupported tests 207
Running target unix/-m64
FAIL: gfortran.dg/analyzer/pr93993.f90 -O (test for excess errors)
=== gfortran Summary for unix/-m64 ===
# of expected passes 53891
# of unexpected failures 1
# of expected failures 189
# of unsupported tests 98
=== gfortran Summary ===
# of expected passes 107551
# of unexpected failures 2
# of expected failures 380
# of unsupported tests 305
/var/gcc/regression/master/11.3-gcc-gas/build/gcc/gfortran version 11.0.0 20200501 (experimental) [master revision 7eee6d219617123a94cf0872821b1f78c2a9b8f1] (GCC)
=== gnat tests ===
Running target unix
=== gnat Summary for unix ===
# of expected passes 3281
# of expected failures 23
# of unsupported tests 9
Running target unix/-m64
=== gnat Summary for unix/-m64 ===
# of expected passes 3281
# of expected failures 23
# of unsupported tests 9
=== gnat Summary ===
# of expected passes 6562
# of expected failures 46
# of unsupported tests 18
/var/gcc/regression/master/11.3-gcc-gas/build/gcc/gnatmake version 11.0.0 20200501 (experimental) [master revision 7eee6d219617123a94cf0872821b1f78c2a9b8f1]
=== go tests ===
Running target unix
FAIL: ./index0-out.go execution, -O0 -g -fno-var-tracking-assignments
FAIL: go.test/test/fixedbugs/issue4085b.go execution, -O2 -g
=== go Summary for unix ===
# of expected passes 7469
# of unexpected failures 2
# of expected failures 1
# of untested testcases 10
# of unsupported tests 2
Running target unix/-m64
FAIL: ./index0-out.go execution, -O0 -g -fno-var-tracking-assignments
FAIL: go.test/test/append.go execution, -O2 -g
=== go Summary for unix/-m64 ===
# of expected passes 7350
# of unexpected failures 2
# of expected failures 1
# of untested testcases 10
# of unsupported tests 1
=== go Summary ===
# of expected passes 14819
# of unexpected failures 4
# of expected failures 2
# of untested testcases 20
# of unsupported tests 3
=== obj-c++ tests ===
Running target unix
=== obj-c++ Summary for unix ===
# of expected passes 1450
# of expected failures 2
# of unsupported tests 77
Running target unix/-m64
=== obj-c++ Summary for unix/-m64 ===
# of expected passes 1442
# of expected failures 10
# of unsupported tests 77
=== obj-c++ Summary ===
# of expected passes 2892
# of expected failures 12
# of unsupported tests 154
/var/gcc/regression/master/11.3-gcc-gas/build/gcc/xg++ version 11.0.0 20200501 (experimental) [master revision 7eee6d219617123a94cf0872821b1f78c2a9b8f1] (GCC)
=== objc tests ===
Running target unix
=== objc Summary for unix ===
# of expected passes 2778
# of expected failures 6
# of unsupported tests 68
Running target unix/-m64
=== objc Summary for unix/-m64 ===
# of expected passes 2778
# of expected failures 6
# of unsupported tests 68
=== objc Summary ===
# of expected passes 5556
# of expected failures 12
# of unsupported tests 136
/var/gcc/regression/master/11.3-gcc-gas/build/gcc/xgcc version 11.0.0 20200501 (experimental) [master revision 7eee6d219617123a94cf0872821b1f78c2a9b8f1] (GCC)
=== gotools tests ===
FAIL: TestAbort
FAIL: TestMemmoveAtomicity
FAIL: TestNonblockingPipe
FAIL: TestSelectStackAdjust
FAIL: go test runtime
FAIL: TestEarlySignalHandler
FAIL: TestOsSignal
FAIL: TestPIE
FAIL: TestSigaltstack
FAIL: go test misc/cgo/testcarchive
=== gotools Summary ===
# of expected passes 426
# of unexpected failures 10
# of untested testcases 191
/var/gcc/regression/master/11.3-gcc-gas/build/./gcc/gccgo version 11.0.0 20200501 (experimental) [master revision 7eee6d219617123a94cf0872821b1f78c2a9b8f1] (GCC)
=== libatomic tests ===
Running target unix
=== libatomic Summary for unix ===
# of expected passes 44
# of unsupported tests 5
Running target unix/-m64
=== libatomic Summary for unix/-m64 ===
# of expected passes 54
=== libatomic Summary ===
# of expected passes 98
# of unsupported tests 5
=== libffi tests ===
Running target unix
=== libffi Summary for unix ===
# of expected passes 2799
Running target unix/-m64
=== libffi Summary for unix/-m64 ===
# of expected passes 2214
=== libffi Summary ===
# of expected passes 5013
=== libgo tests ===
Running target unix
FAIL: go/build
FAIL: runtime
=== libgo Summary for unix ===
# of expected passes 171
# of unexpected failures 2
Running target unix/-m64
FAIL: bytes
FAIL: compress/zlib
FAIL: crypto/tls
FAIL: database/sql
FAIL: go/build
FAIL: html/template
FAIL: net
FAIL: net/http
FAIL: os
FAIL: runtime
FAIL: runtime/pprof
=== libgo Summary for unix/-m64 ===
# of expected passes 162
# of unexpected failures 11
=== libgo Summary ===
# of expected passes 333
# of unexpected failures 13
/var/gcc/regression/master/11.3-gcc-gas/build/./gcc/gccgo version 11.0.0 20200501 (experimental) [master revision 7eee6d219617123a94cf0872821b1f78c2a9b8f1] (GCC)
=== libgomp tests ===
Running target unix
WARNING: libgomp.c++/task-reduction-8.C execution test program timed out.
FAIL: libgomp.c++/task-reduction-8.C execution test
=== libgomp Summary for unix ===
# of expected passes 7707
# of unexpected failures 1
# of expected failures 4
# of unsupported tests 467
Running target unix/-m64
=== libgomp Summary for unix/-m64 ===
# of expected passes 7708
# of expected failures 4
# of unsupported tests 467
=== libgomp Summary ===
# of expected passes 15415
# of unexpected failures 1
# of expected failures 8
# of unsupported tests 934
=== libitm tests ===
Running target unix
=== libitm Summary for unix ===
# of expected passes 42
# of expected failures 3
# of unsupported tests 1
Running target unix/-m64
=== libitm Summary for unix/-m64 ===
# of expected passes 42
# of expected failures 3
# of unsupported tests 1
=== libitm Summary ===
# of expected passes 84
# of expected failures 6
# of unsupported tests 2
=== libphobos tests ===
Running target unix
FAIL: libphobos.druntime_shared/core/thread.d execution test
FAIL: libphobos.druntime_shared/core/time.d execution test
FAIL: libphobos.phobos_shared/std/datetime/systime.d execution test
FAIL: libphobos.phobos_shared/std/datetime/timezone.d execution test
FAIL: libphobos.phobos_shared/std/format.d execution test
FAIL: libphobos.phobos_shared/std/math.d execution test
FAIL: libphobos.phobos_shared/std/parallelism.d execution test
WARNING: libphobos.phobos_shared/std/range/package.d (test for excess errors) program timed out.
FAIL: libphobos.phobos_shared/std/range/package.d (test for excess errors)
UNRESOLVED: libphobos.phobos_shared/std/range/package.d compilation failed to produce executable
WARNING: libphobos.phobos_shared/std/regex/internal/tests.d (test for excess errors) program timed out.
FAIL: libphobos.phobos_shared/std/regex/internal/tests.d (test for excess errors)
UNRESOLVED: libphobos.phobos_shared/std/regex/internal/tests.d compilation failed to produce executable
WARNING: libphobos.phobos_shared/std/string.d (test for excess errors) program timed out.
FAIL: libphobos.phobos_shared/std/string.d (test for excess errors)
UNRESOLVED: libphobos.phobos_shared/std/string.d compilation failed to produce executable
FAIL: libphobos.shared/finalize.d -shared-libphobos -ldl execution test
FAIL: libphobos.shared/load.d -shared-libphobos -ldl execution test
FAIL: libphobos.shared/load_13414.d -shared-libphobos -ldl execution test
FAIL: libphobos.shared/load_linkdep.d -shared-libphobos -ldl execution test
=== libphobos Summary for unix ===
# of expected passes 407
# of unexpected failures 14
# of unresolved testcases 3
Running target unix/-m64
FAIL: libphobos.druntime_shared/core/thread.d execution test
FAIL: libphobos.druntime_shared/core/time.d execution test
FAIL: libphobos.phobos_shared/std/datetime/systime.d execution test
FAIL: libphobos.phobos_shared/std/datetime/timezone.d execution test
FAIL: libphobos.phobos_shared/std/format.d execution test
FAIL: libphobos.phobos_shared/std/math.d execution test
FAIL: libphobos.phobos_shared/std/parallelism.d execution test
WARNING: libphobos.phobos_shared/std/range/package.d (test for excess errors) program timed out.
FAIL: libphobos.phobos_shared/std/range/package.d (test for excess errors)
UNRESOLVED: libphobos.phobos_shared/std/range/package.d compilation failed to produce executable
WARNING: libphobos.phobos_shared/std/string.d (test for excess errors) program timed out.
FAIL: libphobos.phobos_shared/std/string.d (test for excess errors)
UNRESOLVED: libphobos.phobos_shared/std/string.d compilation failed to produce executable
FAIL: libphobos.shared/finalize.d -shared-libphobos -ldl execution test
FAIL: libphobos.shared/load.d -shared-libphobos -ldl execution test
FAIL: libphobos.shared/load_13414.d -shared-libphobos -ldl execution test
FAIL: libphobos.shared/load_linkdep.d -shared-libphobos -ldl execution test
=== libphobos Summary for unix/-m64 ===
# of expected passes 409
# of unexpected failures 13
# of unresolved testcases 2
=== libphobos Summary ===
# of expected passes 816
# of unexpected failures 27
# of unresolved testcases 5
=== libstdc++ tests ===
Running target unix
FAIL: experimental/net/internet/resolver/ops/lookup.cc execution test
=== libstdc++ Summary for unix ===
# of expected passes 14007
# of unexpected failures 1
# of expected failures 94
# of unsupported tests 715
Running target unix/-m64
FAIL: experimental/net/internet/resolver/ops/lookup.cc execution test
=== libstdc++ Summary for unix/-m64 ===
# of expected passes 14000
# of unexpected failures 1
# of expected failures 93
# of unsupported tests 719
=== libstdc++ Summary ===
# of expected passes 28007
# of unexpected failures 2
# of expected failures 187
# of unsupported tests 1434
Compiler version: 11.0.0 20200501 (experimental) [master revision 7eee6d219617123a94cf0872821b1f78c2a9b8f1] (GCC)
Platform: i386-pc-solaris2.11
configure flags: --prefix=/vol/gcc --target=i386-pc-solaris2.11 --enable-objc-gc --with-target-bdw-gc-include=/vol/gcc/include --with-target-bdw-gc-lib=/vol/gcc/lib,amd64=/vol/gcc/lib/amd64 --with-as=/vol/gcc/bin/gas-2.34 --with-gnu-as --with-gmp-include=/vol/gcc/include --with-gmp-lib=/vol/gcc/lib --with-mpfr-include=/vol/gcc/include --with-mpfr-lib=/vol/gcc/lib --with-mpc-include=/vol/gcc/include --with-mpc-lib=/vol/gcc/lib --enable-languages=all,ada,obj-c++,go --with-isl-include=/vol/gcc/include --with-isl-lib=/vol/gcc/lib --with-zstd-include=/vol/gcc/include --with-zstd-lib=/vol/gcc/lib --build=i386-pc-solaris2.11 --host=i386-pc-solaris2.11
BOOT_CFLAGS=-g -O2
More information about the Gcc-testresults
mailing list