Results for 10.0.1 20200323 (experimental) (GCC) testsuite on x86_64-pc-linux-gnu
Shrisha Rao
shrao@alumni.cmu.edu
Wed Mar 25 07:10:33 GMT 2020
These results are as compiled on an EC2 instance from the Git source.
Native configuration is x86_64-pc-linux-gnu
=== gcc tests ===
Running target unix
FAIL: gcc.target/i386/pr57193.c scan-assembler-times movdqa 2
=== gcc Summary ===
# of expected passes 148632
# of unexpected failures 1
# of expected failures 683
# of unsupported tests 2250
/home/ec2-user/tmp/gcctemp/gcc/xgcc version 10.0.1 20200323 (experimental) (GCC)
=== gfortran tests ===
Running target unix
=== gfortran Summary ===
# of expected passes 53179
# of expected failures 179
# of unsupported tests 96
/home/ec2-user/tmp/gcctemp/gcc/testsuite/gfortran/../../gfortran version 10.0.1 20200323 (experimental) (GCC)
=== g++ tests ===
Running target unix
FAIL: g++.dg/lto/pr64076 cp_lto_pr64076_0.o-cp_lto_pr64076_1.o link, -O0 -flto -flto-partition=none -fuse-linker-plugin
FAIL: g++.dg/lto/pr64076 cp_lto_pr64076_0.o-cp_lto_pr64076_1.o link, -O0 -flto -fuse-linker-plugin -fno-fat-lto-objects
=== g++ Summary ===
# of expected passes 190483
# of unexpected failures 2
# of expected failures 719
# of unsupported tests 7696
/home/ec2-user/tmp/gcctemp/gcc/testsuite/g++/../../xg++ version 10.0.1 20200323 (experimental) (GCC)
=== objc tests ===
Running target unix
=== objc Summary ===
# of expected passes 2777
# of expected failures 6
# of unsupported tests 68
/home/ec2-user/tmp/gcctemp/gcc/xgcc version 10.0.1 20200323 (experimental) (GCC)
=== libatomic tests ===
Running target unix
=== libatomic Summary ===
# of expected passes 54
=== libgomp tests ===
Running target unix
=== libgomp Summary ===
# of expected passes 7665
# of expected failures 2
# of unsupported tests 419
=== libitm tests ===
Running target unix
=== libitm Summary ===
# of expected passes 42
# of expected failures 3
# of unsupported tests 1
=== libstdc++ tests ===
Running target unix
=== libstdc++ Summary ===
# of expected passes 14009
# of expected failures 93
# of unsupported tests 342
Compiler version: 10.0.1 20200323 (experimental) (GCC)
Platform: x86_64-pc-linux-gnu
configure flags: --disable-multilib --prefix=/shrao/testgcc
More information about the Gcc-testresults
mailing list