Results for 9.3.0 (GCC) testsuite on x86_64-apple-darwin18
Iain Sandoe
iains.gcc@gmail.com
Sun Mar 22 10:31:17 GMT 2020
GCC+Ada bootstrap
LAST_UPDATED: Thu Mar 12 15:06:45 UTC 2020 (revision r9-8361-g4212a6a3e44f)
=== acats tests ===
FAIL: c52103r
=== acats Summary ===
# of expected passes 2319
# of unexpected failures 1
Native configuration is x86_64-apple-darwin18
=== g++ tests ===
Running target unix
FAIL: c-c++-common/asan/alloca_big_alignment.c -Os output pattern test
FAIL: c-c++-common/asan/alloca_detect_custom_size.c -Os output pattern test
FAIL: c-c++-common/asan/alloca_overflow_partial.c -Os output pattern test
FAIL: c-c++-common/asan/alloca_overflow_right.c -Os output pattern test
FAIL: c-c++-common/asan/alloca_underflow_left.c -Os output pattern test
FAIL: g++.dg/ipa/pr67056.C scan-ipa-dump cp "Speculative outer type:struct CompositeClass"
FAIL: g++.dg/pr80481.C -std=gnu++14 scan-assembler-not vmovaps
FAIL: g++.dg/pr80481.C -std=gnu++17 scan-assembler-not vmovaps
FAIL: g++.dg/pr80481.C -std=gnu++98 scan-assembler-not vmovaps
FAIL: g++.dg/lto/pr65276 cp_lto_pr65276_0.o-cp_lto_pr65276_1.o link, -flto -O0 -std=c++11
FAIL: g++.dg/lto/pr87906 cp_lto_pr87906_0.o-cp_lto_pr87906_1.o link, -O -fPIC -flto
FAIL: g++.dg/lto/pr89335 cp_lto_pr89335_0.o assemble, -O2 -flto -Wsuggest-final-methods
FAIL: g++.old-deja/g++.law/profile1.C -std=gnu++14 execution test
FAIL: g++.old-deja/g++.law/profile1.C -std=gnu++17 execution test
FAIL: g++.old-deja/g++.law/profile1.C -std=gnu++98 execution test
=== g++ Summary ===
# of expected passes 130602
# of unexpected failures 15
# of expected failures 544
# of unsupported tests 6508
/scratch/10-14-moj/gcc-9-wip/gcc/xg++ version 9.3.0 (GCC)
=== gcc tests ===
Running target unix
FAIL: c-c++-common/asan/alloca_big_alignment.c -Os output pattern test
FAIL: c-c++-common/asan/alloca_detect_custom_size.c -Os output pattern test
FAIL: c-c++-common/asan/alloca_overflow_partial.c -Os output pattern test
FAIL: c-c++-common/asan/alloca_overflow_right.c -Os output pattern test
FAIL: c-c++-common/asan/alloca_underflow_left.c -Os output pattern test
FAIL: c-c++-common/asan/strncpy-overflow-1.c -O0 output pattern test
FAIL: c-c++-common/asan/strncpy-overflow-1.c -O1 (test for excess errors)
FAIL: c-c++-common/asan/strncpy-overflow-1.c -O1 output pattern test
FAIL: c-c++-common/asan/strncpy-overflow-1.c -O2 (test for excess errors)
FAIL: c-c++-common/asan/strncpy-overflow-1.c -O2 output pattern test
FAIL: c-c++-common/asan/strncpy-overflow-1.c -O2 -flto (test for excess errors)
FAIL: c-c++-common/asan/strncpy-overflow-1.c -O2 -flto output pattern test
FAIL: c-c++-common/asan/strncpy-overflow-1.c -O2 -flto -flto-partition=none (test for excess errors)
FAIL: c-c++-common/asan/strncpy-overflow-1.c -O2 -flto -flto-partition=none output pattern test
FAIL: c-c++-common/asan/strncpy-overflow-1.c -O3 -g (test for excess errors)
FAIL: c-c++-common/asan/strncpy-overflow-1.c -O3 -g output pattern test
FAIL: c-c++-common/asan/strncpy-overflow-1.c -Os (test for excess errors)
FAIL: c-c++-common/asan/strncpy-overflow-1.c -Os output pattern test
FAIL: gcc.dg/debug/dwarf2/inline4.c scan-assembler DW_TAG_inlined_subroutine[^\\\\(]*\\\\([^\\\\)]*\\\\)[^\\\\(]*\\\\(DIE \\\\(0x[0-9a-f]*\\\\) DW_TAG_formal_parameter[^\\\\(]*\\\\(DIE \\\\(0x[0-9a-f]*\\\\) DW_TAG_variable
FAIL: gcc.dg/debug/dwarf2/inline5.c scan-assembler-not \\\\(DIE \\\\(0x([0-9a-f]*)\\\\) DW_TAG_lexical_block\\\\)[^#/!@;\\\\|]*[#/!@;\\\\|]+ +[^(].*DW_TAG_lexical_block\\\\)[^#/!@;\\\\|x]*x\\\\1[^#/!@;\\\\|]*[#/!@;\\\\|] +DW_AT_abstract_origin
FAIL: gcc.dg/aru-2.c execution test
FAIL: gcc.dg/framework-1.c (test for excess errors)
FAIL: gcc.dg/nest.c execution test
FAIL: gcc.dg/nested-func-4.c execution test
FAIL: gcc.dg/pr32450.c execution test
FAIL: gcc.dg/pr43643.c execution test
FAIL: gcc.dg/graphite/scop-19.c scan-tree-dump-times graphite "number of SCoPs: 0" 1
FAIL: gcc.dg/ipa/ipa-icf-38.c scan-ltrans-tree-dump-not optimized "Function bar"
FAIL: gcc.dg/torture/fp-int-convert-timode-3.c -O0 execution test
FAIL: gcc.dg/torture/fp-int-convert-timode-3.c -O1 execution test
FAIL: gcc.dg/torture/fp-int-convert-timode-3.c -O2 execution test
FAIL: gcc.dg/torture/fp-int-convert-timode-3.c -O2 -flto execution test
FAIL: gcc.dg/torture/fp-int-convert-timode-3.c -O2 -flto -flto-partition=none execution test
FAIL: gcc.dg/torture/fp-int-convert-timode-3.c -O3 -g execution test
FAIL: gcc.dg/torture/fp-int-convert-timode-3.c -Os execution test
FAIL: gcc.dg/torture/fp-int-convert-timode-4.c -O0 execution test
FAIL: gcc.dg/torture/fp-int-convert-timode-4.c -O1 execution test
FAIL: gcc.dg/torture/fp-int-convert-timode-4.c -O2 execution test
FAIL: gcc.dg/torture/fp-int-convert-timode-4.c -O2 -flto execution test
FAIL: gcc.dg/torture/fp-int-convert-timode-4.c -O2 -flto -flto-partition=none execution test
FAIL: gcc.dg/torture/fp-int-convert-timode-4.c -O3 -g execution test
FAIL: gcc.dg/torture/fp-int-convert-timode-4.c -Os execution test
FAIL: gcc.target/i386/pr57193.c scan-assembler-times movdqa 2
FAIL: gcc.target/i386/pr78035.c scan-assembler-times cmp 2
FAIL: gcc.target/i386/pr90178.c scan-assembler-times xorl[\\\\t ]*\\\\%eax,[\\\\t ]*%eax 1
=== gcc Summary ===
# of expected passes 135854
# of unexpected failures 45
# of expected failures 536
# of unsupported tests 2835
/scratch/10-14-moj/gcc-9-wip/gcc/xgcc version 9.3.0 (GCC)
=== gfortran tests ===
Running target unix
=== gfortran Summary ===
# of expected passes 50738
# of expected failures 187
# of unsupported tests 80
/scratch/10-14-moj/gcc-9-wip/gcc/gfortran version 9.3.0 (GCC)
=== gnat tests ===
Running target unix
=== gnat Summary ===
# of expected passes 2984
# of expected failures 23
# of unsupported tests 11
/scratch/10-14-moj/gcc-9-wip/gcc/gnatmake version 9.3.0
=== obj-c++ tests ===
Running target unix
FAIL: obj-c++.dg/bitfield-2.mm -fnext-runtime execution test
FAIL: obj-c++.dg/gnu-api-2-objc.mm -fnext-runtime execution test
FAIL: obj-c++.dg/try-catch-2.mm -fnext-runtime execution test
FAIL: obj-c++.dg/try-catch-9.mm -fnext-runtime execution test
FAIL: obj-c++.dg/plugin/diagnostic-test-expressions-1.mm -fplugin=./diagnostic_plugin_test_tree_expression_range.so (test for warnings, line 60)
FAIL: obj-c++.dg/plugin/diagnostic-test-expressions-1.mm -fplugin=./diagnostic_plugin_test_tree_expression_range.so (test for warnings, line 68)
FAIL: obj-c++.dg/plugin/diagnostic-test-expressions-1.mm -fplugin=./diagnostic_plugin_test_tree_expression_range.so expected multiline pattern lines 62-63 not found: " __emit_expression_range \\( 0, @selector\\(func0\\) \\);.*\\n \\^~~~~~~~~~~~~~~~\\n"
FAIL: obj-c++.dg/plugin/diagnostic-test-expressions-1.mm -fplugin=./diagnostic_plugin_test_tree_expression_range.so expected multiline pattern lines 70-71 not found: " __emit_expression_range \\( 0, @protocol\\(prot\\) \\);.*\\n \\^~~~~~~~~~~~~~~\\n"
FAIL: obj-c++.dg/plugin/diagnostic-test-expressions-1.mm -fplugin=./diagnostic_plugin_test_tree_expression_range.so (test for excess errors)
FAIL: obj-c++.dg/property/synthesize-10.mm -fnext-runtime execution test
=== obj-c++ Summary ===
# of expected passes 3076
# of unexpected failures 10
# of expected failures 18
# of unsupported tests 70
/scratch/10-14-moj/gcc-9-wip/gcc/xg++ version 9.3.0 (GCC)
=== objc tests ===
Running target unix
FAIL: objc.dg/call-super-2.m -fnext-runtime (test for warnings, line 104)
FAIL: objc.dg/call-super-2.m -fnext-runtime (test for warnings, line 74)
FAIL: objc.dg/category-1.m -fnext-runtime execution test
FAIL: objc.dg/exceptions-2.m -fnext-runtime execution test
FAIL: objc.dg/gnu-api-2-objc.m -fnext-runtime execution test
FAIL: objc.dg/super-class-3.m -fnext-runtime execution test
FAIL: objc.dg/plugin/diagnostic-test-expressions-1.m -fplugin=./diagnostic_plugin_test_tree_expression_range.so (test for warnings, line 60)
FAIL: objc.dg/plugin/diagnostic-test-expressions-1.m -fplugin=./diagnostic_plugin_test_tree_expression_range.so (test for warnings, line 68)
FAIL: objc.dg/plugin/diagnostic-test-expressions-1.m -fplugin=./diagnostic_plugin_test_tree_expression_range.so expected multiline pattern lines 62-63 not found: " __emit_expression_range \\( 0, @selector\\(func0\\) \\);.*\\n \\^~~~~~~~~~~~~~~~\\n"
FAIL: objc.dg/plugin/diagnostic-test-expressions-1.m -fplugin=./diagnostic_plugin_test_tree_expression_range.so expected multiline pattern lines 70-71 not found: " __emit_expression_range \\( 0, @protocol\\(prot\\) \\);.*\\n ~~~~~~~~~~~~~~~\\n"
FAIL: objc.dg/plugin/diagnostic-test-expressions-1.m -fplugin=./diagnostic_plugin_test_tree_expression_range.so (test for excess errors)
FAIL: objc.dg/torture/forward-1.m -O0 -fnext-runtime execution test
FAIL: objc.dg/torture/forward-1.m -O1 -fnext-runtime execution test
FAIL: objc.dg/torture/forward-1.m -O2 -fnext-runtime execution test
FAIL: objc.dg/torture/forward-1.m -O2 -flto -fnext-runtime execution test
FAIL: objc.dg/torture/forward-1.m -O2 -flto -flto-partition=none -fnext-runtime execution test
FAIL: objc.dg/torture/forward-1.m -O3 -fomit-frame-pointer -funroll-loops -fpeel-loops -ftracer -finline-functions -fnext-runtime execution test
FAIL: objc.dg/torture/forward-1.m -O3 -g -fnext-runtime execution test
FAIL: objc.dg/torture/forward-1.m -Os -fnext-runtime execution test
=== objc Summary ===
# of expected passes 5529
# of unexpected failures 19
# of expected failures 7
# of unsupported tests 88
/scratch/10-14-moj/gcc-9-wip/gcc/xgcc version 9.3.0 (GCC)
=== libatomic tests ===
Running target unix
=== libatomic Summary ===
# of expected passes 54
=== libgomp tests ===
Running target unix
FAIL: libgomp.fortran/examples-4/simd-3.f90 -O1 execution test
=== libgomp Summary ===
# of expected passes 6508
# of unexpected failures 1
# of expected failures 4
# of unsupported tests 351
=== libitm tests ===
Running target unix
=== libitm Summary ===
# of expected passes 40
# of expected failures 3
# of unsupported tests 2
=== libstdc++ tests ===
Running target unix
=== libstdc++ Summary ===
# of expected passes 12039
# of expected failures 78
# of unsupported tests 749
Compiler version: 9.3.0 (GCC)
Platform: x86_64-apple-darwin18
configure flags: --prefix=/opt/iains/x86_64-apple-darwin18/gcc-9-3 --target=x86_64-apple-darwin18 --host=x86_64-apple-darwin18 --build=x86_64-apple-darwin18 --with-sysroot=/Library/Developer/CommandLineTools/SDKs/MacOSX.sdk --enable-languages=all CC=x86_64-apple-darwin16-gcc CXX=x86_64-apple-darwin16-g++
More information about the Gcc-testresults
mailing list