Results for 10.0.1 20200320 (experimental) [master revision 719c864225e28c33a0737a331a772781ce8e6591] (GCC) testsuite on sparcv9-sun-solaris2.11
Rainer Orth
ro@CeBiTec.Uni-Bielefeld.DE
Sat Mar 21 18:08:45 GMT 2020
LAST_UPDATED: Fri Mar 20 09:49:59 UTC 2020 (revision 719c864225e28c33a0737a331a772781ce8e6591)
=== acats tests ===
=== acats Summary ===
# of expected passes 2320
# of unexpected failures 0
Native configuration is sparcv9-sun-solaris2.11
=== g++ tests ===
Running target unix
FAIL: g++.dg/gcov/pr16855-priority.C -std=gnu++14 gcov: 1 failures in line counts, 0 in branch percentages, 0 in return percentages, 0 in intermediate format
FAIL: g++.dg/gcov/pr16855-priority.C -std=gnu++14 line 22: is #####:should be 1
FAIL: g++.dg/gcov/pr16855-priority.C -std=gnu++17 gcov: 1 failures in line counts, 0 in branch percentages, 0 in return percentages, 0 in intermediate format
FAIL: g++.dg/gcov/pr16855-priority.C -std=gnu++17 line 22: is #####:should be 1
FAIL: g++.dg/gcov/pr16855-priority.C -std=gnu++2a gcov: 1 failures in line counts, 0 in branch percentages, 0 in return percentages, 0 in intermediate format
FAIL: g++.dg/gcov/pr16855-priority.C -std=gnu++2a line 22: is #####:should be 1
FAIL: g++.dg/gcov/pr16855-priority.C -std=gnu++98 gcov: 1 failures in line counts, 0 in branch percentages, 0 in return percentages, 0 in intermediate format
FAIL: g++.dg/gcov/pr16855-priority.C -std=gnu++98 line 22: is #####:should be 1
FAIL: g++.dg/gcov/pr16855.C -std=gnu++14 gcov: 1 failures in line counts, 0 in branch percentages, 0 in return percentages, 0 in intermediate format
FAIL: g++.dg/gcov/pr16855.C -std=gnu++14 line 24: is #####:should be 1
FAIL: g++.dg/gcov/pr16855.C -std=gnu++17 gcov: 1 failures in line counts, 0 in branch percentages, 0 in return percentages, 0 in intermediate format
FAIL: g++.dg/gcov/pr16855.C -std=gnu++17 line 24: is #####:should be 1
FAIL: g++.dg/gcov/pr16855.C -std=gnu++2a gcov: 1 failures in line counts, 0 in branch percentages, 0 in return percentages, 0 in intermediate format
FAIL: g++.dg/gcov/pr16855.C -std=gnu++2a line 24: is #####:should be 1
FAIL: g++.dg/gcov/pr16855.C -std=gnu++98 gcov: 1 failures in line counts, 0 in branch percentages, 0 in return percentages, 0 in intermediate format
FAIL: g++.dg/gcov/pr16855.C -std=gnu++98 line 24: is #####:should be 1
FAIL: g++.dg/lto/pr89335 cp_lto_pr89335_0.o assemble, -O2 -flto -Wsuggest-final-methods
=== g++ Summary for unix ===
# of expected passes 183538
# of unexpected failures 17
# of expected failures 706
# of unsupported tests 8239
Running target unix/-m32
FAIL: g++.dg/asan/default-options-1.C -O0 execution test
FAIL: g++.dg/asan/default-options-1.C -O1 execution test
FAIL: g++.dg/asan/default-options-1.C -O2 execution test
FAIL: g++.dg/asan/default-options-1.C -O2 -flto execution test
FAIL: g++.dg/asan/default-options-1.C -O2 -flto -flto-partition=none execution test
FAIL: g++.dg/asan/default-options-1.C -O3 -g execution test
FAIL: g++.dg/asan/default-options-1.C -Os execution test
FAIL: g++.dg/gcov/pr16855-priority.C -std=gnu++14 gcov: 1 failures in line counts, 0 in branch percentages, 0 in return percentages, 0 in intermediate format
FAIL: g++.dg/gcov/pr16855-priority.C -std=gnu++14 line 22: is #####:should be 1
FAIL: g++.dg/gcov/pr16855-priority.C -std=gnu++17 gcov: 1 failures in line counts, 0 in branch percentages, 0 in return percentages, 0 in intermediate format
FAIL: g++.dg/gcov/pr16855-priority.C -std=gnu++17 line 22: is #####:should be 1
FAIL: g++.dg/gcov/pr16855-priority.C -std=gnu++2a gcov: 1 failures in line counts, 0 in branch percentages, 0 in return percentages, 0 in intermediate format
FAIL: g++.dg/gcov/pr16855-priority.C -std=gnu++2a line 22: is #####:should be 1
FAIL: g++.dg/gcov/pr16855-priority.C -std=gnu++98 gcov: 1 failures in line counts, 0 in branch percentages, 0 in return percentages, 0 in intermediate format
FAIL: g++.dg/gcov/pr16855-priority.C -std=gnu++98 line 22: is #####:should be 1
FAIL: g++.dg/gcov/pr16855.C -std=gnu++14 gcov: 1 failures in line counts, 0 in branch percentages, 0 in return percentages, 0 in intermediate format
FAIL: g++.dg/gcov/pr16855.C -std=gnu++14 line 24: is #####:should be 1
FAIL: g++.dg/gcov/pr16855.C -std=gnu++17 gcov: 1 failures in line counts, 0 in branch percentages, 0 in return percentages, 0 in intermediate format
FAIL: g++.dg/gcov/pr16855.C -std=gnu++17 line 24: is #####:should be 1
FAIL: g++.dg/gcov/pr16855.C -std=gnu++2a gcov: 1 failures in line counts, 0 in branch percentages, 0 in return percentages, 0 in intermediate format
FAIL: g++.dg/gcov/pr16855.C -std=gnu++2a line 24: is #####:should be 1
FAIL: g++.dg/gcov/pr16855.C -std=gnu++98 gcov: 1 failures in line counts, 0 in branch percentages, 0 in return percentages, 0 in intermediate format
FAIL: g++.dg/gcov/pr16855.C -std=gnu++98 line 24: is #####:should be 1
FAIL: g++.dg/lto/pr89335 cp_lto_pr89335_0.o assemble, -O2 -flto -Wsuggest-final-methods
=== g++ Summary for unix/-m32 ===
# of expected passes 182704
# of unexpected failures 24
# of expected failures 702
# of unsupported tests 8539
=== g++ Summary ===
# of expected passes 366242
# of unexpected failures 41
# of expected failures 1408
# of unsupported tests 16778
/var/gcc/regression/master/11.4-gcc-gas-64/build/gcc/xg++ version 10.0.1 20200320 (experimental) [master revision 719c864225e28c33a0737a331a772781ce8e6591] (GCC)
=== gcc tests ===
Running target unix
FAIL: gcc.dg/ipa/ipa-icf-38.c scan-ltrans-tree-dump-not optimized "Function bar"
FAIL: gcc.dg/tree-ssa/builtin-sprintf-warn-23.c (test for warnings, line 164)
FAIL: gcc.dg/tree-ssa/builtin-sprintf-warn-23.c (test for warnings, line 165)
FAIL: gcc.dg/tree-ssa/builtin-sprintf-warn-23.c (test for warnings, line 174)
FAIL: gcc.dg/tree-ssa/builtin-sprintf-warn-23.c (test for warnings, line 175)
FAIL: gcc.dg/vect/bb-slp-22.c -flto -ffat-lto-objects scan-tree-dump-times slp2 "basic block vectorized" 1
FAIL: gcc.dg/vect/bb-slp-22.c scan-tree-dump-times slp2 "basic block vectorized" 1
=== gcc Summary for unix ===
# of expected passes 121877
# of unexpected failures 7
# of expected failures 758
# of unsupported tests 2931
Running target unix/-m32
FAIL: gcc.dg/pr84877.c execution test
FAIL: gcc.dg/ipa/iinline-attr.c scan-ipa-dump inline "hooray[^\\\\n]*inline copy in test"
FAIL: gcc.dg/ipa/ipa-icf-38.c scan-ltrans-tree-dump-not optimized "Function bar"
FAIL: gcc.dg/simulate-thread/atomic-other-int.c -O2 -g thread simulation test
FAIL: gcc.dg/simulate-thread/atomic-other-int.c -O3 -g thread simulation test
FAIL: gcc.dg/simulate-thread/speculative-store-4.c -O0 -g thread simulation test
FAIL: gcc.dg/simulate-thread/speculative-store-4.c -O2 -g thread simulation test
FAIL: gcc.dg/simulate-thread/speculative-store-4.c -O3 -g thread simulation test
FAIL: gcc.dg/simulate-thread/speculative-store.c -O0 -g thread simulation test
FAIL: gcc.dg/tree-ssa/builtin-sprintf-warn-23.c (test for warnings, line 164)
FAIL: gcc.dg/tree-ssa/builtin-sprintf-warn-23.c (test for warnings, line 165)
FAIL: gcc.dg/tree-ssa/builtin-sprintf-warn-23.c (test for warnings, line 174)
FAIL: gcc.dg/tree-ssa/builtin-sprintf-warn-23.c (test for warnings, line 175)
FAIL: gcc.dg/vect/bb-slp-22.c -flto -ffat-lto-objects scan-tree-dump-times slp2 "basic block vectorized" 1
FAIL: gcc.dg/vect/bb-slp-22.c scan-tree-dump-times slp2 "basic block vectorized" 1
=== gcc Summary for unix/-m32 ===
# of expected passes 122224
# of unexpected failures 15
# of expected failures 768
# of unsupported tests 3590
=== gcc Summary ===
# of expected passes 244101
# of unexpected failures 22
# of expected failures 1526
# of unsupported tests 6521
/var/gcc/regression/master/11.4-gcc-gas-64/build/gcc/xgcc version 10.0.1 20200320 (experimental) [master revision 719c864225e28c33a0737a331a772781ce8e6591] (GCC)
=== gdc tests ===
Running target unix
FAIL: gdc.dg/runnable.d -O0 execution test
FAIL: gdc.dg/runnable.d -O0 -g execution test
FAIL: gdc.dg/runnable.d -O1 execution test
FAIL: gdc.dg/runnable.d -O1 -g execution test
FAIL: gdc.dg/runnable.d -O2 execution test
FAIL: gdc.dg/runnable.d -O2 -g execution test
FAIL: gdc.dg/runnable.d -O3 execution test
FAIL: gdc.dg/runnable.d -O3 -g execution test
FAIL: gdc.dg/runnable.d -Os execution test
FAIL: gdc.dg/runnable.d -Os -g execution test
FAIL: gdc.dg/lto/ltotests d_lto_ltotests_0.o-d_lto_ltotests_1.o link, -O0 -flto (internal compiler error)
FAIL: gdc.dg/lto/ltotests d_lto_ltotests_0.o-d_lto_ltotests_1.o link, -O0 -flto -flto-partition=1to1 (internal compiler error)
FAIL: gdc.dg/lto/ltotests d_lto_ltotests_0.o-d_lto_ltotests_1.o link, -O0 -flto -flto-partition=none (internal compiler error)
FAIL: gdc.dg/lto/ltotests d_lto_ltotests_0.o-d_lto_ltotests_1.o link, -O2 -flto (internal compiler error)
FAIL: gdc.dg/lto/ltotests d_lto_ltotests_0.o-d_lto_ltotests_1.o link, -O2 -flto -flto-partition=1to1 (internal compiler error)
FAIL: gdc.dg/lto/ltotests d_lto_ltotests_0.o-d_lto_ltotests_1.o link, -O2 -flto -flto-partition=none (internal compiler error)
FAIL: gdc.test/runnable/cpp_abi_tests.d -O2 execution test
FAIL: gdc.test/runnable/cpp_abi_tests.d -O2 -g execution test
FAIL: gdc.test/runnable/cpp_abi_tests.d -O2 -g -shared-libphobos execution test
FAIL: gdc.test/runnable/cpp_abi_tests.d -O2 -shared-libphobos execution test
FAIL: gdc.test/runnable/foreach5.d execution test
FAIL: gdc.test/runnable/foreach5.d -frelease execution test
FAIL: gdc.test/runnable/foreach5.d -frelease -g execution test
FAIL: gdc.test/runnable/foreach5.d -frelease -g -shared-libphobos execution test
FAIL: gdc.test/runnable/foreach5.d -frelease -shared-libphobos execution test
FAIL: gdc.test/runnable/foreach5.d -g execution test
FAIL: gdc.test/runnable/foreach5.d -g -shared-libphobos execution test
FAIL: gdc.test/runnable/foreach5.d -shared-libphobos execution test
FAIL: gdc.test/runnable/inline.d execution test
FAIL: gdc.test/runnable/inline.d -O2 execution test
FAIL: gdc.test/runnable/inline.d -O2 -g execution test
FAIL: gdc.test/runnable/inline.d -O2 -g -shared-libphobos execution test
FAIL: gdc.test/runnable/inline.d -O2 -shared-libphobos execution test
FAIL: gdc.test/runnable/inline.d -g execution test
FAIL: gdc.test/runnable/inline.d -g -shared-libphobos execution test
FAIL: gdc.test/runnable/inline.d -shared-libphobos execution test
WARNING: gdc.test/runnable/test17338.d -shared-libphobos (test for excess errors) program timed out.
UNRESOLVED: gdc.test/runnable/test17338.d -shared-libphobos compilation failed to produce executable
FAIL: gdc.test/runnable/test42.d execution test
FAIL: gdc.test/runnable/test42.d -g execution test
FAIL: gdc.test/runnable/test42.d -g -shared-libphobos execution test
FAIL: gdc.test/runnable/test42.d -shared-libphobos execution test
=== gdc Summary for unix ===
# of expected passes 30243
# of unexpected failures 40
# of unresolved testcases 1
Running target unix/-m32
FAIL: gdc.dg/pr92216.d -O0 scan-assembler _DT16_D7imports7pr922161B8__mixin24getSMFZPv[: \\t\\n]
FAIL: gdc.dg/pr92216.d -O0 -frelease scan-assembler _DT16_D7imports7pr922161B8__mixin24getSMFZPv[: \\t\\n]
FAIL: gdc.dg/pr92216.d -O0 -frelease -g scan-assembler _DT16_D7imports7pr922161B8__mixin24getSMFZPv[: \\t\\n]
FAIL: gdc.dg/pr92216.d -O0 -g scan-assembler _DT16_D7imports7pr922161B8__mixin24getSMFZPv[: \\t\\n]
FAIL: gdc.dg/pr92216.d -O1 scan-assembler _DT16_D7imports7pr922161B8__mixin24getSMFZPv[: \\t\\n]
FAIL: gdc.dg/pr92216.d -O1 -frelease scan-assembler _DT16_D7imports7pr922161B8__mixin24getSMFZPv[: \\t\\n]
FAIL: gdc.dg/pr92216.d -O1 -frelease -g scan-assembler _DT16_D7imports7pr922161B8__mixin24getSMFZPv[: \\t\\n]
FAIL: gdc.dg/pr92216.d -O1 -g scan-assembler _DT16_D7imports7pr922161B8__mixin24getSMFZPv[: \\t\\n]
FAIL: gdc.dg/pr92216.d -O2 scan-assembler _DT16_D7imports7pr922161B8__mixin24getSMFZPv[: \\t\\n]
FAIL: gdc.dg/pr92216.d -O2 -frelease scan-assembler _DT16_D7imports7pr922161B8__mixin24getSMFZPv[: \\t\\n]
FAIL: gdc.dg/pr92216.d -O2 -frelease -g scan-assembler _DT16_D7imports7pr922161B8__mixin24getSMFZPv[: \\t\\n]
FAIL: gdc.dg/pr92216.d -O2 -g scan-assembler _DT16_D7imports7pr922161B8__mixin24getSMFZPv[: \\t\\n]
FAIL: gdc.dg/pr92216.d -O3 scan-assembler _DT16_D7imports7pr922161B8__mixin24getSMFZPv[: \\t\\n]
FAIL: gdc.dg/pr92216.d -O3 -frelease scan-assembler _DT16_D7imports7pr922161B8__mixin24getSMFZPv[: \\t\\n]
FAIL: gdc.dg/pr92216.d -O3 -frelease -g scan-assembler _DT16_D7imports7pr922161B8__mixin24getSMFZPv[: \\t\\n]
FAIL: gdc.dg/pr92216.d -O3 -g scan-assembler _DT16_D7imports7pr922161B8__mixin24getSMFZPv[: \\t\\n]
FAIL: gdc.dg/pr92216.d -Os scan-assembler _DT16_D7imports7pr922161B8__mixin24getSMFZPv[: \\t\\n]
FAIL: gdc.dg/pr92216.d -Os -frelease scan-assembler _DT16_D7imports7pr922161B8__mixin24getSMFZPv[: \\t\\n]
FAIL: gdc.dg/pr92216.d -Os -frelease -g scan-assembler _DT16_D7imports7pr922161B8__mixin24getSMFZPv[: \\t\\n]
FAIL: gdc.dg/pr92216.d -Os -g scan-assembler _DT16_D7imports7pr922161B8__mixin24getSMFZPv[: \\t\\n]
FAIL: gdc.dg/lto/ltotests d_lto_ltotests_0.o-d_lto_ltotests_1.o link, -O0 -flto (internal compiler error)
FAIL: gdc.dg/lto/ltotests d_lto_ltotests_0.o-d_lto_ltotests_1.o link, -O0 -flto -flto-partition=1to1 (internal compiler error)
FAIL: gdc.dg/lto/ltotests d_lto_ltotests_0.o-d_lto_ltotests_1.o link, -O0 -flto -flto-partition=none (internal compiler error)
FAIL: gdc.dg/lto/ltotests d_lto_ltotests_0.o-d_lto_ltotests_1.o link, -O2 -flto (internal compiler error)
FAIL: gdc.dg/lto/ltotests d_lto_ltotests_0.o-d_lto_ltotests_1.o link, -O2 -flto -flto-partition=1to1 (internal compiler error)
FAIL: gdc.dg/lto/ltotests d_lto_ltotests_0.o-d_lto_ltotests_1.o link, -O2 -flto -flto-partition=none (internal compiler error)
FAIL: gdc.test/runnable/cpp_abi_tests.d -O2 execution test
FAIL: gdc.test/runnable/cpp_abi_tests.d -O2 -g execution test
FAIL: gdc.test/runnable/cpp_abi_tests.d -O2 -g -shared-libphobos execution test
FAIL: gdc.test/runnable/cpp_abi_tests.d -O2 -shared-libphobos execution test
FAIL: gdc.test/runnable/eh.d -fPIC -shared-libphobos execution test
FAIL: gdc.test/runnable/eh.d -shared-libphobos execution test
WARNING: gdc.test/runnable/test17338.d (test for excess errors) program timed out.
UNRESOLVED: gdc.test/runnable/test17338.d compilation failed to produce executable
WARNING: gdc.test/runnable/test17338.d -shared-libphobos (test for excess errors) program timed out.
UNRESOLVED: gdc.test/runnable/test17338.d -shared-libphobos compilation failed to produce executable
FAIL: gdc.test/runnable/test42.d execution test
FAIL: gdc.test/runnable/test42.d -g execution test
FAIL: gdc.test/runnable/test42.d -g -shared-libphobos execution test
FAIL: gdc.test/runnable/test42.d -shared-libphobos execution test
=== gdc Summary for unix/-m32 ===
# of expected passes 30246
# of unexpected failures 36
# of unresolved testcases 2
=== gdc Summary ===
# of expected passes 60489
# of unexpected failures 76
# of unresolved testcases 3
/var/gcc/regression/master/11.4-gcc-gas-64/build/gcc/gdc version 10.0.1 20200320 (experimental) [master revision 719c864225e28c33a0737a331a772781ce8e6591] (GCC)
=== gfortran tests ===
Running target unix
=== gfortran Summary for unix ===
# of expected passes 53148
# of expected failures 189
# of unsupported tests 150
Running target unix/-m32
=== gfortran Summary for unix/-m32 ===
# of expected passes 52887
# of expected failures 191
# of unsupported tests 277
=== gfortran Summary ===
# of expected passes 106035
# of expected failures 380
# of unsupported tests 427
/var/gcc/regression/master/11.4-gcc-gas-64/build/gcc/gfortran version 10.0.1 20200320 (experimental) [master revision 719c864225e28c33a0737a331a772781ce8e6591] (GCC)
=== gnat tests ===
Running target unix
=== gnat Summary for unix ===
# of expected passes 3240
# of expected failures 23
# of unsupported tests 30
Running target unix/-m32
=== gnat Summary for unix/-m32 ===
# of expected passes 3240
# of expected failures 23
# of unsupported tests 30
=== gnat Summary ===
# of expected passes 6480
# of expected failures 46
# of unsupported tests 60
/var/gcc/regression/master/11.4-gcc-gas-64/build/gcc/gnatmake version 10.0.1 20200320 (experimental) [master revision 719c864225e28c33a0737a331a772781ce8e6591]
=== go tests ===
Running target unix
FAIL: ./index0-out.go execution, -O0 -g -fno-var-tracking-assignments
=== go Summary for unix ===
# of expected passes 7347
# of unexpected failures 1
# of expected failures 1
# of untested testcases 11
# of unsupported tests 3
Running target unix/-m32
FAIL: ./index0-out.go execution, -O0 -g -fno-var-tracking-assignments
FAIL: go.test/test/fixedbugs/issue4085b.go execution, -O2 -g
FAIL: go.test/test/fixedbugs/issue4562.go execution, -O2 -g
FAIL: go.test/test/nil.go execution, -O2 -g
=== go Summary for unix/-m32 ===
# of expected passes 7464
# of unexpected failures 4
# of expected failures 1
# of untested testcases 11
# of unsupported tests 3
=== go Summary ===
# of expected passes 14811
# of unexpected failures 5
# of expected failures 2
# of untested testcases 22
# of unsupported tests 6
=== obj-c++ tests ===
Running target unix/-m32
=== obj-c++ Summary for unix/-m32 ===
# of expected passes 1450
# of expected failures 2
# of unsupported tests 77
Running target unix
=== obj-c++ Summary for unix ===
# of expected passes 1442
# of expected failures 10
# of unsupported tests 77
=== obj-c++ Summary ===
# of expected passes 2892
# of expected failures 12
# of unsupported tests 154
/var/gcc/regression/master/11.4-gcc-gas-64/build/gcc/xg++ version 10.0.1 20200320 (experimental) [master revision 719c864225e28c33a0737a331a772781ce8e6591] (GCC)
=== objc tests ===
Running target unix
=== objc Summary for unix ===
# of expected passes 2783
# of unsupported tests 68
Running target unix/-m32
=== objc Summary for unix/-m32 ===
# of expected passes 2783
# of unsupported tests 68
=== objc Summary ===
# of expected passes 5566
# of unsupported tests 136
/var/gcc/regression/master/11.4-gcc-gas-64/build/gcc/xgcc version 10.0.1 20200320 (experimental) [master revision 719c864225e28c33a0737a331a772781ce8e6591] (GCC)
=== gotools tests ===
FAIL: TestScript
FAIL: go test cmd/go
FAIL: TestAbort
FAIL: TestArenaCollision
FAIL: TestPanicInlined
FAIL: go test runtime
=== gotools Summary ===
# of expected passes 322
# of unexpected failures 6
# of untested testcases 168
/var/gcc/regression/master/11.4-gcc-gas-64/build/./gcc/gccgo version 10.0.1 20200320 (experimental) [master revision 719c864225e28c33a0737a331a772781ce8e6591] (GCC)
=== libatomic tests ===
Running target unix/-m32
=== libatomic Summary for unix/-m32 ===
# of expected passes 44
# of unsupported tests 5
Running target unix
=== libatomic Summary for unix ===
# of expected passes 54
=== libatomic Summary ===
# of expected passes 98
# of unsupported tests 5
=== libffi tests ===
Running target unix/-m32
=== libffi Summary for unix/-m32 ===
# of expected passes 2214
Running target unix
=== libffi Summary for unix ===
# of expected passes 2214
=== libffi Summary ===
# of expected passes 4428
=== libgo tests ===
Running target unix
FAIL: go/build
FAIL: net/http
FAIL: runtime
FAIL: runtime/pprof
FAIL: sync/atomic
=== libgo Summary for unix ===
# of expected passes 168
# of unexpected failures 5
Running target unix/-m32
FAIL: go/build
FAIL: os/exec
FAIL: os/signal
FAIL: runtime
FAIL: runtime/pprof
FAIL: sync/atomic
=== libgo Summary for unix/-m32 ===
# of expected passes 167
# of unexpected failures 6
=== libgo Summary ===
# of expected passes 335
# of unexpected failures 11
/var/gcc/regression/master/11.4-gcc-gas-64/build/./gcc/gccgo version 10.0.1 20200320 (experimental) [master revision 719c864225e28c33a0737a331a772781ce8e6591] (GCC)
=== libgomp tests ===
Running target unix
=== libgomp Summary for unix ===
# of expected passes 7531
# of expected failures 4
# of unsupported tests 497
Running target unix/-m32
WARNING: libgomp.c++/task-reduction-10.C execution test program timed out.
FAIL: libgomp.c++/task-reduction-10.C execution test
=== libgomp Summary for unix/-m32 ===
# of expected passes 7530
# of unexpected failures 1
# of expected failures 4
# of unsupported tests 497
=== libgomp Summary ===
# of expected passes 15061
# of unexpected failures 1
# of expected failures 8
# of unsupported tests 994
=== libitm tests ===
Running target unix/-m32
=== libitm Summary for unix/-m32 ===
# of expected passes 42
# of expected failures 3
# of unsupported tests 1
Running target unix
=== libitm Summary for unix ===
# of expected passes 42
# of expected failures 3
# of unsupported tests 1
=== libitm Summary ===
# of expected passes 84
# of expected failures 6
# of unsupported tests 2
=== libphobos tests ===
Running target unix
FAIL: libphobos.phobos_shared/std/datetime/systime.d execution test
FAIL: libphobos.phobos_shared/std/datetime/timezone.d execution test
FAIL: libphobos.phobos_shared/std/digest/murmurhash.d execution test
FAIL: libphobos.phobos_shared/std/format.d execution test
FAIL: libphobos.phobos_shared/std/internal/math/errorfunction.d execution test
FAIL: libphobos.phobos_shared/std/internal/math/gammafunction.d execution test
FAIL: libphobos.phobos_shared/std/math.d execution test
FAIL: libphobos.phobos_shared/std/numeric.d execution test
FAIL: libphobos.phobos_shared/std/parallelism.d execution test
FAIL: libphobos.phobos_shared/std/regex/internal/kickstart.d execution test
FAIL: libphobos.phobos_shared/std/regex/internal/tests.d execution test
FAIL: libphobos.phobos_shared/std/regex/package.d execution test
FAIL: libphobos.shared/finalize.d -shared-libphobos -ldl execution test
FAIL: libphobos.shared/linkD.c lib.so -ldl -pthread execution test
FAIL: libphobos.shared/load.d -shared-libphobos -ldl execution test
FAIL: libphobos.shared/load_13414.d -shared-libphobos -ldl execution test
FAIL: libphobos.thread/fiber_guard_page.d execution test
=== libphobos Summary for unix ===
# of expected passes 407
# of unexpected failures 17
Running target unix/-m32
FAIL: libphobos.phobos_shared/std/datetime/systime.d execution test
FAIL: libphobos.phobos_shared/std/datetime/timezone.d execution test
FAIL: libphobos.phobos_shared/std/digest/murmurhash.d execution test
FAIL: libphobos.phobos_shared/std/experimental/allocator/building_blocks/region.d execution test
FAIL: libphobos.phobos_shared/std/format.d execution test
FAIL: libphobos.phobos_shared/std/internal/math/errorfunction.d execution test
FAIL: libphobos.phobos_shared/std/internal/math/gammafunction.d execution test
FAIL: libphobos.phobos_shared/std/math.d execution test
WARNING: libphobos.phobos_shared/std/net/curl.d execution test program timed out.
FAIL: libphobos.phobos_shared/std/net/curl.d execution test
FAIL: libphobos.phobos_shared/std/net/isemail.d execution test
FAIL: libphobos.phobos_shared/std/numeric.d execution test
FAIL: libphobos.phobos_shared/std/parallelism.d execution test
FAIL: libphobos.phobos_shared/std/regex/internal/kickstart.d execution test
FAIL: libphobos.phobos_shared/std/regex/internal/tests.d execution test
FAIL: libphobos.phobos_shared/std/regex/package.d execution test
FAIL: libphobos.phobos_shared/std/socket.d execution test
FAIL: libphobos.phobos_shared/std/stdio.d execution test
FAIL: libphobos.phobos_shared/std/variant.d execution test
FAIL: libphobos.shared/finalize.d -shared-libphobos -ldl execution test
FAIL: libphobos.shared/linkD.c lib.so -ldl -pthread execution test
FAIL: libphobos.shared/load.d -shared-libphobos -ldl execution test
FAIL: libphobos.shared/load_13414.d -shared-libphobos -ldl execution test
FAIL: libphobos.thread/fiber_guard_page.d execution test
=== libphobos Summary for unix/-m32 ===
# of expected passes 401
# of unexpected failures 23
=== libphobos Summary ===
# of expected passes 808
# of unexpected failures 40
=== libstdc++ tests ===
Running target unix
=== libstdc++ Summary for unix ===
# of expected passes 13792
# of expected failures 93
# of unsupported tests 728
Running target unix/-m32
WARNING: std/ranges/adaptors/all.cc (test for excess errors) program timed out.
FAIL: std/ranges/adaptors/all.cc (test for excess errors)
UNRESOLVED: std/ranges/adaptors/all.cc compilation failed to produce executable
=== libstdc++ Summary for unix/-m32 ===
# of expected passes 13790
# of unexpected failures 1
# of expected failures 93
# of unresolved testcases 1
# of unsupported tests 728
=== libstdc++ Summary ===
# of expected passes 27582
# of unexpected failures 1
# of expected failures 186
# of unresolved testcases 1
# of unsupported tests 1456
Compiler version: 10.0.1 20200320 (experimental) [master revision 719c864225e28c33a0737a331a772781ce8e6591] (GCC)
Platform: sparcv9-sun-solaris2.11
configure flags: --prefix=/vol/gcc --target=sparcv9-sun-solaris2.11 --enable-objc-gc --with-target-bdw-gc-include=/vol/gcc/include --with-target-bdw-gc-lib=/vol/gcc/lib/sparcv9,sparcv8plus=/vol/gcc/lib --with-as=/vol/gcc/bin/sparcv9/gas-2.34 --with-gnu-as --with-gmp-include=/vol/gcc/include --with-gmp-lib=/vol/gcc/lib/sparcv9 --with-mpfr-include=/vol/gcc/include --with-mpfr-lib=/vol/gcc/lib/sparcv9 --with-mpc-include=/vol/gcc/include --with-mpc-lib=/vol/gcc/lib/sparcv9 --enable-languages=all,ada,obj-c++,go --with-isl-include=/vol/gcc/include --with-isl-lib=/vol/gcc/lib/sparcv9 --with-zstd-include=/vol/gcc/include --with-zstd-lib=/vol/gcc/lib/sparcv9 --build=sparcv9-sun-solaris2.11 --host=sparcv9-sun-solaris2.11
BOOT_CFLAGS=-g -O2
More information about the Gcc-testresults
mailing list