Results for 10.0.1 20200320 (experimental) [master revision 719c864225e28c33a0737a331a772781ce8e6591] (GCC) testsuite on i386-pc-solaris2.11
Rainer Orth
ro@CeBiTec.Uni-Bielefeld.DE
Sat Mar 21 12:51:04 GMT 2020
LAST_UPDATED: Fri Mar 20 09:49:59 UTC 2020 (revision 719c864225e28c33a0737a331a772781ce8e6591)
=== acats tests ===
=== acats Summary ===
# of expected passes 2320
# of unexpected failures 0
Native configuration is i386-pc-solaris2.11
=== g++ tests ===
Running target unix
FAIL: c-c++-common/asan/pointer-subtract-3.c -O0 execution test
FAIL: c-c++-common/asan/pointer-subtract-3.c -O1 execution test
FAIL: c-c++-common/asan/pointer-subtract-3.c -O2 execution test
FAIL: c-c++-common/asan/pointer-subtract-3.c -O2 -flto -fno-use-linker-plugin -flto-partition=none execution test
FAIL: c-c++-common/asan/pointer-subtract-3.c -O2 -flto -fuse-linker-plugin -fno-fat-lto-objects execution test
FAIL: c-c++-common/asan/pointer-subtract-3.c -O3 -g execution test
FAIL: c-c++-common/asan/pointer-subtract-3.c -Os execution test
FAIL: c-c++-common/asan/swapcontext-test-1.c -O0 execution test
FAIL: c-c++-common/asan/swapcontext-test-1.c -O1 execution test
FAIL: c-c++-common/asan/swapcontext-test-1.c -O2 execution test
FAIL: c-c++-common/asan/swapcontext-test-1.c -O2 -flto -fno-use-linker-plugin -flto-partition=none execution test
FAIL: c-c++-common/asan/swapcontext-test-1.c -O2 -flto -fuse-linker-plugin -fno-fat-lto-objects execution test
FAIL: c-c++-common/asan/swapcontext-test-1.c -O3 -fomit-frame-pointer -funroll-loops -fpeel-loops -ftracer -finline-functions execution test
FAIL: c-c++-common/asan/swapcontext-test-1.c -O3 -g execution test
FAIL: c-c++-common/asan/swapcontext-test-1.c -Os execution test
FAIL: g++.dg/asan/deep-thread-stack-1.C -O0 output pattern test
FAIL: g++.dg/asan/deep-thread-stack-1.C -O1 output pattern test
FAIL: g++.dg/asan/deep-thread-stack-1.C -O2 output pattern test
FAIL: g++.dg/asan/deep-thread-stack-1.C -O2 -flto -fno-use-linker-plugin -flto-partition=none output pattern test
FAIL: g++.dg/asan/deep-thread-stack-1.C -O2 -flto -fuse-linker-plugin -fno-fat-lto-objects output pattern test
FAIL: g++.dg/asan/deep-thread-stack-1.C -O3 -g output pattern test
FAIL: g++.dg/asan/deep-thread-stack-1.C -Os output pattern test
FAIL: g++.dg/asan/default-options-1.C -O0 execution test
FAIL: g++.dg/asan/default-options-1.C -O1 execution test
FAIL: g++.dg/asan/default-options-1.C -O2 execution test
FAIL: g++.dg/asan/default-options-1.C -O2 -flto -fno-use-linker-plugin -flto-partition=none execution test
FAIL: g++.dg/asan/default-options-1.C -O2 -flto -fuse-linker-plugin -fno-fat-lto-objects execution test
FAIL: g++.dg/asan/default-options-1.C -O3 -g execution test
FAIL: g++.dg/asan/default-options-1.C -Os execution test
FAIL: g++.dg/gcov/pr16855-priority.C -std=gnu++14 gcov: 1 failures in line counts, 0 in branch percentages, 0 in return percentages, 0 in intermediate format
FAIL: g++.dg/gcov/pr16855-priority.C -std=gnu++14 line 22: is #####:should be 1
FAIL: g++.dg/gcov/pr16855-priority.C -std=gnu++17 gcov: 1 failures in line counts, 0 in branch percentages, 0 in return percentages, 0 in intermediate format
FAIL: g++.dg/gcov/pr16855-priority.C -std=gnu++17 line 22: is #####:should be 1
FAIL: g++.dg/gcov/pr16855-priority.C -std=gnu++2a gcov: 1 failures in line counts, 0 in branch percentages, 0 in return percentages, 0 in intermediate format
FAIL: g++.dg/gcov/pr16855-priority.C -std=gnu++2a line 22: is #####:should be 1
FAIL: g++.dg/gcov/pr16855-priority.C -std=gnu++98 gcov: 1 failures in line counts, 0 in branch percentages, 0 in return percentages, 0 in intermediate format
FAIL: g++.dg/gcov/pr16855-priority.C -std=gnu++98 line 22: is #####:should be 1
FAIL: g++.dg/gcov/pr16855.C -std=gnu++14 gcov: 1 failures in line counts, 0 in branch percentages, 0 in return percentages, 0 in intermediate format
FAIL: g++.dg/gcov/pr16855.C -std=gnu++14 line 24: is #####:should be 1
FAIL: g++.dg/gcov/pr16855.C -std=gnu++17 gcov: 1 failures in line counts, 0 in branch percentages, 0 in return percentages, 0 in intermediate format
FAIL: g++.dg/gcov/pr16855.C -std=gnu++17 line 24: is #####:should be 1
FAIL: g++.dg/gcov/pr16855.C -std=gnu++2a gcov: 1 failures in line counts, 0 in branch percentages, 0 in return percentages, 0 in intermediate format
FAIL: g++.dg/gcov/pr16855.C -std=gnu++2a line 24: is #####:should be 1
FAIL: g++.dg/gcov/pr16855.C -std=gnu++98 gcov: 1 failures in line counts, 0 in branch percentages, 0 in return percentages, 0 in intermediate format
FAIL: g++.dg/gcov/pr16855.C -std=gnu++98 line 24: is #####:should be 1
FAIL: g++.dg/lto/pr64076 cp_lto_pr64076_0.o-cp_lto_pr64076_1.o link, -O0 -flto -flto-partition=none -fuse-linker-plugin
FAIL: g++.dg/lto/pr64076 cp_lto_pr64076_0.o-cp_lto_pr64076_1.o link, -O0 -flto -fuse-linker-plugin -fno-fat-lto-objects
=== g++ Summary for unix ===
# of expected passes 184865
# of unexpected failures 47
# of expected failures 718
# of unsupported tests 7971
Running target unix/-m64
FAIL: g++.dg/pr80481.C -std=gnu++14 scan-assembler-not vmovaps[^\\n\\r]*zmm[0-9]+,[^\\n\\r]*zmm[0-9]+
FAIL: g++.dg/pr80481.C -std=gnu++17 scan-assembler-not vmovaps[^\\n\\r]*zmm[0-9]+,[^\\n\\r]*zmm[0-9]+
FAIL: g++.dg/pr80481.C -std=gnu++2a scan-assembler-not vmovaps[^\\n\\r]*zmm[0-9]+,[^\\n\\r]*zmm[0-9]+
FAIL: g++.dg/pr80481.C -std=gnu++98 scan-assembler-not vmovaps[^\\n\\r]*zmm[0-9]+,[^\\n\\r]*zmm[0-9]+
FAIL: g++.dg/gcov/pr16855-priority.C -std=gnu++14 gcov: 1 failures in line counts, 0 in branch percentages, 0 in return percentages, 0 in intermediate format
FAIL: g++.dg/gcov/pr16855-priority.C -std=gnu++14 line 22: is #####:should be 1
FAIL: g++.dg/gcov/pr16855-priority.C -std=gnu++17 gcov: 1 failures in line counts, 0 in branch percentages, 0 in return percentages, 0 in intermediate format
FAIL: g++.dg/gcov/pr16855-priority.C -std=gnu++17 line 22: is #####:should be 1
FAIL: g++.dg/gcov/pr16855-priority.C -std=gnu++2a gcov: 1 failures in line counts, 0 in branch percentages, 0 in return percentages, 0 in intermediate format
FAIL: g++.dg/gcov/pr16855-priority.C -std=gnu++2a line 22: is #####:should be 1
FAIL: g++.dg/gcov/pr16855-priority.C -std=gnu++98 gcov: 1 failures in line counts, 0 in branch percentages, 0 in return percentages, 0 in intermediate format
FAIL: g++.dg/gcov/pr16855-priority.C -std=gnu++98 line 22: is #####:should be 1
FAIL: g++.dg/gcov/pr16855.C -std=gnu++14 gcov: 1 failures in line counts, 0 in branch percentages, 0 in return percentages, 0 in intermediate format
FAIL: g++.dg/gcov/pr16855.C -std=gnu++14 line 24: is #####:should be 1
FAIL: g++.dg/gcov/pr16855.C -std=gnu++17 gcov: 1 failures in line counts, 0 in branch percentages, 0 in return percentages, 0 in intermediate format
FAIL: g++.dg/gcov/pr16855.C -std=gnu++17 line 24: is #####:should be 1
FAIL: g++.dg/gcov/pr16855.C -std=gnu++2a gcov: 1 failures in line counts, 0 in branch percentages, 0 in return percentages, 0 in intermediate format
FAIL: g++.dg/gcov/pr16855.C -std=gnu++2a line 24: is #####:should be 1
FAIL: g++.dg/gcov/pr16855.C -std=gnu++98 gcov: 1 failures in line counts, 0 in branch percentages, 0 in return percentages, 0 in intermediate format
FAIL: g++.dg/gcov/pr16855.C -std=gnu++98 line 24: is #####:should be 1
FAIL: g++.dg/lto/pr64076 cp_lto_pr64076_0.o-cp_lto_pr64076_1.o link, -O0 -flto -flto-partition=none -fuse-linker-plugin
FAIL: g++.dg/lto/pr64076 cp_lto_pr64076_0.o-cp_lto_pr64076_1.o link, -O0 -flto -fuse-linker-plugin -fno-fat-lto-objects
=== g++ Summary for unix/-m64 ===
# of expected passes 185364
# of unexpected failures 22
# of expected failures 722
# of unsupported tests 7892
=== g++ Summary ===
# of expected passes 370229
# of unexpected failures 69
# of expected failures 1440
# of unsupported tests 15863
/var/gcc/regression/master/11-gcc-gas-gld/build/gcc/xg++ version 10.0.1 20200320 (experimental) [master revision 719c864225e28c33a0737a331a772781ce8e6591] (GCC)
=== gcc tests ===
Running target unix
FAIL: c-c++-common/asan/pointer-subtract-3.c -O0 execution test
FAIL: c-c++-common/asan/pointer-subtract-3.c -O1 execution test
FAIL: c-c++-common/asan/pointer-subtract-3.c -O2 execution test
FAIL: c-c++-common/asan/pointer-subtract-3.c -O2 -flto -fno-use-linker-plugin -flto-partition=none execution test
FAIL: c-c++-common/asan/pointer-subtract-3.c -O2 -flto -fuse-linker-plugin -fno-fat-lto-objects execution test
FAIL: c-c++-common/asan/pointer-subtract-3.c -O3 -g execution test
FAIL: c-c++-common/asan/pointer-subtract-3.c -Os execution test
FAIL: c-c++-common/asan/swapcontext-test-1.c -O0 execution test
FAIL: c-c++-common/asan/swapcontext-test-1.c -O1 execution test
FAIL: c-c++-common/asan/swapcontext-test-1.c -O2 execution test
FAIL: c-c++-common/asan/swapcontext-test-1.c -O2 -flto -fno-use-linker-plugin -flto-partition=none execution test
FAIL: c-c++-common/asan/swapcontext-test-1.c -O2 -flto -fuse-linker-plugin -fno-fat-lto-objects execution test
FAIL: c-c++-common/asan/swapcontext-test-1.c -O3 -fomit-frame-pointer -funroll-loops -fpeel-loops -ftracer -finline-functions execution test
FAIL: c-c++-common/asan/swapcontext-test-1.c -O3 -g execution test
FAIL: c-c++-common/asan/swapcontext-test-1.c -Os execution test
FAIL: gcc.dg/pr20245-1.c (internal compiler error)
FAIL: gcc.dg/pr20245-1.c (test for excess errors)
FAIL: gcc.dg/pr28419.c (internal compiler error)
FAIL: gcc.dg/pr28419.c (test for excess errors)
FAIL: gcc.dg/ipa/iinline-attr.c scan-ipa-dump inline "hooray[^\\\\n]*inline copy in test"
FAIL: gcc.dg/tree-ssa/builtin-sprintf-warn-23.c (test for warnings, line 164)
FAIL: gcc.dg/tree-ssa/builtin-sprintf-warn-23.c (test for warnings, line 165)
FAIL: gcc.dg/tree-ssa/builtin-sprintf-warn-23.c (test for warnings, line 174)
FAIL: gcc.dg/tree-ssa/builtin-sprintf-warn-23.c (test for warnings, line 175)
FAIL: gcc.target/i386/pr57193.c scan-assembler-times movdqa 2
=== gcc Summary for unix ===
# of expected passes 144135
# of unexpected failures 25
# of expected failures 701
# of unsupported tests 3082
Running target unix/-m64
FAIL: gcc.dg/strcmpopt_8.c (test for excess errors)
FAIL: gcc.dg/strcmpopt_8.c scan-tree-dump-not forwprop1 "strncmp"
FAIL: gcc.dg/ipa/iinline-attr.c scan-ipa-dump inline "hooray[^\\\\n]*inline copy in test"
XPASS: gcc.dg/tree-ssa/builtin-snprintf-6.c scan-tree-dump-times optimized "Function test_assign_aggregate" 1
FAIL: gcc.dg/tree-ssa/builtin-sprintf-warn-23.c (test for warnings, line 164)
FAIL: gcc.dg/tree-ssa/builtin-sprintf-warn-23.c (test for warnings, line 165)
FAIL: gcc.dg/tree-ssa/builtin-sprintf-warn-23.c (test for warnings, line 174)
FAIL: gcc.dg/tree-ssa/builtin-sprintf-warn-23.c (test for warnings, line 175)
FAIL: gcc.target/i386/pr57193.c scan-assembler-times movdqa 2
=== gcc Summary for unix/-m64 ===
# of expected passes 144763
# of unexpected failures 8
# of unexpected successes 1
# of expected failures 690
# of unsupported tests 2460
=== gcc Summary ===
# of expected passes 288898
# of unexpected failures 33
# of unexpected successes 1
# of expected failures 1391
# of unsupported tests 5542
/var/gcc/regression/master/11-gcc-gas-gld/build/gcc/xgcc version 10.0.1 20200320 (experimental) [master revision 719c864225e28c33a0737a331a772781ce8e6591] (GCC)
=== gdc tests ===
Running target unix
FAIL: gdc.dg/pr92216.d -O0 scan-assembler _DT16_D7imports7pr922161B8__mixin24getSMFZPv[: \\t\\n]
FAIL: gdc.dg/pr92216.d -O0 -frelease scan-assembler _DT16_D7imports7pr922161B8__mixin24getSMFZPv[: \\t\\n]
FAIL: gdc.dg/pr92216.d -O0 -frelease -g scan-assembler _DT16_D7imports7pr922161B8__mixin24getSMFZPv[: \\t\\n]
FAIL: gdc.dg/pr92216.d -O0 -g scan-assembler _DT16_D7imports7pr922161B8__mixin24getSMFZPv[: \\t\\n]
FAIL: gdc.dg/pr92216.d -O1 scan-assembler _DT16_D7imports7pr922161B8__mixin24getSMFZPv[: \\t\\n]
FAIL: gdc.dg/pr92216.d -O1 -frelease scan-assembler _DT16_D7imports7pr922161B8__mixin24getSMFZPv[: \\t\\n]
FAIL: gdc.dg/pr92216.d -O1 -frelease -g scan-assembler _DT16_D7imports7pr922161B8__mixin24getSMFZPv[: \\t\\n]
FAIL: gdc.dg/pr92216.d -O1 -g scan-assembler _DT16_D7imports7pr922161B8__mixin24getSMFZPv[: \\t\\n]
FAIL: gdc.dg/pr92216.d -O2 scan-assembler _DT16_D7imports7pr922161B8__mixin24getSMFZPv[: \\t\\n]
FAIL: gdc.dg/pr92216.d -O2 -frelease scan-assembler _DT16_D7imports7pr922161B8__mixin24getSMFZPv[: \\t\\n]
FAIL: gdc.dg/pr92216.d -O2 -frelease -g scan-assembler _DT16_D7imports7pr922161B8__mixin24getSMFZPv[: \\t\\n]
FAIL: gdc.dg/pr92216.d -O2 -g scan-assembler _DT16_D7imports7pr922161B8__mixin24getSMFZPv[: \\t\\n]
FAIL: gdc.dg/pr92216.d -O3 scan-assembler _DT16_D7imports7pr922161B8__mixin24getSMFZPv[: \\t\\n]
FAIL: gdc.dg/pr92216.d -O3 -frelease scan-assembler _DT16_D7imports7pr922161B8__mixin24getSMFZPv[: \\t\\n]
FAIL: gdc.dg/pr92216.d -O3 -frelease -g scan-assembler _DT16_D7imports7pr922161B8__mixin24getSMFZPv[: \\t\\n]
FAIL: gdc.dg/pr92216.d -O3 -g scan-assembler _DT16_D7imports7pr922161B8__mixin24getSMFZPv[: \\t\\n]
FAIL: gdc.dg/pr92216.d -Os scan-assembler _DT16_D7imports7pr922161B8__mixin24getSMFZPv[: \\t\\n]
FAIL: gdc.dg/pr92216.d -Os -frelease scan-assembler _DT16_D7imports7pr922161B8__mixin24getSMFZPv[: \\t\\n]
FAIL: gdc.dg/pr92216.d -Os -frelease -g scan-assembler _DT16_D7imports7pr922161B8__mixin24getSMFZPv[: \\t\\n]
FAIL: gdc.dg/pr92216.d -Os -g scan-assembler _DT16_D7imports7pr922161B8__mixin24getSMFZPv[: \\t\\n]
FAIL: gdc.dg/lto/ltotests d_lto_ltotests_0.o-d_lto_ltotests_1.o link, -O0 -flto -flto-partition=1to1 -fno-use-linker-plugin (internal compiler error)
FAIL: gdc.dg/lto/ltotests d_lto_ltotests_0.o-d_lto_ltotests_1.o link, -O0 -flto -flto-partition=none -fuse-linker-plugin (internal compiler error)
FAIL: gdc.dg/lto/ltotests d_lto_ltotests_0.o-d_lto_ltotests_1.o link, -O0 -flto -fuse-linker-plugin -fno-fat-lto-objects (internal compiler error)
FAIL: gdc.dg/lto/ltotests d_lto_ltotests_0.o-d_lto_ltotests_1.o link, -O2 -flto -flto-partition=1to1 -fno-use-linker-plugin (internal compiler error)
FAIL: gdc.dg/lto/ltotests d_lto_ltotests_0.o-d_lto_ltotests_1.o link, -O2 -flto -flto-partition=none -fuse-linker-plugin -fno-fat-lto-objects (internal compiler error)
FAIL: gdc.dg/lto/ltotests d_lto_ltotests_0.o-d_lto_ltotests_1.o link, -O2 -flto -fuse-linker-plugin (internal compiler error)
=== gdc Summary for unix ===
# of expected passes 30257
# of unexpected failures 26
Running target unix/-m64
FAIL: gdc.dg/lto/ltotests d_lto_ltotests_0.o-d_lto_ltotests_1.o link, -O0 -flto -flto-partition=1to1 -fno-use-linker-plugin (internal compiler error)
FAIL: gdc.dg/lto/ltotests d_lto_ltotests_0.o-d_lto_ltotests_1.o link, -O0 -flto -flto-partition=none -fuse-linker-plugin (internal compiler error)
FAIL: gdc.dg/lto/ltotests d_lto_ltotests_0.o-d_lto_ltotests_1.o link, -O0 -flto -fuse-linker-plugin -fno-fat-lto-objects (internal compiler error)
FAIL: gdc.dg/lto/ltotests d_lto_ltotests_0.o-d_lto_ltotests_1.o link, -O2 -flto -flto-partition=1to1 -fno-use-linker-plugin (internal compiler error)
FAIL: gdc.dg/lto/ltotests d_lto_ltotests_0.o-d_lto_ltotests_1.o link, -O2 -flto -flto-partition=none -fuse-linker-plugin -fno-fat-lto-objects (internal compiler error)
FAIL: gdc.dg/lto/ltotests d_lto_ltotests_0.o-d_lto_ltotests_1.o link, -O2 -flto -fuse-linker-plugin (internal compiler error)
=== gdc Summary for unix/-m64 ===
# of expected passes 30277
# of unexpected failures 6
=== gdc Summary ===
# of expected passes 60534
# of unexpected failures 32
/var/gcc/regression/master/11-gcc-gas-gld/build/gcc/gdc version 10.0.1 20200320 (experimental) [master revision 719c864225e28c33a0737a331a772781ce8e6591] (GCC)
=== gfortran tests ===
Running target unix
=== gfortran Summary for unix ===
# of expected passes 53032
# of expected failures 191
# of unsupported tests 206
Running target unix/-m64
=== gfortran Summary for unix/-m64 ===
# of expected passes 53263
# of expected failures 189
# of unsupported tests 97
=== gfortran Summary ===
# of expected passes 106295
# of expected failures 380
# of unsupported tests 303
/var/gcc/regression/master/11-gcc-gas-gld/build/gcc/gfortran version 10.0.1 20200320 (experimental) [master revision 719c864225e28c33a0737a331a772781ce8e6591] (GCC)
=== gnat tests ===
Running target unix
=== gnat Summary for unix ===
# of expected passes 3281
# of expected failures 23
# of unsupported tests 9
Running target unix/-m64
=== gnat Summary for unix/-m64 ===
# of expected passes 3281
# of expected failures 23
# of unsupported tests 9
=== gnat Summary ===
# of expected passes 6562
# of expected failures 46
# of unsupported tests 18
/var/gcc/regression/master/11-gcc-gas-gld/build/gcc/gnatmake version 10.0.1 20200320 (experimental) [master revision 719c864225e28c33a0737a331a772781ce8e6591]
=== go tests ===
Running target unix
FAIL: ./index0-out.go execution, -O0 -g -fno-var-tracking-assignments
FAIL: go.test/test/fixedbugs/issue4085b.go execution, -O2 -g
=== go Summary for unix ===
# of expected passes 7469
# of unexpected failures 2
# of expected failures 1
# of untested testcases 10
# of unsupported tests 2
Running target unix/-m64
FAIL: ./index0-out.go execution, -O0 -g -fno-var-tracking-assignments
=== go Summary for unix/-m64 ===
# of expected passes 7351
# of unexpected failures 1
# of expected failures 1
# of untested testcases 10
# of unsupported tests 1
=== go Summary ===
# of expected passes 14820
# of unexpected failures 3
# of expected failures 2
# of untested testcases 20
# of unsupported tests 3
/var/gcc/regression/master/11-gcc-gas-gld/build/gcc/gccgo version 10.0.1 20200320 (experimental) [master revision 719c864225e28c33a0737a331a772781ce8e6591] (GCC)
=== obj-c++ tests ===
Running target unix
=== obj-c++ Summary for unix ===
# of expected passes 1450
# of expected failures 2
# of unsupported tests 77
Running target unix/-m64
=== obj-c++ Summary for unix/-m64 ===
# of expected passes 1442
# of expected failures 10
# of unsupported tests 77
=== obj-c++ Summary ===
# of expected passes 2892
# of expected failures 12
# of unsupported tests 154
/var/gcc/regression/master/11-gcc-gas-gld/build/gcc/xg++ version 10.0.1 20200320 (experimental) [master revision 719c864225e28c33a0737a331a772781ce8e6591] (GCC)
=== objc tests ===
Running target unix
=== objc Summary for unix ===
# of expected passes 2777
# of expected failures 6
# of unsupported tests 68
Running target unix/-m64
=== objc Summary for unix/-m64 ===
# of expected passes 2777
# of expected failures 6
# of unsupported tests 68
=== objc Summary ===
# of expected passes 5554
# of expected failures 12
# of unsupported tests 136
/var/gcc/regression/master/11-gcc-gas-gld/build/gcc/xgcc version 10.0.1 20200320 (experimental) [master revision 719c864225e28c33a0737a331a772781ce8e6591] (GCC)
=== gotools tests ===
FAIL: TestAbort
FAIL: TestMemmoveAtomicity
FAIL: TestSelectStackAdjust
FAIL: go test runtime
FAIL: Test4029
FAIL: go test misc/cgo/test
=== gotools Summary ===
# of expected passes 427
# of unexpected failures 6
# of untested testcases 191
/var/gcc/regression/master/11-gcc-gas-gld/build/./gcc/gccgo version 10.0.1 20200320 (experimental) [master revision 719c864225e28c33a0737a331a772781ce8e6591] (GCC)
=== libatomic tests ===
Running target unix
=== libatomic Summary for unix ===
# of expected passes 44
# of unsupported tests 5
Running target unix/-m64
=== libatomic Summary for unix/-m64 ===
# of expected passes 54
=== libatomic Summary ===
# of expected passes 98
# of unsupported tests 5
=== libffi tests ===
Running target unix
=== libffi Summary for unix ===
# of expected passes 2799
Running target unix/-m64
=== libffi Summary for unix/-m64 ===
# of expected passes 2214
=== libffi Summary ===
# of expected passes 5013
=== libgo tests ===
Running target unix
FAIL: go/build
FAIL: runtime
=== libgo Summary for unix ===
# of expected passes 171
# of unexpected failures 2
Running target unix/-m64
FAIL: go/build
=== libgo Summary for unix/-m64 ===
# of expected passes 172
# of unexpected failures 1
=== libgo Summary ===
# of expected passes 343
# of unexpected failures 3
/var/gcc/regression/master/11-gcc-gas-gld/build/./gcc/gccgo version 10.0.1 20200320 (experimental) [master revision 719c864225e28c33a0737a331a772781ce8e6591] (GCC)
=== libgomp tests ===
Running target unix
=== libgomp Summary for unix ===
# of expected passes 7672
# of expected failures 4
# of unsupported tests 435
Running target unix/-m64
=== libgomp Summary for unix/-m64 ===
# of expected passes 7672
# of expected failures 4
# of unsupported tests 435
=== libgomp Summary ===
# of expected passes 15344
# of expected failures 8
# of unsupported tests 870
=== libitm tests ===
Running target unix
=== libitm Summary for unix ===
# of expected passes 42
# of expected failures 3
# of unsupported tests 1
Running target unix/-m64
=== libitm Summary for unix/-m64 ===
# of expected passes 42
# of expected failures 3
# of unsupported tests 1
=== libitm Summary ===
# of expected passes 84
# of expected failures 6
# of unsupported tests 2
=== libphobos tests ===
Running target unix
FAIL: libphobos.phobos_shared/std/datetime/systime.d execution test
FAIL: libphobos.phobos_shared/std/datetime/timezone.d execution test
FAIL: libphobos.phobos_shared/std/format.d execution test
FAIL: libphobos.phobos_shared/std/math.d execution test
FAIL: libphobos.phobos_shared/std/parallelism.d execution test
FAIL: libphobos.shared/finalize.d -shared-libphobos -ldl execution test
FAIL: libphobos.shared/linkD.c lib.so -ldl -pthread execution test
FAIL: libphobos.shared/load.d -shared-libphobos -ldl execution test
FAIL: libphobos.shared/load_13414.d -shared-libphobos -ldl execution test
=== libphobos Summary for unix ===
# of expected passes 415
# of unexpected failures 9
Running target unix/-m64
FAIL: libphobos.phobos_shared/std/datetime/systime.d execution test
FAIL: libphobos.phobos_shared/std/datetime/timezone.d execution test
FAIL: libphobos.phobos_shared/std/format.d execution test
FAIL: libphobos.phobos_shared/std/math.d execution test
FAIL: libphobos.phobos_shared/std/parallelism.d execution test
FAIL: libphobos.shared/finalize.d -shared-libphobos -ldl execution test
FAIL: libphobos.shared/linkD.c lib.so -ldl -pthread execution test
FAIL: libphobos.shared/load.d -shared-libphobos -ldl execution test
FAIL: libphobos.shared/load_13414.d -shared-libphobos -ldl execution test
=== libphobos Summary for unix/-m64 ===
# of expected passes 415
# of unexpected failures 9
=== libphobos Summary ===
# of expected passes 830
# of unexpected failures 18
=== libstdc++ tests ===
Running target unix
=== libstdc++ Summary for unix ===
# of expected passes 13826
# of expected failures 94
# of unsupported tests 709
Running target unix/-m64
=== libstdc++ Summary for unix/-m64 ===
# of expected passes 13819
# of expected failures 93
# of unsupported tests 713
=== libstdc++ Summary ===
# of expected passes 27645
# of expected failures 187
# of unsupported tests 1422
Compiler version: 10.0.1 20200320 (experimental) [master revision 719c864225e28c33a0737a331a772781ce8e6591] (GCC)
Platform: i386-pc-solaris2.11
configure flags: --prefix=/vol/gcc --target=i386-pc-solaris2.11 --enable-objc-gc --with-target-bdw-gc-include=/vol/gcc/include --with-target-bdw-gc-lib=/vol/gcc/lib,amd64=/vol/gcc/lib/amd64 --with-as=/vol/gcc/bin/gas-2.34 --with-gnu-as --with-ld=/vol/gcc/bin/gld-2.34 --with-gnu-ld --with-gmp-include=/vol/gcc/include --with-gmp-lib=/vol/gcc/lib --with-mpfr-include=/vol/gcc/include --with-mpfr-lib=/vol/gcc/lib --with-mpc-include=/vol/gcc/include --with-mpc-lib=/vol/gcc/lib --enable-languages=all,ada,obj-c++,go --with-isl-include=/vol/gcc/include --with-isl-lib=/vol/gcc/lib --with-zstd-include=/vol/gcc/include --with-zstd-lib=/vol/gcc/lib --build=i386-pc-solaris2.11 --host=i386-pc-solaris2.11
BOOT_CFLAGS=-g -O2
More information about the Gcc-testresults
mailing list