Results for 8.4.0 (GCC) testsuite on x86_64-apple-darwin18
Iain Sandoe
iains.gcc@gmail.com
Sat Mar 21 10:11:21 GMT 2020
Bootstrap compiler Apple clang
LAST_UPDATED: Wed Mar 4 09:15:30 UTC 2020 (revision r8-10105-g8cd3bffead2e)
Native configuration is x86_64-apple-darwin18
=== g++ tests ===
Running target unix
FAIL: c-c++-common/asan/alloca_big_alignment.c -Os output pattern test
FAIL: c-c++-common/asan/alloca_detect_custom_size.c -Os output pattern test
FAIL: c-c++-common/asan/alloca_overflow_partial.c -Os output pattern test
FAIL: c-c++-common/asan/alloca_overflow_right.c -Os output pattern test
FAIL: c-c++-common/asan/alloca_underflow_left.c -Os output pattern test
FAIL: g++.dg/ipa/pr67056.C scan-ipa-dump cp "Speculative outer type:struct CompositeClass"
FAIL: g++.dg/pr83239.C -std=gnu++98 (test for excess errors)
FAIL: g++.dg/lto/pr65276 cp_lto_pr65276_0.o-cp_lto_pr65276_1.o link, -flto -O0 -std=c++11
FAIL: g++.dg/lto/pr65549 cp_lto_pr65549_0.o-cp_lto_pr65549_0.o link, -std=gnu++14 -flto -g -O2 -fno-inline -flto-partition=max -Wno-return-type
FAIL: g++.dg/tree-prof/pr57451.C compilation, -fprofile-generate -D_PROFILE_GENERATE
UNRESOLVED: g++.dg/tree-prof/pr57451.C compilation, -fprofile-use -D_PROFILE_USE
UNRESOLVED: g++.dg/tree-prof/pr57451.C execution, -fprofile-generate -D_PROFILE_GENERATE
UNRESOLVED: g++.dg/tree-prof/pr57451.C execution, -fprofile-use -D_PROFILE_USE
FAIL: g++.dg/tree-prof/pr63581.C compilation, -fprofile-generate -D_PROFILE_GENERATE
UNRESOLVED: g++.dg/tree-prof/pr63581.C compilation, -fprofile-use -D_PROFILE_USE
UNRESOLVED: g++.dg/tree-prof/pr63581.C execution, -fprofile-generate -D_PROFILE_GENERATE
UNRESOLVED: g++.dg/tree-prof/pr63581.C execution, -fprofile-use -D_PROFILE_USE
FAIL: g++.dg/ubsan/pr82353.C -O0 scan-rtl-dump-not reload "Inserting rematerialization insn"
FAIL: g++.dg/ubsan/pr82353.C -O1 scan-rtl-dump-not reload "Inserting rematerialization insn"
FAIL: g++.dg/ubsan/pr82353.C -O2 scan-rtl-dump-not reload "Inserting rematerialization insn"
FAIL: g++.dg/ubsan/pr82353.C -O2 -flto scan-rtl-dump-not reload "Inserting rematerialization insn"
FAIL: g++.dg/ubsan/pr82353.C -O2 -flto -flto-partition=none scan-rtl-dump-not reload "Inserting rematerialization insn"
FAIL: g++.dg/ubsan/pr82353.C -O3 -g scan-rtl-dump-not reload "Inserting rematerialization insn"
FAIL: g++.dg/ubsan/pr82353.C -Os scan-rtl-dump-not reload "Inserting rematerialization insn"
FAIL: g++.old-deja/g++.law/profile1.C -std=gnu++11 execution test
FAIL: g++.old-deja/g++.law/profile1.C -std=gnu++14 execution test
FAIL: g++.old-deja/g++.law/profile1.C -std=gnu++98 execution test
=== g++ Summary ===
# of expected passes 121885
# of unexpected failures 21
# of expected failures 523
# of unresolved testcases 6
# of unsupported tests 5588
/scratch/10-14-moj/gcc-8-wip/gcc/xg++ version 8.4.0 (GCC)
=== gcc tests ===
Running target unix
FAIL: c-c++-common/asan/alloca_big_alignment.c -Os output pattern test
FAIL: c-c++-common/asan/alloca_detect_custom_size.c -Os output pattern test
FAIL: c-c++-common/asan/alloca_overflow_partial.c -Os output pattern test
FAIL: c-c++-common/asan/alloca_overflow_right.c -Os output pattern test
FAIL: c-c++-common/asan/alloca_underflow_left.c -Os output pattern test
FAIL: c-c++-common/asan/strncpy-overflow-1.c -O0 output pattern test
FAIL: c-c++-common/asan/strncpy-overflow-1.c -O1 (test for excess errors)
FAIL: c-c++-common/asan/strncpy-overflow-1.c -O1 output pattern test
FAIL: c-c++-common/asan/strncpy-overflow-1.c -O2 (test for excess errors)
FAIL: c-c++-common/asan/strncpy-overflow-1.c -O2 output pattern test
FAIL: c-c++-common/asan/strncpy-overflow-1.c -O2 -flto (test for excess errors)
FAIL: c-c++-common/asan/strncpy-overflow-1.c -O2 -flto output pattern test
FAIL: c-c++-common/asan/strncpy-overflow-1.c -O2 -flto -flto-partition=none (test for excess errors)
FAIL: c-c++-common/asan/strncpy-overflow-1.c -O2 -flto -flto-partition=none output pattern test
FAIL: c-c++-common/asan/strncpy-overflow-1.c -O3 -g (test for excess errors)
FAIL: c-c++-common/asan/strncpy-overflow-1.c -O3 -g output pattern test
FAIL: c-c++-common/asan/strncpy-overflow-1.c -Os (test for excess errors)
FAIL: c-c++-common/asan/strncpy-overflow-1.c -Os output pattern test
FAIL: c-c++-common/Wrestrict-2.c -Wc++-compat strcpy (test for warnings, line 39)
FAIL: gcc.dg/aru-2.c execution test
FAIL: gcc.dg/darwin-version-1.c (test for excess errors)
FAIL: gcc.dg/framework-1.c (test for excess errors)
FAIL: gcc.dg/nest.c execution test
FAIL: gcc.dg/nested-func-4.c execution test
FAIL: gcc.dg/pr32450.c execution test
FAIL: gcc.dg/pr43643.c execution test
FAIL: gcc.dg/pr57438-2.c scan-assembler nop\\\\nLFE.*
FAIL: gcc.dg/graphite/scop-19.c scan-tree-dump-times graphite "number of SCoPs: 0" 1
FAIL: gcc.target/i386/pr78035.c scan-assembler-times cmp 2
WARNING: Could not build gcc.target/x86_64/abi/ms-sysv generator
WARNING: Could not build gcc.target/x86_64/abi/ms-sysv generator
WARNING: Could not build gcc.target/x86_64/abi/ms-sysv generator
WARNING: Could not build gcc.target/x86_64/abi/ms-sysv generator
WARNING: Could not build gcc.target/x86_64/abi/ms-sysv generator
WARNING: Could not build gcc.target/x86_64/abi/ms-sysv generator
WARNING: Could not build gcc.target/x86_64/abi/ms-sysv generator
WARNING: Could not build gcc.target/x86_64/abi/ms-sysv generator
WARNING: Could not build gcc.target/x86_64/abi/ms-sysv generator
WARNING: Could not build gcc.target/x86_64/abi/ms-sysv generator
WARNING: Could not build gcc.target/x86_64/abi/ms-sysv generator
WARNING: Could not build gcc.target/x86_64/abi/ms-sysv generator
FAIL: gcc.target/x86_64/abi/ms-sysv/ms-sysv.c -O0 -g3 "-DGEN_ARGS=-p0\\ --omit-rbp-clobbers" (test for excess errors)
UNRESOLVED: gcc.target/x86_64/abi/ms-sysv/ms-sysv.c -O0 -g3 "-DGEN_ARGS=-p0\\ --omit-rbp-clobbers" compilation failed to produce executable
FAIL: gcc.target/x86_64/abi/ms-sysv/ms-sysv.c -O0 -g3 "-DGEN_ARGS=-p1\\ --omit-rbp-clobbers" (test for excess errors)
UNRESOLVED: gcc.target/x86_64/abi/ms-sysv/ms-sysv.c -O0 -g3 "-DGEN_ARGS=-p1\\ --omit-rbp-clobbers" compilation failed to produce executable
FAIL: gcc.target/x86_64/abi/ms-sysv/ms-sysv.c -O0 -g3 "-DGEN_ARGS=-p5\\ --omit-rbp-clobbers" (test for excess errors)
UNRESOLVED: gcc.target/x86_64/abi/ms-sysv/ms-sysv.c -O0 -g3 "-DGEN_ARGS=-p5\\ --omit-rbp-clobbers" compilation failed to produce executable
FAIL: gcc.target/x86_64/abi/ms-sysv/ms-sysv.c -O2 "-DGEN_ARGS=-p0" (test for excess errors)
UNRESOLVED: gcc.target/x86_64/abi/ms-sysv/ms-sysv.c -O2 "-DGEN_ARGS=-p0" compilation failed to produce executable
FAIL: gcc.target/x86_64/abi/ms-sysv/ms-sysv.c -O2 "-DGEN_ARGS=-p1" (test for excess errors)
UNRESOLVED: gcc.target/x86_64/abi/ms-sysv/ms-sysv.c -O2 "-DGEN_ARGS=-p1" compilation failed to produce executable
FAIL: gcc.target/x86_64/abi/ms-sysv/ms-sysv.c -O2 "-DGEN_ARGS=-p5" (test for excess errors)
UNRESOLVED: gcc.target/x86_64/abi/ms-sysv/ms-sysv.c -O2 "-DGEN_ARGS=-p5" compilation failed to produce executable
FAIL: gcc.target/x86_64/abi/ms-sysv/ms-sysv.c -mcall-ms2sysv-xlogues -O0 -g3 "-DGEN_ARGS=-p0\\ --omit-rbp-clobbers" (test for excess errors)
UNRESOLVED: gcc.target/x86_64/abi/ms-sysv/ms-sysv.c -mcall-ms2sysv-xlogues -O0 -g3 "-DGEN_ARGS=-p0\\ --omit-rbp-clobbers" compilation failed to produce executable
FAIL: gcc.target/x86_64/abi/ms-sysv/ms-sysv.c -mcall-ms2sysv-xlogues -O0 -g3 "-DGEN_ARGS=-p1\\ --omit-rbp-clobbers" (test for excess errors)
UNRESOLVED: gcc.target/x86_64/abi/ms-sysv/ms-sysv.c -mcall-ms2sysv-xlogues -O0 -g3 "-DGEN_ARGS=-p1\\ --omit-rbp-clobbers" compilation failed to produce executable
FAIL: gcc.target/x86_64/abi/ms-sysv/ms-sysv.c -mcall-ms2sysv-xlogues -O0 -g3 "-DGEN_ARGS=-p5\\ --omit-rbp-clobbers" (test for excess errors)
UNRESOLVED: gcc.target/x86_64/abi/ms-sysv/ms-sysv.c -mcall-ms2sysv-xlogues -O0 -g3 "-DGEN_ARGS=-p5\\ --omit-rbp-clobbers" compilation failed to produce executable
FAIL: gcc.target/x86_64/abi/ms-sysv/ms-sysv.c -mcall-ms2sysv-xlogues -O2 "-DGEN_ARGS=-p0" (test for excess errors)
UNRESOLVED: gcc.target/x86_64/abi/ms-sysv/ms-sysv.c -mcall-ms2sysv-xlogues -O2 "-DGEN_ARGS=-p0" compilation failed to produce executable
FAIL: gcc.target/x86_64/abi/ms-sysv/ms-sysv.c -mcall-ms2sysv-xlogues -O2 "-DGEN_ARGS=-p1" (test for excess errors)
UNRESOLVED: gcc.target/x86_64/abi/ms-sysv/ms-sysv.c -mcall-ms2sysv-xlogues -O2 "-DGEN_ARGS=-p1" compilation failed to produce executable
FAIL: gcc.target/x86_64/abi/ms-sysv/ms-sysv.c -mcall-ms2sysv-xlogues -O2 "-DGEN_ARGS=-p5" (test for excess errors)
UNRESOLVED: gcc.target/x86_64/abi/ms-sysv/ms-sysv.c -mcall-ms2sysv-xlogues -O2 "-DGEN_ARGS=-p5" compilation failed to produce executable
=== gcc Summary ===
# of expected passes 128217
# of unexpected failures 41
# of expected failures 398
# of unresolved testcases 12
# of unsupported tests 2787
/scratch/10-14-moj/gcc-8-wip/gcc/xgcc version 8.4.0 (GCC)
=== gfortran tests ===
Running target unix
=== gfortran Summary ===
# of expected passes 48228
# of expected failures 93
# of unsupported tests 75
/scratch/10-14-moj/gcc-8-wip/gcc/gfortran version 8.4.0 (GCC)
=== obj-c++ tests ===
Running target unix
FAIL: obj-c++.dg/bitfield-2.mm -fnext-runtime execution test
FAIL: obj-c++.dg/gnu-api-2-objc.mm -fnext-runtime execution test
FAIL: obj-c++.dg/try-catch-2.mm -fnext-runtime execution test
FAIL: obj-c++.dg/try-catch-9.mm -fnext-runtime execution test
FAIL: obj-c++.dg/plugin/diagnostic-test-expressions-1.mm -fplugin=./diagnostic_plugin_test_tree_expression_range.so (test for warnings, line 60)
FAIL: obj-c++.dg/plugin/diagnostic-test-expressions-1.mm -fplugin=./diagnostic_plugin_test_tree_expression_range.so (test for warnings, line 68)
FAIL: obj-c++.dg/plugin/diagnostic-test-expressions-1.mm -fplugin=./diagnostic_plugin_test_tree_expression_range.so expected multiline pattern lines 62-63 not found: " __emit_expression_range \\( 0, @selector\\(func0\\) \\);.*\\n \\^~~~~~~~~~~~~~~~\\n"
FAIL: obj-c++.dg/plugin/diagnostic-test-expressions-1.mm -fplugin=./diagnostic_plugin_test_tree_expression_range.so expected multiline pattern lines 70-71 not found: " __emit_expression_range \\( 0, @protocol\\(prot\\) \\);.*\\n \\^~~~~~~~~~~~~~~\\n"
FAIL: obj-c++.dg/plugin/diagnostic-test-expressions-1.mm -fplugin=./diagnostic_plugin_test_tree_expression_range.so (test for excess errors)
FAIL: obj-c++.dg/property/synthesize-10.mm -fnext-runtime execution test
=== obj-c++ Summary ===
# of expected passes 3072
# of unexpected failures 10
# of expected failures 18
# of unsupported tests 70
/scratch/10-14-moj/gcc-8-wip/gcc/xg++ version 8.4.0 (GCC)
=== objc tests ===
Running target unix
FAIL: objc.dg/call-super-2.m -fnext-runtime (test for warnings, line 104)
FAIL: objc.dg/call-super-2.m -fnext-runtime (test for warnings, line 74)
FAIL: objc.dg/category-1.m -fnext-runtime execution test
FAIL: objc.dg/exceptions-2.m -fnext-runtime execution test
FAIL: objc.dg/gnu-api-2-objc.m -fnext-runtime execution test
FAIL: objc.dg/super-class-3.m -fnext-runtime execution test
FAIL: objc.dg/plugin/diagnostic-test-expressions-1.m -fplugin=./diagnostic_plugin_test_tree_expression_range.so (test for warnings, line 60)
FAIL: objc.dg/plugin/diagnostic-test-expressions-1.m -fplugin=./diagnostic_plugin_test_tree_expression_range.so (test for warnings, line 68)
FAIL: objc.dg/plugin/diagnostic-test-expressions-1.m -fplugin=./diagnostic_plugin_test_tree_expression_range.so expected multiline pattern lines 62-63 not found: " __emit_expression_range \\( 0, @selector\\(func0\\) \\);.*\\n \\^~~~~~~~~~~~~~~~\\n"
FAIL: objc.dg/plugin/diagnostic-test-expressions-1.m -fplugin=./diagnostic_plugin_test_tree_expression_range.so expected multiline pattern lines 70-71 not found: " __emit_expression_range \\( 0, @protocol\\(prot\\) \\);.*\\n ~~~~~~~~~~~~~~~\\n"
FAIL: objc.dg/plugin/diagnostic-test-expressions-1.m -fplugin=./diagnostic_plugin_test_tree_expression_range.so (test for excess errors)
FAIL: objc.dg/torture/forward-1.m -O0 -fnext-runtime execution test
FAIL: objc.dg/torture/forward-1.m -O1 -fnext-runtime execution test
FAIL: objc.dg/torture/forward-1.m -O2 -fnext-runtime execution test
FAIL: objc.dg/torture/forward-1.m -O2 -flto -fnext-runtime execution test
FAIL: objc.dg/torture/forward-1.m -O2 -flto -flto-partition=none -fnext-runtime execution test
FAIL: objc.dg/torture/forward-1.m -O3 -fomit-frame-pointer -funroll-loops -fpeel-loops -ftracer -finline-functions -fnext-runtime execution test
FAIL: objc.dg/torture/forward-1.m -O3 -g -fnext-runtime execution test
FAIL: objc.dg/torture/forward-1.m -Os -fnext-runtime execution test
=== objc Summary ===
# of expected passes 5529
# of unexpected failures 19
# of expected failures 7
# of unsupported tests 88
/scratch/10-14-moj/gcc-8-wip/gcc/xgcc version 8.4.0 (GCC)
=== libatomic tests ===
Running target unix
=== libatomic Summary ===
# of expected passes 54
=== libgomp tests ===
Running target unix
FAIL: libgomp.fortran/examples-4/simd-3.f90 -Os execution test
=== libgomp Summary ===
# of expected passes 5606
# of unexpected failures 1
# of expected failures 2
# of unsupported tests 293
=== libitm tests ===
Running target unix
=== libitm Summary ===
# of expected passes 40
# of expected failures 3
# of unsupported tests 2
=== libstdc++ tests ===
Running target unix
=== libstdc++ Summary ===
# of expected passes 11389
# of expected failures 71
# of unsupported tests 675
Compiler version: 8.4.0 (GCC)
Platform: x86_64-apple-darwin18
configure flags: --prefix=/opt/iains/x86_64-apple-darwin18/gcc-8-4a --target=x86_64-apple-darwin18 --host=x86_64-apple-darwin18 --build=x86_64-apple-darwin18 --with-sysroot=/Library/Developer/CommandLineTools/SDKs/MacOSX.sdk --with-as=/XC/11.4b2/usr/bin/as --with-ld=/XC/11.4b2/usr/bin/ld --enable-languages=all CC=clang CXX=clang++
More information about the Gcc-testresults
mailing list