Results for 8.4.0 (GCC) testsuite on x86_64-apple-darwin12
Iain Sandoe
iains.gcc@gmail.com
Sat Mar 21 10:01:53 GMT 2020
[VM, timeouts might not be significant]
bootstrap compiler Apple clang
LAST_UPDATED: Wed Mar 4 09:33:01 UTC 2020 (revision r8-10105-g8cd3bffead2e)
Native configuration is x86_64-apple-darwin12
=== g++ tests ===
Running target unix/-m32
FAIL: c-c++-common/asan/null-deref-1.c -O0 output pattern test
FAIL: c-c++-common/asan/null-deref-1.c -O1 output pattern test
FAIL: c-c++-common/asan/null-deref-1.c -O2 output pattern test
FAIL: c-c++-common/asan/null-deref-1.c -O2 -flto output pattern test
FAIL: c-c++-common/asan/null-deref-1.c -O2 -flto -flto-partition=none output pattern test
FAIL: c-c++-common/asan/null-deref-1.c -O3 -g output pattern test
FAIL: c-c++-common/asan/null-deref-1.c -Os output pattern test
FAIL: g++.dg/ipa/pr67056.C scan-ipa-dump cp "Speculative outer type:struct CompositeClass"
FAIL: g++.dg/pr80481.C -std=gnu++11 scan-assembler-not vmovaps
FAIL: g++.dg/pr80481.C -std=gnu++14 scan-assembler-not vmovaps
FAIL: g++.dg/pr80481.C -std=gnu++98 scan-assembler-not vmovaps
FAIL: g++.dg/pr83239.C -std=gnu++98 (test for excess errors)
WARNING: program timed out.
FAIL: g++.dg/lto/pr65276 cp_lto_pr65276_0.o-cp_lto_pr65276_1.o link, -flto -O0 -std=c++11
FAIL: g++.dg/lto/pr65549 cp_lto_pr65549_0.o-cp_lto_pr65549_0.o link, -std=gnu++14 -flto -g -O2 -fno-inline -flto-partition=max -Wno-return-type
FAIL: g++.dg/tls/thread_local-order2.C -std=c++11 execution test
FAIL: g++.dg/tls/thread_local-order2.C -std=c++14 execution test
FAIL: g++.dg/tree-prof/pr57451.C compilation, -fprofile-generate -D_PROFILE_GENERATE
UNRESOLVED: g++.dg/tree-prof/pr57451.C compilation, -fprofile-use -D_PROFILE_USE
UNRESOLVED: g++.dg/tree-prof/pr57451.C execution, -fprofile-generate -D_PROFILE_GENERATE
UNRESOLVED: g++.dg/tree-prof/pr57451.C execution, -fprofile-use -D_PROFILE_USE
FAIL: g++.dg/tree-prof/pr63581.C compilation, -fprofile-generate -D_PROFILE_GENERATE
UNRESOLVED: g++.dg/tree-prof/pr63581.C compilation, -fprofile-use -D_PROFILE_USE
UNRESOLVED: g++.dg/tree-prof/pr63581.C execution, -fprofile-generate -D_PROFILE_GENERATE
UNRESOLVED: g++.dg/tree-prof/pr63581.C execution, -fprofile-use -D_PROFILE_USE
FAIL: c-c++-common/ubsan/float-cast-overflow-8.c -O2 -flto (test for excess errors)
WARNING: program timed out.
=== g++ Summary for unix/-m32 ===
# of expected passes 121653
# of unexpected failures 19
# of expected failures 520
# of unresolved testcases 6
# of unsupported tests 5457
Running target unix/-m64
FAIL: g++.dg/ipa/pr67056.C scan-ipa-dump cp "Speculative outer type:struct CompositeClass"
FAIL: g++.dg/pr83239.C -std=gnu++98 (test for excess errors)
WARNING: program timed out.
FAIL: g++.dg/lto/pr65276 cp_lto_pr65276_0.o-cp_lto_pr65276_1.o link, -flto -O0 -std=c++11
FAIL: g++.dg/lto/pr65549 cp_lto_pr65549_0.o-cp_lto_pr65549_0.o link, -std=gnu++14 -flto -g -O2 -fno-inline -flto-partition=max -Wno-return-type
FAIL: g++.dg/tls/thread_local-order2.C -std=c++11 execution test
FAIL: g++.dg/tls/thread_local-order2.C -std=c++14 execution test
FAIL: g++.dg/tree-prof/pr57451.C compilation, -fprofile-generate -D_PROFILE_GENERATE
UNRESOLVED: g++.dg/tree-prof/pr57451.C compilation, -fprofile-use -D_PROFILE_USE
UNRESOLVED: g++.dg/tree-prof/pr57451.C execution, -fprofile-generate -D_PROFILE_GENERATE
UNRESOLVED: g++.dg/tree-prof/pr57451.C execution, -fprofile-use -D_PROFILE_USE
FAIL: g++.dg/tree-prof/pr63581.C compilation, -fprofile-generate -D_PROFILE_GENERATE
UNRESOLVED: g++.dg/tree-prof/pr63581.C compilation, -fprofile-use -D_PROFILE_USE
UNRESOLVED: g++.dg/tree-prof/pr63581.C execution, -fprofile-generate -D_PROFILE_GENERATE
UNRESOLVED: g++.dg/tree-prof/pr63581.C execution, -fprofile-use -D_PROFILE_USE
FAIL: g++.dg/ubsan/pr82353.C -O0 scan-rtl-dump-not reload "Inserting rematerialization insn"
FAIL: g++.dg/ubsan/pr82353.C -O1 scan-rtl-dump-not reload "Inserting rematerialization insn"
FAIL: g++.dg/ubsan/pr82353.C -O2 scan-rtl-dump-not reload "Inserting rematerialization insn"
FAIL: g++.dg/ubsan/pr82353.C -O2 -flto scan-rtl-dump-not reload "Inserting rematerialization insn"
FAIL: g++.dg/ubsan/pr82353.C -O2 -flto -flto-partition=none scan-rtl-dump-not reload "Inserting rematerialization insn"
FAIL: g++.dg/ubsan/pr82353.C -O3 -g scan-rtl-dump-not reload "Inserting rematerialization insn"
FAIL: g++.dg/ubsan/pr82353.C -Os scan-rtl-dump-not reload "Inserting rematerialization insn"
=== g++ Summary for unix/-m64 ===
# of expected passes 123250
# of unexpected failures 15
# of expected failures 523
# of unresolved testcases 6
# of unsupported tests 5608
=== g++ Summary ===
# of expected passes 244903
# of unexpected failures 34
# of expected failures 1043
# of unresolved testcases 12
# of unsupported tests 11065
/Volumes/osx-8-compilers/10-12-ml/gcc-8-wip/gcc/testsuite/g++/../../xg++ version 8.4.0 (GCC)
=== gcc tests ===
Running target unix/-m32
FAIL: gcc.c-torture/compile/20020129-1.c -Os (test for excess errors)
WARNING: program timed out.
FAIL: c-c++-common/asan/null-deref-1.c -O0 output pattern test
FAIL: c-c++-common/asan/null-deref-1.c -O1 output pattern test
FAIL: c-c++-common/asan/null-deref-1.c -O2 output pattern test
FAIL: c-c++-common/asan/null-deref-1.c -O2 -flto output pattern test
FAIL: c-c++-common/asan/null-deref-1.c -O2 -flto -flto-partition=none output pattern test
FAIL: c-c++-common/asan/null-deref-1.c -O3 -g output pattern test
FAIL: c-c++-common/asan/null-deref-1.c -Os output pattern test
FAIL: c-c++-common/asan/strncpy-overflow-1.c -O0 output pattern test
FAIL: c-c++-common/asan/strncpy-overflow-1.c -O1 output pattern test
FAIL: c-c++-common/asan/strncpy-overflow-1.c -O2 output pattern test
FAIL: c-c++-common/asan/strncpy-overflow-1.c -O2 -flto output pattern test
FAIL: c-c++-common/asan/strncpy-overflow-1.c -O2 -flto -flto-partition=none output pattern test
FAIL: c-c++-common/asan/strncpy-overflow-1.c -O3 -g output pattern test
FAIL: c-c++-common/asan/strncpy-overflow-1.c -Os output pattern test
FAIL: c-c++-common/Warray-bounds-2.c -Wc++-compat (test for warnings, line 177)
FAIL: c-c++-common/Warray-bounds-2.c -Wc++-compat (test for warnings, line 205)
FAIL: c-c++-common/Warray-bounds-2.c -Wc++-compat (test for excess errors)
FAIL: c-c++-common/Warray-bounds-2.c -Wc++-compat memcpy (test for warnings, line 30)
FAIL: c-c++-common/Warray-bounds-2.c -Wc++-compat memcpy (test for warnings, line 46)
FAIL: c-c++-common/Warray-bounds-2.c -Wc++-compat memcpy (test for warnings, line 71)
FAIL: c-c++-common/Warray-bounds-2.c -Wc++-compat strcat (test for warnings, line 85)
FAIL: c-c++-common/Warray-bounds-2.c -Wc++-compat strcpy (test for warnings, line 112)
FAIL: c-c++-common/Warray-bounds-2.c -Wc++-compat strncpy (test for warnings, line 142)
FAIL: c-c++-common/Warray-bounds-2.c -Wc++-compat strncpy (test for warnings, line 172)
FAIL: c-c++-common/Warray-bounds-2.c -Wc++-compat strncpy (test for warnings, line 186)
FAIL: c-c++-common/Warray-bounds-2.c -Wc++-compat strncpy (test for warnings, line 191)
FAIL: c-c++-common/Warray-bounds-2.c -Wc++-compat strncpy (test for warnings, line 200)
FAIL: c-c++-common/Wrestrict-2.c -Wc++-compat strcat (test for warnings, line 27)
FAIL: c-c++-common/Wrestrict-2.c -Wc++-compat strcpy (test for warnings, line 39)
FAIL: c-c++-common/Wrestrict-2.c -Wc++-compat strncat (test for warnings, line 51)
FAIL: c-c++-common/Wrestrict-2.c -Wc++-compat strncpy (test for warnings, line 63)
FAIL: gcc.dg/pr57438-2.c scan-assembler nop\\\\nLFE.*
FAIL: gcc.dg/stack-layout-dynamic-1.c (test for excess errors)
UNRESOLVED: gcc.dg/stack-layout-dynamic-1.c scan-assembler-not cfi_def_cfa_register
FAIL: gcc.dg/graphite/scop-19.c scan-tree-dump-times graphite "number of SCoPs: 0" 1
FAIL: gcc.dg/torture/builtin-self.c -O0 scan-assembler-not \\tcall
FAIL: gcc.misc-tests/linkage.c link
FAIL: gcc.target/i386/darwin-fpmath.c scan-assembler addsd
FAIL: gcc.target/i386/naked-1.c scan-assembler-not (?n)^\\\\s*ret\$
FAIL: gcc.target/i386/pad-3.c scan-assembler-not nop
FAIL: gcc.target/i386/pr36502.c scan-assembler-not esp
FAIL: gcc.target/i386/pr66334.c scan-assembler movl[ \\\\t].+, %ebx
FAIL: gcc.target/i386/pr71245-1.c scan-assembler-not (fistp|fild)
FAIL: gcc.target/i386/pr71245-2.c scan-assembler-not movlps
FAIL: gcc.target/i386/pr78035.c scan-assembler-times cmp 2
FAIL: gcc.target/i386/pr81736-5.c scan-assembler-not %[re]bp
FAIL: gcc.target/i386/pr84278.c scan-assembler-not \\\\(%.sp\\\\)
=== gcc Summary for unix/-m32 ===
# of expected passes 123824
# of unexpected failures 47
# of expected failures 405
# of unresolved testcases 1
# of unsupported tests 4984
Running target unix/-m64
FAIL: c-c++-common/asan/strncpy-overflow-1.c -O0 output pattern test
FAIL: c-c++-common/asan/strncpy-overflow-1.c -O1 output pattern test
FAIL: c-c++-common/asan/strncpy-overflow-1.c -O2 output pattern test
FAIL: c-c++-common/asan/strncpy-overflow-1.c -O2 -flto output pattern test
FAIL: c-c++-common/asan/strncpy-overflow-1.c -O2 -flto -flto-partition=none output pattern test
FAIL: c-c++-common/asan/strncpy-overflow-1.c -O3 -g output pattern test
FAIL: c-c++-common/asan/strncpy-overflow-1.c -Os output pattern test
FAIL: c-c++-common/Warray-bounds-2.c -Wc++-compat (test for warnings, line 177)
FAIL: c-c++-common/Warray-bounds-2.c -Wc++-compat (test for warnings, line 205)
FAIL: c-c++-common/Warray-bounds-2.c -Wc++-compat (test for excess errors)
FAIL: c-c++-common/Warray-bounds-2.c -Wc++-compat memcpy (test for warnings, line 30)
FAIL: c-c++-common/Warray-bounds-2.c -Wc++-compat memcpy (test for warnings, line 46)
FAIL: c-c++-common/Warray-bounds-2.c -Wc++-compat memcpy (test for warnings, line 71)
FAIL: c-c++-common/Warray-bounds-2.c -Wc++-compat strcat (test for warnings, line 85)
FAIL: c-c++-common/Warray-bounds-2.c -Wc++-compat strcpy (test for warnings, line 112)
FAIL: c-c++-common/Warray-bounds-2.c -Wc++-compat strncpy (test for warnings, line 142)
FAIL: c-c++-common/Warray-bounds-2.c -Wc++-compat strncpy (test for warnings, line 172)
FAIL: c-c++-common/Warray-bounds-2.c -Wc++-compat strncpy (test for warnings, line 186)
FAIL: c-c++-common/Warray-bounds-2.c -Wc++-compat strncpy (test for warnings, line 191)
FAIL: c-c++-common/Warray-bounds-2.c -Wc++-compat strncpy (test for warnings, line 200)
FAIL: c-c++-common/Wrestrict-2.c -Wc++-compat strcat (test for warnings, line 27)
FAIL: c-c++-common/Wrestrict-2.c -Wc++-compat strcpy (test for warnings, line 39)
FAIL: c-c++-common/Wrestrict-2.c -Wc++-compat strncat (test for warnings, line 51)
FAIL: c-c++-common/Wrestrict-2.c -Wc++-compat strncpy (test for warnings, line 63)
FAIL: gcc.dg/pr57438-2.c scan-assembler nop\\\\nLFE.*
FAIL: c-c++-common/gomp/pr56883.c (test for excess errors)
WARNING: program timed out.
FAIL: gcc.dg/graphite/scop-19.c scan-tree-dump-times graphite "number of SCoPs: 0" 1
FAIL: gcc.dg/rtl/x86_64/final.c (internal compiler error)
FAIL: gcc.dg/rtl/x86_64/final.c (test for excess errors)
UNRESOLVED: gcc.dg/rtl/x86_64/final.c scan-assembler .cfi_endproc
UNRESOLVED: gcc.dg/rtl/x86_64/final.c scan-assembler .cfi_startproc
UNRESOLVED: gcc.dg/rtl/x86_64/final.c scan-assembler ret
UNRESOLVED: gcc.dg/rtl/x86_64/final.c scan-assembler test_1:
FAIL: gcc.target/i386/pr78035.c scan-assembler-times cmp 2
WARNING: Could not build gcc.target/x86_64/abi/ms-sysv generator
WARNING: Could not build gcc.target/x86_64/abi/ms-sysv generator
WARNING: Could not build gcc.target/x86_64/abi/ms-sysv generator
WARNING: Could not build gcc.target/x86_64/abi/ms-sysv generator
WARNING: Could not build gcc.target/x86_64/abi/ms-sysv generator
WARNING: Could not build gcc.target/x86_64/abi/ms-sysv generator
WARNING: Could not build gcc.target/x86_64/abi/ms-sysv generator
WARNING: Could not build gcc.target/x86_64/abi/ms-sysv generator
WARNING: Could not build gcc.target/x86_64/abi/ms-sysv generator
WARNING: Could not build gcc.target/x86_64/abi/ms-sysv generator
WARNING: Could not build gcc.target/x86_64/abi/ms-sysv generator
WARNING: Could not build gcc.target/x86_64/abi/ms-sysv generator
FAIL: gcc.target/x86_64/abi/ms-sysv/ms-sysv.c -O0 -g3 "-DGEN_ARGS=-p0\\ --omit-rbp-clobbers" (test for excess errors)
UNRESOLVED: gcc.target/x86_64/abi/ms-sysv/ms-sysv.c -O0 -g3 "-DGEN_ARGS=-p0\\ --omit-rbp-clobbers" compilation failed to produce executable
FAIL: gcc.target/x86_64/abi/ms-sysv/ms-sysv.c -O0 -g3 "-DGEN_ARGS=-p1\\ --omit-rbp-clobbers" (test for excess errors)
UNRESOLVED: gcc.target/x86_64/abi/ms-sysv/ms-sysv.c -O0 -g3 "-DGEN_ARGS=-p1\\ --omit-rbp-clobbers" compilation failed to produce executable
FAIL: gcc.target/x86_64/abi/ms-sysv/ms-sysv.c -O0 -g3 "-DGEN_ARGS=-p5\\ --omit-rbp-clobbers" (test for excess errors)
UNRESOLVED: gcc.target/x86_64/abi/ms-sysv/ms-sysv.c -O0 -g3 "-DGEN_ARGS=-p5\\ --omit-rbp-clobbers" compilation failed to produce executable
FAIL: gcc.target/x86_64/abi/ms-sysv/ms-sysv.c -O2 "-DGEN_ARGS=-p0" (test for excess errors)
UNRESOLVED: gcc.target/x86_64/abi/ms-sysv/ms-sysv.c -O2 "-DGEN_ARGS=-p0" compilation failed to produce executable
FAIL: gcc.target/x86_64/abi/ms-sysv/ms-sysv.c -O2 "-DGEN_ARGS=-p1" (test for excess errors)
UNRESOLVED: gcc.target/x86_64/abi/ms-sysv/ms-sysv.c -O2 "-DGEN_ARGS=-p1" compilation failed to produce executable
FAIL: gcc.target/x86_64/abi/ms-sysv/ms-sysv.c -O2 "-DGEN_ARGS=-p5" (test for excess errors)
UNRESOLVED: gcc.target/x86_64/abi/ms-sysv/ms-sysv.c -O2 "-DGEN_ARGS=-p5" compilation failed to produce executable
FAIL: gcc.target/x86_64/abi/ms-sysv/ms-sysv.c -mcall-ms2sysv-xlogues -O0 -g3 "-DGEN_ARGS=-p0\\ --omit-rbp-clobbers" (test for excess errors)
UNRESOLVED: gcc.target/x86_64/abi/ms-sysv/ms-sysv.c -mcall-ms2sysv-xlogues -O0 -g3 "-DGEN_ARGS=-p0\\ --omit-rbp-clobbers" compilation failed to produce executable
FAIL: gcc.target/x86_64/abi/ms-sysv/ms-sysv.c -mcall-ms2sysv-xlogues -O0 -g3 "-DGEN_ARGS=-p1\\ --omit-rbp-clobbers" (test for excess errors)
UNRESOLVED: gcc.target/x86_64/abi/ms-sysv/ms-sysv.c -mcall-ms2sysv-xlogues -O0 -g3 "-DGEN_ARGS=-p1\\ --omit-rbp-clobbers" compilation failed to produce executable
FAIL: gcc.target/x86_64/abi/ms-sysv/ms-sysv.c -mcall-ms2sysv-xlogues -O0 -g3 "-DGEN_ARGS=-p5\\ --omit-rbp-clobbers" (test for excess errors)
UNRESOLVED: gcc.target/x86_64/abi/ms-sysv/ms-sysv.c -mcall-ms2sysv-xlogues -O0 -g3 "-DGEN_ARGS=-p5\\ --omit-rbp-clobbers" compilation failed to produce executable
FAIL: gcc.target/x86_64/abi/ms-sysv/ms-sysv.c -mcall-ms2sysv-xlogues -O2 "-DGEN_ARGS=-p0" (test for excess errors)
UNRESOLVED: gcc.target/x86_64/abi/ms-sysv/ms-sysv.c -mcall-ms2sysv-xlogues -O2 "-DGEN_ARGS=-p0" compilation failed to produce executable
FAIL: gcc.target/x86_64/abi/ms-sysv/ms-sysv.c -mcall-ms2sysv-xlogues -O2 "-DGEN_ARGS=-p1" (test for excess errors)
UNRESOLVED: gcc.target/x86_64/abi/ms-sysv/ms-sysv.c -mcall-ms2sysv-xlogues -O2 "-DGEN_ARGS=-p1" compilation failed to produce executable
FAIL: gcc.target/x86_64/abi/ms-sysv/ms-sysv.c -mcall-ms2sysv-xlogues -O2 "-DGEN_ARGS=-p5" (test for excess errors)
UNRESOLVED: gcc.target/x86_64/abi/ms-sysv/ms-sysv.c -mcall-ms2sysv-xlogues -O2 "-DGEN_ARGS=-p5" compilation failed to produce executable
=== gcc Summary for unix/-m64 ===
# of expected passes 125546
# of unexpected failures 42
# of expected failures 398
# of unresolved testcases 16
# of unsupported tests 4837
=== gcc Summary ===
# of expected passes 249370
# of unexpected failures 89
# of expected failures 803
# of unresolved testcases 17
# of unsupported tests 9821
/Volumes/osx-8-compilers/10-12-ml/gcc-8-wip/gcc/xgcc version 8.4.0 (GCC)
=== gfortran tests ===
Running target unix/-m32
=== gfortran Summary for unix/-m32 ===
# of expected passes 48072
# of expected failures 93
# of unsupported tests 196
Running target unix/-m64
=== gfortran Summary for unix/-m64 ===
# of expected passes 48289
# of expected failures 93
# of unsupported tests 93
=== gfortran Summary ===
# of expected passes 96361
# of expected failures 186
# of unsupported tests 289
/Volumes/osx-8-compilers/10-12-ml/gcc-8-wip/gcc/testsuite/gfortran/../../gfortran version 8.4.0 (GCC)
=== obj-c++ tests ===
Running target unix/-m64
FAIL: obj-c++.dg/bitfield-2.mm -fnext-runtime execution test
FAIL: obj-c++.dg/gnu-api-2-objc.mm -fnext-runtime execution test
FAIL: obj-c++.dg/plugin/diagnostic-test-expressions-1.mm -fplugin=./diagnostic_plugin_test_tree_expression_range.so (test for warnings, line 60)
FAIL: obj-c++.dg/plugin/diagnostic-test-expressions-1.mm -fplugin=./diagnostic_plugin_test_tree_expression_range.so (test for warnings, line 68)
FAIL: obj-c++.dg/plugin/diagnostic-test-expressions-1.mm -fplugin=./diagnostic_plugin_test_tree_expression_range.so expected multiline pattern lines 62-63 not found: " __emit_expression_range \\( 0, @selector\\(func0\\) \\);.*\\n \\^~~~~~~~~~~~~~~~\\n"
FAIL: obj-c++.dg/plugin/diagnostic-test-expressions-1.mm -fplugin=./diagnostic_plugin_test_tree_expression_range.so expected multiline pattern lines 70-71 not found: " __emit_expression_range \\( 0, @protocol\\(prot\\) \\);.*\\n \\^~~~~~~~~~~~~~~\\n"
FAIL: obj-c++.dg/plugin/diagnostic-test-expressions-1.mm -fplugin=./diagnostic_plugin_test_tree_expression_range.so (test for excess errors)
FAIL: obj-c++.dg/property/at-property-13.mm -fgnu-runtime execution test
FAIL: obj-c++.dg/property/synthesize-10.mm -fnext-runtime execution test
=== obj-c++ Summary for unix/-m64 ===
# of expected passes 3075
# of unexpected failures 9
# of expected failures 19
# of unsupported tests 68
Running target unix/-m32
FAIL: obj-c++.dg/cxx-ivars-3.mm -fnext-runtime execution test
FAIL: obj-c++.dg/gnu-api-2-objc.mm -fnext-runtime execution test
FAIL: obj-c++.dg/plugin/diagnostic-test-expressions-1.mm -fplugin=./diagnostic_plugin_test_tree_expression_range.so (test for warnings, line 60)
FAIL: obj-c++.dg/plugin/diagnostic-test-expressions-1.mm -fplugin=./diagnostic_plugin_test_tree_expression_range.so expected multiline pattern lines 62-63 not found: " __emit_expression_range \\( 0, @selector\\(func0\\) \\);.*\\n \\^~~~~~~~~~~~~~~~\\n"
FAIL: obj-c++.dg/plugin/diagnostic-test-expressions-1.mm -fplugin=./diagnostic_plugin_test_tree_expression_range.so (test for excess errors)
=== obj-c++ Summary for unix/-m32 ===
# of expected passes 3142
# of unexpected failures 5
# of expected failures 2
# of unsupported tests 62
=== obj-c++ Summary ===
# of expected passes 6217
# of unexpected failures 14
# of expected failures 21
# of unsupported tests 130
/Volumes/osx-8-compilers/10-12-ml/gcc-8-wip/gcc/testsuite/obj-c++/../../xg++ version 8.4.0 (GCC)
=== objc tests ===
Running target unix/-m32
FAIL: objc.dg/gnu-api-2-objc.m -fnext-runtime execution test
FAIL: objc.dg/ivar-scope-4.m -fnext-runtime execution test
FAIL: objc.dg/plugin/diagnostic-test-expressions-1.m -fplugin=./diagnostic_plugin_test_tree_expression_range.so (test for warnings, line 60)
FAIL: objc.dg/plugin/diagnostic-test-expressions-1.m -fplugin=./diagnostic_plugin_test_tree_expression_range.so expected multiline pattern lines 62-63 not found: " __emit_expression_range \\( 0, @selector\\(func0\\) \\);.*\\n \\^~~~~~~~~~~~~~~~\\n"
FAIL: objc.dg/plugin/diagnostic-test-expressions-1.m -fplugin=./diagnostic_plugin_test_tree_expression_range.so (test for excess errors)
=== objc Summary for unix/-m32 ===
# of expected passes 5689
# of unexpected failures 5
# of expected failures 6
# of unsupported tests 78
Running target unix/-m64
FAIL: objc.dg/gnu-api-2-objc.m -fnext-runtime execution test
WARNING: program timed out.
FAIL: objc.dg/plugin/diagnostic-test-expressions-1.m -fplugin=./diagnostic_plugin_test_tree_expression_range.so (test for warnings, line 60)
FAIL: objc.dg/plugin/diagnostic-test-expressions-1.m -fplugin=./diagnostic_plugin_test_tree_expression_range.so (test for warnings, line 68)
FAIL: objc.dg/plugin/diagnostic-test-expressions-1.m -fplugin=./diagnostic_plugin_test_tree_expression_range.so expected multiline pattern lines 62-63 not found: " __emit_expression_range \\( 0, @selector\\(func0\\) \\);.*\\n \\^~~~~~~~~~~~~~~~\\n"
FAIL: objc.dg/plugin/diagnostic-test-expressions-1.m -fplugin=./diagnostic_plugin_test_tree_expression_range.so expected multiline pattern lines 70-71 not found: " __emit_expression_range \\( 0, @protocol\\(prot\\) \\);.*\\n ~~~~~~~~~~~~~~~\\n"
FAIL: objc.dg/plugin/diagnostic-test-expressions-1.m -fplugin=./diagnostic_plugin_test_tree_expression_range.so (test for excess errors)
FAIL: objc.dg/property/at-property-13.m -fgnu-runtime execution test
=== objc Summary for unix/-m64 ===
# of expected passes 5635
# of unexpected failures 7
# of expected failures 12
# of unsupported tests 85
=== objc Summary ===
# of expected passes 11324
# of unexpected failures 12
# of expected failures 18
# of unsupported tests 163
/Volumes/osx-8-compilers/10-12-ml/gcc-8-wip/gcc/xgcc version 8.4.0 (GCC)
=== libatomic tests ===
Running target unix/-m64
=== libatomic Summary for unix/-m64 ===
# of expected passes 54
Running target unix/-m32
=== libatomic Summary for unix/-m32 ===
# of expected passes 44
# of unsupported tests 5
=== libatomic Summary ===
# of expected passes 98
# of unsupported tests 5
=== libgomp tests ===
Running target unix/-m64
FAIL: libgomp.c/for-5.c execution test
=== libgomp Summary for unix/-m64 ===
# of expected passes 5462
# of unexpected failures 1
# of expected failures 2
# of unsupported tests 365
Running target unix/-m32
FAIL: libgomp.c/for-6.c execution test
=== libgomp Summary for unix/-m32 ===
# of expected passes 5462
# of unexpected failures 1
# of expected failures 2
# of unsupported tests 365
=== libgomp Summary ===
# of expected passes 10924
# of unexpected failures 2
# of expected failures 4
# of unsupported tests 730
=== libitm tests ===
Running target unix/-m64
=== libitm Summary for unix/-m64 ===
# of expected passes 40
# of expected failures 3
# of unsupported tests 2
Running target unix/-m32
=== libitm Summary for unix/-m32 ===
# of expected passes 40
# of expected failures 3
# of unsupported tests 2
=== libitm Summary ===
# of expected passes 80
# of expected failures 6
# of unsupported tests 4
=== libstdc++ tests ===
Running target unix/-m32
FAIL: experimental/filesystem/path/append/path.cc (test for excess errors)
FAIL: experimental/filesystem/path/compare/path.cc (test for excess errors)
FAIL: experimental/filesystem/path/concat/path.cc (test for excess errors)
=== libstdc++ Summary for unix/-m32 ===
# of expected passes 11388
# of unexpected failures 3
# of expected failures 71
# of unsupported tests 674
Running target unix/-m64
FAIL: experimental/filesystem/path/append/path.cc (test for excess errors)
FAIL: experimental/filesystem/path/compare/path.cc (test for excess errors)
FAIL: experimental/filesystem/path/concat/path.cc (test for excess errors)
=== libstdc++ Summary for unix/-m64 ===
# of expected passes 11386
# of unexpected failures 3
# of expected failures 71
# of unsupported tests 675
=== libstdc++ Summary ===
# of expected passes 22774
# of unexpected failures 6
# of expected failures 142
# of unsupported tests 1349
Compiler version: 8.4.0 (GCC)
Platform: x86_64-apple-darwin12
configure flags: --prefix=/opt/iains/x86_64-apple-darwin12/gcc-8-4a --target=x86_64-apple-darwin12 --host=x86_64-apple-darwin12 --build=x86_64-apple-darwin12 --with-sysroot=/opt/iains/SDKs/darwin12 --with-as=/usr/bin/as --with-ld=/usr/bin/ld --enable-languages=all CC=clang CXX=clang++
More information about the Gcc-testresults
mailing list