Results for 8.4.0 (GCC) testsuite on i686-apple-darwin10
Iain Sandoe
iains.gcc@gmail.com
Sat Mar 21 09:53:40 GMT 2020
Bootstrap compiler GCC5.3+Ada
LAST_UPDATED: Wed Mar 4 10:08:24 UTC 2020 (revision r8-10105-g8cd3bffead2e)
=== acats tests ===
FAIL: c52103x
FAIL: cxa5015
FAIL: cxa5a01
FAIL: cxa5a02
FAIL: cxg2001
FAIL: cxg2004
FAIL: cxg2014
FAIL: cxg2021
=== acats Summary ===
# of expected passes 2312
# of unexpected failures 8
Native configuration is i686-apple-darwin10
=== g++ tests ===
Running target unix
FAIL: g++.dg/ipa/pr67056.C scan-ipa-dump cp "Speculative outer type:struct CompositeClass"
FAIL: g++.dg/pr80481.C -std=gnu++11 scan-assembler-not vmovaps
FAIL: g++.dg/pr80481.C -std=gnu++14 scan-assembler-not vmovaps
FAIL: g++.dg/pr80481.C -std=gnu++98 scan-assembler-not vmovaps
FAIL: g++.dg/pr83239.C -std=gnu++98 (test for excess errors)
FAIL: g++.dg/template/call6.C -std=c++98 (test for excess errors)
WARNING: program timed out.
FAIL: g++.dg/lto/pr65276 cp_lto_pr65276_0.o-cp_lto_pr65276_1.o link, -flto -O0 -std=c++11
FAIL: g++.dg/simulate-thread/bitfields-2.C -O3 -g -std=c++11 thread simulation test
FAIL: g++.dg/simulate-thread/bitfields.C -O3 -g -std=c++11 thread simulation test
FAIL: g++.dg/tls/thread_local-order2.C -std=c++11 execution test
FAIL: g++.dg/tls/thread_local-order2.C -std=c++14 execution test
FAIL: g++.old-deja/g++.mike/eh5.C -std=gnu++11 (test for excess errors)
WARNING: program timed out.
=== g++ Summary ===
# of expected passes 115307
# of unexpected failures 12
# of expected failures 518
# of unsupported tests 4982
/Volumes/i686-sno/10-6-sno/i686-gcc-8/gcc/testsuite/g++/../../xg++ version 8.4.0 (GCC)
=== gcc tests ===
Running target unix
FAIL: c-c++-common/Warray-bounds-2.c -Wc++-compat (test for warnings, line 177)
FAIL: c-c++-common/Warray-bounds-2.c -Wc++-compat (test for warnings, line 205)
FAIL: c-c++-common/Warray-bounds-2.c -Wc++-compat (test for excess errors)
FAIL: c-c++-common/Warray-bounds-2.c -Wc++-compat memcpy (test for warnings, line 30)
FAIL: c-c++-common/Warray-bounds-2.c -Wc++-compat memcpy (test for warnings, line 46)
FAIL: c-c++-common/Warray-bounds-2.c -Wc++-compat memcpy (test for warnings, line 71)
FAIL: c-c++-common/Warray-bounds-2.c -Wc++-compat strcat (test for warnings, line 85)
FAIL: c-c++-common/Warray-bounds-2.c -Wc++-compat strcpy (test for warnings, line 112)
FAIL: c-c++-common/Warray-bounds-2.c -Wc++-compat strncpy (test for warnings, line 142)
FAIL: c-c++-common/Warray-bounds-2.c -Wc++-compat strncpy (test for warnings, line 172)
FAIL: c-c++-common/Warray-bounds-2.c -Wc++-compat strncpy (test for warnings, line 186)
FAIL: c-c++-common/Warray-bounds-2.c -Wc++-compat strncpy (test for warnings, line 191)
FAIL: c-c++-common/Warray-bounds-2.c -Wc++-compat strncpy (test for warnings, line 200)
FAIL: c-c++-common/Wrestrict-2.c -Wc++-compat strcat (test for warnings, line 27)
FAIL: c-c++-common/Wrestrict-2.c -Wc++-compat strcpy (test for warnings, line 39)
FAIL: c-c++-common/Wrestrict-2.c -Wc++-compat strncat (test for warnings, line 51)
FAIL: c-c++-common/Wrestrict-2.c -Wc++-compat strncpy (test for warnings, line 63)
FAIL: gcc.dg/pr57438-2.c scan-assembler nop\\\\nLFE.*
FAIL: gcc.dg/stack-layout-dynamic-1.c (test for excess errors)
UNRESOLVED: gcc.dg/stack-layout-dynamic-1.c scan-assembler-not cfi_def_cfa_register
FAIL: gcc.dg/graphite/scop-19.c scan-tree-dump-times graphite "number of SCoPs: 0" 1
FAIL: gcc.dg/simulate-thread/strict-align-global.c -O2 -g thread simulation test
FAIL: gcc.dg/simulate-thread/strict-align-global.c -O3 -g thread simulation test
FAIL: gcc.dg/simulate-thread/subfields.c -O3 -g thread simulation test
FAIL: gcc.dg/torture/builtin-self.c -O0 scan-assembler-not \\tcall
FAIL: gcc.target/i386/darwin-fpmath.c scan-assembler addsd
FAIL: gcc.target/i386/naked-1.c scan-assembler-not (?n)^\\\\s*ret\$
FAIL: gcc.target/i386/pad-3.c scan-assembler-not nop
FAIL: gcc.target/i386/pr36502.c scan-assembler-not esp
FAIL: gcc.target/i386/pr66334.c scan-assembler movl[ \\\\t].+, %ebx
FAIL: gcc.target/i386/pr71245-1.c scan-assembler-not (fistp|fild)
FAIL: gcc.target/i386/pr71245-2.c scan-assembler-not movlps
FAIL: gcc.target/i386/pr78035.c scan-assembler-times cmp 2
FAIL: gcc.target/i386/pr81736-5.c scan-assembler-not %[re]bp
FAIL: gcc.target/i386/pr84278.c scan-assembler-not \\\\(%.sp\\\\)
=== gcc Summary ===
# of expected passes 118440
# of unexpected failures 34
# of expected failures 404
# of unresolved testcases 1
# of unsupported tests 4497
/Volumes/i686-sno/10-6-sno/i686-gcc-8/gcc/xgcc version 8.4.0 (GCC)
=== gfortran tests ===
Running target unix
FAIL: gfortran.dg/g77/f77-edit-t-out.f -O2 (test for excess errors)
WARNING: program timed out.
=== gfortran Summary ===
# of expected passes 48071
# of unexpected failures 1
# of expected failures 93
# of unsupported tests 196
/Volumes/i686-sno/10-6-sno/i686-gcc-8/gcc/testsuite/gfortran/../../gfortran version 8.4.0 (GCC)
=== gnat tests ===
Running target unix
=== gnat Summary ===
# of expected passes 2720
# of expected failures 24
# of unsupported tests 8
/Volumes/i686-sno/10-6-sno/i686-gcc-8/gcc/gnatmake version 8.4.0
=== obj-c++ tests ===
Running target unix
=== obj-c++ Summary ===
# of expected passes 3131
# of expected failures 2
# of unsupported tests 62
/Volumes/i686-sno/10-6-sno/i686-gcc-8/gcc/testsuite/obj-c++/../../xg++ version 8.4.0 (GCC)
=== objc tests ===
Running target unix
FAIL: objc.dg/ivar-scope-4.m -fnext-runtime execution test
=== objc Summary ===
# of expected passes 5677
# of unexpected failures 1
# of expected failures 6
# of unsupported tests 78
/Volumes/i686-sno/10-6-sno/i686-gcc-8/gcc/xgcc version 8.4.0 (GCC)
=== libatomic tests ===
Running target unix
=== libatomic Summary ===
# of expected passes 44
# of unsupported tests 5
=== libgomp tests ===
Running target unix
=== libgomp Summary ===
# of expected passes 5463
# of expected failures 2
# of unsupported tests 365
=== libitm tests ===
Running target unix
=== libitm Summary ===
# of expected passes 40
# of expected failures 3
# of unsupported tests 2
=== libstdc++ tests ===
Running target unix
FAIL: 27_io/basic_filebuf/open/char/2.cc execution test
FAIL: 30_threads/condition_variable/54185.cc execution test
FAIL: ext/stdio_filebuf/char/10063-2.cc execution test
FAIL: ext/stdio_filebuf/char/81751.cc execution test
WARNING: program timed out.
=== libstdc++ Summary ===
# of expected passes 11387
# of unexpected failures 4
# of expected failures 71
# of unsupported tests 674
Compiler version: 8.4.0 (GCC)
Platform: i686-apple-darwin10
configure flags: --prefix=/opt/iains/i686-apple-darwin10/gcc-8-4 --target=i686-apple-darwin10 --host=i686-apple-darwin10 --build=i686-apple-darwin10 --with-cpu-32=pentium-m --with-cpu-64=core2 --with-as=/usr/bin/as --with-ld=/usr/bin/ld --disable-libsanitizer --enable-languages=all
More information about the Gcc-testresults
mailing list