Results for 9.2.1 20200305 (GCC) testsuite on powerpc-ibm-aix7.2.0.0
David Edelsohn
edelsohn@p824aix.watson.ibm.com
Mon Mar 9 01:09:06 GMT 2020
LAST_UPDATED: Obtained from git: releases/gcc-9 revision e50627ff8cd54c3983614b34727323b333b9374d
Native configuration is powerpc-ibm-aix7.2.0.0
=== g++ tests ===
Running target unix
FAIL: g++.dg/compat/eh/new1 cp_compat_x_tst.o-cp_compat_y_tst.o execute
XPASS: g++.dg/debug/pr56294.C -gdwarf-2 (test for excess errors)
XPASS: g++.dg/debug/pr56294.C -gdwarf-2 -g1 (test for excess errors)
XPASS: g++.dg/debug/pr56294.C -gdwarf-2 -g3 (test for excess errors)
XPASS: g++.dg/debug/pr56294.C -gxcoff (test for excess errors)
XPASS: g++.dg/debug/pr56294.C -gxcoff+ (test for excess errors)
XPASS: g++.dg/debug/pr56294.C -gxcoff+1 (test for excess errors)
XPASS: g++.dg/debug/pr56294.C -gxcoff+3 (test for excess errors)
XPASS: g++.dg/debug/pr56294.C -gxcoff1 (test for excess errors)
XPASS: g++.dg/debug/pr56294.C -gxcoff3 (test for excess errors)
XPASS: g++.dg/debug/pr56819.C -gdwarf-2 (test for excess errors)
XPASS: g++.dg/debug/pr56819.C -gdwarf-2 -g1 (test for excess errors)
XPASS: g++.dg/debug/pr56819.C -gdwarf-2 -g3 (test for excess errors)
XPASS: g++.dg/debug/pr56819.C -gxcoff (test for excess errors)
XPASS: g++.dg/debug/pr56819.C -gxcoff+ (test for excess errors)
XPASS: g++.dg/debug/pr56819.C -gxcoff+1 (test for excess errors)
XPASS: g++.dg/debug/pr56819.C -gxcoff+3 (test for excess errors)
XPASS: g++.dg/debug/pr56819.C -gxcoff1 (test for excess errors)
XPASS: g++.dg/debug/pr56819.C -gxcoff3 (test for excess errors)
XPASS: g++.dg/debug/dwarf2/defaulted-member-function-3.C scan-assembler-not DW_AT_defaulted
XPASS: g++.dg/debug/dwarf2/inline-var-2.C -std=gnu++17 scan-assembler-not DW_TAG_member
XPASS: c-c++-common/ident-0b.c -std=gnu++14 scan-assembler-not GCC:
XPASS: c-c++-common/ident-0b.c -std=gnu++17 scan-assembler-not GCC:
XPASS: c-c++-common/ident-0b.c -std=gnu++98 scan-assembler-not GCC:
XPASS: g++.dg/eh/new1.C -std=c++98 execution test
FAIL: g++.dg/ipa/pr83667.C -std=gnu++14 scan-ipa-dump inline "summary for void c::[^\\\\n]*THUNK0"
FAIL: g++.dg/ipa/pr83667.C -std=gnu++17 scan-ipa-dump inline "summary for void c::[^\\\\n]*THUNK0"
FAIL: g++.dg/ipa/pr83667.C -std=gnu++98 scan-ipa-dump inline "summary for void c::[^\\\\n]*THUNK0"
XPASS: g++.dg/template/linkage1.C -std=c++98 scan-assembler-not (weak|glob)[^\\n]*_Z3fooIXadL_ZL11static_funcvEEEvv
FAIL: g++.dg/tree-prof/pr57451.C compilation, -fprofile-generate -D_PROFILE_GENERATE
UNRESOLVED: g++.dg/tree-prof/pr57451.C compilation, -fprofile-use -D_PROFILE_USE
UNRESOLVED: g++.dg/tree-prof/pr57451.C execution, -fprofile-generate -D_PROFILE_GENERATE
UNRESOLVED: g++.dg/tree-prof/pr57451.C execution, -fprofile-use -D_PROFILE_USE
XPASS: g++.old-deja/g++.eh/new2.C -std=gnu++98 execution test
XPASS: g++.old-deja/g++.mike/p755a.C -std=c++98 execution test
=== g++ Summary ===
# of expected passes 118705
# of unexpected failures 5
# of unexpected successes 27
# of expected failures 807
# of unresolved testcases 3
# of unsupported tests 6150
/tmp/GCC/gcc/testsuite/g++/../../xg++ version 9.2.1 20200305 (GCC)
=== gcc tests ===
Running target unix
XPASS: gcc.dg/autopar/pr46799.c (test for excess errors)
XPASS: gcc.dg/debug/dwarf2/dwarf2-macro.c scan-assembler Start new file
XPASS: gcc.dg/debug/dwarf2/dwarf2-macro2.c scan-assembler At line number 0
FAIL: gcc.dg/debug/dwarf2/inline5.c scan-assembler-not \\\\(DIE \\\\(0x([0-9a-f]*)\\\\) DW_TAG_lexical_block\\\\)[^#/!@;\\\\|]*[#/!@;\\\\|]+ +[^(].*DW_TAG_lexical_block\\\\)[^#/!@;\\\\|x]*x\\\\1[^#/!@;\\\\|]*[#/!@;\\\\|] +DW_AT_abstract_origin
FAIL: gcc.dg/debug/dwarf2/pr82718-1.c (test for excess errors)
FAIL: gcc.dg/debug/dwarf2/pr82718-2.c (test for excess errors)
XPASS: c-c++-common/ident-0b.c -Wc++-compat scan-assembler-not GCC:
FAIL: gcc.dg/asm-names.c scan-assembler-not ____frob14
ERROR: gcc.dg/fixits-pr84852-1.c: bad option "-812156810": must be -exact, -glob, -regexp, or -- for " dg-warning 15 "incompatible implicit declaration of built-in function 'strlen'" "" { target *-*-* } -812156810 "
UNRESOLVED: gcc.dg/fixits-pr84852-1.c: bad option "-812156810": must be -exact, -glob, -regexp, or -- for " dg-warning 15 "incompatible implicit declaration of built-in function 'strlen'" "" { target *-*-* } -812156810 "
ERROR: gcc.dg/fixits-pr84852-2.c: bad option "-812156810": must be -exact, -glob, -regexp, or -- for " dg-warning 15 "incompatible implicit declaration of built-in function 'strlen'" "" { target *-*-* } -812156810 "
UNRESOLVED: gcc.dg/fixits-pr84852-2.c: bad option "-812156810": must be -exact, -glob, -regexp, or -- for " dg-warning 15 "incompatible implicit declaration of built-in function 'strlen'" "" { target *-*-* } -812156810 "
FAIL: gcc.dg/nextafter-2.c execution test
FAIL: gcc.dg/pr26570.c (test for excess errors)
XPASS: gcc.dg/pr64935-1.c (test for excess errors)
ERROR: gcc.dg/pr89410-1.c: bad option "-1": must be -exact, -glob, -regexp, or -- for " dg-warning 8 "msg" "" { target *-*-* } -1 "
UNRESOLVED: gcc.dg/pr89410-1.c: bad option "-1": must be -exact, -glob, -regexp, or -- for " dg-warning 8 "msg" "" { target *-*-* } -1 "
ERROR: gcc.dg/pr89410-2.c: bad option "-1": must be -exact, -glob, -regexp, or -- for " dg-warning 12 "msg" "" { target *-*-* } -1 "
UNRESOLVED: gcc.dg/pr89410-2.c: bad option "-1": must be -exact, -glob, -regexp, or -- for " dg-warning 12 "msg" "" { target *-*-* } -1 "
FAIL: gcc.dg/strlenopt-58.c scan-tree-dump-times optimized "call_in_true_branch_not_eliminated" 0
FAIL: gcc.dg/gomp/pr82374.c scan-tree-dump-times vect "vectorized 1 loops" 2
FAIL: gcc.dg/graphite/interchange-3.c scan-tree-dump graphite "tiled"
FAIL: gcc.dg/graphite/interchange-7.c scan-tree-dump graphite "tiled"
FAIL: gcc.dg/graphite/interchange-9.c scan-tree-dump graphite "tiled"
XPASS: gcc.dg/graphite/pr69728.c scan-tree-dump graphite "loop nest optimized"
FAIL: gcc.dg/graphite/uns-interchange-9.c scan-tree-dump graphite "tiled"
FAIL: gcc.dg/torture/pr52451.c -O0 execution test
FAIL: gcc.dg/torture/pr52451.c -O1 execution test
FAIL: gcc.dg/torture/pr52451.c -O2 execution test
FAIL: gcc.dg/torture/pr52451.c -O3 -g execution test
FAIL: gcc.dg/torture/pr52451.c -Os execution test
XPASS: gcc.dg/torture/pr59166.c -O0 (test for excess errors)
FAIL: gcc.dg/torture/pr68264.c -O0 execution test
FAIL: gcc.dg/torture/pr68264.c -Os execution test
FAIL: gcc.dg/torture/pr90020.c -O0 (test for excess errors)
UNRESOLVED: gcc.dg/torture/pr90020.c -O0 compilation failed to produce executable
FAIL: gcc.dg/torture/pr90020.c -O1 (test for excess errors)
UNRESOLVED: gcc.dg/torture/pr90020.c -O1 compilation failed to produce executable
FAIL: gcc.dg/torture/pr90020.c -O2 (test for excess errors)
UNRESOLVED: gcc.dg/torture/pr90020.c -O2 compilation failed to produce executable
FAIL: gcc.dg/torture/pr90020.c -O3 -g (test for excess errors)
UNRESOLVED: gcc.dg/torture/pr90020.c -O3 -g compilation failed to produce executable
FAIL: gcc.dg/torture/pr90020.c -Os (test for excess errors)
UNRESOLVED: gcc.dg/torture/pr90020.c -Os compilation failed to produce executable
FAIL: gcc.dg/tree-ssa/builtin-sprintf-warn-20.c (test for excess errors)
XPASS: gcc.dg/vect/costmodel/ppc/costmodel-fast-math-vect-pr29925.c scan-tree-dump-times vect "vectorization not profitable" 1
FAIL: gcc.dg/vect/costmodel/ppc/costmodel-vect-76b.c scan-tree-dump-times vect "vectorized 1 loops" 1
XPASS: gcc.dg/vect/slp-24-big-array.c scan-tree-dump-times vect "vectorized 1 loops" 1
XPASS: gcc.dg/vect/slp-24-big-array.c scan-tree-dump-times vect "vectorizing stmts using SLP" 2
XPASS: gcc.dg/vect/slp-24.c scan-tree-dump-times vect "vectorized 1 loops" 1
XPASS: gcc.dg/vect/slp-24.c scan-tree-dump-times vect "vectorizing stmts using SLP" 2
FAIL: gcc.misc-tests/gcov-pr86536.c gcov: 2 failures in line counts, 0 in branch percentages, 1 in return percentages, 0 in intermediate format
FAIL: gcc.misc-tests/gcov-pr86536.c line 19: expected return percentages not found: 200
FAIL: gcc.misc-tests/gcov-pr86536.c line 21: is 1:should be 2
FAIL: gcc.misc-tests/gcov-pr86536.c line 22: is 1:should be 2
FAIL: gcc.target/powerpc/pr70010-3.c (test for excess errors)
FAIL: gcc.target/powerpc/pr91275.c (test for excess errors)
UNRESOLVED: gcc.target/powerpc/pr91275.c compilation failed to produce executable
=== gcc Summary ===
# of expected passes 94190
# of unexpected failures 32
# of unexpected successes 12
# of expected failures 553
# of unresolved testcases 10
# of unsupported tests 2758
/tmp/GCC/gcc/xgcc version 9.2.1 20200305 (GCC)
=== libatomic tests ===
Running target unix
=== libatomic Summary ===
# of expected passes 44
# of unsupported tests 5
=== libgomp tests ===
Running target unix
FAIL: libgomp.graphite/force-parallel-7.c execution test
FAIL: libgomp.oacc-c/../libgomp.oacc-c-c++-common/atomic_update-1.c -DACC_DEVICE_TYPE_host=1 -DACC_MEM_SHARED=1 -foffload=disable -O2 execution test
FAIL: libgomp.oacc-c++/../libgomp.oacc-c-c++-common/atomic_update-1.c -DACC_DEVICE_TYPE_host=1 -DACC_MEM_SHARED=1 -foffload=disable -O2 execution test
=== libgomp Summary ===
# of expected passes 2334
# of unexpected failures 3
# of expected failures 4
# of unsupported tests 226
=== libstdc++ tests ===
Running target unix
FAIL: experimental/net/execution_context/use_service.cc (test for excess errors)
UNRESOLVED: experimental/net/execution_context/use_service.cc compilation failed to produce executable
FAIL: experimental/net/headers.cc (test for excess errors)
FAIL: experimental/net/internet/address/v4/comparisons.cc (test for excess errors)
UNRESOLVED: experimental/net/internet/address/v4/comparisons.cc compilation failed to produce executable
FAIL: experimental/net/internet/address/v4/cons.cc (test for excess errors)
UNRESOLVED: experimental/net/internet/address/v4/cons.cc compilation failed to produce executable
FAIL: experimental/net/internet/address/v4/creation.cc (test for excess errors)
UNRESOLVED: experimental/net/internet/address/v4/creation.cc compilation failed to produce executable
FAIL: experimental/net/internet/address/v4/members.cc (test for excess errors)
UNRESOLVED: experimental/net/internet/address/v4/members.cc compilation failed to produce executable
FAIL: experimental/net/internet/resolver/base.cc (test for excess errors)
UNRESOLVED: experimental/net/internet/resolver/base.cc compilation failed to produce executable
FAIL: experimental/net/internet/resolver/ops/lookup.cc (test for excess errors)
UNRESOLVED: experimental/net/internet/resolver/ops/lookup.cc compilation failed to produce executable
FAIL: experimental/net/internet/resolver/ops/reverse.cc (test for excess errors)
UNRESOLVED: experimental/net/internet/resolver/ops/reverse.cc compilation failed to produce executable
FAIL: experimental/net/timer/waitable/cons.cc (test for excess errors)
UNRESOLVED: experimental/net/timer/waitable/cons.cc compilation failed to produce executable
FAIL: experimental/net/timer/waitable/dest.cc (test for excess errors)
UNRESOLVED: experimental/net/timer/waitable/dest.cc compilation failed to produce executable
FAIL: experimental/net/timer/waitable/ops.cc (test for excess errors)
UNRESOLVED: experimental/net/timer/waitable/ops.cc compilation failed to produce executable
=== libstdc++ Summary ===
# of expected passes 11187
# of unexpected failures 12
# of expected failures 83
# of unresolved testcases 11
# of unsupported tests 872
Compiler version: 9.2.1 20200305 (GCC)
Platform: powerpc-ibm-aix7.2.0.0
configure flags: --disable-werror --enable-languages=c,c++ --with-gmp=/gsa/yktgsa/home/e/d/edelsohn/install --with-isl=/gsa/yktgsa/home/e/d/edelsohn/install --with-libiconv-prefix=/gsa/yktgsa/home/e/d/edelsohn/install --disable-libstdcxx-pch --with-included-gettext
More information about the Gcc-testresults
mailing list