Results for 10.0.1 20200223 (experimental) (GCC) testsuite on m68k-unknown-linux-gnu
Mikael Pettersson
mikpelinux@gmail.com
Tue Mar 3 18:36:00 GMT 2020
LAST_UPDATED: Obtained from git: master revision
3133bed5d0327e8a9cd0a601b7ecdb9de4fc825d
Native configuration is m68k-unknown-linux-gnu
=== g++ tests ===
Running target unix
FAIL: g++.dg/cdce3.C -std=gnu++98 scan-tree-dump cdce "cdce3.C:106:
.* function call is shrink-wrapped into error conditions."
FAIL: g++.dg/cdce3.C -std=gnu++14 scan-tree-dump cdce "cdce3.C:106:
.* function call is shrink-wrapped into error conditions."
FAIL: g++.dg/cdce3.C -std=gnu++17 scan-tree-dump cdce "cdce3.C:106:
.* function call is shrink-wrapped into error conditions."
FAIL: g++.dg/cdce3.C -std=gnu++2a scan-tree-dump cdce "cdce3.C:106:
.* function call is shrink-wrapped into error conditions."
FAIL: g++.dg/pr53037-1.C -std=gnu++98 (test for warnings, line 38)
FAIL: g++.dg/pr53037-1.C -std=gnu++98 (test for warnings, line 71)
FAIL: g++.dg/pr53037-1.C -std=gnu++98 (test for excess errors)
FAIL: g++.dg/pr53037-1.C -std=gnu++14 (test for warnings, line 38)
FAIL: g++.dg/pr53037-1.C -std=gnu++14 (test for warnings, line 71)
FAIL: g++.dg/pr53037-1.C -std=gnu++14 (test for excess errors)
FAIL: g++.dg/pr53037-1.C -std=gnu++17 (test for warnings, line 38)
FAIL: g++.dg/pr53037-1.C -std=gnu++17 (test for warnings, line 71)
FAIL: g++.dg/pr53037-1.C -std=gnu++17 (test for excess errors)
FAIL: g++.dg/pr53037-1.C -std=gnu++2a (test for warnings, line 38)
FAIL: g++.dg/pr53037-1.C -std=gnu++2a (test for warnings, line 71)
FAIL: g++.dg/pr53037-1.C -std=gnu++2a (test for excess errors)
FAIL: g++.dg/ipa/pr93763.C -std=gnu++98 (test for excess errors)
FAIL: g++.dg/opt/store-merging-1.C -std=gnu++98 scan-tree-dump
store-merging "New sequence of [12] stores to replace old one of 2
stores"
FAIL: g++.dg/opt/store-merging-1.C -std=gnu++14 scan-tree-dump
store-merging "New sequence of [12] stores to replace old one of 2
stores"
FAIL: g++.dg/opt/store-merging-1.C -std=gnu++17 scan-tree-dump
store-merging "New sequence of [12] stores to replace old one of 2
stores"
FAIL: g++.dg/opt/store-merging-1.C -std=gnu++2a scan-tree-dump
store-merging "New sequence of [12] stores to replace old one of 2
stores"
WARNING: program timed out
FAIL: g++.dg/tree-ssa/pr90078.C (test for excess errors)
FAIL: g++.dg/tree-ssa/pr90883.C scan-tree-dump dse1 "Deleted
redundant store: .*.a = {}"
FAIL: c-c++-common/pr51628-3.c -std=gnu++98 (test for warnings, line 15)
FAIL: c-c++-common/pr51628-3.c -std=gnu++98 (test for warnings, line 23)
FAIL: c-c++-common/pr51628-3.c -std=gnu++98 (test for warnings, line 26)
FAIL: c-c++-common/pr51628-3.c -std=gnu++98 (test for warnings, line 29)
FAIL: c-c++-common/pr51628-3.c -std=gnu++98 (test for warnings, line 31)
FAIL: c-c++-common/pr51628-3.c -std=gnu++98 (test for warnings, line 33)
FAIL: c-c++-common/pr51628-3.c -std=gnu++14 (test for warnings, line 15)
FAIL: c-c++-common/pr51628-3.c -std=gnu++14 (test for warnings, line 23)
FAIL: c-c++-common/pr51628-3.c -std=gnu++14 (test for warnings, line 26)
FAIL: c-c++-common/pr51628-3.c -std=gnu++14 (test for warnings, line 29)
FAIL: c-c++-common/pr51628-3.c -std=gnu++14 (test for warnings, line 31)
FAIL: c-c++-common/pr51628-3.c -std=gnu++14 (test for warnings, line 33)
FAIL: c-c++-common/pr51628-3.c -std=gnu++17 (test for warnings, line 15)
FAIL: c-c++-common/pr51628-3.c -std=gnu++17 (test for warnings, line 23)
FAIL: c-c++-common/pr51628-3.c -std=gnu++17 (test for warnings, line 26)
FAIL: c-c++-common/pr51628-3.c -std=gnu++17 (test for warnings, line 29)
FAIL: c-c++-common/pr51628-3.c -std=gnu++17 (test for warnings, line 31)
FAIL: c-c++-common/pr51628-3.c -std=gnu++17 (test for warnings, line 33)
FAIL: c-c++-common/pr51628-3.c -std=gnu++2a (test for warnings, line 15)
FAIL: c-c++-common/pr51628-3.c -std=gnu++2a (test for warnings, line 23)
FAIL: c-c++-common/pr51628-3.c -std=gnu++2a (test for warnings, line 26)
FAIL: c-c++-common/pr51628-3.c -std=gnu++2a (test for warnings, line 29)
FAIL: c-c++-common/pr51628-3.c -std=gnu++2a (test for warnings, line 31)
FAIL: c-c++-common/pr51628-3.c -std=gnu++2a (test for warnings, line 33)
FAIL: c-c++-common/gomp/atomic-10.c -std=gnu++98
scan-tree-dump-times ompexp "__atomic_fetch_add" 4
FAIL: c-c++-common/gomp/atomic-10.c -std=gnu++14
scan-tree-dump-times ompexp "__atomic_fetch_add" 4
FAIL: c-c++-common/gomp/atomic-10.c -std=gnu++17
scan-tree-dump-times ompexp "__atomic_fetch_add" 4
FAIL: c-c++-common/gomp/atomic-10.c -std=gnu++2a
scan-tree-dump-times ompexp "__atomic_fetch_add" 4
FAIL: c-c++-common/gomp/atomic-3.c -std=gnu++98 scan-tree-dump-times
ompexp "xyzzy, 4" 1
FAIL: c-c++-common/gomp/atomic-3.c -std=gnu++14 scan-tree-dump-times
ompexp "xyzzy, 4" 1
FAIL: c-c++-common/gomp/atomic-3.c -std=gnu++17 scan-tree-dump-times
ompexp "xyzzy, 4" 1
FAIL: c-c++-common/gomp/atomic-3.c -std=gnu++2a scan-tree-dump-times
ompexp "xyzzy, 4" 1
FAIL: c-c++-common/gomp/atomic-9.c -std=gnu++98 scan-tree-dump-times
ompexp "__atomic_fetch_add" 1
FAIL: c-c++-common/gomp/atomic-9.c -std=gnu++14 scan-tree-dump-times
ompexp "__atomic_fetch_add" 1
FAIL: c-c++-common/gomp/atomic-9.c -std=gnu++17 scan-tree-dump-times
ompexp "__atomic_fetch_add" 1
FAIL: c-c++-common/gomp/atomic-9.c -std=gnu++2a scan-tree-dump-times
ompexp "__atomic_fetch_add" 1
WARNING: program timed out.
WARNING: program timed out
FAIL: c-c++-common/torture/builtin-convertvector-1.c -O1 (test for
excess errors)
WARNING: program timed out
FAIL: c-c++-common/torture/builtin-convertvector-1.c -O2 (test for
excess errors)
WARNING: program timed out
FAIL: c-c++-common/torture/builtin-convertvector-1.c -O3
-fomit-frame-pointer -funroll-loops -fpeel-loops -ftracer
-finline-functions (test for excess errors)
WARNING: program timed out
FAIL: c-c++-common/torture/builtin-convertvector-1.c -O3 -g (test
for excess errors)
WARNING: program timed out
FAIL: c-c++-common/torture/builtin-convertvector-1.c -Os (test for
excess errors)
=== g++ Summary ===
# of expected passes 171075
# of unexpected failures 64
# of expected failures 697
# of unsupported tests 7858
/mnt/scratch/objdir10/gcc/xg++ version 10.0.1 20200223 (experimental) (GCC)
=== gcc tests ===
Running target unix
WARNING: program timed out
FAIL: gcc.c-torture/compile/limits-externalid.c -O3 -g (test for
excess errors)
FAIL: gcc.dg/Warray-bounds-48.c (test for excess errors)
FAIL: gcc.dg/ifcvt-4.c scan-rtl-dump ce1 "2 true changes made"
FAIL: gcc.dg/loop-9.c scan-rtl-dump loop2_invariant "Decided"
FAIL: gcc.dg/loop-9.c scan-rtl-dump loop2_invariant "without
introducing a new temporary register"
WARNING: program timed out
FAIL: gcc.dg/pr43058.c (test for excess errors)
FAIL: gcc.dg/pr46647.c scan-tree-dump-not optimized "memset"
FAIL: gcc.dg/pr53037-1.c (test for warnings, line 43)
FAIL: gcc.dg/pr53037-1.c (test for warnings, line 76)
FAIL: gcc.dg/pr53037-1.c (test for excess errors)
WARNING: program timed out.
FAIL: gcc.dg/pr78185.c execution test
FAIL: gcc.dg/pr84877.c execution test
FAIL: gcc.dg/spellcheck-options-21.c (test for excess errors)
FAIL: gcc.dg/strlenopt-73.c scan-tree-dump-times optimized "strlen" 0
FAIL: gcc.dg/strlenopt-73.c scan-tree-dump-times optimized "_not_eliminated_" 0
UNRESOLVED: gcc.dg/superblock.c scan-rtl-dump-times sched2 "ADVANCING TO" 2
FAIL: c-c++-common/pr51628-3.c -Wc++-compat (test for warnings, line 15)
FAIL: c-c++-common/pr51628-3.c -Wc++-compat (test for warnings, line 23)
FAIL: c-c++-common/pr51628-3.c -Wc++-compat (test for warnings, line 26)
FAIL: c-c++-common/pr51628-3.c -Wc++-compat (test for warnings, line 29)
FAIL: c-c++-common/pr51628-3.c -Wc++-compat (test for warnings, line 31)
FAIL: c-c++-common/pr51628-3.c -Wc++-compat (test for warnings, line 33)
FAIL: c-c++-common/gomp/atomic-10.c scan-tree-dump-times ompexp
"__atomic_fetch_add" 4
FAIL: c-c++-common/gomp/atomic-3.c scan-tree-dump-times ompexp "xyzzy, 4" 1
FAIL: c-c++-common/gomp/atomic-9.c scan-tree-dump-times ompexp
"__atomic_fetch_add" 1
FAIL: gcc.dg/ipa/pr91088.c scan-ipa-dump cp "op0\\\\[offset:
32],\\\\(\\\\(short int\\\\) #\\\\),\\\\(\\\\(int\\\\)
#\\\\),\\\\(1300 / #\\\\) == 19"
FAIL: gcc.dg/ipa/pr93763.c (test for excess errors)
WARNING: program timed out
FAIL: c-c++-common/torture/builtin-convertvector-1.c -O1 (test for
excess errors)
WARNING: program timed out
FAIL: c-c++-common/torture/builtin-convertvector-1.c -O2 (test for
excess errors)
WARNING: program timed out
FAIL: c-c++-common/torture/builtin-convertvector-1.c -O3
-fomit-frame-pointer -funroll-loops -fpeel-loops -ftracer
-finline-functions (test for excess errors)
WARNING: program timed out
FAIL: c-c++-common/torture/builtin-convertvector-1.c -O3 -g (test
for excess errors)
WARNING: program timed out
FAIL: c-c++-common/torture/builtin-convertvector-1.c -Os (test for
excess errors)
FAIL: gcc.dg/torture/pr68264.c -O1 execution test
FAIL: gcc.dg/torture/pr68264.c -O2 execution test
FAIL: gcc.dg/torture/pr68264.c -O3 -g execution test
WARNING: program timed out
FAIL: gcc.dg/torture/pr88597.c -O3 -g (test for excess errors)
FAIL: gcc.dg/torture/pr91323.c -O1 execution test
FAIL: gcc.dg/torture/pr91323.c -O2 execution test
FAIL: gcc.dg/torture/pr91323.c -O3 -g execution test
FAIL: gcc.dg/torture/pr91323.c -Os execution test
FAIL: gcc.dg/tree-prof/crossmodule-indir-call-topn-1a.c compilation,
-fprofile-generate -D_PROFILE_GENERATE
UNRESOLVED: gcc.dg/tree-prof/crossmodule-indir-call-topn-1a.c
execution, -fprofile-generate -D_PROFILE_GENERATE
UNRESOLVED: gcc.dg/tree-prof/crossmodule-indir-call-topn-1a.c
compilation, -fprofile-use -D_PROFILE_USE
UNRESOLVED: gcc.dg/tree-prof/crossmodule-indir-call-topn-1a.c
execution, -fprofile-use -D_PROFILE_USE
FAIL: gcc.dg/tree-prof/crossmodule-indircall-1a.c compilation,
-fprofile-generate -D_PROFILE_GENERATE
UNRESOLVED: gcc.dg/tree-prof/crossmodule-indircall-1a.c execution,
-fprofile-generate -D_PROFILE_GENERATE
UNRESOLVED: gcc.dg/tree-prof/crossmodule-indircall-1a.c compilation,
-fprofile-use -D_PROFILE_USE
UNRESOLVED: gcc.dg/tree-prof/crossmodule-indircall-1a.c execution,
-fprofile-use -D_PROFILE_USE
WARNING: program timed out.
FAIL: gcc.dg/tree-prof/indir-call-prof-topn.c execution,
-fprofile-generate -D_PROFILE_GENERATE
UNRESOLVED: gcc.dg/tree-prof/indir-call-prof-topn.c compilation,
-fprofile-use -D_PROFILE_USE
UNRESOLVED: gcc.dg/tree-prof/indir-call-prof-topn.c execution,
-fprofile-use -D_PROFILE_USE
FAIL: gcc.dg/tree-prof/stringop-2.c scan-tree-dump optimized "MEM
<[a-z ]+> \\\\[\\\\(void .\\\\)&a\\\\] = 168430090"
UNRESOLVED: gcc.dg/tree-ssa/pr89430-1.c scan-tree-dump cselim
"Conditional store replacement"
UNRESOLVED: gcc.dg/tree-ssa/pr89430-2.c scan-tree-dump cselim
"Conditional store replacement"
UNRESOLVED: gcc.dg/tree-ssa/pr89430-3.c scan-tree-dump-not cselim
"Conditional store replacement"
UNRESOLVED: gcc.dg/tree-ssa/pr89430-4.c scan-tree-dump-not cselim
"Conditional store replacement"
UNRESOLVED: gcc.dg/tree-ssa/pr89430-5.c scan-tree-dump cselim
"Conditional store replacement"
UNRESOLVED: gcc.dg/tree-ssa/pr89430-6.c scan-tree-dump cselim
"Conditional store replacement"
XPASS: gcc.dg/tree-ssa/pr91091-2.c scan-tree-dump-times fre1 " = [^;]*x;" 1
FAIL: gcc.target/m68k/20100512-1.c scan-assembler-times __stack_chk_guard 4
FAIL: gcc.target/m68k/tls-gd-xgot.c scan-assembler #foo@TLSGD,%[ad][0-7]
FAIL: gcc.target/m68k/tls-ie-xgot.c scan-assembler #foo@TLSIE,%[ad][0-7]
FAIL: gcc.target/m68k/tls-ld-xgot-xtls.c scan-assembler #foo@TLSLDM,%[ad][0-7]
FAIL: gcc.target/m68k/tls-ld-xgot.c scan-assembler #foo@TLSLDM,%[ad][0-7]
FAIL: gcc.target/m68k/tls-ld-xgot.c scan-assembler lea \\\\(foo@TLSLDO,%a0\\\\)
FAIL: gcc.target/m68k/tls-ld.c scan-assembler lea \\\\(foo@TLSLDO,%a0\\\\)
FAIL: gcc.target/m68k/tls-le.c scan-assembler lea \\\\(foo@TLSLE,%a0\\\\)
=== gcc Summary ===
# of expected passes 94342
# of unexpected failures 51
# of unexpected successes 1
# of expected failures 565
# of unresolved testcases 15
# of unsupported tests 2118
/mnt/scratch/objdir10/gcc/xgcc version 10.0.1 20200223 (experimental) (GCC)
=== libatomic tests ===
Running target unix
=== libatomic Summary ===
# of expected passes 44
# of unsupported tests 5
=== libstdc++ tests ===
Running target unix
FAIL: 23_containers/vector/debug/mutex_association.cc execution test
WARNING: program timed out
FAIL: 28_regex/algorithms/regex_match/ecma/wchar_t/63199.cc (test for
excess errors)
UNRESOLVED: 28_regex/algorithms/regex_match/ecma/wchar_t/63199.cc
compilation failed to produce executable
WARNING: program timed out
FAIL: 28_regex/algorithms/regex_match/ecma/wchar_t/anymatcher.cc (test
for excess errors)
UNRESOLVED: 28_regex/algorithms/regex_match/ecma/wchar_t/anymatcher.cc
compilation failed to produce executable
WARNING: program timed out
FAIL: 28_regex/algorithms/regex_match/ecma/wchar_t/cjk_match.cc (test
for excess errors)
UNRESOLVED: 28_regex/algorithms/regex_match/ecma/wchar_t/cjk_match.cc
compilation failed to produce executable
WARNING: program timed out
FAIL: 28_regex/algorithms/regex_match/ecma/wchar_t/hex.cc (test for
excess errors)
UNRESOLVED: 28_regex/algorithms/regex_match/ecma/wchar_t/hex.cc
compilation failed to produce executable
WARNING: program timed out
FAIL: 28_regex/algorithms/regex_match/extended/wstring_locale.cc (test
for excess errors)
UNRESOLVED: 28_regex/algorithms/regex_match/extended/wstring_locale.cc
compilation failed to produce executable
WARNING: program timed out
FAIL: 28_regex/algorithms/regex_search/ecma/assertion.cc (test for
excess errors)
UNRESOLVED: 28_regex/algorithms/regex_search/ecma/assertion.cc
compilation failed to produce executable
WARNING: program timed out
FAIL: 28_regex/basic_regex/ctors/deduction.cc (test for excess errors)
FAIL: 29_atomics/atomic_float/value_init.cc (test for excess errors)
UNRESOLVED: 29_atomics/atomic_float/value_init.cc compilation failed
to produce executable
WARNING: program timed out
FAIL: ext/pb_ds/regression/tree_map_rand.cc (test for excess errors)
UNRESOLVED: ext/pb_ds/regression/tree_map_rand.cc compilation failed
to produce executable
WARNING: program timed out
FAIL: ext/pb_ds/regression/tree_set_rand.cc (test for excess errors)
UNRESOLVED: ext/pb_ds/regression/tree_set_rand.cc compilation failed
to produce executable
FAIL: ext/random/uniform_on_sphere_distribution/operators/serialize.cc
execution test
=== libstdc++ Summary ===
# of expected passes 13650
# of unexpected failures 12
# of expected failures 92
# of unresolved testcases 9
# of unsupported tests 379
Compiler version: 10.0.1 20200223 (experimental) (GCC)
Platform: m68k-unknown-linux-gnu
configure flags: --prefix=/mnt/scratch/install10 --enable-bootstrap
--enable-shared --enable-threads=posix --enable-checking=release
--with-system-zlib --enable-__cxa_atexit
--disable-libunwind-exceptions --enable-gnu-unique-object
--enable-linker-build-id --with-linker-hash-style=gnu --disable-sjlj-e
xceptions --disable-libmudflap --disable-plugin --disable-lto
--disable-multilib --disable-libgomp --enable-languages=c,c++
BOOT_CFLAGS=-g -O2
More information about the Gcc-testresults
mailing list