Results for 10.0.1 20200229 (experimental) [master revision r10-6932-g117baab87711] (GCC) testsuite on i686-apple-darwin9
Iain Sandoe
iains.gcc@gmail.com
Mon Mar 2 08:25:00 GMT 2020
LAST_UPDATED: Sat Feb 29 16:55:43 UTC 2020 (revision r10-6932-g117baab87711)
=== acats tests ===
=== acats Summary ===
# of expected passes 2320
# of unexpected failures 0
Native configuration is i686-apple-darwin9
=== g++ tests ===
Running target unix/-m32
WARNING: tmpdir-g++.dg-struct-layout-1/t019 cp_compat_x_tst.o compile program timed out.
FAIL: tmpdir-g++.dg-struct-layout-1/t019 cp_compat_x_tst.o compile
WARNING: c-c++-common/vector-scalar.c -std=c++98 (test for excess errors) program timed out.
FAIL: c-c++-common/vector-scalar.c -std=c++98 (test for excess errors)
WARNING: g++.dg/cpp0x/friend5.C -std=c++2a (test for excess errors) program timed out.
FAIL: g++.dg/cpp0x/friend5.C -std=c++2a (test for excess errors)
WARNING: g++.dg/cpp0x/udlit-declare-neg.C -std=c++14 (test for errors, line 5) program timed out.
WARNING: g++.dg/expr/pr29066.C -std=c++17 (test for excess errors) program timed out.
FAIL: g++.dg/expr/pr29066.C -std=c++17 (test for excess errors)
FAIL: g++.dg/ext/pr84828.C -std=gnu++14 (internal compiler error)
FAIL: g++.dg/ext/pr84828.C -std=gnu++14 (test for excess errors)
FAIL: g++.dg/ext/pr84828.C -std=gnu++17 (internal compiler error)
FAIL: g++.dg/ext/pr84828.C -std=gnu++17 (test for excess errors)
FAIL: g++.dg/ext/pr84828.C -std=gnu++2a (internal compiler error)
FAIL: g++.dg/ext/pr84828.C -std=gnu++2a (test for excess errors)
FAIL: g++.dg/ext/pr84828.C -std=gnu++98 (internal compiler error)
FAIL: g++.dg/ext/pr84828.C -std=gnu++98 (test for excess errors)
XPASS: g++.dg/ext/sync-4.C -std=gnu++14 execution test
XPASS: g++.dg/ext/sync-4.C -std=gnu++17 execution test
XPASS: g++.dg/ext/sync-4.C -std=gnu++2a execution test
XPASS: g++.dg/ext/sync-4.C -std=gnu++98 execution test
WARNING: g++.dg/inherit/conv1.C -std=c++17 (test for excess errors) program timed out.
FAIL: g++.dg/inherit/conv1.C -std=c++17 (test for excess errors)
FAIL: g++.dg/ipa/pr67056.C scan-ipa-dump cp "Speculative outer type:struct CompositeClass"
WARNING: g++.dg/opt/pr7503-1.C -std=gnu++17 (test for excess errors) program timed out.
FAIL: g++.dg/opt/pr7503-1.C -std=gnu++17 (test for excess errors)
WARNING: g++.dg/other/dump-ada-spec-2.C -std=gnu++14 (test for excess errors) program timed out.
FAIL: g++.dg/other/dump-ada-spec-2.C -std=gnu++14 (test for excess errors)
FAIL: g++.dg/pr80481.C -std=gnu++14 scan-assembler-not vmovaps
FAIL: g++.dg/pr80481.C -std=gnu++17 scan-assembler-not vmovaps
FAIL: g++.dg/pr80481.C -std=gnu++2a scan-assembler-not vmovaps
FAIL: g++.dg/pr80481.C -std=gnu++98 scan-assembler-not vmovaps
WARNING: g++.dg/template/crash26.C -std=c++14 (test for warnings, line 7) program timed out.
WARNING: g++.dg/template/operator12.C -std=c++98 (test for errors, line 8) program timed out.
FAIL: g++.dg/gomp/pr88182.C -std=gnu++14 (test for excess errors)
UNRESOLVED: g++.dg/gomp/pr88182.C -std=gnu++14 compilation failed to produce executable
FAIL: g++.dg/gomp/pr88182.C -std=gnu++17 (test for excess errors)
UNRESOLVED: g++.dg/gomp/pr88182.C -std=gnu++17 compilation failed to produce executable
FAIL: g++.dg/gomp/pr88182.C -std=gnu++2a (test for excess errors)
UNRESOLVED: g++.dg/gomp/pr88182.C -std=gnu++2a compilation failed to produce executable
FAIL: g++.dg/gomp/pr88182.C -std=gnu++98 (test for excess errors)
UNRESOLVED: g++.dg/gomp/pr88182.C -std=gnu++98 compilation failed to produce executable
FAIL: g++.dg/lto/pr65276 cp_lto_pr65276_0.o-cp_lto_pr65276_1.o link, -flto -O0 -std=c++11
FAIL: g++.dg/lto/pr89335 cp_lto_pr89335_0.o assemble, -O2 -flto -Wsuggest-final-methods
FAIL: g++.dg/tls/thread_local-order2.C -std=c++14 execution test
FAIL: g++.dg/tls/thread_local-order2.C -std=c++17 execution test
FAIL: g++.dg/tls/thread_local-order2.C -std=c++2a execution test
WARNING: g++.old-deja/g++.jason/cast3.C -std=c++14 (test for excess errors) program timed out.
FAIL: g++.old-deja/g++.jason/cast3.C -std=c++14 (test for excess errors)
WARNING: g++.old-deja/g++.jason/parse6.C -std=c++14 (test for bogus messages, line 8) program timed out.
FAIL: g++.old-deja/g++.jason/parse6.C -std=c++14 (test for excess errors)
WARNING: g++.old-deja/g++.other/static4.C -std=gnu++98 (test for excess errors) program timed out.
FAIL: g++.old-deja/g++.other/static4.C -std=gnu++98 (test for excess errors)
WARNING: g++.old-deja/g++.other/std1.C -std=c++14 (test for excess errors) program timed out.
FAIL: g++.old-deja/g++.other/std1.C -std=c++14 (test for excess errors)
=== g++ Summary for unix/-m32 ===
# of expected passes 177053
# of unexpected failures 33
# of unexpected successes 4
# of expected failures 725
# of unresolved testcases 4
# of unsupported tests 7651
Running target unix/-m64
WARNING: g++.dg/coroutines/torture/co-yield-07-template-fn-param.C -O2 (test for excess errors) program timed out.
FAIL: g++.dg/coroutines/torture/co-yield-07-template-fn-param.C -O2 (test for excess errors)
WARNING: g++.dg/debug/ra1.C -gdwarf-2 -g3 -O2 (test for excess errors) program timed out.
FAIL: g++.dg/debug/ra1.C -gdwarf-2 -g3 -O2 (test for excess errors)
WARNING: g++.dg/cpp1y/context-conv1.C -std=c++98 (test for excess errors) program timed out.
FAIL: g++.dg/cpp1y/context-conv1.C -std=c++98 (test for excess errors)
WARNING: g++.dg/cpp1y/var-templ57.C -std=c++2a (test for excess errors) program timed out.
FAIL: g++.dg/cpp1y/var-templ57.C -std=c++2a (test for excess errors)
FAIL: g++.dg/eh/weak1.C -std=gnu++14 execution test
FAIL: g++.dg/eh/weak1.C -std=gnu++17 execution test
FAIL: g++.dg/eh/weak1.C -std=gnu++2a execution test
FAIL: g++.dg/eh/weak1.C -std=gnu++98 execution test
WARNING: g++.dg/expr/bitfield9.C -std=gnu++14 (test for excess errors) program timed out.
FAIL: g++.dg/expr/bitfield9.C -std=gnu++14 (test for excess errors)
XPASS: g++.dg/ext/sync-4.C -std=gnu++14 execution test
XPASS: g++.dg/ext/sync-4.C -std=gnu++17 execution test
XPASS: g++.dg/ext/sync-4.C -std=gnu++2a execution test
XPASS: g++.dg/ext/sync-4.C -std=gnu++98 execution test
WARNING: g++.dg/init/lifetime2.C -std=c++17 (test for excess errors) program timed out.
FAIL: g++.dg/init/lifetime2.C -std=c++17 (test for excess errors)
WARNING: g++.dg/ipa/pr45565.C -std=gnu++2a (test for excess errors) program timed out.
FAIL: g++.dg/ipa/pr45565.C -std=gnu++2a (test for excess errors)
FAIL: g++.dg/ipa/pr67056.C scan-ipa-dump cp "Speculative outer type:struct CompositeClass"
WARNING: g++.dg/opt/pr70933.C -std=gnu++17 (test for excess errors) program timed out.
FAIL: g++.dg/opt/pr70933.C -std=gnu++17 (test for excess errors)
FAIL: g++.dg/pr80481.C -std=gnu++14 scan-assembler-not vmovaps
FAIL: g++.dg/pr80481.C -std=gnu++17 scan-assembler-not vmovaps
FAIL: g++.dg/pr80481.C -std=gnu++2a scan-assembler-not vmovaps
FAIL: g++.dg/pr80481.C -std=gnu++98 scan-assembler-not vmovaps
WARNING: g++.dg/tc1/dr128.C -std=c++14 (test for excess errors) program timed out.
FAIL: g++.dg/tc1/dr128.C -std=c++14 (test for excess errors)
WARNING: g++.dg/template/crash116.C -std=c++2a (test for errors, line 8) program timed out.
WARNING: g++.dg/template/using26.C -std=c++2a (test for excess errors) program timed out.
FAIL: g++.dg/template/using26.C -std=c++2a (test for excess errors)
FAIL: g++.dg/tree-ssa/pr90883.C scan-tree-dump dse2 "Deleted redundant store: .*.a = {}"
WARNING: g++.dg/warn/pr86453.C -std=c++98 (test for warnings, line 4) program timed out.
FAIL: g++.dg/gomp/pr88182.C -std=gnu++14 (test for excess errors)
UNRESOLVED: g++.dg/gomp/pr88182.C -std=gnu++14 compilation failed to produce executable
FAIL: g++.dg/gomp/pr88182.C -std=gnu++17 (test for excess errors)
UNRESOLVED: g++.dg/gomp/pr88182.C -std=gnu++17 compilation failed to produce executable
FAIL: g++.dg/gomp/pr88182.C -std=gnu++2a (test for excess errors)
UNRESOLVED: g++.dg/gomp/pr88182.C -std=gnu++2a compilation failed to produce executable
FAIL: g++.dg/gomp/pr88182.C -std=gnu++98 (test for excess errors)
UNRESOLVED: g++.dg/gomp/pr88182.C -std=gnu++98 compilation failed to produce executable
FAIL: g++.dg/lto/pr65276 cp_lto_pr65276_0.o-cp_lto_pr65276_1.o link, -flto -O0 -std=c++11
FAIL: g++.dg/lto/pr89335 cp_lto_pr89335_0.o assemble, -O2 -flto -Wsuggest-final-methods
FAIL: g++.dg/tls/thread_local-order2.C -std=c++14 execution test
FAIL: g++.dg/tls/thread_local-order2.C -std=c++17 execution test
FAIL: g++.dg/tls/thread_local-order2.C -std=c++2a execution test
WARNING: g++.dg/torture/pr36826.C -O3 -g (test for excess errors) program timed out.
FAIL: g++.dg/torture/pr36826.C -O3 -g (test for excess errors)
WARNING: g++.dg/vect/simd-clone-7.cc -std=c++2a (test for excess errors) program timed out.
FAIL: g++.dg/vect/simd-clone-7.cc -std=c++2a (test for excess errors)
WARNING: g++.old-deja/g++.jason/overload23.C -std=c++14 (test for bogus messages, line 26) program timed out.
FAIL: g++.old-deja/g++.jason/overload23.C -std=c++14 (test for excess errors)
WARNING: g++.old-deja/g++.other/defarg7.C -std=c++98 (test for errors, line 14) program timed out.
WARNING: g++.old-deja/g++.other/local4.C -std=c++17 (test for excess errors) program timed out.
FAIL: g++.old-deja/g++.other/local4.C -std=c++17 (test for excess errors)
WARNING: g++.old-deja/g++.pt/memtemp34.C -std=c++14 (test for excess errors) program timed out.
FAIL: g++.old-deja/g++.pt/memtemp34.C -std=c++14 (test for excess errors)
WARNING: g++.old-deja/g++.pt/spec20.C -std=c++17 (test for errors, line 11) program timed out.
=== g++ Summary for unix/-m64 ===
# of expected passes 179234
# of unexpected failures 34
# of unexpected successes 4
# of expected failures 729
# of unresolved testcases 4
# of unsupported tests 7844
=== g++ Summary ===
# of expected passes 356287
# of unexpected failures 67
# of unexpected successes 8
# of expected failures 1454
# of unresolved testcases 8
# of unsupported tests 15495
/scratch/10-5-leo/gcc-master/gcc/testsuite/g++/../../xg++ version 10.0.1 20200229 (experimental) [master revision r10-6932-g117baab87711] (GCC)
=== gcc tests ===
Running target unix/-m32
WARNING: gcc.c-torture/compile/980329-1.c -O1 (test for excess errors) program timed out.
FAIL: gcc.c-torture/compile/980329-1.c -O1 (test for excess errors)
WARNING: gcc.c-torture/compile/pr28776-2.c -O2 -flto (test for excess errors) program timed out.
FAIL: gcc.c-torture/compile/pr28776-2.c -O2 -flto (test for excess errors)
WARNING: gcc.c-torture/execute/builtins/pr23484-chk.c compilation, -O2 -flto -flto-partition=none program timed out.
FAIL: gcc.c-torture/execute/builtins/pr23484-chk.c compilation, -O2 -flto -flto-partition=none
UNRESOLVED: gcc.c-torture/execute/builtins/pr23484-chk.c execution, -O2 -flto -flto-partition=none
WARNING: gcc.c-torture/execute/920908-2.c -Os (test for excess errors) program timed out.
FAIL: gcc.c-torture/execute/920908-2.c -Os (test for excess errors)
WARNING: gcc.c-torture/execute/frame-address.c -O1 (test for excess errors) program timed out.
FAIL: gcc.c-torture/execute/frame-address.c -O1 (test for excess errors)
WARNING: gcc.c-torture/execute/pr61306-3.c -O3 -g (test for excess errors) program timed out.
FAIL: gcc.c-torture/execute/pr61306-3.c -O3 -g (test for excess errors)
FAIL: gcc.dg/analyzer/dot-output.c dg-check-dot dot-output.c.state-purge.dot
WARNING: gcc.dg/debug/pr41893-2.c -gstabs1 (test for excess errors) program timed out.
FAIL: gcc.dg/debug/pr41893-2.c -gstabs1 (test for excess errors)
WARNING: gcc.dg/debug/pr42767.c -gdwarf-2 -g3 -O3 (test for excess errors) program timed out.
FAIL: gcc.dg/debug/pr42767.c -gdwarf-2 -g3 -O3 (test for excess errors)
FAIL: gcc.dg/debug/dwarf2/inline4.c scan-assembler DW_TAG_inlined_subroutine[^\\\\(]*\\\\([^\\\\)]*\\\\)[^\\\\(]*\\\\(DIE \\\\(0x[0-9a-f]*\\\\) DW_TAG_formal_parameter[^\\\\(]*\\\\(DIE \\\\(0x[0-9a-f]*\\\\) DW_TAG_variable
FAIL: gcc.dg/debug/dwarf2/inline5.c scan-assembler-not \\\\(DIE \\\\(0x([0-9a-f]*)\\\\) DW_TAG_lexical_block\\\\)[^#/!@;\\\\|]*[#/!@;\\\\|]+ +[^(].*DW_TAG_lexical_block\\\\)[^#/!@;\\\\|x]*x\\\\1[^#/!@;\\\\|]*[#/!@;\\\\|] +DW_AT_abstract_origin
WARNING: gcc.dg/inline-29.c (test for excess errors) program timed out.
FAIL: gcc.dg/inline-29.c (test for excess errors)
WARNING: gcc.dg/pr26719.c (test for excess errors) program timed out.
FAIL: gcc.dg/pr26719.c (test for excess errors)
FAIL: gcc.dg/pr68766.c (internal compiler error)
FAIL: gcc.dg/pr68766.c (test for excess errors)
FAIL: gcc.dg/stack-layout-dynamic-1.c (test for excess errors)
UNRESOLVED: gcc.dg/stack-layout-dynamic-1.c scan-assembler-not cfi_def_cfa_register
FAIL: c-c++-common/goacc/firstprivate-mappings-1.c scan-tree-dump omplower "(?n)#pragma omp target oacc_parallel map\\\\(from:array_so \\\\[len: 4\\\\]\\\\) firstprivate\\\\(array_li.[0-9]+\\\\) map\\\\(tofrom:\\\\(\\\\*array.[0-9]+\\\\) \\\\[len: D\\\\.[0-9]+\\\\]\\\\) map\\\\(firstprivate:array \\\\[pointer assign, bias: 0\\\\]\\\\) \\\\["
FAIL: gcc.dg/graphite/scop-19.c scan-tree-dump-times graphite "number of SCoPs: 0" 1
FAIL: gcc.dg/ipa/ipa-icf-38.c scan-ltrans-tree-dump-not optimized "Function bar"
WARNING: gcc.dg/lto/20100103-2 c_lto_20100103-2_0.o-c_lto_20100103-2_0.o link, -O -flto -fsigned-char program timed out.
FAIL: gcc.dg/lto/20100103-2 c_lto_20100103-2_0.o-c_lto_20100103-2_0.o link, -O -flto -fsigned-char
FAIL: gcc.dg/torture/builtin-self.c -O0 scan-assembler-not \\tcall
WARNING: gcc.dg/torture/float128-tg.c -O2 -flto program timed out.
WARNING: gcc.dg/torture/pr43879-3.c -O2 (test for excess errors) program timed out.
FAIL: gcc.dg/torture/pr43879-3.c -O2 (test for excess errors)
WARNING: gcc.dg/torture/pr70288-2.c -O2 -flto (test for excess errors) program timed out.
FAIL: gcc.dg/torture/pr70288-2.c -O2 -flto (test for excess errors)
WARNING: gcc.dg/tree-ssa/alias-access-path-5.c (test for excess errors) program timed out.
FAIL: gcc.dg/tree-ssa/alias-access-path-5.c (test for excess errors)
WARNING: gcc.dg/tree-ssa/asm-2.c (test for excess errors) program timed out.
FAIL: gcc.dg/tree-ssa/asm-2.c (test for excess errors)
XPASS: gcc.dg/vect/vect-reduc-in-order-1.c -flto -ffat-lto-objects execution test
XPASS: gcc.dg/vect/vect-reduc-in-order-1.c execution test
XPASS: gcc.dg/vect/vect-reduc-in-order-2.c -flto -ffat-lto-objects execution test
XPASS: gcc.dg/vect/vect-reduc-in-order-2.c execution test
XPASS: gcc.dg/vect/vect-reduc-in-order-3.c -flto -ffat-lto-objects execution test
XPASS: gcc.dg/vect/vect-reduc-in-order-3.c execution test
XPASS: gcc.dg/vect/vect-reduc-in-order-4.c -flto -ffat-lto-objects execution test
XPASS: gcc.dg/vect/vect-reduc-in-order-4.c execution test
FAIL: gcc.target/i386/indirect-thunk-1.c scan-assembler movl[ \\\\t]*[Ll]_dispatch\\\\\$non_lazy_ptr-L[0-9]+\\\\\$pb
FAIL: gcc.target/i386/indirect-thunk-2.c scan-assembler movl[ \\\\t]*[Ll]_dispatch\\\\\$non_lazy_ptr-L[0-9]+\\\\\$pb
FAIL: gcc.target/i386/indirect-thunk-3.c scan-assembler movl[ \\\\t]*[Ll]_dispatch\\\\\$non_lazy_ptr-L[0-9]+\\\\\$pb
FAIL: gcc.target/i386/indirect-thunk-4.c scan-assembler movl[ \\\\t]*[Ll]_dispatch\\\\\$non_lazy_ptr-L[0-9]+\\\\\$pb
FAIL: gcc.target/i386/indirect-thunk-attr-1.c scan-assembler movl[ \\\\t]*[Ll]_dispatch\\\\\$non_lazy_ptr-L[0-9]+\\\\\$pb
FAIL: gcc.target/i386/indirect-thunk-attr-2.c scan-assembler movl[ \\\\t]*[Ll]_dispatch\\\\\$non_lazy_ptr-L[0-9]+\\\\\$pb
FAIL: gcc.target/i386/indirect-thunk-attr-3.c scan-assembler movl[ \\\\t]*[Ll]_dispatch\\\\\$non_lazy_ptr-L[0-9]+\\\\\$pb
FAIL: gcc.target/i386/indirect-thunk-attr-4.c scan-assembler movl[ \\\\t]*[Ll]_dispatch\\\\\$non_lazy_ptr-L[0-9]+\\\\\$pb
FAIL: gcc.target/i386/indirect-thunk-attr-5.c scan-assembler movl[ \\\\t]*[Ll]_dispatch\\\\\$non_lazy_ptr-L[0-9]+\\\\\$pb
FAIL: gcc.target/i386/indirect-thunk-attr-6.c scan-assembler movl[ \\\\t]*[Ll]_dispatch\\\\\$non_lazy_ptr-L[0-9]+\\\\\$pb
FAIL: gcc.target/i386/indirect-thunk-extern-1.c scan-assembler movl[ \\\\t]*[Ll]_dispatch\\\\\$non_lazy_ptr-L[0-9]+\\\\\$pb
FAIL: gcc.target/i386/indirect-thunk-extern-2.c scan-assembler movl[ \\\\t]*[Ll]_dispatch\\\\\$non_lazy_ptr-L[0-9]+\\\\\$pb
FAIL: gcc.target/i386/indirect-thunk-extern-3.c scan-assembler movl[ \\\\t]*[Ll]_dispatch\\\\\$non_lazy_ptr-L[0-9]+\\\\\$pb
FAIL: gcc.target/i386/indirect-thunk-extern-4.c scan-assembler movl[ \\\\t]*[Ll]_dispatch\\\\\$non_lazy_ptr-L[0-9]+\\\\\$pb
FAIL: gcc.target/i386/indirect-thunk-inline-1.c scan-assembler movl[ \\\\t]*[Ll]_dispatch\\\\\$non_lazy_ptr-L[0-9]+\\\\\$pb
FAIL: gcc.target/i386/indirect-thunk-inline-2.c scan-assembler movl[ \\\\t]*[Ll]_dispatch\\\\\$non_lazy_ptr-L[0-9]+\\\\\$pb
FAIL: gcc.target/i386/indirect-thunk-inline-3.c scan-assembler movl[ \\\\t]*[Ll]_dispatch\\\\\$non_lazy_ptr-L[0-9]+\\\\\$pb
FAIL: gcc.target/i386/indirect-thunk-inline-4.c scan-assembler movl[ \\\\t]*[Ll]_dispatch\\\\\$non_lazy_ptr-L[0-9]+\\\\\$pb
FAIL: gcc.target/i386/pad-3.c scan-assembler-not nop
FAIL: gcc.target/i386/pr15184-1.c scan-assembler-times movb[ \\\\t]+%al 4
FAIL: gcc.target/i386/pr15184-2.c scan-assembler-times movb[ \\\\t]+%al 2
FAIL: gcc.target/i386/pr36502.c scan-assembler-not esp
FAIL: gcc.target/i386/pr54855-3.c scan-assembler-not movsd
FAIL: gcc.target/i386/pr54855-7.c scan-assembler-not movss
FAIL: gcc.target/i386/pr57193.c scan-assembler-times movdqa 2
FAIL: gcc.target/i386/pr66334.c scan-assembler movl[ \\\\t].+, %ebx
FAIL: gcc.target/i386/pr71245-1.c scan-assembler-not (fistp|fild)
FAIL: gcc.target/i386/pr71245-2.c scan-assembler-not movlps
FAIL: gcc.target/i386/pr78035.c scan-assembler-times cmp 2
FAIL: gcc.target/i386/pr81736-5.c scan-assembler-not %[re]bp
XPASS: gcc.target/i386/pr84101.c scan-tree-dump-not slp2 "basic block vectorized"
FAIL: gcc.target/i386/pr84278.c scan-assembler-not \\\\(%.sp\\\\)
FAIL: gcc.target/i386/pr85667-6.c scan-assembler-times flds[^\\n\\r]* 1
FAIL: gcc.target/i386/pr88414.c (internal compiler error)
FAIL: gcc.target/i386/pr88414.c (test for excess errors)
FAIL: gcc.target/i386/pr92651.c scan-assembler-times sub 2
=== gcc Summary for unix/-m32 ===
# of expected passes 133335
# of unexpected failures 60
# of unexpected successes 9
# of expected failures 692
# of unresolved testcases 2
# of unsupported tests 4879
Running target unix/-m64
WARNING: gcc.c-torture/compile/complex-4.c -Os (test for excess errors) program timed out.
FAIL: gcc.c-torture/compile/complex-4.c -Os (test for excess errors)
WARNING: gcc.c-torture/compile/glob.c -Os (test for excess errors) program timed out.
FAIL: gcc.c-torture/compile/glob.c -Os (test for excess errors)
WARNING: gcc.c-torture/compile/o.c -O2 -flto -flto-partition=none (test for excess errors) program timed out.
FAIL: gcc.c-torture/compile/o.c -O2 -flto -flto-partition=none (test for excess errors)
WARNING: gcc.c-torture/execute/20020402-1.c -O2 (test for excess errors) program timed out.
FAIL: gcc.c-torture/execute/20020402-1.c -O2 (test for excess errors)
WARNING: gcc.c-torture/execute/931017-1.c -O2 -flto (test for excess errors) program timed out.
FAIL: gcc.c-torture/execute/931017-1.c -O2 -flto (test for excess errors)
WARNING: gcc.c-torture/execute/bf-sign-1.c -Os (test for excess errors) program timed out.
FAIL: gcc.c-torture/execute/bf-sign-1.c -Os (test for excess errors)
FAIL: gcc.dg/analyzer/dot-output.c dg-check-dot dot-output.c.state-purge.dot
FAIL: gcc.dg/atomic/c11-atomic-exec-5.c -O0 execution test
FAIL: gcc.dg/atomic/c11-atomic-exec-5.c -O1 execution test
FAIL: gcc.dg/atomic/c11-atomic-exec-5.c -O2 execution test
FAIL: gcc.dg/atomic/c11-atomic-exec-5.c -O2 -flto execution test
FAIL: gcc.dg/atomic/c11-atomic-exec-5.c -O2 -flto -flto-partition=none execution test
FAIL: gcc.dg/atomic/c11-atomic-exec-5.c -O3 -fomit-frame-pointer -funroll-loops -fpeel-loops -ftracer -finline-functions execution test
FAIL: gcc.dg/atomic/c11-atomic-exec-5.c -O3 -g execution test
FAIL: gcc.dg/atomic/c11-atomic-exec-5.c -Os execution test
WARNING: gcc.dg/atomic/stdatomic-flag.c -O2 -flto -flto-partition=none (test for excess errors) program timed out.
FAIL: gcc.dg/atomic/stdatomic-flag.c -O2 -flto -flto-partition=none (test for excess errors)
FAIL: gcc.dg/debug/dwarf2/inline4.c scan-assembler DW_TAG_inlined_subroutine[^\\\\(]*\\\\([^\\\\)]*\\\\)[^\\\\(]*\\\\(DIE \\\\(0x[0-9a-f]*\\\\) DW_TAG_formal_parameter[^\\\\(]*\\\\(DIE \\\\(0x[0-9a-f]*\\\\) DW_TAG_variable
FAIL: gcc.dg/debug/dwarf2/inline5.c scan-assembler-not \\\\(DIE \\\\(0x([0-9a-f]*)\\\\) DW_TAG_lexical_block\\\\)[^#/!@;\\\\|]*[#/!@;\\\\|]+ +[^(].*DW_TAG_lexical_block\\\\)[^#/!@;\\\\|x]*x\\\\1[^#/!@;\\\\|]*[#/!@;\\\\|] +DW_AT_abstract_origin
FAIL: gcc.dg/attr-weakref-1.c execution test
WARNING: gcc.dg/c99-stdint-3.c (test for excess errors) program timed out.
FAIL: gcc.dg/c99-stdint-3.c (test for excess errors)
FAIL: gcc.dg/pr68766.c (internal compiler error)
FAIL: gcc.dg/pr68766.c (test for excess errors)
FAIL: gcc.dg/stack-layout-dynamic-1.c (test for excess errors)
UNRESOLVED: gcc.dg/stack-layout-dynamic-1.c scan-assembler-not cfi_def_cfa_register
FAIL: gcc.dg/strcmpopt_8.c (test for excess errors)
FAIL: gcc.dg/strcmpopt_8.c scan-tree-dump-not forwprop1 "strncmp"
FAIL: gcc.dg/strlenopt-82.c scan-tree-dump-times optimized "call_in_true_branch_not_eliminated_" 0
WARNING: gcc.dg/format/Wsuggest-attribute-1.c (test for excess errors) program timed out.
FAIL: gcc.dg/format/Wsuggest-attribute-1.c (test for excess errors)
FAIL: gcc.dg/graphite/scop-19.c scan-tree-dump-times graphite "number of SCoPs: 0" 1
FAIL: gcc.dg/ipa/ipa-icf-38.c scan-ltrans-tree-dump-not optimized "Function bar"
FAIL: gcc.dg/rtl/x86_64/final.c (internal compiler error)
FAIL: gcc.dg/rtl/x86_64/final.c (test for excess errors)
UNRESOLVED: gcc.dg/rtl/x86_64/final.c scan-assembler .cfi_endproc
UNRESOLVED: gcc.dg/rtl/x86_64/final.c scan-assembler .cfi_startproc
UNRESOLVED: gcc.dg/rtl/x86_64/final.c scan-assembler ret
UNRESOLVED: gcc.dg/rtl/x86_64/final.c scan-assembler test_1:
WARNING: gcc.dg/torture/20190924-1.c -O0 (test for excess errors) program timed out.
FAIL: gcc.dg/torture/20190924-1.c -O0 (test for excess errors)
XPASS: gcc.dg/tree-ssa/builtin-snprintf-6.c scan-tree-dump-times optimized "Function test_assign_aggregate" 1
XPASS: gcc.dg/tree-ssa/pr91091-2.c scan-tree-dump-times fre1 " = [^;]*x;" 1
XPASS: gcc.dg/tree-ssa/pr91091-2.c scan-tree-dump-times fre1 "x = " 1
XPASS: gcc.dg/tree-ssa/ssa-fre-77.c scan-tree-dump fre1 "return 1;"
WARNING: gcc.dg/vect/vect-alias-check-4.c (test for warnings, line 15) program timed out.
WARNING: gcc.target/i386/avx2-vpminsw-1.c (test for excess errors) program timed out.
FAIL: gcc.target/i386/avx2-vpminsw-1.c (test for excess errors)
WARNING: gcc.target/i386/avx512dq-kaddw-1.c (test for excess errors) program timed out.
FAIL: gcc.target/i386/avx512dq-kaddw-1.c (test for excess errors)
WARNING: gcc.target/i386/fma4-vector-2.c (test for excess errors) program timed out.
FAIL: gcc.target/i386/fma4-vector-2.c (test for excess errors)
FAIL: gcc.target/i386/indirect-thunk-2.c scan-assembler movq[ \\\\t]*_dispatch
FAIL: gcc.target/i386/indirect-thunk-4.c scan-assembler movq[ \\\\t]*_dispatch
FAIL: gcc.target/i386/indirect-thunk-attr-2.c scan-assembler movq[ \\\\t]*_dispatch
FAIL: gcc.target/i386/indirect-thunk-attr-4.c scan-assembler movq[ \\\\t]*_dispatch
FAIL: gcc.target/i386/indirect-thunk-attr-6.c scan-assembler movq[ \\\\t]*_dispatch
FAIL: gcc.target/i386/indirect-thunk-extern-2.c scan-assembler movq[ \\\\t]*_dispatch
FAIL: gcc.target/i386/indirect-thunk-extern-4.c scan-assembler movq[ \\\\t]*_dispatch
FAIL: gcc.target/i386/indirect-thunk-inline-2.c scan-assembler movq[ \\\\t]*_dispatch
FAIL: gcc.target/i386/indirect-thunk-inline-4.c scan-assembler movq[ \\\\t]*_dispatch
FAIL: gcc.target/i386/pr34256.c scan-assembler-times mov 5
FAIL: gcc.target/i386/pr57193.c scan-assembler-times movdqa 2
FAIL: gcc.target/i386/pr78035.c scan-assembler-times cmp 2
FAIL: gcc.target/i386/pr85667-10.c scan-assembler-times movq[ \\t]*%r8, .* 1
FAIL: gcc.target/i386/pr85667-10.c scan-assembler-times movq[ \\t]*%r9, .* 1
FAIL: gcc.target/i386/pr85667-10.c scan-assembler-times movq[ \\t]*%rcx, .* 1
FAIL: gcc.target/i386/pr85667-10.c scan-assembler-times movq[ \\t]*%rdx, .* 1
FAIL: gcc.target/i386/pr85667-10.c scan-assembler-times movq[^\\n\\r]*, %rax 1
FAIL: gcc.target/i386/pr92651.c scan-assembler-times sub 2
FAIL: gcc.target/i386/stackalign/pr88483-1.c -mno-stackrealign scan-assembler-not and[lq]?[^\\\\n]*-[0-9]+,[^\\\\n]*sp
FAIL: gcc.target/i386/stackalign/pr88483-1.c -mstackrealign scan-assembler-not and[lq]?[^\\\\n]*-[0-9]+,[^\\\\n]*sp
FAIL: gcc.target/i386/stackalign/pr88483-2.c -mno-stackrealign scan-assembler-not (sub|add)(l|q)[\\\\t ]*\\\\\$[0-9]*,[\\\\t ]*%[re]?sp
FAIL: gcc.target/i386/stackalign/pr88483-2.c -mno-stackrealign scan-assembler-not and[lq]?[^\\\\n]*-[0-9]+,[^\\\\n]*sp
FAIL: gcc.target/i386/stackalign/pr88483-2.c -mstackrealign scan-assembler-not (sub|add)(l|q)[\\\\t ]*\\\\\$[0-9]*,[\\\\t ]*%[re]?sp
FAIL: gcc.target/i386/stackalign/pr88483-2.c -mstackrealign scan-assembler-not and[lq]?[^\\\\n]*-[0-9]+,[^\\\\n]*sp
=== gcc Summary for unix/-m64 ===
# of expected passes 135278
# of unexpected failures 59
# of unexpected successes 4
# of expected failures 693
# of unresolved testcases 5
# of unsupported tests 4669
=== gcc Summary ===
# of expected passes 268613
# of unexpected failures 119
# of unexpected successes 13
# of expected failures 1385
# of unresolved testcases 7
# of unsupported tests 9548
/scratch/10-5-leo/gcc-master/gcc/xgcc version 10.0.1 20200229 (experimental) [master revision r10-6932-g117baab87711] (GCC)
=== gfortran tests ===
Running target unix/-m32
WARNING: gfortran.dg/class_25.f03 -O2 (test for excess errors) program timed out.
FAIL: gfortran.dg/class_25.f03 -O2 (test for excess errors)
WARNING: gfortran.dg/streamio_4.f90 -Os (test for excess errors) program timed out.
FAIL: gfortran.dg/streamio_4.f90 -Os (test for excess errors)
WARNING: gfortran.fortran-torture/execute/intrinsic_achar.f90 compilation, -O0 program timed out.
=== gfortran Summary for unix/-m32 ===
# of expected passes 52965
# of unexpected failures 2
# of expected failures 196
# of unsupported tests 208
Running target unix/-m64
WARNING: gfortran.dg/fmt_t_3.f90 -O3 -fomit-frame-pointer -funroll-loops -fpeel-loops -ftracer -finline-functions (test for excess errors) program timed out.
FAIL: gfortran.dg/fmt_t_3.f90 -O3 -fomit-frame-pointer -funroll-loops -fpeel-loops -ftracer -finline-functions (test for excess errors)
WARNING: gfortran.dg/proc_ptr_comp_45.f90 -O3 -g (test for excess errors) program timed out.
FAIL: gfortran.dg/proc_ptr_comp_45.f90 -O3 -g (test for excess errors)
=== gfortran Summary for unix/-m64 ===
# of expected passes 53196
# of unexpected failures 2
# of expected failures 194
# of unsupported tests 99
=== gfortran Summary ===
# of expected passes 106161
# of unexpected failures 4
# of expected failures 390
# of unsupported tests 307
/scratch/10-5-leo/gcc-master/gcc/testsuite/gfortran/../../gfortran version 10.0.1 20200229 (experimental) [master revision r10-6932-g117baab87711] (GCC)
=== gnat tests ===
Running target unix/-m32
WARNING: gnat.dg/assertion_policy1_pkg.adb (test for excess errors) program timed out.
FAIL: gnat.dg/bias1.adb scan-assembler DW_AT_GNU_bias
FAIL: gnat.dg/lto24.adb (internal compiler error)
FAIL: gnat.dg/lto24.adb (test for excess errors)
FAIL: gnat.dg/lto24.adb 8 blank line(s) in output
WARNING: gnat.dg/specs/cond_expr1.ads (test for excess errors) program timed out.
=== gnat Summary for unix/-m32 ===
# of expected passes 3270
# of unexpected failures 4
# of expected failures 23
# of unsupported tests 13
Running target unix/-m64
FAIL: gnat.dg/bias1.adb scan-assembler DW_AT_GNU_bias
WARNING: gnat.dg/elab7.adb (test for excess errors) program timed out.
FAIL: gnat.dg/lto24.adb (internal compiler error)
FAIL: gnat.dg/lto24.adb (test for excess errors)
FAIL: gnat.dg/lto24.adb 8 blank line(s) in output
WARNING: gnat.dg/renaming7.adb (test for excess errors) program timed out.
WARNING: gnat.dg/volatile2.adb (test for excess errors) program timed out.
WARNING: gnat.dg/sso/s3.adb -Og -g (test for excess errors) program timed out.
=== gnat Summary for unix/-m64 ===
# of expected passes 3270
# of unexpected failures 4
# of expected failures 23
# of unsupported tests 13
=== gnat Summary ===
# of expected passes 6540
# of unexpected failures 8
# of expected failures 46
# of unsupported tests 26
/scratch/10-5-leo/gcc-master/gcc/gnatmake version 10.0.1 20200229 (experimental) [master revision r10-6932-g117baab87711]
=== obj-c++ tests ===
Running target unix/-m32
=== obj-c++ Summary for unix/-m32 ===
# of expected passes 3103
# of expected failures 2
# of unsupported tests 62
Running target unix/-m64
FAIL: obj-c++.dg/bitfield-2.mm -fnext-runtime execution test
FAIL: obj-c++.dg/property/synthesize-10.mm -fnext-runtime execution test
=== obj-c++ Summary for unix/-m64 ===
# of expected passes 3047
# of unexpected failures 2
# of expected failures 19
# of unsupported tests 67
=== obj-c++ Summary ===
# of expected passes 6150
# of unexpected failures 2
# of expected failures 21
# of unsupported tests 129
/scratch/10-5-leo/gcc-master/gcc/testsuite/obj-c++/../../xg++ version 10.0.1 20200229 (experimental) [master revision r10-6932-g117baab87711] (GCC)
=== objc tests ===
Running target unix/-m32
FAIL: objc.dg/ivar-scope-4.m -fnext-runtime execution test
WARNING: objc.dg/strings/const-str-5.m -fgnu-runtime (test for excess errors) program timed out.
FAIL: objc.dg/strings/const-str-5.m -fgnu-runtime (test for excess errors)
=== objc Summary for unix/-m32 ===
# of expected passes 5634
# of unexpected failures 2
# of expected failures 6
# of unsupported tests 78
Running target unix/-m64
WARNING: objc.dg/attributes/method-attribute-3.m -fnext-runtime (test for warnings, line 23) program timed out.
FAIL: objc.dg/ivar-scope-4.m -fnext-runtime execution test
=== objc Summary for unix/-m64 ===
# of expected passes 5583
# of unexpected failures 1
# of expected failures 12
# of unsupported tests 85
=== objc Summary ===
# of expected passes 11217
# of unexpected failures 3
# of expected failures 18
# of unsupported tests 163
/scratch/10-5-leo/gcc-master/gcc/xgcc version 10.0.1 20200229 (experimental) [master revision r10-6932-g117baab87711] (GCC)
=== libatomic tests ===
Running target unix/-m32
=== libatomic Summary for unix/-m32 ===
# of expected passes 44
# of unsupported tests 5
Running target unix/-m64
=== libatomic Summary for unix/-m64 ===
# of expected passes 54
=== libatomic Summary ===
# of expected passes 98
# of unsupported tests 5
=== libgomp tests ===
Running target unix/-m32
=== libgomp Summary for unix/-m32 ===
# of expected passes 7548
# of expected failures 4
# of unsupported tests 495
Running target unix/-m64
WARNING: program timed out.
FAIL: libgomp.c++/task-reduction-10.C execution test
WARNING: program timed out.
FAIL: libgomp.c++/task-reduction-8.C execution test
=== libgomp Summary for unix/-m64 ===
# of expected passes 7546
# of unexpected failures 2
# of expected failures 4
# of unsupported tests 495
=== libgomp Summary ===
# of expected passes 15094
# of unexpected failures 2
# of expected failures 8
# of unsupported tests 990
=== libitm tests ===
Running target unix/-m32
=== libitm Summary for unix/-m32 ===
# of expected passes 40
# of expected failures 3
# of unsupported tests 2
Running target unix/-m64
=== libitm Summary for unix/-m64 ===
# of expected passes 40
# of expected failures 3
# of unsupported tests 2
=== libitm Summary ===
# of expected passes 80
# of expected failures 6
# of unsupported tests 4
=== libstdc++ tests ===
Running target unix/-m32
WARNING: 20_util/specialized_algorithms/uninitialized_fill_n/89164.cc (test for errors, line 33) program timed out.
WARNING: 23_containers/vector/cons/moveable.cc (test for excess errors) program timed out.
FAIL: 23_containers/vector/cons/moveable.cc (test for excess errors)
FAIL: 27_io/basic_filebuf/open/char/2.cc execution test
FAIL: 30_threads/condition_variable/54185.cc execution test
FAIL: experimental/net/internet/resolver/ops/reverse.cc execution test
WARNING: ext/headers.cc (test for excess errors) program timed out.
FAIL: ext/headers.cc (test for excess errors)
FAIL: ext/mt_allocator/deallocate_global_thread-1.cc execution test
FAIL: ext/mt_allocator/deallocate_global_thread-3.cc execution test
FAIL: ext/stdio_filebuf/char/10063-2.cc execution test
FAIL: ext/stdio_filebuf/char/81751.cc execution test
=== libstdc++ Summary for unix/-m32 ===
# of expected passes 12929
# of unexpected failures 9
# of expected failures 93
# of unsupported tests 762
Running target unix/-m64
WARNING: 20_util/time_point/1.cc (test for excess errors) program timed out.
FAIL: 20_util/time_point/1.cc (test for excess errors)
WARNING: 23_containers/stack/members/7158.cc (test for excess errors) program timed out.
FAIL: 23_containers/stack/members/7158.cc (test for excess errors)
FAIL: 27_io/basic_filebuf/open/char/2.cc execution test
WARNING: 30_threads/condition_variable/54185.cc execution test program timed out.
FAIL: 30_threads/condition_variable/54185.cc execution test
FAIL: experimental/net/internet/resolver/ops/reverse.cc execution test
FAIL: ext/mt_allocator/deallocate_global_thread-1.cc execution test
FAIL: ext/mt_allocator/deallocate_global_thread-3.cc execution test
FAIL: ext/stdio_filebuf/char/10063-2.cc execution test
FAIL: ext/stdio_filebuf/char/81751.cc execution test
=== libstdc++ Summary for unix/-m64 ===
# of expected passes 12927
# of unexpected failures 9
# of expected failures 93
# of unsupported tests 763
=== libstdc++ Summary ===
# of expected passes 25856
# of unexpected failures 18
# of expected failures 186
# of unsupported tests 1525
Compiler version: 10.0.1 20200229 (experimental) [master revision r10-6932-g117baab87711] (GCC)
Platform: i686-apple-darwin9
configure flags: --prefix=/opt/iains/i686-apple-darwin9/gcc-10-0-1 --target=i686-apple-darwin9 --host=i686-apple-darwin9 --build=i686-apple-darwin9 --disable-nls --enable-version-specific-runtime-libs --enable-languages=all --with-ld=/usr/bin/ld --with-as=/usr/bin/as CC=gcc CXX=g++
More information about the Gcc-testresults
mailing list