Results for 8.4.1 20200307 [releases/gcc-8 revision ce1281ffc19:2598b3fbea2:932faa2ee1bf615c20e32cd8b703cc4490065f47] (GCC) testsuite on x86_64-pc-linux-gnu
H.J. Lu
hjl@sc.intel.com
Sat Mar 7 20:17:42 GMT 2020
LAST_UPDATED: Sat Mar 7 17:50:10 UTC 2020 (revision ce1281ffc19:2598b3fbea2:932faa2ee1bf615c20e32cd8b703cc4490065f47)
Native configuration is x86_64-pc-linux-gnu
=== gcc tests ===
Running target unix
FAIL: gcc.c-torture/compile/pr48929.c -O0 (test for excess errors)
FAIL: gcc.dg/compat/fnptr-by-value-1 c_compat_y_tst.o compile
FAIL: gcc.dg/compat/struct-by-value-10 c_compat_y_tst.o compile
FAIL: gcc.dg/compat/struct-by-value-16 c_compat_y_tst.o compile
FAIL: gcc.dg/compat/struct-by-value-16a c_compat_y_tst.o compile
FAIL: gcc.dg/compat/struct-by-value-17 c_compat_y_tst.o compile
FAIL: gcc.dg/compat/struct-by-value-17a c_compat_y_tst.o compile
FAIL: gcc.dg/compat/struct-by-value-19 c_compat_x_tst.o compile
FAIL: gcc.dg/compat/struct-by-value-19 c_compat_y_tst.o compile
FAIL: gcc.dg/compat/struct-by-value-20 c_compat_x_tst.o compile
FAIL: gcc.dg/compat/struct-by-value-20 c_compat_y_tst.o compile
FAIL: gcc.dg/compat/struct-by-value-21 c_compat_x_tst.o compile
FAIL: gcc.dg/compat/struct-by-value-21 c_compat_y_tst.o compile
FAIL: gcc.dg/compat/struct-by-value-22 c_compat_x_tst.o compile
FAIL: gcc.dg/compat/struct-by-value-22 c_compat_y_tst.o compile
FAIL: gcc.dg/compat/struct-by-value-5a c_compat_y_tst.o compile
FAIL: gcc.dg/compat/struct-by-value-5b c_compat_y_tst.o compile
FAIL: gcc.dg/compat/struct-by-value-6a c_compat_y_tst.o compile
FAIL: gcc.dg/compat/struct-by-value-6b c_compat_y_tst.o compile
FAIL: gcc.dg/compat/struct-return-19 c_compat_x_tst.o compile
FAIL: gcc.dg/compat/struct-return-19 c_compat_y_tst.o compile
FAIL: gcc.dg/compat/struct-return-20 c_compat_x_tst.o compile
FAIL: gcc.dg/compat/struct-return-20 c_compat_y_tst.o compile
FAIL: gcc.dg/compat/struct-return-21 c_compat_x_tst.o compile
FAIL: gcc.dg/compat/struct-return-21 c_compat_y_tst.o compile
FAIL: gcc.dg/dfp/builtin-tgmath-dfp.c (test for excess errors)
FAIL: gcc.dg/builtin-tgmath-1.c (test for excess errors)
FAIL: gcc.dg/builtin-tgmath-2.c (test for excess errors)
FAIL: gcc.dg/builtin-tgmath-3.c (test for excess errors)
FAIL: gcc.dg/complete-port.c (test for excess errors)
FAIL: gcc.dg/pr38245-3.c (test for excess errors)
FAIL: gcc.dg/trampoline-1.c (test for excess errors)
FAIL: gcc.dg/graphite/interchange-3.c scan-tree-dump graphite "tiled"
FAIL: gcc.dg/graphite/interchange-7.c scan-tree-dump graphite "tiled"
FAIL: gcc.dg/graphite/interchange-9.c scan-tree-dump graphite "tiled"
FAIL: gcc.dg/graphite/uns-interchange-9.c scan-tree-dump graphite "tiled"
FAIL: c-c++-common/torture/vector-compare-1.c -O0 (test for excess errors)
FAIL: c-c++-common/torture/vector-compare-1.c -O3 -fomit-frame-pointer -funroll-loops -fpeel-loops -ftracer -finline-functions (test for excess errors)
FAIL: c-c++-common/torture/vector-compare-1.c -O3 -g (test for excess errors)
FAIL: gcc.dg/torture/pr53366-1.c -O0 (test for excess errors)
FAIL: gcc.dg/torture/pr53366-2.c -O0 (test for excess errors)
FAIL: gcc.dg/torture/pr85989.c -O0 (test for excess errors)
FAIL: gcc.dg/torture/vec-cvt-1.c -O0 (test for excess errors)
FAIL: gcc.dg/torture/vec-cvt-1.c -O1 (test for excess errors)
FAIL: gcc.dg/torture/vec-cvt-1.c -O2 (test for excess errors)
FAIL: gcc.dg/torture/vec-cvt-1.c -O2 -flto -fno-use-linker-plugin -flto-partition=none (test for excess errors)
FAIL: gcc.dg/torture/vec-cvt-1.c -O2 -flto -fuse-linker-plugin -fno-fat-lto-objects (test for excess errors)
FAIL: gcc.dg/torture/vec-cvt-1.c -O3 -fomit-frame-pointer -funroll-loops -fpeel-loops -ftracer -finline-functions (test for excess errors)
FAIL: gcc.dg/torture/vec-cvt-1.c -O3 -g (test for excess errors)
FAIL: gcc.dg/torture/vec-cvt-1.c -Os (test for excess errors)
FAIL: gcc.dg/vect/pr66251.c (test for excess errors)
FAIL: gcc.dg/vect/pr66251.c -flto -ffat-lto-objects (test for excess errors)
FAIL: gcc.dg/vect/slp-8.c (test for excess errors)
FAIL: gcc.dg/vect/slp-8.c -flto -ffat-lto-objects (test for excess errors)
FAIL: gcc.dg/vect/vect-intfloat-conversion-1.c (test for excess errors)
FAIL: gcc.dg/vect/vect-intfloat-conversion-1.c -flto -ffat-lto-objects (test for excess errors)
FAIL: gcc.dg/vect/vect-intfloat-conversion-2.c (test for excess errors)
FAIL: gcc.dg/vect/vect-intfloat-conversion-2.c -flto -ffat-lto-objects (test for excess errors)
FAIL: gcc.dg/vect/vect-intfloat-conversion-3.c (test for excess errors)
FAIL: gcc.dg/vect/vect-intfloat-conversion-3.c -flto -ffat-lto-objects (test for excess errors)
FAIL: gcc.target/i386/avx512f-vcvtdq2pd-2.c (test for excess errors)
FAIL: gcc.target/i386/avx512f-vcvtdq2ps-2.c (test for excess errors)
FAIL: gcc.target/i386/avx512vl-vcvtdq2pd-2.c (test for excess errors)
FAIL: gcc.target/i386/avx512vl-vcvtdq2ps-2.c (test for excess errors)
FAIL: gcc.target/i386/fma4-maccXX.c (test for excess errors)
FAIL: gcc.target/i386/fma4-msubXX.c (test for excess errors)
FAIL: gcc.target/i386/fma4-nmaccXX.c (test for excess errors)
FAIL: gcc.target/i386/fma4-nmsubXX.c (test for excess errors)
FAIL: gcc.target/i386/pr68843-2.c (test for excess errors)
FAIL: gcc.target/i386/mpx/sincos-1-nov.c -O0 (test for excess errors)
=== gcc Summary for unix ===
# of expected passes 136742
# of unexpected failures 70
# of expected failures 402
# of unsupported tests 2219
Running target unix/-m32
FAIL: gcc.dg/graphite/interchange-3.c scan-tree-dump graphite "tiled"
FAIL: gcc.dg/graphite/interchange-7.c scan-tree-dump graphite "tiled"
FAIL: gcc.dg/graphite/interchange-9.c scan-tree-dump graphite "tiled"
FAIL: gcc.dg/graphite/uns-interchange-9.c scan-tree-dump graphite "tiled"
XPASS: gcc.dg/vect/vect-reduc-in-order-1.c -flto -ffat-lto-objects execution test
XPASS: gcc.dg/vect/vect-reduc-in-order-1.c execution test
XPASS: gcc.dg/vect/vect-reduc-in-order-2.c -flto -ffat-lto-objects execution test
XPASS: gcc.dg/vect/vect-reduc-in-order-2.c execution test
XPASS: gcc.dg/vect/vect-reduc-in-order-3.c -flto -ffat-lto-objects execution test
XPASS: gcc.dg/vect/vect-reduc-in-order-3.c execution test
XPASS: gcc.dg/vect/vect-reduc-in-order-4.c -flto -ffat-lto-objects execution test
XPASS: gcc.dg/vect/vect-reduc-in-order-4.c execution test
=== gcc Summary for unix/-m32 ===
# of expected passes 134922
# of unexpected failures 4
# of unexpected successes 8
# of expected failures 405
# of unsupported tests 2408
Running target unix/-mx32
FAIL: gcc.c-torture/compile/pr48929.c -O0 (test for excess errors)
FAIL: gcc.dg/compat/fnptr-by-value-1 c_compat_y_tst.o compile
FAIL: gcc.dg/compat/struct-by-value-10 c_compat_y_tst.o compile
FAIL: gcc.dg/compat/struct-by-value-16 c_compat_y_tst.o compile
FAIL: gcc.dg/compat/struct-by-value-16a c_compat_y_tst.o compile
FAIL: gcc.dg/compat/struct-by-value-17 c_compat_y_tst.o compile
FAIL: gcc.dg/compat/struct-by-value-17a c_compat_y_tst.o compile
FAIL: gcc.dg/compat/struct-by-value-19 c_compat_x_tst.o compile
FAIL: gcc.dg/compat/struct-by-value-19 c_compat_y_tst.o compile
FAIL: gcc.dg/compat/struct-by-value-20 c_compat_x_tst.o compile
FAIL: gcc.dg/compat/struct-by-value-20 c_compat_y_tst.o compile
FAIL: gcc.dg/compat/struct-by-value-21 c_compat_x_tst.o compile
FAIL: gcc.dg/compat/struct-by-value-21 c_compat_y_tst.o compile
FAIL: gcc.dg/compat/struct-by-value-22 c_compat_x_tst.o compile
FAIL: gcc.dg/compat/struct-by-value-22 c_compat_y_tst.o compile
FAIL: gcc.dg/compat/struct-by-value-5a c_compat_y_tst.o compile
FAIL: gcc.dg/compat/struct-by-value-5b c_compat_y_tst.o compile
FAIL: gcc.dg/compat/struct-by-value-6a c_compat_y_tst.o compile
FAIL: gcc.dg/compat/struct-by-value-6b c_compat_y_tst.o compile
FAIL: gcc.dg/compat/struct-return-19 c_compat_x_tst.o compile
FAIL: gcc.dg/compat/struct-return-19 c_compat_y_tst.o compile
FAIL: gcc.dg/compat/struct-return-20 c_compat_x_tst.o compile
FAIL: gcc.dg/compat/struct-return-20 c_compat_y_tst.o compile
FAIL: gcc.dg/compat/struct-return-21 c_compat_x_tst.o compile
FAIL: gcc.dg/compat/struct-return-21 c_compat_y_tst.o compile
FAIL: gcc.dg/dfp/builtin-tgmath-dfp.c (test for excess errors)
FAIL: gcc.dg/builtin-tgmath-1.c (test for excess errors)
FAIL: gcc.dg/builtin-tgmath-2.c (test for excess errors)
FAIL: gcc.dg/builtin-tgmath-3.c (test for excess errors)
FAIL: gcc.dg/complete-port.c (test for excess errors)
FAIL: gcc.dg/pr38245-3.c (test for excess errors)
FAIL: gcc.dg/trampoline-1.c (test for excess errors)
FAIL: gcc.dg/graphite/interchange-3.c scan-tree-dump graphite "tiled"
FAIL: gcc.dg/graphite/interchange-7.c scan-tree-dump graphite "tiled"
FAIL: gcc.dg/graphite/interchange-9.c scan-tree-dump graphite "tiled"
FAIL: gcc.dg/graphite/uns-interchange-9.c scan-tree-dump graphite "tiled"
FAIL: c-c++-common/torture/vector-compare-1.c -O0 (test for excess errors)
FAIL: c-c++-common/torture/vector-compare-1.c -O3 -fomit-frame-pointer -funroll-loops -fpeel-loops -ftracer -finline-functions (test for excess errors)
FAIL: c-c++-common/torture/vector-compare-1.c -O3 -g (test for excess errors)
FAIL: gcc.dg/torture/pr53366-1.c -O0 (test for excess errors)
FAIL: gcc.dg/torture/pr53366-2.c -O0 (test for excess errors)
FAIL: gcc.dg/torture/pr85989.c -O0 (test for excess errors)
FAIL: gcc.dg/torture/vec-cvt-1.c -O0 (test for excess errors)
FAIL: gcc.dg/torture/vec-cvt-1.c -O1 (test for excess errors)
FAIL: gcc.dg/torture/vec-cvt-1.c -O2 (test for excess errors)
FAIL: gcc.dg/torture/vec-cvt-1.c -O2 -flto -fno-use-linker-plugin -flto-partition=none (test for excess errors)
FAIL: gcc.dg/torture/vec-cvt-1.c -O2 -flto -fuse-linker-plugin -fno-fat-lto-objects (test for excess errors)
FAIL: gcc.dg/torture/vec-cvt-1.c -O3 -fomit-frame-pointer -funroll-loops -fpeel-loops -ftracer -finline-functions (test for excess errors)
FAIL: gcc.dg/torture/vec-cvt-1.c -O3 -g (test for excess errors)
FAIL: gcc.dg/torture/vec-cvt-1.c -Os (test for excess errors)
FAIL: gcc.dg/vect/pr66251.c (test for excess errors)
FAIL: gcc.dg/vect/pr66251.c -flto -ffat-lto-objects (test for excess errors)
FAIL: gcc.dg/vect/slp-8.c (test for excess errors)
FAIL: gcc.dg/vect/slp-8.c -flto -ffat-lto-objects (test for excess errors)
FAIL: gcc.dg/vect/vect-intfloat-conversion-1.c (test for excess errors)
FAIL: gcc.dg/vect/vect-intfloat-conversion-1.c -flto -ffat-lto-objects (test for excess errors)
FAIL: gcc.dg/vect/vect-intfloat-conversion-2.c (test for excess errors)
FAIL: gcc.dg/vect/vect-intfloat-conversion-2.c -flto -ffat-lto-objects (test for excess errors)
FAIL: gcc.dg/vect/vect-intfloat-conversion-3.c (test for excess errors)
FAIL: gcc.dg/vect/vect-intfloat-conversion-3.c -flto -ffat-lto-objects (test for excess errors)
FAIL: gcc.target/i386/avx512f-vcvtdq2pd-2.c (test for excess errors)
FAIL: gcc.target/i386/avx512f-vcvtdq2ps-2.c (test for excess errors)
FAIL: gcc.target/i386/avx512vl-vcvtdq2pd-2.c (test for excess errors)
FAIL: gcc.target/i386/avx512vl-vcvtdq2ps-2.c (test for excess errors)
FAIL: gcc.target/i386/fma4-maccXX.c (test for excess errors)
FAIL: gcc.target/i386/fma4-msubXX.c (test for excess errors)
FAIL: gcc.target/i386/fma4-nmaccXX.c (test for excess errors)
FAIL: gcc.target/i386/fma4-nmsubXX.c (test for excess errors)
FAIL: gcc.target/i386/pr68843-2.c (test for excess errors)
=== gcc Summary for unix/-mx32 ===
# of expected passes 131438
# of unexpected failures 69
# of expected failures 399
# of unsupported tests 2403
=== gcc Summary ===
# of expected passes 403102
# of unexpected failures 143
# of unexpected successes 8
# of expected failures 1206
# of unsupported tests 7030
/export/gnu/import/git/gcc-test-release-2-intel64/bld/gcc/xgcc version 8.4.1 20200307 [releases/gcc-8 revision ce1281ffc19:2598b3fbea2:932faa2ee1bf615c20e32cd8b703cc4490065f47] (GCC)
=== gfortran tests ===
Running target unix
FAIL: gfortran.dg/PR19754_2.f90 -O1 (test for excess errors)
FAIL: gfortran.dg/PR19754_2.f90 -Os (test for excess errors)
FAIL: gfortran.dg/actual_array_constructor_3.f90 -O1 (test for excess errors)
FAIL: gfortran.dg/actual_array_constructor_3.f90 -O2 (test for excess errors)
FAIL: gfortran.dg/actual_array_constructor_3.f90 -Os (test for excess errors)
FAIL: gfortran.dg/alloc_comp_default_init_1.f90 -O0 (test for excess errors)
FAIL: gfortran.dg/allocatable_function_8.f90 -O1 (test for excess errors)
FAIL: gfortran.dg/allocatable_function_8.f90 -O2 (test for excess errors)
FAIL: gfortran.dg/allocatable_function_8.f90 -Os (test for excess errors)
FAIL: gfortran.dg/array_constructor_23.f -O1 (test for excess errors)
FAIL: gfortran.dg/array_constructor_23.f -O2 (test for excess errors)
FAIL: gfortran.dg/array_constructor_23.f -O3 -fomit-frame-pointer -funroll-loops -fpeel-loops -ftracer -finline-functions (test for excess errors)
FAIL: gfortran.dg/array_constructor_23.f -O3 -g (test for excess errors)
FAIL: gfortran.dg/array_constructor_23.f -Os (test for excess errors)
FAIL: gfortran.dg/array_constructor_24.f -O1 (test for excess errors)
FAIL: gfortran.dg/array_constructor_24.f -O2 (test for excess errors)
FAIL: gfortran.dg/array_constructor_24.f -O3 -fomit-frame-pointer -funroll-loops -fpeel-loops -ftracer -finline-functions (test for excess errors)
FAIL: gfortran.dg/array_constructor_24.f -O3 -g (test for excess errors)
FAIL: gfortran.dg/array_constructor_24.f -Os (test for excess errors)
FAIL: gfortran.dg/array_constructor_type_12.f03 -O1 (test for excess errors)
FAIL: gfortran.dg/array_constructor_type_12.f03 -O2 (test for excess errors)
FAIL: gfortran.dg/array_constructor_type_12.f03 -O3 -fomit-frame-pointer -funroll-loops -fpeel-loops -ftracer -finline-functions (test for excess errors)
FAIL: gfortran.dg/array_constructor_type_12.f03 -O3 -g (test for excess errors)
FAIL: gfortran.dg/array_constructor_type_12.f03 -Os (test for excess errors)
FAIL: gfortran.dg/associate_28.f90 -O0 (test for excess errors)
FAIL: gfortran.dg/atan2_1.f90 -O0 (test for excess errors)
FAIL: gfortran.dg/c_f_pointer_tests.f90 -O0 (test for excess errors)
FAIL: gfortran.dg/class_array_4.f03 -O1 (test for excess errors)
FAIL: gfortran.dg/class_array_4.f03 -O2 (test for excess errors)
FAIL: gfortran.dg/class_array_4.f03 -O3 -fomit-frame-pointer -funroll-loops -fpeel-loops -ftracer -finline-functions (test for excess errors)
FAIL: gfortran.dg/class_array_4.f03 -O3 -g (test for excess errors)
FAIL: gfortran.dg/class_array_4.f03 -Os (test for excess errors)
FAIL: gfortran.dg/class_to_type_1.f03 -O1 (test for excess errors)
FAIL: gfortran.dg/class_to_type_1.f03 -Os (test for excess errors)
FAIL: gfortran.dg/coarray_alloc_comp_6.f08 -Os (test for excess errors)
FAIL: gfortran.dg/coarray_alloc_comp_7.f08 -Os (test for excess errors)
FAIL: gfortran.dg/coarray_alloc_comp_8.f08 -Os (test for excess errors)
FAIL: gfortran.dg/coarray_allocate_8.f08 -O0 (test for excess errors)
FAIL: gfortran.dg/coindexed_1.f90 -O1 (test for excess errors)
FAIL: gfortran.dg/coindexed_1.f90 -O2 (test for excess errors)
FAIL: gfortran.dg/coindexed_1.f90 -O3 -fomit-frame-pointer -funroll-loops -fpeel-loops -ftracer -finline-functions (test for excess errors)
FAIL: gfortran.dg/coindexed_1.f90 -O3 -g (test for excess errors)
FAIL: gfortran.dg/coindexed_1.f90 -Os (test for excess errors)
FAIL: gfortran.dg/cray_pointers_2.f90 -O (test for excess errors)
FAIL: gfortran.dg/dynamic_dispatch_1.f03 -O1 (test for excess errors)
FAIL: gfortran.dg/dynamic_dispatch_1.f03 -O2 (test for excess errors)
FAIL: gfortran.dg/dynamic_dispatch_1.f03 -O3 -fomit-frame-pointer -funroll-loops -fpeel-loops -ftracer -finline-functions (test for excess errors)
FAIL: gfortran.dg/dynamic_dispatch_1.f03 -O3 -g (test for excess errors)
FAIL: gfortran.dg/dynamic_dispatch_1.f03 -Os (test for excess errors)
FAIL: gfortran.dg/dynamic_dispatch_2.f03 -O1 (test for excess errors)
FAIL: gfortran.dg/dynamic_dispatch_2.f03 -O2 (test for excess errors)
FAIL: gfortran.dg/dynamic_dispatch_2.f03 -O3 -fomit-frame-pointer -funroll-loops -fpeel-loops -ftracer -finline-functions (test for excess errors)
FAIL: gfortran.dg/dynamic_dispatch_2.f03 -O3 -g (test for excess errors)
FAIL: gfortran.dg/dynamic_dispatch_2.f03 -Os (test for excess errors)
FAIL: gfortran.dg/dynamic_dispatch_3.f03 -O1 (test for excess errors)
FAIL: gfortran.dg/dynamic_dispatch_3.f03 -O2 (test for excess errors)
FAIL: gfortran.dg/dynamic_dispatch_3.f03 -O3 -fomit-frame-pointer -funroll-loops -fpeel-loops -ftracer -finline-functions (test for excess errors)
FAIL: gfortran.dg/dynamic_dispatch_3.f03 -O3 -g (test for excess errors)
FAIL: gfortran.dg/dynamic_dispatch_3.f03 -Os (test for excess errors)
FAIL: gfortran.dg/elemental_dependency_4.f90 -O1 (test for excess errors)
FAIL: gfortran.dg/elemental_dependency_4.f90 -O2 (test for excess errors)
FAIL: gfortran.dg/elemental_dependency_4.f90 -O3 -fomit-frame-pointer -funroll-loops -fpeel-loops -ftracer -finline-functions (test for excess errors)
FAIL: gfortran.dg/elemental_dependency_4.f90 -O3 -g (test for excess errors)
FAIL: gfortran.dg/elemental_dependency_4.f90 -Os (test for excess errors)
FAIL: gfortran.dg/elemental_dependency_5.f90 -O1 (test for excess errors)
FAIL: gfortran.dg/elemental_dependency_5.f90 -O2 (test for excess errors)
FAIL: gfortran.dg/elemental_dependency_5.f90 -O3 -fomit-frame-pointer -funroll-loops -fpeel-loops -ftracer -finline-functions (test for excess errors)
FAIL: gfortran.dg/elemental_dependency_5.f90 -O3 -g (test for excess errors)
FAIL: gfortran.dg/elemental_dependency_5.f90 -Os (test for excess errors)
FAIL: gfortran.dg/entry_14.f90 -O1 (test for excess errors)
FAIL: gfortran.dg/entry_14.f90 -O2 (test for excess errors)
FAIL: gfortran.dg/entry_14.f90 -O3 -fomit-frame-pointer -funroll-loops -fpeel-loops -ftracer -finline-functions (test for excess errors)
FAIL: gfortran.dg/entry_14.f90 -O3 -g (test for excess errors)
FAIL: gfortran.dg/entry_14.f90 -Os (test for excess errors)
FAIL: gfortran.dg/f2c_9.f90 -O0 (test for excess errors)
FAIL: gfortran.dg/func_assign_3.f90 -O1 (test for excess errors)
FAIL: gfortran.dg/func_assign_3.f90 -O2 (test for excess errors)
FAIL: gfortran.dg/func_assign_3.f90 -O3 -fomit-frame-pointer -funroll-loops -fpeel-loops -ftracer -finline-functions (test for excess errors)
FAIL: gfortran.dg/func_assign_3.f90 -O3 -g (test for excess errors)
FAIL: gfortran.dg/func_assign_3.f90 -Os (test for excess errors)
FAIL: gfortran.dg/function_optimize_12.f90 -O0 (test for excess errors)
FAIL: gfortran.dg/gamma_5.f90 -O0 (test for excess errors)
FAIL: gfortran.dg/inline_matmul_24.f90 -O0 (test for excess errors)
FAIL: gfortran.dg/inline_matmul_7.f90 -O (test for excess errors)
FAIL: gfortran.dg/intrinsic_modulo_1.f90 -O1 (test for excess errors)
FAIL: gfortran.dg/intrinsic_modulo_1.f90 -O3 -fomit-frame-pointer -funroll-loops -fpeel-loops -ftracer -finline-functions (test for excess errors)
FAIL: gfortran.dg/intrinsic_modulo_1.f90 -Os (test for excess errors)
FAIL: gfortran.dg/list_read_14.f90 -O0 (test for excess errors)
FAIL: gfortran.dg/list_read_4.f90 -O1 (test for excess errors)
FAIL: gfortran.dg/list_read_4.f90 -O2 (test for excess errors)
FAIL: gfortran.dg/list_read_4.f90 -O3 -fomit-frame-pointer -funroll-loops -fpeel-loops -ftracer -finline-functions (test for excess errors)
FAIL: gfortran.dg/list_read_4.f90 -O3 -g (test for excess errors)
FAIL: gfortran.dg/list_read_4.f90 -Os (test for excess errors)
FAIL: gfortran.dg/matmul_1.f90 -O0 (test for excess errors)
FAIL: gfortran.dg/namelist_11.f -O0 (test for excess errors)
FAIL: gfortran.dg/namelist_90.f -O0 (test for excess errors)
FAIL: gfortran.dg/pdt_3.f03 -O3 -fomit-frame-pointer -funroll-loops -fpeel-loops -ftracer -finline-functions (test for excess errors)
FAIL: gfortran.dg/pdt_3.f03 -O3 -g (test for excess errors)
FAIL: gfortran.dg/pointer_array_7.f90 -O0 (test for excess errors)
FAIL: gfortran.dg/pointer_array_component_2.f90 -O0 (test for excess errors)
FAIL: gfortran.dg/pointer_assign_4.f90 -O0 (test for excess errors)
FAIL: gfortran.dg/pointer_remapping_10.f90 -O0 (test for excess errors)
FAIL: gfortran.dg/pr17090.f90 -O3 -fomit-frame-pointer -funroll-loops -fpeel-loops -ftracer -finline-functions (test for excess errors)
FAIL: gfortran.dg/pr17090.f90 -O3 -g (test for excess errors)
FAIL: gfortran.dg/pr18392.f90 -O1 (test for excess errors)
FAIL: gfortran.dg/pr18392.f90 -O2 (test for excess errors)
FAIL: gfortran.dg/pr18392.f90 -O3 -fomit-frame-pointer -funroll-loops -fpeel-loops -ftracer -finline-functions (test for excess errors)
FAIL: gfortran.dg/pr18392.f90 -O3 -g (test for excess errors)
FAIL: gfortran.dg/pr18392.f90 -Os (test for excess errors)
FAIL: gfortran.dg/pr61775.f90 -O1 (test for excess errors)
FAIL: gfortran.dg/pr61775.f90 -O2 (test for excess errors)
FAIL: gfortran.dg/pr61775.f90 -Os (test for excess errors)
FAIL: gfortran.dg/pr67524.f90 -O1 (test for excess errors)
FAIL: gfortran.dg/pr67524.f90 -O2 (test for excess errors)
FAIL: gfortran.dg/pr67524.f90 -O3 -fomit-frame-pointer -funroll-loops -fpeel-loops -ftracer -finline-functions (test for excess errors)
FAIL: gfortran.dg/pr67524.f90 -O3 -g (test for excess errors)
FAIL: gfortran.dg/pr67524.f90 -Os (test for excess errors)
FAIL: gfortran.dg/realloc_on_assign_15.f90 -O0 (test for excess errors)
FAIL: gfortran.dg/reduction.f90 -O1 (test for excess errors)
FAIL: gfortran.dg/reduction.f90 -O2 (test for excess errors)
FAIL: gfortran.dg/reduction.f90 -O3 -fomit-frame-pointer -funroll-loops -fpeel-loops -ftracer -finline-functions (test for excess errors)
FAIL: gfortran.dg/reduction.f90 -O3 -g (test for excess errors)
FAIL: gfortran.dg/reduction.f90 -Os (test for excess errors)
FAIL: gfortran.dg/reshape-alloc.f90 -O1 (test for excess errors)
FAIL: gfortran.dg/reshape-alloc.f90 -O2 (test for excess errors)
FAIL: gfortran.dg/reshape-alloc.f90 -O3 -fomit-frame-pointer -funroll-loops -fpeel-loops -ftracer -finline-functions (test for excess errors)
FAIL: gfortran.dg/reshape-alloc.f90 -O3 -g (test for excess errors)
FAIL: gfortran.dg/reshape-alloc.f90 -Os (test for excess errors)
FAIL: gfortran.dg/secnds-1.f -O1 (test for excess errors)
FAIL: gfortran.dg/secnds-1.f -O2 (test for excess errors)
FAIL: gfortran.dg/secnds-1.f -O3 -fomit-frame-pointer -funroll-loops -fpeel-loops -ftracer -finline-functions (test for excess errors)
FAIL: gfortran.dg/secnds-1.f -O3 -g (test for excess errors)
FAIL: gfortran.dg/secnds-1.f -Os (test for excess errors)
FAIL: gfortran.dg/streamio_9.f90 -O0 (test for excess errors)
FAIL: gfortran.dg/streamio_9.f90 -O1 (test for excess errors)
FAIL: gfortran.dg/streamio_9.f90 -Os (test for excess errors)
FAIL: gfortran.dg/submodule_7.f08 -O1 (test for excess errors)
FAIL: gfortran.dg/submodule_7.f08 -O2 (test for excess errors)
FAIL: gfortran.dg/submodule_7.f08 -O3 -fomit-frame-pointer -funroll-loops -fpeel-loops -ftracer -finline-functions (test for excess errors)
FAIL: gfortran.dg/submodule_7.f08 -O3 -g (test for excess errors)
FAIL: gfortran.dg/submodule_7.f08 -Os (test for excess errors)
FAIL: gfortran.dg/system_clock_3.f08 -O1 (test for excess errors)
FAIL: gfortran.dg/system_clock_3.f08 -O2 (test for excess errors)
FAIL: gfortran.dg/system_clock_3.f08 -O3 -fomit-frame-pointer -funroll-loops -fpeel-loops -ftracer -finline-functions (test for excess errors)
FAIL: gfortran.dg/system_clock_3.f08 -O3 -g (test for excess errors)
FAIL: gfortran.dg/system_clock_3.f08 -Os (test for excess errors)
FAIL: gfortran.dg/temporary_3.f90 -O0 (test for excess errors)
FAIL: gfortran.dg/type_to_class_1.f03 -O1 (test for excess errors)
FAIL: gfortran.dg/type_to_class_1.f03 -Os (test for excess errors)
FAIL: gfortran.dg/typebound_operator_3.f03 -O1 (test for excess errors)
FAIL: gfortran.dg/typebound_operator_3.f03 -O2 (test for excess errors)
FAIL: gfortran.dg/typebound_operator_3.f03 -O3 -fomit-frame-pointer -funroll-loops -fpeel-loops -ftracer -finline-functions (test for excess errors)
FAIL: gfortran.dg/typebound_operator_3.f03 -O3 -g (test for excess errors)
FAIL: gfortran.dg/typebound_operator_3.f03 -Os (test for excess errors)
FAIL: gfortran.dg/typebound_operator_9.f03 -O1 (test for excess errors)
FAIL: gfortran.dg/typebound_operator_9.f03 -O3 -fomit-frame-pointer -funroll-loops -fpeel-loops -ftracer -finline-functions (test for excess errors)
FAIL: gfortran.dg/unlimited_polymorphic_18.f90 -O0 (test for excess errors)
FAIL: gfortran.dg/g77/20010430.f -O0 (test for excess errors)
FAIL: gfortran.dg/g77/claus.f -O0 (test for excess errors)
FAIL: gfortran.dg/g77/le.f -O0 (test for excess errors)
FAIL: gfortran.dg/vect/pr86421.f90 -O (test for excess errors)
=== gfortran Summary for unix ===
# of expected passes 48191
# of unexpected failures 161
# of expected failures 93
# of unsupported tests 91
Running target unix/-m32
=== gfortran Summary for unix/-m32 ===
# of expected passes 48135
# of expected failures 93
# of unsupported tests 194
Running target unix/-mx32
FAIL: gfortran.dg/PR19754_2.f90 -O1 (test for excess errors)
FAIL: gfortran.dg/PR19754_2.f90 -Os (test for excess errors)
FAIL: gfortran.dg/actual_array_constructor_3.f90 -O1 (test for excess errors)
FAIL: gfortran.dg/actual_array_constructor_3.f90 -O2 (test for excess errors)
FAIL: gfortran.dg/actual_array_constructor_3.f90 -Os (test for excess errors)
FAIL: gfortran.dg/alloc_comp_default_init_1.f90 -O0 (test for excess errors)
FAIL: gfortran.dg/allocatable_function_8.f90 -O1 (test for excess errors)
FAIL: gfortran.dg/allocatable_function_8.f90 -O2 (test for excess errors)
FAIL: gfortran.dg/allocatable_function_8.f90 -Os (test for excess errors)
FAIL: gfortran.dg/array_constructor_23.f -O1 (test for excess errors)
FAIL: gfortran.dg/array_constructor_23.f -O2 (test for excess errors)
FAIL: gfortran.dg/array_constructor_23.f -O3 -fomit-frame-pointer -funroll-loops -fpeel-loops -ftracer -finline-functions (test for excess errors)
FAIL: gfortran.dg/array_constructor_23.f -O3 -g (test for excess errors)
FAIL: gfortran.dg/array_constructor_23.f -Os (test for excess errors)
FAIL: gfortran.dg/array_constructor_24.f -O1 (test for excess errors)
FAIL: gfortran.dg/array_constructor_24.f -O2 (test for excess errors)
FAIL: gfortran.dg/array_constructor_24.f -O3 -fomit-frame-pointer -funroll-loops -fpeel-loops -ftracer -finline-functions (test for excess errors)
FAIL: gfortran.dg/array_constructor_24.f -O3 -g (test for excess errors)
FAIL: gfortran.dg/array_constructor_24.f -Os (test for excess errors)
FAIL: gfortran.dg/array_constructor_type_12.f03 -O1 (test for excess errors)
FAIL: gfortran.dg/array_constructor_type_12.f03 -O2 (test for excess errors)
FAIL: gfortran.dg/array_constructor_type_12.f03 -O3 -fomit-frame-pointer -funroll-loops -fpeel-loops -ftracer -finline-functions (test for excess errors)
FAIL: gfortran.dg/array_constructor_type_12.f03 -O3 -g (test for excess errors)
FAIL: gfortran.dg/array_constructor_type_12.f03 -Os (test for excess errors)
FAIL: gfortran.dg/associate_28.f90 -O0 (test for excess errors)
FAIL: gfortran.dg/atan2_1.f90 -O0 (test for excess errors)
FAIL: gfortran.dg/bounds_check_20.f90 -O (test for excess errors)
FAIL: gfortran.dg/c_f_pointer_tests.f90 -O0 (test for excess errors)
FAIL: gfortran.dg/char_result_5.f90 -Os (test for excess errors)
FAIL: gfortran.dg/class_array_4.f03 -O1 (test for excess errors)
FAIL: gfortran.dg/class_array_4.f03 -O2 (test for excess errors)
FAIL: gfortran.dg/class_array_4.f03 -O3 -fomit-frame-pointer -funroll-loops -fpeel-loops -ftracer -finline-functions (test for excess errors)
FAIL: gfortran.dg/class_array_4.f03 -O3 -g (test for excess errors)
FAIL: gfortran.dg/class_array_4.f03 -Os (test for excess errors)
FAIL: gfortran.dg/class_to_type_1.f03 -O1 (test for excess errors)
FAIL: gfortran.dg/class_to_type_1.f03 -Os (test for excess errors)
FAIL: gfortran.dg/coarray_alloc_comp_6.f08 -Os (test for excess errors)
FAIL: gfortran.dg/coarray_alloc_comp_7.f08 -Os (test for excess errors)
FAIL: gfortran.dg/coarray_alloc_comp_8.f08 -Os (test for excess errors)
FAIL: gfortran.dg/coarray_allocate_8.f08 -O0 (test for excess errors)
FAIL: gfortran.dg/coindexed_1.f90 -O1 (test for excess errors)
FAIL: gfortran.dg/coindexed_1.f90 -O2 (test for excess errors)
FAIL: gfortran.dg/coindexed_1.f90 -O3 -fomit-frame-pointer -funroll-loops -fpeel-loops -ftracer -finline-functions (test for excess errors)
FAIL: gfortran.dg/coindexed_1.f90 -O3 -g (test for excess errors)
FAIL: gfortran.dg/coindexed_1.f90 -Os (test for excess errors)
FAIL: gfortran.dg/cray_pointers_2.f90 -O (test for excess errors)
FAIL: gfortran.dg/dynamic_dispatch_1.f03 -O1 (test for excess errors)
FAIL: gfortran.dg/dynamic_dispatch_1.f03 -O2 (test for excess errors)
FAIL: gfortran.dg/dynamic_dispatch_1.f03 -O3 -fomit-frame-pointer -funroll-loops -fpeel-loops -ftracer -finline-functions (test for excess errors)
FAIL: gfortran.dg/dynamic_dispatch_1.f03 -O3 -g (test for excess errors)
FAIL: gfortran.dg/dynamic_dispatch_1.f03 -Os (test for excess errors)
FAIL: gfortran.dg/dynamic_dispatch_2.f03 -O1 (test for excess errors)
FAIL: gfortran.dg/dynamic_dispatch_2.f03 -O2 (test for excess errors)
FAIL: gfortran.dg/dynamic_dispatch_2.f03 -O3 -fomit-frame-pointer -funroll-loops -fpeel-loops -ftracer -finline-functions (test for excess errors)
FAIL: gfortran.dg/dynamic_dispatch_2.f03 -O3 -g (test for excess errors)
FAIL: gfortran.dg/dynamic_dispatch_2.f03 -Os (test for excess errors)
FAIL: gfortran.dg/dynamic_dispatch_3.f03 -O1 (test for excess errors)
FAIL: gfortran.dg/dynamic_dispatch_3.f03 -O2 (test for excess errors)
FAIL: gfortran.dg/dynamic_dispatch_3.f03 -O3 -fomit-frame-pointer -funroll-loops -fpeel-loops -ftracer -finline-functions (test for excess errors)
FAIL: gfortran.dg/dynamic_dispatch_3.f03 -O3 -g (test for excess errors)
FAIL: gfortran.dg/dynamic_dispatch_3.f03 -Os (test for excess errors)
FAIL: gfortran.dg/elemental_dependency_4.f90 -O1 (test for excess errors)
FAIL: gfortran.dg/elemental_dependency_4.f90 -O2 (test for excess errors)
FAIL: gfortran.dg/elemental_dependency_4.f90 -O3 -fomit-frame-pointer -funroll-loops -fpeel-loops -ftracer -finline-functions (test for excess errors)
FAIL: gfortran.dg/elemental_dependency_4.f90 -O3 -g (test for excess errors)
FAIL: gfortran.dg/elemental_dependency_4.f90 -Os (test for excess errors)
FAIL: gfortran.dg/elemental_dependency_5.f90 -O1 (test for excess errors)
FAIL: gfortran.dg/elemental_dependency_5.f90 -O2 (test for excess errors)
FAIL: gfortran.dg/elemental_dependency_5.f90 -O3 -fomit-frame-pointer -funroll-loops -fpeel-loops -ftracer -finline-functions (test for excess errors)
FAIL: gfortran.dg/elemental_dependency_5.f90 -O3 -g (test for excess errors)
FAIL: gfortran.dg/elemental_dependency_5.f90 -Os (test for excess errors)
FAIL: gfortran.dg/entry_14.f90 -O1 (test for excess errors)
FAIL: gfortran.dg/entry_14.f90 -O2 (test for excess errors)
FAIL: gfortran.dg/entry_14.f90 -O3 -fomit-frame-pointer -funroll-loops -fpeel-loops -ftracer -finline-functions (test for excess errors)
FAIL: gfortran.dg/entry_14.f90 -O3 -g (test for excess errors)
FAIL: gfortran.dg/entry_14.f90 -Os (test for excess errors)
FAIL: gfortran.dg/f2c_9.f90 -O0 (test for excess errors)
FAIL: gfortran.dg/func_assign_3.f90 -O1 (test for excess errors)
FAIL: gfortran.dg/func_assign_3.f90 -O2 (test for excess errors)
FAIL: gfortran.dg/func_assign_3.f90 -O3 -fomit-frame-pointer -funroll-loops -fpeel-loops -ftracer -finline-functions (test for excess errors)
FAIL: gfortran.dg/func_assign_3.f90 -O3 -g (test for excess errors)
FAIL: gfortran.dg/func_assign_3.f90 -Os (test for excess errors)
FAIL: gfortran.dg/function_optimize_12.f90 -O0 (test for excess errors)
FAIL: gfortran.dg/gamma_5.f90 -O0 (test for excess errors)
FAIL: gfortran.dg/inline_matmul_24.f90 -O0 (test for excess errors)
FAIL: gfortran.dg/inline_matmul_7.f90 -O (test for excess errors)
FAIL: gfortran.dg/intrinsic_modulo_1.f90 -O1 (test for excess errors)
FAIL: gfortran.dg/intrinsic_modulo_1.f90 -O3 -fomit-frame-pointer -funroll-loops -fpeel-loops -ftracer -finline-functions (test for excess errors)
FAIL: gfortran.dg/intrinsic_modulo_1.f90 -Os (test for excess errors)
FAIL: gfortran.dg/list_read_14.f90 -O0 (test for excess errors)
FAIL: gfortran.dg/list_read_4.f90 -O1 (test for excess errors)
FAIL: gfortran.dg/list_read_4.f90 -O2 (test for excess errors)
FAIL: gfortran.dg/list_read_4.f90 -O3 -fomit-frame-pointer -funroll-loops -fpeel-loops -ftracer -finline-functions (test for excess errors)
FAIL: gfortran.dg/list_read_4.f90 -O3 -g (test for excess errors)
FAIL: gfortran.dg/list_read_4.f90 -Os (test for excess errors)
FAIL: gfortran.dg/matmul_1.f90 -O0 (test for excess errors)
FAIL: gfortran.dg/namelist_11.f -O0 (test for excess errors)
FAIL: gfortran.dg/namelist_90.f -O0 (test for excess errors)
FAIL: gfortran.dg/pdt_3.f03 -O3 -fomit-frame-pointer -funroll-loops -fpeel-loops -ftracer -finline-functions (test for excess errors)
FAIL: gfortran.dg/pdt_3.f03 -O3 -g (test for excess errors)
FAIL: gfortran.dg/pointer_array_7.f90 -O0 (test for excess errors)
FAIL: gfortran.dg/pointer_array_component_2.f90 -O0 (test for excess errors)
FAIL: gfortran.dg/pointer_assign_4.f90 -O0 (test for excess errors)
FAIL: gfortran.dg/pointer_remapping_10.f90 -O0 (test for excess errors)
FAIL: gfortran.dg/pr17090.f90 -O3 -fomit-frame-pointer -funroll-loops -fpeel-loops -ftracer -finline-functions (test for excess errors)
FAIL: gfortran.dg/pr17090.f90 -O3 -g (test for excess errors)
FAIL: gfortran.dg/pr18392.f90 -O1 (test for excess errors)
FAIL: gfortran.dg/pr18392.f90 -O2 (test for excess errors)
FAIL: gfortran.dg/pr18392.f90 -O3 -fomit-frame-pointer -funroll-loops -fpeel-loops -ftracer -finline-functions (test for excess errors)
FAIL: gfortran.dg/pr18392.f90 -O3 -g (test for excess errors)
FAIL: gfortran.dg/pr18392.f90 -Os (test for excess errors)
FAIL: gfortran.dg/pr61775.f90 -O1 (test for excess errors)
FAIL: gfortran.dg/pr61775.f90 -O2 (test for excess errors)
FAIL: gfortran.dg/pr61775.f90 -Os (test for excess errors)
FAIL: gfortran.dg/pr67524.f90 -O1 (test for excess errors)
FAIL: gfortran.dg/pr67524.f90 -O2 (test for excess errors)
FAIL: gfortran.dg/pr67524.f90 -O3 -fomit-frame-pointer -funroll-loops -fpeel-loops -ftracer -finline-functions (test for excess errors)
FAIL: gfortran.dg/pr67524.f90 -O3 -g (test for excess errors)
FAIL: gfortran.dg/pr67524.f90 -Os (test for excess errors)
FAIL: gfortran.dg/realloc_on_assign_15.f90 -O0 (test for excess errors)
FAIL: gfortran.dg/reduction.f90 -O1 (test for excess errors)
FAIL: gfortran.dg/reduction.f90 -O2 (test for excess errors)
FAIL: gfortran.dg/reduction.f90 -O3 -fomit-frame-pointer -funroll-loops -fpeel-loops -ftracer -finline-functions (test for excess errors)
FAIL: gfortran.dg/reduction.f90 -O3 -g (test for excess errors)
FAIL: gfortran.dg/reduction.f90 -Os (test for excess errors)
FAIL: gfortran.dg/reshape-alloc.f90 -O1 (test for excess errors)
FAIL: gfortran.dg/reshape-alloc.f90 -O2 (test for excess errors)
FAIL: gfortran.dg/reshape-alloc.f90 -O3 -fomit-frame-pointer -funroll-loops -fpeel-loops -ftracer -finline-functions (test for excess errors)
FAIL: gfortran.dg/reshape-alloc.f90 -O3 -g (test for excess errors)
FAIL: gfortran.dg/reshape-alloc.f90 -Os (test for excess errors)
FAIL: gfortran.dg/secnds-1.f -O1 (test for excess errors)
FAIL: gfortran.dg/secnds-1.f -O2 (test for excess errors)
FAIL: gfortran.dg/secnds-1.f -O3 -fomit-frame-pointer -funroll-loops -fpeel-loops -ftracer -finline-functions (test for excess errors)
FAIL: gfortran.dg/secnds-1.f -O3 -g (test for excess errors)
FAIL: gfortran.dg/secnds-1.f -Os (test for excess errors)
FAIL: gfortran.dg/streamio_9.f90 -O0 (test for excess errors)
FAIL: gfortran.dg/streamio_9.f90 -O1 (test for excess errors)
FAIL: gfortran.dg/streamio_9.f90 -Os (test for excess errors)
FAIL: gfortran.dg/submodule_7.f08 -O1 (test for excess errors)
FAIL: gfortran.dg/submodule_7.f08 -O2 (test for excess errors)
FAIL: gfortran.dg/submodule_7.f08 -O3 -fomit-frame-pointer -funroll-loops -fpeel-loops -ftracer -finline-functions (test for excess errors)
FAIL: gfortran.dg/submodule_7.f08 -O3 -g (test for excess errors)
FAIL: gfortran.dg/submodule_7.f08 -Os (test for excess errors)
FAIL: gfortran.dg/system_clock_3.f08 -O1 (test for excess errors)
FAIL: gfortran.dg/system_clock_3.f08 -O2 (test for excess errors)
FAIL: gfortran.dg/system_clock_3.f08 -O3 -fomit-frame-pointer -funroll-loops -fpeel-loops -ftracer -finline-functions (test for excess errors)
FAIL: gfortran.dg/system_clock_3.f08 -O3 -g (test for excess errors)
FAIL: gfortran.dg/system_clock_3.f08 -Os (test for excess errors)
FAIL: gfortran.dg/temporary_3.f90 -O0 (test for excess errors)
FAIL: gfortran.dg/type_to_class_1.f03 -O1 (test for excess errors)
FAIL: gfortran.dg/type_to_class_1.f03 -Os (test for excess errors)
FAIL: gfortran.dg/typebound_operator_3.f03 -O1 (test for excess errors)
FAIL: gfortran.dg/typebound_operator_3.f03 -O2 (test for excess errors)
FAIL: gfortran.dg/typebound_operator_3.f03 -O3 -fomit-frame-pointer -funroll-loops -fpeel-loops -ftracer -finline-functions (test for excess errors)
FAIL: gfortran.dg/typebound_operator_3.f03 -O3 -g (test for excess errors)
FAIL: gfortran.dg/typebound_operator_3.f03 -Os (test for excess errors)
FAIL: gfortran.dg/typebound_operator_9.f03 -O1 (test for excess errors)
FAIL: gfortran.dg/unlimited_polymorphic_18.f90 -O0 (test for excess errors)
FAIL: gfortran.dg/g77/20010430.f -O0 (test for excess errors)
FAIL: gfortran.dg/g77/claus.f -O0 (test for excess errors)
FAIL: gfortran.dg/g77/le.f -O0 (test for excess errors)
FAIL: gfortran.dg/vect/pr86421.f90 -O (test for excess errors)
=== gfortran Summary for unix/-mx32 ===
# of expected passes 48207
# of unexpected failures 162
# of expected failures 93
# of unsupported tests 80
=== gfortran Summary ===
# of expected passes 144533
# of unexpected failures 323
# of expected failures 279
# of unsupported tests 365
/export/gnu/import/git/gcc-test-release-2-intel64/bld/gcc/gfortran version 8.4.1 20200307 [releases/gcc-8 revision ce1281ffc19:2598b3fbea2:932faa2ee1bf615c20e32cd8b703cc4490065f47] (GCC)
=== g++ tests ===
Running target unix
FAIL: g++.dg/concepts/abbrev2.C -std=c++14 (test for excess errors)
FAIL: g++.dg/pr83239.C -std=gnu++98 (test for excess errors)
FAIL: c-c++-common/torture/vector-compare-1.c -O0 (test for excess errors)
FAIL: c-c++-common/torture/vector-compare-1.c -O3 -fomit-frame-pointer -funroll-loops -fpeel-loops -ftracer -finline-functions (test for excess errors)
FAIL: c-c++-common/torture/vector-compare-1.c -O3 -g (test for excess errors)
FAIL: g++.old-deja/g++.jason/loverload3.C -std=c++11 (test for excess errors)
FAIL: g++.old-deja/g++.jason/loverload3.C -std=c++14 (test for excess errors)
FAIL: g++.old-deja/g++.jason/loverload3.C -std=c++98 (test for excess errors)
FAIL: g++.old-deja/g++.robertl/eb120.C -std=c++11 (test for excess errors)
FAIL: g++.old-deja/g++.robertl/eb120.C -std=c++14 (test for excess errors)
FAIL: g++.old-deja/g++.robertl/eb120.C -std=c++98 (test for excess errors)
=== g++ Summary for unix ===
# of expected passes 126629
# of unexpected failures 11
# of expected failures 506
# of unsupported tests 5164
Running target unix/-m32
FAIL: g++.dg/asan/asan_test.C -O2 (test for excess errors)
UNRESOLVED: g++.dg/asan/asan_test.C -O2 compilation failed to produce executable
FAIL: g++.dg/pr83239.C -std=gnu++98 (test for excess errors)
=== g++ Summary for unix/-m32 ===
# of expected passes 123670
# of unexpected failures 2
# of expected failures 503
# of unresolved testcases 1
# of unsupported tests 4994
Running target unix/-mx32
FAIL: g++.dg/asan/asan_test.C -O2 (test for excess errors)
UNRESOLVED: g++.dg/asan/asan_test.C -O2 compilation failed to produce executable
FAIL: g++.dg/concepts/abbrev2.C -std=c++14 (test for excess errors)
FAIL: g++.dg/pr83239.C -std=gnu++98 (test for excess errors)
FAIL: g++.dg/lto/pr69077 cp_lto_pr69077_0.o-cp_lto_pr69077_1.o link, -O3 -g -flto
FAIL: c-c++-common/torture/vector-compare-1.c -O0 (test for excess errors)
FAIL: c-c++-common/torture/vector-compare-1.c -O3 -fomit-frame-pointer -funroll-loops -fpeel-loops -ftracer -finline-functions (test for excess errors)
FAIL: c-c++-common/torture/vector-compare-1.c -O3 -g (test for excess errors)
FAIL: g++.old-deja/g++.jason/loverload3.C -std=c++11 (test for excess errors)
FAIL: g++.old-deja/g++.jason/loverload3.C -std=c++14 (test for excess errors)
FAIL: g++.old-deja/g++.jason/loverload3.C -std=c++98 (test for excess errors)
FAIL: g++.old-deja/g++.robertl/eb120.C -std=c++11 (test for excess errors)
FAIL: g++.old-deja/g++.robertl/eb120.C -std=c++14 (test for excess errors)
FAIL: g++.old-deja/g++.robertl/eb120.C -std=c++98 (test for excess errors)
FAIL: g++.old-deja/g++.robertl/eb61.C -std=c++11 (test for excess errors)
FAIL: g++.old-deja/g++.robertl/eb61.C -std=c++14 (test for excess errors)
FAIL: g++.old-deja/g++.robertl/eb61.C -std=c++98 (test for excess errors)
=== g++ Summary for unix/-mx32 ===
# of expected passes 125359
# of unexpected failures 16
# of expected failures 503
# of unresolved testcases 1
# of unsupported tests 5146
=== g++ Summary ===
# of expected passes 375658
# of unexpected failures 29
# of expected failures 1512
# of unresolved testcases 2
# of unsupported tests 15304
/export/gnu/import/git/gcc-test-release-2-intel64/bld/gcc/xg++ version 8.4.1 20200307 [releases/gcc-8 revision ce1281ffc19:2598b3fbea2:932faa2ee1bf615c20e32cd8b703cc4490065f47] (GCC)
=== objc tests ===
Running target unix
=== objc Summary for unix ===
# of expected passes 2798
# of expected failures 6
# of unsupported tests 68
Running target unix/-m32
=== objc Summary for unix/-m32 ===
# of expected passes 2798
# of expected failures 6
# of unsupported tests 68
Running target unix/-mx32
=== objc Summary for unix/-mx32 ===
# of expected passes 2798
# of expected failures 6
# of unsupported tests 68
=== objc Summary ===
# of expected passes 8394
# of expected failures 18
# of unsupported tests 204
/export/gnu/import/git/gcc-test-release-2-intel64/bld/gcc/xgcc version 8.4.1 20200307 [releases/gcc-8 revision ce1281ffc19:2598b3fbea2:932faa2ee1bf615c20e32cd8b703cc4490065f47] (GCC)
=== libatomic tests ===
Running target unix/-m32
=== libatomic Summary for unix/-m32 ===
# of expected passes 44
# of unsupported tests 5
Running target unix/-mx32
=== libatomic Summary for unix/-mx32 ===
# of expected passes 54
Running target unix
=== libatomic Summary for unix ===
# of expected passes 54
=== libatomic Summary ===
# of expected passes 152
# of unsupported tests 5
=== libgomp tests ===
Running target unix/-m32
=== libgomp Summary for unix/-m32 ===
# of expected passes 5587
# of expected failures 2
# of unsupported tests 303
Running target unix/-mx32
FAIL: libgomp.c/atomic-3.c (test for excess errors)
FAIL: libgomp.c/for-4.c (test for excess errors)
FAIL: libgomp.fortran/aligned1.f03 -O0 (test for excess errors)
FAIL: libgomp.fortran/appendix-a/a.16.1.f90 -O1 (test for excess errors)
FAIL: libgomp.fortran/appendix-a/a.16.1.f90 -O2 (test for excess errors)
FAIL: libgomp.fortran/appendix-a/a.16.1.f90 -O3 -fomit-frame-pointer -funroll-loops -fpeel-loops -ftracer -finline-functions (test for excess errors)
FAIL: libgomp.fortran/appendix-a/a.16.1.f90 -O3 -g (test for excess errors)
FAIL: libgomp.fortran/appendix-a/a.16.1.f90 -Os (test for excess errors)
FAIL: libgomp.fortran/appendix-a/a.18.1.f90 -O1 (test for excess errors)
FAIL: libgomp.fortran/appendix-a/a.18.1.f90 -O2 (test for excess errors)
FAIL: libgomp.fortran/appendix-a/a.18.1.f90 -O3 -fomit-frame-pointer -funroll-loops -fpeel-loops -ftracer -finline-functions (test for excess errors)
FAIL: libgomp.fortran/appendix-a/a.18.1.f90 -O3 -g (test for excess errors)
FAIL: libgomp.fortran/appendix-a/a.18.1.f90 -Os (test for excess errors)
FAIL: libgomp.fortran/appendix-a/a.31.5.f90 -O0 (test for excess errors)
FAIL: libgomp.fortran/declare-simd-1.f90 -O0 (test for excess errors)
FAIL: libgomp.fortran/declare-simd-2.f90 -O0 (test for excess errors)
FAIL: libgomp.fortran/declare-simd-4.f90 -O0 (test for excess errors)
FAIL: libgomp.fortran/examples-4/async_target-1.f90 -O0 (test for excess errors)
FAIL: libgomp.fortran/examples-4/declare_target-3.f90 -O0 (test for excess errors)
FAIL: libgomp.fortran/examples-4/declare_target-4.f90 -O0 (test for excess errors)
FAIL: libgomp.fortran/examples-4/simd-6.f90 -O0 (test for excess errors)
FAIL: libgomp.fortran/examples-4/target-1.f90 -O0 (test for excess errors)
FAIL: libgomp.fortran/examples-4/target-2.f90 -O0 (test for excess errors)
FAIL: libgomp.fortran/examples-4/target-3.f90 -O0 (test for excess errors)
FAIL: libgomp.fortran/examples-4/target-4.f90 -O0 (test for excess errors)
FAIL: libgomp.fortran/examples-4/target_data-1.f90 -O0 (test for excess errors)
FAIL: libgomp.fortran/examples-4/target_data-2.f90 -O0 (test for excess errors)
FAIL: libgomp.fortran/examples-4/target_data-4.f90 -O0 (test for excess errors)
FAIL: libgomp.fortran/examples-4/target_data-5.f90 -O0 (test for excess errors)
FAIL: libgomp.fortran/examples-4/target_update-1.f90 -O0 (test for excess errors)
FAIL: libgomp.fortran/examples-4/target_update-2.f90 -O0 (test for excess errors)
FAIL: libgomp.fortran/examples-4/teams-2.f90 -O0 (test for excess errors)
FAIL: libgomp.fortran/examples-4/teams-3.f90 -O0 (test for excess errors)
FAIL: libgomp.fortran/examples-4/teams-4.f90 -O0 (test for excess errors)
FAIL: libgomp.fortran/examples-4/teams-5.f90 -O0 (test for excess errors)
FAIL: libgomp.fortran/examples-4/teams-6.f90 -O0 (test for excess errors)
FAIL: libgomp.fortran/jacobi.f -O3 -fomit-frame-pointer -funroll-loops -fpeel-loops -ftracer -finline-functions (test for excess errors)
FAIL: libgomp.fortran/jacobi.f -O3 -g (test for excess errors)
FAIL: libgomp.fortran/omp_atomic1.f90 -O1 (test for excess errors)
FAIL: libgomp.fortran/omp_atomic1.f90 -O2 (test for excess errors)
FAIL: libgomp.fortran/omp_atomic1.f90 -O3 -fomit-frame-pointer -funroll-loops -fpeel-loops -ftracer -finline-functions (test for excess errors)
FAIL: libgomp.fortran/omp_atomic1.f90 -O3 -g (test for excess errors)
FAIL: libgomp.fortran/omp_atomic1.f90 -Os (test for excess errors)
FAIL: libgomp.fortran/omp_atomic3.f90 -O1 (test for excess errors)
FAIL: libgomp.fortran/omp_atomic3.f90 -O2 (test for excess errors)
FAIL: libgomp.fortran/omp_atomic3.f90 -O3 -fomit-frame-pointer -funroll-loops -fpeel-loops -ftracer -finline-functions (test for excess errors)
FAIL: libgomp.fortran/omp_atomic3.f90 -O3 -g (test for excess errors)
FAIL: libgomp.fortran/omp_atomic3.f90 -Os (test for excess errors)
FAIL: libgomp.fortran/pr25162.f -O0 (test for excess errors)
FAIL: libgomp.fortran/pr81841.f90 -O1 (test for excess errors)
FAIL: libgomp.fortran/pr81841.f90 -O2 (test for excess errors)
FAIL: libgomp.fortran/pr81841.f90 -O3 -fomit-frame-pointer -funroll-loops -fpeel-loops -ftracer -finline-functions (test for excess errors)
FAIL: libgomp.fortran/pr81841.f90 -O3 -g (test for excess errors)
FAIL: libgomp.fortran/pr81841.f90 -Os (test for excess errors)
FAIL: libgomp.fortran/pr84418-1.f90 -O0 (test for excess errors)
FAIL: libgomp.fortran/target1.f90 -O0 (test for excess errors)
FAIL: libgomp.fortran/target6.f90 -O0 (test for excess errors)
FAIL: libgomp.fortran/target7.f90 -O0 (test for excess errors)
FAIL: libgomp.fortran/target8.f90 -O0 (test for excess errors)
FAIL: libgomp.fortran/udr5.f90 -O0 (test for excess errors)
FAIL: libgomp.fortran/udr6.f90 -O1 (test for excess errors)
FAIL: libgomp.fortran/udr6.f90 -O2 (test for excess errors)
FAIL: libgomp.fortran/udr6.f90 -O3 -fomit-frame-pointer -funroll-loops -fpeel-loops -ftracer -finline-functions (test for excess errors)
FAIL: libgomp.fortran/udr6.f90 -O3 -g (test for excess errors)
FAIL: libgomp.fortran/udr6.f90 -Os (test for excess errors)
FAIL: libgomp.fortran/udr7.f90 -O0 (test for excess errors)
FAIL: libgomp.fortran/vla1.f90 -O0 (test for excess errors)
FAIL: libgomp.fortran/vla1.f90 -O1 (test for excess errors)
FAIL: libgomp.fortran/vla1.f90 -O2 (test for excess errors)
FAIL: libgomp.fortran/vla2.f90 -O0 (test for excess errors)
FAIL: libgomp.fortran/vla2.f90 -O1 (test for excess errors)
FAIL: libgomp.fortran/vla2.f90 -O2 (test for excess errors)
FAIL: libgomp.fortran/vla3.f90 -O0 (test for excess errors)
FAIL: libgomp.fortran/vla3.f90 -O1 (test for excess errors)
FAIL: libgomp.fortran/vla3.f90 -O2 (test for excess errors)
FAIL: libgomp.fortran/vla3.f90 -O3 -fomit-frame-pointer -funroll-loops -fpeel-loops -ftracer -finline-functions (test for excess errors)
FAIL: libgomp.fortran/vla3.f90 -O3 -g (test for excess errors)
FAIL: libgomp.fortran/vla3.f90 -Os (test for excess errors)
FAIL: libgomp.fortran/vla4.f90 -O0 (test for excess errors)
FAIL: libgomp.fortran/vla4.f90 -O1 (test for excess errors)
FAIL: libgomp.fortran/vla4.f90 -O2 (test for excess errors)
FAIL: libgomp.fortran/vla5.f90 -O0 (test for excess errors)
FAIL: libgomp.fortran/vla5.f90 -O1 (test for excess errors)
FAIL: libgomp.fortran/vla5.f90 -O2 (test for excess errors)
FAIL: libgomp.fortran/vla5.f90 -O3 -fomit-frame-pointer -funroll-loops -fpeel-loops -ftracer -finline-functions (test for excess errors)
FAIL: libgomp.fortran/vla6.f90 -O0 (test for excess errors)
FAIL: libgomp.fortran/vla6.f90 -O1 (test for excess errors)
FAIL: libgomp.fortran/vla6.f90 -O2 (test for excess errors)
FAIL: libgomp.fortran/vla6.f90 -O3 -fomit-frame-pointer -funroll-loops -fpeel-loops -ftracer -finline-functions (test for excess errors)
FAIL: libgomp.fortran/vla6.f90 -O3 -g (test for excess errors)
FAIL: libgomp.fortran/vla8.f90 -O0 (test for excess errors)
FAIL: libgomp.fortran/vla8.f90 -O1 (test for excess errors)
FAIL: libgomp.fortran/vla8.f90 -O2 (test for excess errors)
FAIL: libgomp.fortran/vla8.f90 -O3 -fomit-frame-pointer -funroll-loops -fpeel-loops -ftracer -finline-functions (test for excess errors)
FAIL: libgomp.fortran/vla8.f90 -O3 -g (test for excess errors)
FAIL: libgomp.oacc-fortran/lib-10.f90 -DACC_DEVICE_TYPE_host=1 -DACC_MEM_SHARED=1 -O0 (test for excess errors)
FAIL: libgomp.oacc-fortran/lib-8.f90 -DACC_DEVICE_TYPE_host=1 -DACC_MEM_SHARED=1 -O0 (test for excess errors)
FAIL: libgomp.oacc-fortran/reduction-2.f90 -DACC_DEVICE_TYPE_host=1 -DACC_MEM_SHARED=1 -O0 (test for excess errors)
FAIL: libgomp.oacc-fortran/reduction-3.f90 -DACC_DEVICE_TYPE_host=1 -DACC_MEM_SHARED=1 -O0 (test for excess errors)
FAIL: libgomp.oacc-fortran/reduction-4.f90 -DACC_DEVICE_TYPE_host=1 -DACC_MEM_SHARED=1 -O0 (test for excess errors)
=== libgomp Summary for unix/-mx32 ===
# of expected passes 5487
# of unexpected failures 100
# of expected failures 2
# of unsupported tests 303
Running target unix
FAIL: libgomp.c/atomic-3.c (test for excess errors)
FAIL: libgomp.c/for-4.c (test for excess errors)
FAIL: libgomp.fortran/aligned1.f03 -O0 (test for excess errors)
FAIL: libgomp.fortran/appendix-a/a.16.1.f90 -O1 (test for excess errors)
FAIL: libgomp.fortran/appendix-a/a.16.1.f90 -O2 (test for excess errors)
FAIL: libgomp.fortran/appendix-a/a.16.1.f90 -O3 -fomit-frame-pointer -funroll-loops -fpeel-loops -ftracer -finline-functions (test for excess errors)
FAIL: libgomp.fortran/appendix-a/a.16.1.f90 -O3 -g (test for excess errors)
FAIL: libgomp.fortran/appendix-a/a.16.1.f90 -Os (test for excess errors)
FAIL: libgomp.fortran/appendix-a/a.18.1.f90 -O1 (test for excess errors)
FAIL: libgomp.fortran/appendix-a/a.18.1.f90 -O2 (test for excess errors)
FAIL: libgomp.fortran/appendix-a/a.18.1.f90 -O3 -fomit-frame-pointer -funroll-loops -fpeel-loops -ftracer -finline-functions (test for excess errors)
FAIL: libgomp.fortran/appendix-a/a.18.1.f90 -O3 -g (test for excess errors)
FAIL: libgomp.fortran/appendix-a/a.18.1.f90 -Os (test for excess errors)
FAIL: libgomp.fortran/appendix-a/a.31.5.f90 -O0 (test for excess errors)
FAIL: libgomp.fortran/declare-simd-1.f90 -O0 (test for excess errors)
FAIL: libgomp.fortran/declare-simd-2.f90 -O0 (test for excess errors)
FAIL: libgomp.fortran/declare-simd-4.f90 -O0 (test for excess errors)
FAIL: libgomp.fortran/examples-4/async_target-1.f90 -O0 (test for excess errors)
FAIL: libgomp.fortran/examples-4/declare_target-3.f90 -O0 (test for excess errors)
FAIL: libgomp.fortran/examples-4/declare_target-4.f90 -O0 (test for excess errors)
FAIL: libgomp.fortran/examples-4/simd-6.f90 -O0 (test for excess errors)
FAIL: libgomp.fortran/examples-4/target-1.f90 -O0 (test for excess errors)
FAIL: libgomp.fortran/examples-4/target-2.f90 -O0 (test for excess errors)
FAIL: libgomp.fortran/examples-4/target-3.f90 -O0 (test for excess errors)
FAIL: libgomp.fortran/examples-4/target-4.f90 -O0 (test for excess errors)
FAIL: libgomp.fortran/examples-4/target_data-1.f90 -O0 (test for excess errors)
FAIL: libgomp.fortran/examples-4/target_data-2.f90 -O0 (test for excess errors)
FAIL: libgomp.fortran/examples-4/target_data-4.f90 -O0 (test for excess errors)
FAIL: libgomp.fortran/examples-4/target_data-5.f90 -O0 (test for excess errors)
FAIL: libgomp.fortran/examples-4/target_update-1.f90 -O0 (test for excess errors)
FAIL: libgomp.fortran/examples-4/target_update-2.f90 -O0 (test for excess errors)
FAIL: libgomp.fortran/examples-4/teams-2.f90 -O0 (test for excess errors)
FAIL: libgomp.fortran/examples-4/teams-3.f90 -O0 (test for excess errors)
FAIL: libgomp.fortran/examples-4/teams-4.f90 -O0 (test for excess errors)
FAIL: libgomp.fortran/examples-4/teams-5.f90 -O0 (test for excess errors)
FAIL: libgomp.fortran/examples-4/teams-6.f90 -O0 (test for excess errors)
FAIL: libgomp.fortran/jacobi.f -O3 -fomit-frame-pointer -funroll-loops -fpeel-loops -ftracer -finline-functions (test for excess errors)
FAIL: libgomp.fortran/jacobi.f -O3 -g (test for excess errors)
FAIL: libgomp.fortran/omp_atomic1.f90 -O1 (test for excess errors)
FAIL: libgomp.fortran/omp_atomic1.f90 -O2 (test for excess errors)
FAIL: libgomp.fortran/omp_atomic1.f90 -O3 -fomit-frame-pointer -funroll-loops -fpeel-loops -ftracer -finline-functions (test for excess errors)
FAIL: libgomp.fortran/omp_atomic1.f90 -O3 -g (test for excess errors)
FAIL: libgomp.fortran/omp_atomic1.f90 -Os (test for excess errors)
FAIL: libgomp.fortran/omp_atomic3.f90 -O1 (test for excess errors)
FAIL: libgomp.fortran/omp_atomic3.f90 -O2 (test for excess errors)
FAIL: libgomp.fortran/omp_atomic3.f90 -O3 -fomit-frame-pointer -funroll-loops -fpeel-loops -ftracer -finline-functions (test for excess errors)
FAIL: libgomp.fortran/omp_atomic3.f90 -O3 -g (test for excess errors)
FAIL: libgomp.fortran/omp_atomic3.f90 -Os (test for excess errors)
FAIL: libgomp.fortran/pr25162.f -O0 (test for excess errors)
FAIL: libgomp.fortran/pr81841.f90 -O1 (test for excess errors)
FAIL: libgomp.fortran/pr81841.f90 -O2 (test for excess errors)
FAIL: libgomp.fortran/pr81841.f90 -O3 -fomit-frame-pointer -funroll-loops -fpeel-loops -ftracer -finline-functions (test for excess errors)
FAIL: libgomp.fortran/pr81841.f90 -O3 -g (test for excess errors)
FAIL: libgomp.fortran/pr81841.f90 -Os (test for excess errors)
FAIL: libgomp.fortran/pr84418-1.f90 -O0 (test for excess errors)
FAIL: libgomp.fortran/target1.f90 -O0 (test for excess errors)
FAIL: libgomp.fortran/target6.f90 -O0 (test for excess errors)
FAIL: libgomp.fortran/target7.f90 -O0 (test for excess errors)
FAIL: libgomp.fortran/target8.f90 -O0 (test for excess errors)
FAIL: libgomp.fortran/udr5.f90 -O0 (test for excess errors)
FAIL: libgomp.fortran/udr6.f90 -O1 (test for excess errors)
FAIL: libgomp.fortran/udr6.f90 -O2 (test for excess errors)
FAIL: libgomp.fortran/udr6.f90 -O3 -fomit-frame-pointer -funroll-loops -fpeel-loops -ftracer -finline-functions (test for excess errors)
FAIL: libgomp.fortran/udr6.f90 -O3 -g (test for excess errors)
FAIL: libgomp.fortran/udr6.f90 -Os (test for excess errors)
FAIL: libgomp.fortran/udr7.f90 -O0 (test for excess errors)
FAIL: libgomp.fortran/vla1.f90 -O0 (test for excess errors)
FAIL: libgomp.fortran/vla1.f90 -O1 (test for excess errors)
FAIL: libgomp.fortran/vla1.f90 -O2 (test for excess errors)
FAIL: libgomp.fortran/vla2.f90 -O0 (test for excess errors)
FAIL: libgomp.fortran/vla2.f90 -O1 (test for excess errors)
FAIL: libgomp.fortran/vla2.f90 -O2 (test for excess errors)
FAIL: libgomp.fortran/vla3.f90 -O0 (test for excess errors)
FAIL: libgomp.fortran/vla3.f90 -O1 (test for excess errors)
FAIL: libgomp.fortran/vla3.f90 -O2 (test for excess errors)
FAIL: libgomp.fortran/vla3.f90 -O3 -fomit-frame-pointer -funroll-loops -fpeel-loops -ftracer -finline-functions (test for excess errors)
FAIL: libgomp.fortran/vla3.f90 -O3 -g (test for excess errors)
FAIL: libgomp.fortran/vla3.f90 -Os (test for excess errors)
FAIL: libgomp.fortran/vla4.f90 -O0 (test for excess errors)
FAIL: libgomp.fortran/vla4.f90 -O1 (test for excess errors)
FAIL: libgomp.fortran/vla4.f90 -O2 (test for excess errors)
FAIL: libgomp.fortran/vla4.f90 -O3 -fomit-frame-pointer -funroll-loops -fpeel-loops -ftracer -finline-functions (test for excess errors)
FAIL: libgomp.fortran/vla4.f90 -O3 -g (test for excess errors)
FAIL: libgomp.fortran/vla5.f90 -O0 (test for excess errors)
FAIL: libgomp.fortran/vla5.f90 -O1 (test for excess errors)
FAIL: libgomp.fortran/vla5.f90 -O2 (test for excess errors)
FAIL: libgomp.fortran/vla5.f90 -O3 -g (test for excess errors)
FAIL: libgomp.fortran/vla6.f90 -O0 (test for excess errors)
FAIL: libgomp.fortran/vla6.f90 -O1 (test for excess errors)
FAIL: libgomp.fortran/vla6.f90 -O2 (test for excess errors)
FAIL: libgomp.fortran/vla6.f90 -O3 -fomit-frame-pointer -funroll-loops -fpeel-loops -ftracer -finline-functions (test for excess errors)
FAIL: libgomp.fortran/vla6.f90 -O3 -g (test for excess errors)
FAIL: libgomp.fortran/vla6.f90 -Os (test for excess errors)
FAIL: libgomp.fortran/vla8.f90 -O0 (test for excess errors)
FAIL: libgomp.fortran/vla8.f90 -O1 (test for excess errors)
FAIL: libgomp.fortran/vla8.f90 -O2 (test for excess errors)
FAIL: libgomp.fortran/vla8.f90 -O3 -fomit-frame-pointer -funroll-loops -fpeel-loops -ftracer -finline-functions (test for excess errors)
FAIL: libgomp.fortran/vla8.f90 -O3 -g (test for excess errors)
FAIL: libgomp.fortran/vla8.f90 -Os (test for excess errors)
FAIL: libgomp.oacc-fortran/lib-10.f90 -DACC_DEVICE_TYPE_host=1 -DACC_MEM_SHARED=1 -O0 (test for excess errors)
FAIL: libgomp.oacc-fortran/lib-8.f90 -DACC_DEVICE_TYPE_host=1 -DACC_MEM_SHARED=1 -O0 (test for excess errors)
FAIL: libgomp.oacc-fortran/reduction-2.f90 -DACC_DEVICE_TYPE_host=1 -DACC_MEM_SHARED=1 -O0 (test for excess errors)
FAIL: libgomp.oacc-fortran/reduction-3.f90 -DACC_DEVICE_TYPE_host=1 -DACC_MEM_SHARED=1 -O0 (test for excess errors)
FAIL: libgomp.oacc-fortran/reduction-4.f90 -DACC_DEVICE_TYPE_host=1 -DACC_MEM_SHARED=1 -O0 (test for excess errors)
=== libgomp Summary for unix ===
# of expected passes 5483
# of unexpected failures 104
# of expected failures 2
# of unsupported tests 303
=== libgomp Summary ===
# of expected passes 16557
# of unexpected failures 204
# of expected failures 6
# of unsupported tests 909
=== libitm tests ===
Running target unix/-m32
=== libitm Summary for unix/-m32 ===
# of expected passes 42
# of expected failures 3
# of unsupported tests 1
Running target unix/-mx32
=== libitm Summary for unix/-mx32 ===
# of expected passes 42
# of expected failures 3
# of unsupported tests 1
Running target unix
=== libitm Summary for unix ===
# of expected passes 42
# of expected failures 3
# of unsupported tests 1
=== libitm Summary ===
# of expected passes 126
# of expected failures 9
# of unsupported tests 3
=== libstdc++ tests ===
Running target unix
FAIL: 20_util/hash/chi2_q_bit_flip_set.cc (test for excess errors)
FAIL: 20_util/hash/chi2_q_bit_string_set.cc (test for excess errors)
FAIL: 20_util/hash/chi2_q_document_words.cc (test for excess errors)
FAIL: 20_util/hash/chi2_q_numeric_pattern_set.cc (test for excess errors)
FAIL: 20_util/hash/chi2_q_uniform_random.cc (test for excess errors)
FAIL: 22_locale/numpunct/members/char/3.cc execution test
FAIL: 22_locale/time_get/get_time/char/2.cc execution test
FAIL: 22_locale/time_get/get_time/char/wrapped_env.cc execution test
FAIL: 22_locale/time_get/get_time/char/wrapped_locale.cc execution test
FAIL: 22_locale/time_get/get_time/wchar_t/2.cc execution test
FAIL: 22_locale/time_get/get_time/wchar_t/wrapped_env.cc execution test
FAIL: 22_locale/time_get/get_time/wchar_t/wrapped_locale.cc execution test
FAIL: 25_algorithms/push_heap/complexity.cc (test for excess errors)
FAIL: 26_numerics/random/binomial_distribution/cons/parms.cc (test for excess errors)
FAIL: 26_numerics/random/binomial_distribution/operators/equal.cc (test for excess errors)
FAIL: 26_numerics/random/binomial_distribution/operators/inequal.cc (test for excess errors)
FAIL: 26_numerics/random/binomial_distribution/operators/serialize.cc (test for excess errors)
FAIL: 26_numerics/random/binomial_distribution/operators/values4.cc (test for excess errors)
FAIL: 26_numerics/random/binomial_distribution/operators/values5.cc (test for excess errors)
=== libstdc++ Summary for unix ===
# of expected passes 12399
# of unexpected failures 19
# of expected failures 71
# of unsupported tests 258
Running target unix/-m32
FAIL: 22_locale/numpunct/members/char/3.cc execution test
FAIL: 22_locale/time_get/get_time/char/2.cc execution test
FAIL: 22_locale/time_get/get_time/char/wrapped_env.cc execution test
FAIL: 22_locale/time_get/get_time/char/wrapped_locale.cc execution test
FAIL: 22_locale/time_get/get_time/wchar_t/2.cc execution test
FAIL: 22_locale/time_get/get_time/wchar_t/wrapped_env.cc execution test
FAIL: 22_locale/time_get/get_time/wchar_t/wrapped_locale.cc execution test
=== libstdc++ Summary for unix/-m32 ===
# of expected passes 12419
# of unexpected failures 7
# of expected failures 71
# of unsupported tests 254
Running target unix/-mx32
FAIL: 20_util/hash/chi2_q_bit_flip_set.cc (test for excess errors)
FAIL: 20_util/hash/chi2_q_bit_string_set.cc (test for excess errors)
FAIL: 20_util/hash/chi2_q_document_words.cc (test for excess errors)
FAIL: 20_util/hash/chi2_q_numeric_pattern_set.cc (test for excess errors)
FAIL: 20_util/hash/chi2_q_uniform_random.cc (test for excess errors)
FAIL: 22_locale/numpunct/members/char/3.cc execution test
FAIL: 22_locale/time_get/get_time/char/2.cc execution test
FAIL: 22_locale/time_get/get_time/char/wrapped_env.cc execution test
FAIL: 22_locale/time_get/get_time/char/wrapped_locale.cc execution test
FAIL: 22_locale/time_get/get_time/wchar_t/2.cc execution test
FAIL: 22_locale/time_get/get_time/wchar_t/wrapped_env.cc execution test
FAIL: 22_locale/time_get/get_time/wchar_t/wrapped_locale.cc execution test
FAIL: 25_algorithms/push_heap/complexity.cc (test for excess errors)
FAIL: 26_numerics/random/binomial_distribution/cons/parms.cc (test for excess errors)
FAIL: 26_numerics/random/binomial_distribution/operators/equal.cc (test for excess errors)
FAIL: 26_numerics/random/binomial_distribution/operators/inequal.cc (test for excess errors)
FAIL: 26_numerics/random/binomial_distribution/operators/serialize.cc (test for excess errors)
FAIL: 26_numerics/random/binomial_distribution/operators/values4.cc (test for excess errors)
FAIL: 26_numerics/random/binomial_distribution/operators/values5.cc (test for excess errors)
=== libstdc++ Summary for unix/-mx32 ===
# of expected passes 12399
# of unexpected failures 19
# of expected failures 71
# of unsupported tests 258
=== libstdc++ Summary ===
# of expected passes 37217
# of unexpected failures 45
# of expected failures 213
# of unsupported tests 770
Compiler version: 8.4.1 20200307 [releases/gcc-8 revision ce1281ffc19:2598b3fbea2:932faa2ee1bf615c20e32cd8b703cc4490065f47] (GCC)
Platform: x86_64-pc-linux-gnu
configure flags: --prefix=/usr/8.4.1 --enable-clocale=gnu --with-system-zlib --enable-shared --enable-cet --with-demangler-in-ld --enable-libmpx --with-multilib-list=m32,m64,mx32 --with-fpmath=sse
More information about the Gcc-testresults
mailing list