Results for 11.0.0 20200629 (experimental) [master revision r11-1700-g69273534c658949129ac6c389ea25c9cddec3767] (GCC) testsuite on arm-none-linux-gnueabi
Christophe LYON
christophe.lyon@st.com
Mon Jun 29 03:41:50 GMT 2020
LAST_UPDATED: Mon Jun 29 00:32:17 UTC 2020 (revision r11-1700-g69273534c658949129ac6c389ea25c9cddec3767)
Target is arm-none-linux-gnueabi
Host is arm-none-linux-gnueabi
=== libatomic tests ===
Running target qemu/-march=armv5t
=== libatomic Summary ===
# of expected passes 44
# of unsupported tests 5
Host is arm-none-linux-gnueabi
=== libitm tests ===
Running target qemu/-march=armv5t
=== libitm Summary ===
# of expected passes 42
# of expected failures 3
# of unsupported tests 1
Host is arm-none-linux-gnueabi
=== libstdc++ tests ===
Running target qemu/-march=armv5t
FAIL: 21_strings/basic_string/cons/char/nonnull.cc (test for warnings, line 26)
FAIL: 21_strings/basic_string/cons/char/nonnull.cc (test for warnings, line 27)
FAIL: 21_strings/basic_string/cons/char/nonnull.cc (test for warnings, line 28)
FAIL: 21_strings/basic_string/cons/wchar_t/nonnull.cc (test for warnings, line 26)
FAIL: 21_strings/basic_string/cons/wchar_t/nonnull.cc (test for warnings, line 27)
FAIL: 21_strings/basic_string/cons/wchar_t/nonnull.cc (test for warnings, line 28)
FAIL: 21_strings/basic_string_view/cons/char/nonnull.cc (test for warnings, line 26)
FAIL: 21_strings/basic_string_view/cons/char/nonnull.cc (test for warnings, line 27)
FAIL: 21_strings/basic_string_view/cons/char/nonnull.cc (test for warnings, line 28)
FAIL: 21_strings/basic_string_view/cons/char/nonnull.cc (test for excess errors)
FAIL: 21_strings/basic_string_view/cons/wchar_t/nonnull.cc (test for warnings, line 26)
FAIL: 21_strings/basic_string_view/cons/wchar_t/nonnull.cc (test for warnings, line 27)
FAIL: 21_strings/basic_string_view/cons/wchar_t/nonnull.cc (test for warnings, line 28)
FAIL: 21_strings/basic_string_view/cons/wchar_t/nonnull.cc (test for excess errors)
FAIL: 21_strings/basic_string_view/operations/compare/char/nonnull.cc (test for warnings, line 27)
FAIL: 21_strings/basic_string_view/operations/compare/char/nonnull.cc (test for warnings, line 28)
FAIL: 21_strings/basic_string_view/operations/compare/char/nonnull.cc (test for excess errors)
FAIL: 21_strings/basic_string_view/operations/find/char/nonnull.cc (test for warnings, line 27)
FAIL: 21_strings/basic_string_view/operations/find/char/nonnull.cc (test for warnings, line 28)
FAIL: 21_strings/basic_string_view/operations/find/char/nonnull.cc (test for warnings, line 29)
FAIL: 21_strings/basic_string_view/operations/find/char/nonnull.cc (test for warnings, line 30)
FAIL: 21_strings/basic_string_view/operations/find/char/nonnull.cc (test for warnings, line 31)
FAIL: 21_strings/basic_string_view/operations/find/char/nonnull.cc (test for warnings, line 32)
FAIL: 21_strings/basic_string_view/operations/find/char/nonnull.cc (test for excess errors)
FAIL: 21_strings/basic_string_view/operations/rfind/char/nonnull.cc (test for warnings, line 27)
FAIL: 21_strings/basic_string_view/operations/rfind/char/nonnull.cc (test for warnings, line 28)
FAIL: 21_strings/basic_string_view/operations/rfind/char/nonnull.cc (test for excess errors)
FAIL: 29_atomics/atomic_float/value_init.cc (test for excess errors)
UNRESOLVED: 29_atomics/atomic_float/value_init.cc compilation failed to produce executable
=== libstdc++ Summary ===
# of expected passes 13256
# of unexpected failures 28
# of expected failures 94
# of untested testcases 1
# of unresolved testcases 1
# of unsupported tests 758
Host is x86_64-pc-linux-gnu
=== gcc tests ===
Running target qemu/-march=armv5t
WARNING: skipping asan tests due to ulimit -v
WARNING: skipping asan tests due to ulimit -v
WARNING: skipping asan tests due to ulimit -v
WARNING: skipping asan tests due to ulimit -v
WARNING: skipping asan tests due to ulimit -v
WARNING: skipping asan tests due to ulimit -v
FAIL: c-c++-common/builtin-arith-overflow-1.c -Wc++-compat (test for warnings, line 170)
FAIL: c-c++-common/builtin-arith-overflow-1.c -Wc++-compat (test for warnings, line 171)
FAIL: c-c++-common/builtin-arith-overflow-1.c -Wc++-compat (test for warnings, line 173)
FAIL: c-c++-common/builtin-arith-overflow-1.c -Wc++-compat (test for warnings, line 174)
FAIL: c-c++-common/builtin-arith-overflow-1.c -Wc++-compat (test for warnings, line 176)
FAIL: c-c++-common/builtin-arith-overflow-1.c -Wc++-compat (test for warnings, line 177)
FAIL: c-c++-common/builtin-arith-overflow-1.c -Wc++-compat (test for warnings, line 180)
FAIL: c-c++-common/builtin-arith-overflow-1.c -Wc++-compat (test for warnings, line 181)
FAIL: c-c++-common/builtin-arith-overflow-1.c -Wc++-compat (test for warnings, line 183)
FAIL: c-c++-common/builtin-arith-overflow-1.c -Wc++-compat (test for warnings, line 184)
FAIL: c-c++-common/builtin-arith-overflow-1.c -Wc++-compat (test for warnings, line 186)
FAIL: c-c++-common/builtin-arith-overflow-1.c -Wc++-compat (test for warnings, line 187)
FAIL: c-c++-common/builtin-arith-overflow-1.c -Wc++-compat (test for warnings, line 190)
FAIL: c-c++-common/builtin-arith-overflow-1.c -Wc++-compat (test for warnings, line 191)
FAIL: c-c++-common/builtin-arith-overflow-1.c -Wc++-compat (test for warnings, line 193)
FAIL: c-c++-common/builtin-arith-overflow-1.c -Wc++-compat (test for warnings, line 194)
FAIL: c-c++-common/builtin-arith-overflow-1.c -Wc++-compat (test for warnings, line 196)
FAIL: c-c++-common/builtin-arith-overflow-1.c -Wc++-compat (test for warnings, line 197)
FAIL: c-c++-common/builtin-arith-overflow-1.c -Wc++-compat (test for warnings, line 85)
FAIL: c-c++-common/builtin-arith-overflow-1.c -Wc++-compat (test for warnings, line 86)
FAIL: c-c++-common/builtin-arith-overflow-1.c -Wc++-compat (test for warnings, line 87)
FAIL: c-c++-common/builtin-arith-overflow-1.c -Wc++-compat (test for warnings, line 88)
FAIL: c-c++-common/builtin-arith-overflow-1.c -Wc++-compat (test for warnings, line 89)
FAIL: c-c++-common/builtin-arith-overflow-1.c -Wc++-compat (test for warnings, line 90)
FAIL: c-c++-common/builtin-arith-overflow-1.c -Wc++-compat (test for warnings, line 91)
FAIL: c-c++-common/builtin-arith-overflow-1.c -Wc++-compat (test for warnings, line 92)
FAIL: c-c++-common/builtin-arith-overflow-1.c -Wc++-compat (test for warnings, line 93)
FAIL: c-c++-common/builtin-arith-overflow-1.c -Wc++-compat (test for warnings, line 94)
FAIL: c-c++-common/builtin-arith-overflow-1.c -Wc++-compat (test for warnings, line 95)
FAIL: c-c++-common/builtin-arith-overflow-1.c -Wc++-compat (test for warnings, line 96)
FAIL: c-c++-common/builtin-arith-overflow-1.c -Wc++-compat (test for warnings, line 97)
FAIL: c-c++-common/builtin-arith-overflow-1.c -Wc++-compat (test for warnings, line 98)
FAIL: c-c++-common/builtin-arith-overflow-1.c -Wc++-compat (test for excess errors)
FAIL: gcc.dg/loop-8.c scan-rtl-dump-not loop2_invariant "without introducing a new temporary register"
FAIL: gcc.dg/loop-8.c scan-rtl-dump-times loop2_invariant "Decided" 1
XPASS: gcc.dg/sibcall-3.c execution test
XPASS: gcc.dg/sibcall-4.c execution test
FAIL: gcc.dg/ipa/iinline-attr.c scan-ipa-dump inline "hooray[^\\\\n]*inline copy in test"
UNRESOLVED: gcc.dg/tree-prof/crossmodule-indir-call-topn-1.c scan-pgo-wpa-ipa-dump profile_estimate "2 \\\\(200.00%\\\\) speculations produced."
UNRESOLVED: gcc.dg/tree-prof/crossmodule-indir-call-topn-2.c scan-pgo-wpa-ipa-dump profile_estimate "2 \\\\(200.00%\\\\) speculations produced."
FAIL: gcc.target/arm/20131120.c scan-rtl-dump-not expand "\\\\(set \\\\(reg:SI [0-9]*\\\\)[\\n\\r]+[ \\t]*\\\\(const_int 4000"
FAIL: gcc.target/arm/armv8_2-fp16-scalar-2.c scan-assembler-times vmov.f16\\\\ts[0-9]+, #1\\\\.0e\\\\+0 4
FAIL: gcc.target/arm/empty_fiq_handler.c (test for excess errors)
FAIL: gcc.target/arm/fma.c (test for excess errors)
UNRESOLVED: gcc.target/arm/fma.c scan-assembler-times vfma.f32\\ts[0-9] 1
UNRESOLVED: gcc.target/arm/fma.c scan-assembler-times vfma.f64\\td[0-9] 1
UNRESOLVED: gcc.target/arm/fma.c scan-assembler-times vfms.f32\\ts[0-9] 1
UNRESOLVED: gcc.target/arm/fma.c scan-assembler-times vfms.f64\\td[0-9] 1
UNRESOLVED: gcc.target/arm/fma.c scan-assembler-times vfnma.f32\\ts[0-9] 1
UNRESOLVED: gcc.target/arm/fma.c scan-assembler-times vfnma.f64\\td[0-9] 1
UNRESOLVED: gcc.target/arm/fma.c scan-assembler-times vfnms.f32\\ts[0-9] 1
UNRESOLVED: gcc.target/arm/fma.c scan-assembler-times vfnms.f64\\td[0-9] 1
FAIL: gcc.target/arm/pr45701-1.c scan-assembler push\\t{r3
FAIL: gcc.target/arm/reg_equal_test.c scan-rtl-dump expand "expr_list:REG_EQUAL \\\\(const_int -942519458"
FAIL: gcc.target/arm/mve/intrinsics/mve_vector_float2.c scan-assembler-times vmov\\\\tq[0-7], q[0-7] 2
FAIL: gcc.target/arm/mve/intrinsics/mve_vector_int.c scan-assembler vmov\\\\tq[0-7], q[0-7]
FAIL: gcc.target/arm/mve/intrinsics/mve_vector_int.c scan-assembler vmov\\\\tq[0-7], q[0-7]
FAIL: gcc.target/arm/mve/intrinsics/mve_vector_int.c scan-assembler vmov\\\\tq[0-7], q[0-7]
FAIL: gcc.target/arm/mve/intrinsics/mve_vector_int.c scan-assembler vmov\\\\tq[0-7], q[0-7]
FAIL: gcc.target/arm/mve/intrinsics/mve_vector_uint.c scan-assembler vmov\\\\tq[0-7], q[0-7]
FAIL: gcc.target/arm/mve/intrinsics/mve_vector_uint.c scan-assembler vmov\\\\tq[0-7], q[0-7]
FAIL: gcc.target/arm/mve/intrinsics/mve_vector_uint.c scan-assembler vmov\\\\tq[0-7], q[0-7]
FAIL: gcc.target/arm/mve/intrinsics/mve_vector_uint.c scan-assembler vmov\\\\tq[0-7], q[0-7]
FAIL: gcc.target/arm/mve/intrinsics/mve_vector_uint1.c scan-assembler vmov\\\\tq[0-7], q[0-7]
FAIL: gcc.target/arm/mve/intrinsics/mve_vector_uint1.c scan-assembler vmov\\\\tq[0-7], q[0-7]
FAIL: gcc.target/arm/mve/intrinsics/mve_vector_uint1.c scan-assembler vmov\\\\tq[0-7], q[0-7]
FAIL: gcc.target/arm/mve/intrinsics/mve_vector_uint1.c scan-assembler vmov\\\\tq[0-7], q[0-7]
FAIL: gcc.target/arm/mve/intrinsics/mve_vector_uint2.c scan-assembler vmov\\\\tq[0-7], q[0-7]
FAIL: gcc.target/arm/mve/intrinsics/mve_vector_uint2.c scan-assembler vmov\\\\tq[0-7], q[0-7]
FAIL: gcc.target/arm/mve/intrinsics/mve_vector_uint2.c scan-assembler vmov\\\\tq[0-7], q[0-7]
FAIL: gcc.target/arm/mve/intrinsics/mve_vector_uint2.c scan-assembler vmov\\\\tq[0-7], q[0-7]
FAIL: gcc.target/arm/mve/intrinsics/vgetq_lane_s64.c scan-assembler vmov\\\\tr0, r1, d0
FAIL: gcc.target/arm/mve/intrinsics/vgetq_lane_s64.c scan-assembler vmov\\\\tr0, r1, d0
FAIL: gcc.target/arm/mve/intrinsics/vgetq_lane_u64.c scan-assembler vmov\\\\tr0, r1, d0
FAIL: gcc.target/arm/mve/intrinsics/vgetq_lane_u64.c scan-assembler vmov\\\\tr0, r1, d0
FAIL: gcc.target/arm/mve/intrinsics/vsetq_lane_s64.c scan-assembler vmov\\\\td0, r[1-9]*[0-9], r[1-9]*[0-9]
FAIL: gcc.target/arm/mve/intrinsics/vsetq_lane_u64.c scan-assembler vmov\\\\td0, r[1-9]*[0-9], r[1-9]*[0-9]
=== gcc Summary ===
# of expected passes 130511
# of unexpected failures 65
# of unexpected successes 2
# of expected failures 562
# of unresolved testcases 10
# of unsupported tests 3612
/tmp/6056290_9.tmpdir/aci-gcc-fsf/builds/gcc-fsf-gccsrc-thumb/obj-arm-none-linux-gnueabi/gcc3/gcc/xgcc version 11.0.0 20200629 (experimental) [master revision r11-1700-g69273534c658949129ac6c389ea25c9cddec3767] (GCC)
Host is x86_64-pc-linux-gnu
=== gfortran tests ===
Running target qemu/-march=armv5t
FAIL: gfortran.dg/analyzer/pr93993.f90 -O (test for excess errors)
WARNING: skipping asan tests due to ulimit -v
WARNING: skipping asan tests due to ulimit -v
WARNING: skipping asan tests due to ulimit -v
WARNING: skipping asan tests due to ulimit -v
FAIL: gfortran.dg/pr95690.f90 -O (test for errors, line 5)
FAIL: gfortran.dg/pr95690.f90 -O (test for excess errors)
FAIL: gfortran.dg/gomp/target1.f90 -O (internal compiler error)
FAIL: gfortran.dg/gomp/target1.f90 -O (test for excess errors)
FAIL: gfortran.dg/ieee/ieee_1.F90 -O0 execution test
FAIL: gfortran.dg/ieee/ieee_1.F90 -O1 execution test
FAIL: gfortran.dg/ieee/ieee_1.F90 -O2 execution test
FAIL: gfortran.dg/ieee/ieee_1.F90 -O3 -fomit-frame-pointer -funroll-loops -fpeel-loops -ftracer -finline-functions execution test
FAIL: gfortran.dg/ieee/ieee_1.F90 -O3 -g execution test
FAIL: gfortran.dg/ieee/ieee_1.F90 -Os execution test
FAIL: gfortran.dg/ieee/ieee_2.f90 -O0 execution test
FAIL: gfortran.dg/ieee/ieee_2.f90 -O1 execution test
FAIL: gfortran.dg/ieee/ieee_2.f90 -O2 execution test
FAIL: gfortran.dg/ieee/ieee_2.f90 -O3 -fomit-frame-pointer -funroll-loops -fpeel-loops -ftracer -finline-functions execution test
FAIL: gfortran.dg/ieee/ieee_2.f90 -O3 -g execution test
FAIL: gfortran.dg/ieee/ieee_2.f90 -Os execution test
FAIL: gfortran.dg/ieee/ieee_6.f90 -O0 execution test
FAIL: gfortran.dg/ieee/ieee_6.f90 -O1 execution test
FAIL: gfortran.dg/ieee/ieee_6.f90 -O2 execution test
FAIL: gfortran.dg/ieee/ieee_6.f90 -O3 -fomit-frame-pointer -funroll-loops -fpeel-loops -ftracer -finline-functions execution test
FAIL: gfortran.dg/ieee/ieee_6.f90 -O3 -g execution test
FAIL: gfortran.dg/ieee/ieee_6.f90 -Os execution test
XPASS: gfortran.dg/ieee/ieee_8.f90 -O0 execution test
XPASS: gfortran.dg/ieee/ieee_8.f90 -O1 execution test
XPASS: gfortran.dg/ieee/ieee_8.f90 -O2 execution test
XPASS: gfortran.dg/ieee/ieee_8.f90 -O3 -fomit-frame-pointer -funroll-loops -fpeel-loops -ftracer -finline-functions execution test
XPASS: gfortran.dg/ieee/ieee_8.f90 -O3 -g execution test
XPASS: gfortran.dg/ieee/ieee_8.f90 -Os execution test
FAIL: gfortran.dg/ieee/ieee_9.f90 -O0 (test for excess errors)
UNRESOLVED: gfortran.dg/ieee/ieee_9.f90 -O0 compilation failed to produce executable
FAIL: gfortran.dg/ieee/ieee_9.f90 -O1 (test for excess errors)
UNRESOLVED: gfortran.dg/ieee/ieee_9.f90 -O1 compilation failed to produce executable
FAIL: gfortran.dg/ieee/ieee_9.f90 -O2 (test for excess errors)
UNRESOLVED: gfortran.dg/ieee/ieee_9.f90 -O2 compilation failed to produce executable
FAIL: gfortran.dg/ieee/ieee_9.f90 -O3 -fomit-frame-pointer -funroll-loops -fpeel-loops -ftracer -finline-functions (test for excess errors)
UNRESOLVED: gfortran.dg/ieee/ieee_9.f90 -O3 -fomit-frame-pointer -funroll-loops -fpeel-loops -ftracer -finline-functions compilation failed to produce executable
FAIL: gfortran.dg/ieee/ieee_9.f90 -O3 -g (test for excess errors)
UNRESOLVED: gfortran.dg/ieee/ieee_9.f90 -O3 -g compilation failed to produce executable
FAIL: gfortran.dg/ieee/ieee_9.f90 -Os (test for excess errors)
UNRESOLVED: gfortran.dg/ieee/ieee_9.f90 -Os compilation failed to produce executable
FAIL: gfortran.dg/ieee/large_2.f90 -O0 execution test
FAIL: gfortran.dg/ieee/large_2.f90 -O1 execution test
FAIL: gfortran.dg/ieee/large_2.f90 -O2 execution test
FAIL: gfortran.dg/ieee/large_2.f90 -O3 -fomit-frame-pointer -funroll-loops -fpeel-loops -ftracer -finline-functions execution test
FAIL: gfortran.dg/ieee/large_2.f90 -O3 -g execution test
FAIL: gfortran.dg/ieee/large_2.f90 -Os execution test
FAIL: gfortran.dg/ieee/large_3.F90 -O0 execution test
FAIL: gfortran.dg/ieee/large_3.F90 -O1 execution test
FAIL: gfortran.dg/ieee/large_3.F90 -O2 execution test
FAIL: gfortran.dg/ieee/large_3.F90 -O3 -fomit-frame-pointer -funroll-loops -fpeel-loops -ftracer -finline-functions execution test
FAIL: gfortran.dg/ieee/large_3.F90 -O3 -g execution test
FAIL: gfortran.dg/ieee/large_3.F90 -Os execution test
FAIL: gfortran.dg/ieee/rounding_1.f90 -O0 execution test
FAIL: gfortran.dg/ieee/rounding_1.f90 -O1 execution test
FAIL: gfortran.dg/ieee/rounding_1.f90 -O2 execution test
FAIL: gfortran.dg/ieee/rounding_1.f90 -O3 -fomit-frame-pointer -funroll-loops -fpeel-loops -ftracer -finline-functions execution test
FAIL: gfortran.dg/ieee/rounding_1.f90 -O3 -g execution test
FAIL: gfortran.dg/ieee/rounding_1.f90 -Os execution test
=== gfortran Summary ===
# of expected passes 52713
# of unexpected failures 47
# of unexpected successes 6
# of expected failures 185
# of unresolved testcases 6
# of unsupported tests 371
/tmp/6056290_9.tmpdir/aci-gcc-fsf/builds/gcc-fsf-gccsrc-thumb/obj-arm-none-linux-gnueabi/gcc3/gcc/gfortran version 11.0.0 20200629 (experimental) [master revision r11-1700-g69273534c658949129ac6c389ea25c9cddec3767] (GCC)
Host is x86_64-pc-linux-gnu
=== g++ tests ===
Running target qemu/-march=armv5t
FAIL: g++.dg/analyzer/pr94028.C -std=c++14 (test for excess errors)
FAIL: g++.dg/analyzer/pr94028.C -std=c++17 (test for excess errors)
FAIL: g++.dg/analyzer/pr94028.C -std=c++2a (test for excess errors)
FAIL: g++.dg/analyzer/pr94028.C -std=c++98 (test for excess errors)
WARNING: skipping asan tests due to ulimit -v
WARNING: skipping asan tests due to ulimit -v
WARNING: skipping asan tests due to ulimit -v
WARNING: skipping asan tests due to ulimit -v
WARNING: skipping asan tests due to ulimit -v
FAIL: c-c++-common/builtin-arith-overflow-1.c -std=c++14 (test for warnings, line 170)
FAIL: c-c++-common/builtin-arith-overflow-1.c -std=c++14 (test for warnings, line 171)
FAIL: c-c++-common/builtin-arith-overflow-1.c -std=c++14 (test for warnings, line 173)
FAIL: c-c++-common/builtin-arith-overflow-1.c -std=c++14 (test for warnings, line 174)
FAIL: c-c++-common/builtin-arith-overflow-1.c -std=c++14 (test for warnings, line 176)
FAIL: c-c++-common/builtin-arith-overflow-1.c -std=c++14 (test for warnings, line 177)
FAIL: c-c++-common/builtin-arith-overflow-1.c -std=c++14 (test for warnings, line 180)
FAIL: c-c++-common/builtin-arith-overflow-1.c -std=c++14 (test for warnings, line 181)
FAIL: c-c++-common/builtin-arith-overflow-1.c -std=c++14 (test for warnings, line 183)
FAIL: c-c++-common/builtin-arith-overflow-1.c -std=c++14 (test for warnings, line 184)
FAIL: c-c++-common/builtin-arith-overflow-1.c -std=c++14 (test for warnings, line 186)
FAIL: c-c++-common/builtin-arith-overflow-1.c -std=c++14 (test for warnings, line 187)
FAIL: c-c++-common/builtin-arith-overflow-1.c -std=c++14 (test for warnings, line 190)
FAIL: c-c++-common/builtin-arith-overflow-1.c -std=c++14 (test for warnings, line 191)
FAIL: c-c++-common/builtin-arith-overflow-1.c -std=c++14 (test for warnings, line 193)
FAIL: c-c++-common/builtin-arith-overflow-1.c -std=c++14 (test for warnings, line 194)
FAIL: c-c++-common/builtin-arith-overflow-1.c -std=c++14 (test for warnings, line 196)
FAIL: c-c++-common/builtin-arith-overflow-1.c -std=c++14 (test for warnings, line 197)
FAIL: c-c++-common/builtin-arith-overflow-1.c -std=c++14 (test for warnings, line 85)
FAIL: c-c++-common/builtin-arith-overflow-1.c -std=c++14 (test for warnings, line 86)
FAIL: c-c++-common/builtin-arith-overflow-1.c -std=c++14 (test for warnings, line 87)
FAIL: c-c++-common/builtin-arith-overflow-1.c -std=c++14 (test for warnings, line 88)
FAIL: c-c++-common/builtin-arith-overflow-1.c -std=c++14 (test for warnings, line 89)
FAIL: c-c++-common/builtin-arith-overflow-1.c -std=c++14 (test for warnings, line 90)
FAIL: c-c++-common/builtin-arith-overflow-1.c -std=c++14 (test for warnings, line 91)
FAIL: c-c++-common/builtin-arith-overflow-1.c -std=c++14 (test for warnings, line 92)
FAIL: c-c++-common/builtin-arith-overflow-1.c -std=c++14 (test for warnings, line 93)
FAIL: c-c++-common/builtin-arith-overflow-1.c -std=c++14 (test for warnings, line 94)
FAIL: c-c++-common/builtin-arith-overflow-1.c -std=c++14 (test for warnings, line 95)
FAIL: c-c++-common/builtin-arith-overflow-1.c -std=c++14 (test for warnings, line 96)
FAIL: c-c++-common/builtin-arith-overflow-1.c -std=c++14 (test for warnings, line 97)
FAIL: c-c++-common/builtin-arith-overflow-1.c -std=c++14 (test for warnings, line 98)
FAIL: c-c++-common/builtin-arith-overflow-1.c -std=c++14 (test for excess errors)
FAIL: c-c++-common/builtin-arith-overflow-1.c -std=c++17 (test for warnings, line 170)
FAIL: c-c++-common/builtin-arith-overflow-1.c -std=c++17 (test for warnings, line 171)
FAIL: c-c++-common/builtin-arith-overflow-1.c -std=c++17 (test for warnings, line 173)
FAIL: c-c++-common/builtin-arith-overflow-1.c -std=c++17 (test for warnings, line 174)
FAIL: c-c++-common/builtin-arith-overflow-1.c -std=c++17 (test for warnings, line 176)
FAIL: c-c++-common/builtin-arith-overflow-1.c -std=c++17 (test for warnings, line 177)
FAIL: c-c++-common/builtin-arith-overflow-1.c -std=c++17 (test for warnings, line 180)
FAIL: c-c++-common/builtin-arith-overflow-1.c -std=c++17 (test for warnings, line 181)
FAIL: c-c++-common/builtin-arith-overflow-1.c -std=c++17 (test for warnings, line 183)
FAIL: c-c++-common/builtin-arith-overflow-1.c -std=c++17 (test for warnings, line 184)
FAIL: c-c++-common/builtin-arith-overflow-1.c -std=c++17 (test for warnings, line 186)
FAIL: c-c++-common/builtin-arith-overflow-1.c -std=c++17 (test for warnings, line 187)
FAIL: c-c++-common/builtin-arith-overflow-1.c -std=c++17 (test for warnings, line 190)
FAIL: c-c++-common/builtin-arith-overflow-1.c -std=c++17 (test for warnings, line 191)
FAIL: c-c++-common/builtin-arith-overflow-1.c -std=c++17 (test for warnings, line 193)
FAIL: c-c++-common/builtin-arith-overflow-1.c -std=c++17 (test for warnings, line 194)
FAIL: c-c++-common/builtin-arith-overflow-1.c -std=c++17 (test for warnings, line 196)
FAIL: c-c++-common/builtin-arith-overflow-1.c -std=c++17 (test for warnings, line 197)
FAIL: c-c++-common/builtin-arith-overflow-1.c -std=c++17 (test for warnings, line 85)
FAIL: c-c++-common/builtin-arith-overflow-1.c -std=c++17 (test for warnings, line 86)
FAIL: c-c++-common/builtin-arith-overflow-1.c -std=c++17 (test for warnings, line 87)
FAIL: c-c++-common/builtin-arith-overflow-1.c -std=c++17 (test for warnings, line 88)
FAIL: c-c++-common/builtin-arith-overflow-1.c -std=c++17 (test for warnings, line 89)
FAIL: c-c++-common/builtin-arith-overflow-1.c -std=c++17 (test for warnings, line 90)
FAIL: c-c++-common/builtin-arith-overflow-1.c -std=c++17 (test for warnings, line 91)
FAIL: c-c++-common/builtin-arith-overflow-1.c -std=c++17 (test for warnings, line 92)
FAIL: c-c++-common/builtin-arith-overflow-1.c -std=c++17 (test for warnings, line 93)
FAIL: c-c++-common/builtin-arith-overflow-1.c -std=c++17 (test for warnings, line 94)
FAIL: c-c++-common/builtin-arith-overflow-1.c -std=c++17 (test for warnings, line 95)
FAIL: c-c++-common/builtin-arith-overflow-1.c -std=c++17 (test for warnings, line 96)
FAIL: c-c++-common/builtin-arith-overflow-1.c -std=c++17 (test for warnings, line 97)
FAIL: c-c++-common/builtin-arith-overflow-1.c -std=c++17 (test for warnings, line 98)
FAIL: c-c++-common/builtin-arith-overflow-1.c -std=c++17 (test for excess errors)
FAIL: c-c++-common/builtin-arith-overflow-1.c -std=c++2a (test for warnings, line 170)
FAIL: c-c++-common/builtin-arith-overflow-1.c -std=c++2a (test for warnings, line 171)
FAIL: c-c++-common/builtin-arith-overflow-1.c -std=c++2a (test for warnings, line 173)
FAIL: c-c++-common/builtin-arith-overflow-1.c -std=c++2a (test for warnings, line 174)
FAIL: c-c++-common/builtin-arith-overflow-1.c -std=c++2a (test for warnings, line 176)
FAIL: c-c++-common/builtin-arith-overflow-1.c -std=c++2a (test for warnings, line 177)
FAIL: c-c++-common/builtin-arith-overflow-1.c -std=c++2a (test for warnings, line 180)
FAIL: c-c++-common/builtin-arith-overflow-1.c -std=c++2a (test for warnings, line 181)
FAIL: c-c++-common/builtin-arith-overflow-1.c -std=c++2a (test for warnings, line 183)
FAIL: c-c++-common/builtin-arith-overflow-1.c -std=c++2a (test for warnings, line 184)
FAIL: c-c++-common/builtin-arith-overflow-1.c -std=c++2a (test for warnings, line 186)
FAIL: c-c++-common/builtin-arith-overflow-1.c -std=c++2a (test for warnings, line 187)
FAIL: c-c++-common/builtin-arith-overflow-1.c -std=c++2a (test for warnings, line 190)
FAIL: c-c++-common/builtin-arith-overflow-1.c -std=c++2a (test for warnings, line 191)
FAIL: c-c++-common/builtin-arith-overflow-1.c -std=c++2a (test for warnings, line 193)
FAIL: c-c++-common/builtin-arith-overflow-1.c -std=c++2a (test for warnings, line 194)
FAIL: c-c++-common/builtin-arith-overflow-1.c -std=c++2a (test for warnings, line 196)
FAIL: c-c++-common/builtin-arith-overflow-1.c -std=c++2a (test for warnings, line 197)
FAIL: c-c++-common/builtin-arith-overflow-1.c -std=c++2a (test for warnings, line 85)
FAIL: c-c++-common/builtin-arith-overflow-1.c -std=c++2a (test for warnings, line 86)
FAIL: c-c++-common/builtin-arith-overflow-1.c -std=c++2a (test for warnings, line 87)
FAIL: c-c++-common/builtin-arith-overflow-1.c -std=c++2a (test for warnings, line 88)
FAIL: c-c++-common/builtin-arith-overflow-1.c -std=c++2a (test for warnings, line 89)
FAIL: c-c++-common/builtin-arith-overflow-1.c -std=c++2a (test for warnings, line 90)
FAIL: c-c++-common/builtin-arith-overflow-1.c -std=c++2a (test for warnings, line 91)
FAIL: c-c++-common/builtin-arith-overflow-1.c -std=c++2a (test for warnings, line 92)
FAIL: c-c++-common/builtin-arith-overflow-1.c -std=c++2a (test for warnings, line 93)
FAIL: c-c++-common/builtin-arith-overflow-1.c -std=c++2a (test for warnings, line 94)
FAIL: c-c++-common/builtin-arith-overflow-1.c -std=c++2a (test for warnings, line 95)
FAIL: c-c++-common/builtin-arith-overflow-1.c -std=c++2a (test for warnings, line 96)
FAIL: c-c++-common/builtin-arith-overflow-1.c -std=c++2a (test for warnings, line 97)
FAIL: c-c++-common/builtin-arith-overflow-1.c -std=c++2a (test for warnings, line 98)
FAIL: c-c++-common/builtin-arith-overflow-1.c -std=c++2a (test for excess errors)
FAIL: c-c++-common/builtin-arith-overflow-1.c -std=c++98 (test for warnings, line 170)
FAIL: c-c++-common/builtin-arith-overflow-1.c -std=c++98 (test for warnings, line 171)
FAIL: c-c++-common/builtin-arith-overflow-1.c -std=c++98 (test for warnings, line 173)
FAIL: c-c++-common/builtin-arith-overflow-1.c -std=c++98 (test for warnings, line 174)
FAIL: c-c++-common/builtin-arith-overflow-1.c -std=c++98 (test for warnings, line 176)
FAIL: c-c++-common/builtin-arith-overflow-1.c -std=c++98 (test for warnings, line 177)
FAIL: c-c++-common/builtin-arith-overflow-1.c -std=c++98 (test for warnings, line 180)
FAIL: c-c++-common/builtin-arith-overflow-1.c -std=c++98 (test for warnings, line 181)
FAIL: c-c++-common/builtin-arith-overflow-1.c -std=c++98 (test for warnings, line 183)
FAIL: c-c++-common/builtin-arith-overflow-1.c -std=c++98 (test for warnings, line 184)
FAIL: c-c++-common/builtin-arith-overflow-1.c -std=c++98 (test for warnings, line 186)
FAIL: c-c++-common/builtin-arith-overflow-1.c -std=c++98 (test for warnings, line 187)
FAIL: c-c++-common/builtin-arith-overflow-1.c -std=c++98 (test for warnings, line 190)
FAIL: c-c++-common/builtin-arith-overflow-1.c -std=c++98 (test for warnings, line 191)
FAIL: c-c++-common/builtin-arith-overflow-1.c -std=c++98 (test for warnings, line 193)
FAIL: c-c++-common/builtin-arith-overflow-1.c -std=c++98 (test for warnings, line 194)
FAIL: c-c++-common/builtin-arith-overflow-1.c -std=c++98 (test for warnings, line 196)
FAIL: c-c++-common/builtin-arith-overflow-1.c -std=c++98 (test for warnings, line 197)
FAIL: c-c++-common/builtin-arith-overflow-1.c -std=c++98 (test for warnings, line 85)
FAIL: c-c++-common/builtin-arith-overflow-1.c -std=c++98 (test for warnings, line 86)
FAIL: c-c++-common/builtin-arith-overflow-1.c -std=c++98 (test for warnings, line 87)
FAIL: c-c++-common/builtin-arith-overflow-1.c -std=c++98 (test for warnings, line 88)
FAIL: c-c++-common/builtin-arith-overflow-1.c -std=c++98 (test for warnings, line 89)
FAIL: c-c++-common/builtin-arith-overflow-1.c -std=c++98 (test for warnings, line 90)
FAIL: c-c++-common/builtin-arith-overflow-1.c -std=c++98 (test for warnings, line 91)
FAIL: c-c++-common/builtin-arith-overflow-1.c -std=c++98 (test for warnings, line 92)
FAIL: c-c++-common/builtin-arith-overflow-1.c -std=c++98 (test for warnings, line 93)
FAIL: c-c++-common/builtin-arith-overflow-1.c -std=c++98 (test for warnings, line 94)
FAIL: c-c++-common/builtin-arith-overflow-1.c -std=c++98 (test for warnings, line 95)
FAIL: c-c++-common/builtin-arith-overflow-1.c -std=c++98 (test for warnings, line 96)
FAIL: c-c++-common/builtin-arith-overflow-1.c -std=c++98 (test for warnings, line 97)
FAIL: c-c++-common/builtin-arith-overflow-1.c -std=c++98 (test for warnings, line 98)
FAIL: c-c++-common/builtin-arith-overflow-1.c -std=c++98 (test for excess errors)
FAIL: g++.dg/cpp0x/constexpr-is_literal.C -std=c++17 (test for excess errors)
FAIL: g++.dg/cpp0x/constexpr-is_literal.C -std=c++2a (test for excess errors)
FAIL: g++.dg/cpp1y/lambda-generic-69078-1.C -std=gnu++14 (test for excess errors)
UNRESOLVED: g++.dg/cpp1y/lambda-generic-69078-1.C -std=gnu++14 compilation failed to produce executable
FAIL: g++.dg/cpp1y/lambda-generic-69078-1.C -std=gnu++17 (test for excess errors)
UNRESOLVED: g++.dg/cpp1y/lambda-generic-69078-1.C -std=gnu++17 compilation failed to produce executable
FAIL: g++.dg/cpp1y/lambda-generic-69078-1.C -std=gnu++2a (test for excess errors)
UNRESOLVED: g++.dg/cpp1y/lambda-generic-69078-1.C -std=gnu++2a compilation failed to produce executable
FAIL: g++.dg/lto/pr65276 cp_lto_pr65276_0.o-cp_lto_pr65276_1.o link, -flto -O0 -std=c++11
FAIL: g++.dg/torture/pr81812.C -O0 (test for excess errors)
FAIL: g++.dg/torture/pr81812.C -O1 (test for excess errors)
FAIL: g++.dg/torture/pr81812.C -O2 (test for excess errors)
FAIL: g++.dg/torture/pr81812.C -O2 -flto -fno-use-linker-plugin -flto-partition=none (test for excess errors)
FAIL: g++.dg/torture/pr81812.C -O2 -flto -fuse-linker-plugin -fno-fat-lto-objects (test for excess errors)
FAIL: g++.dg/torture/pr81812.C -O3 -g (test for excess errors)
FAIL: g++.dg/torture/pr81812.C -Os (test for excess errors)
FAIL: g++.target/arm/../../gcc.target/arm/mve/intrinsics/mve_vector_float2.c scan-assembler-times vmov\\\\tq[0-7], q[0-7] 2
FAIL: g++.target/arm/../../gcc.target/arm/mve/intrinsics/mve_vector_int.c scan-assembler vmov\\\\tq[0-7], q[0-7]
FAIL: g++.target/arm/../../gcc.target/arm/mve/intrinsics/mve_vector_int.c scan-assembler vmov\\\\tq[0-7], q[0-7]
FAIL: g++.target/arm/../../gcc.target/arm/mve/intrinsics/mve_vector_int.c scan-assembler vmov\\\\tq[0-7], q[0-7]
FAIL: g++.target/arm/../../gcc.target/arm/mve/intrinsics/mve_vector_int.c scan-assembler vmov\\\\tq[0-7], q[0-7]
FAIL: g++.target/arm/../../gcc.target/arm/mve/intrinsics/mve_vector_uint.c scan-assembler vmov\\\\tq[0-7], q[0-7]
FAIL: g++.target/arm/../../gcc.target/arm/mve/intrinsics/mve_vector_uint.c scan-assembler vmov\\\\tq[0-7], q[0-7]
FAIL: g++.target/arm/../../gcc.target/arm/mve/intrinsics/mve_vector_uint.c scan-assembler vmov\\\\tq[0-7], q[0-7]
FAIL: g++.target/arm/../../gcc.target/arm/mve/intrinsics/mve_vector_uint.c scan-assembler vmov\\\\tq[0-7], q[0-7]
FAIL: g++.target/arm/../../gcc.target/arm/mve/intrinsics/mve_vector_uint1.c scan-assembler vmov\\\\tq[0-7], q[0-7]
FAIL: g++.target/arm/../../gcc.target/arm/mve/intrinsics/mve_vector_uint1.c scan-assembler vmov\\\\tq[0-7], q[0-7]
FAIL: g++.target/arm/../../gcc.target/arm/mve/intrinsics/mve_vector_uint1.c scan-assembler vmov\\\\tq[0-7], q[0-7]
FAIL: g++.target/arm/../../gcc.target/arm/mve/intrinsics/mve_vector_uint1.c scan-assembler vmov\\\\tq[0-7], q[0-7]
FAIL: g++.target/arm/../../gcc.target/arm/mve/intrinsics/mve_vector_uint2.c scan-assembler vmov\\\\tq[0-7], q[0-7]
FAIL: g++.target/arm/../../gcc.target/arm/mve/intrinsics/mve_vector_uint2.c scan-assembler vmov\\\\tq[0-7], q[0-7]
FAIL: g++.target/arm/../../gcc.target/arm/mve/intrinsics/mve_vector_uint2.c scan-assembler vmov\\\\tq[0-7], q[0-7]
FAIL: g++.target/arm/../../gcc.target/arm/mve/intrinsics/mve_vector_uint2.c scan-assembler vmov\\\\tq[0-7], q[0-7]
FAIL: g++.target/arm/../../gcc.target/arm/mve/intrinsics/vgetq_lane_s64.c scan-assembler vmov\\\\tr0, r1, d0
FAIL: g++.target/arm/../../gcc.target/arm/mve/intrinsics/vgetq_lane_s64.c scan-assembler vmov\\\\tr0, r1, d0
FAIL: g++.target/arm/../../gcc.target/arm/mve/intrinsics/vgetq_lane_u64.c scan-assembler vmov\\\\tr0, r1, d0
FAIL: g++.target/arm/../../gcc.target/arm/mve/intrinsics/vgetq_lane_u64.c scan-assembler vmov\\\\tr0, r1, d0
FAIL: g++.target/arm/../../gcc.target/arm/mve/intrinsics/vsetq_lane_s64.c scan-assembler vmov\\\\td0, r[1-9]*[0-9], r[1-9]*[0-9]
FAIL: g++.target/arm/../../gcc.target/arm/mve/intrinsics/vsetq_lane_u64.c scan-assembler vmov\\\\td0, r[1-9]*[0-9], r[1-9]*[0-9]
=== g++ Summary ===
# of expected passes 189880
# of unexpected failures 172
# of expected failures 708
# of unresolved testcases 3
# of unsupported tests 8520
/tmp/6056290_9.tmpdir/aci-gcc-fsf/builds/gcc-fsf-gccsrc-thumb/obj-arm-none-linux-gnueabi/gcc3/gcc/xg++ version 11.0.0 20200629 (experimental) [master revision r11-1700-g69273534c658949129ac6c389ea25c9cddec3767] (GCC)
Compiler version: 11.0.0 20200629 (experimental) [master revision r11-1700-g69273534c658949129ac6c389ea25c9cddec3767] (GCC)
Platform: arm-none-linux-gnueabi
configure flags: --target=arm-none-linux-gnueabi --prefix=/tmp/6056290_9.tmpdir/aci-gcc-fsf/builds/gcc-fsf-gccsrc-thumb/tools --with-sysroot=/tmp/6056290_9.tmpdir/aci-gcc-fsf/builds/gcc-fsf-gccsrc-thumb/sysroot-arm-none-linux-gnueabi --disable-nls --disable-libgomp --disable-libmudflap --disable-libcilkrts --enable-checking --enable-languages=c,c++,fortran --with-float=soft --enable-build-with-cxx --with-mode=thumb --with-cpu=cortex-a9
More information about the Gcc-testresults
mailing list